CREATE TABLE `xlite_language_labels` (
  `label_id` int(11) NOT NULL AUTO_INCREMENT,
  `name` varchar(255) CHARACTER SET utf8 COLLATE utf8_bin NOT NULL,
  PRIMARY KEY (`label_id`),
  UNIQUE KEY `name` (`name`)
) ENGINE=InnoDB DEFAULT CHARSET=utf8 COLLATE=utf8_unicode_ci;
INSERT INTO `xlite_language_labels` VALUES (3603,' page and make sure that:'),(2984,'\"Cash on delivery\" status'),(3602,'\"Site management\"'),(2043,'\"X product\" options'),(1170,'\"{{number}}\" tracking number is added'),(1171,'\"{{number}}\" tracking number is removed'),(1821,'\"{{product}} product\" attributes'),(1993,'# selected'),(1,'%'),(3132,'(disabled role)'),(2058,'(optional)'),(436,'+12130000000'),(1765,'- OR -'),(241,'-- No categories --'),(2580,'...Downloading {{entry}}...{{status}}'),(2578,'...Hooks {{hooksCount}}'),(2577,'...Hooks {{hooksCount}}, Items {{itemsCount}}...'),(2576,'...Invoke {{type}} hook for {{entry}}...'),(2579,'...Unpacking {{entry}}...{{status}}'),(3493,'1 day'),(3488,'1 hour'),(3484,'1 minute'),(3496,'1 week'),(3644,'1.1 (X-Payments 1.0.5 and earlier)'),(3645,'1.2 (X-Payments 2.0 and X-Payments 1.0.6)'),(3692,'1.3 (X-Payments 2.1)'),(3485,'10 minutes'),(432,'1000 Example street'),(3492,'12 hours'),(389,'14days'),(3486,'15 minutes'),(3781,'18 years'),(3782,'19 years'),(3494,'2 days'),(3489,'2 hours'),(3598,'2Checkout.com account number'),(3386,'30 Day Trial of AuctionInc ShippingCalc Module is over'),(3385,'30 Day Trial of AuctionInc ShippingCalc Module. Days Left: X'),(3487,'30 minutes'),(390,'30days'),(3490,'4 hours'),(3495,'5 days'),(3491,'6 hours'),(388,'7days'),(435,'90001'),(2581,'<span>X</span> items'),(3400,'A - Z'),(1463,'A DB error occurred while uninstalling the module X'),(2216,'A new category will be created'),(440,'A new customer? Enter your e-mail'),(2213,'A new membership will be created'),(2214,'A new product class will be created'),(2212,'A new product will be created'),(3251,'A new review has been submitted for the product \"{{name}}\".'),(2215,'A new tax class will be created'),(2988,'A single domain'),(441,'ABA routing number'),(3561,'API Login ID'),(3027,'API access password'),(3026,'API access username'),(3031,'API certificate'),(3030,'API certificate filename'),(3020,'API credentials for payments and post-checkout operations'),(3029,'API signature'),(377,'APRIL'),(381,'AUGUST'),(2454,'About X remaining'),(2749,'About clean urls'),(442,'Absolute'),(443,'Accept'),(2699,'Accept[TT]'),(444,'Accepted orders'),(446,'Access denied!'),(447,'Access information'),(448,'Access is locked out'),(449,'Access level'),(2719,'Access level cannot be changed (from {{prevValue}} to {{value}}) for existing profile ({{login}})'),(1919,'Access storefront via private link'),(450,'Account'),(451,'Account details'),(249,'Account settings'),(452,'Account status'),(453,'Account summary'),(2586,'Accounting'),(2369,'Action'),(1459,'Action X::Y, M'),(31,'Activate'),(29,'Activate existing key'),(28,'Activate free license'),(35,'Activate free license description'),(1645,'Activate key'),(454,'Activate license key'),(2488,'Activate purchased skin'),(2266,'Activate your X-Cart'),(2264,'Activate your X-Cart installation'),(2265,'Activate your X-Cart installation first'),(22,'Activate your license key'),(455,'Activate your paid module license'),(456,'Active'),(457,'Active from'),(458,'Active till'),(459,'Add'),(460,'Add Product'),(461,'Add alternative payment method'),(1891,'Add attribute'),(2670,'Add banner'),(462,'Add category'),(463,'Add child'),(2666,'Add comment here'),(2835,'Add countries'),(2969,'Add coupon'),(464,'Add discount'),(465,'Add featured products'),(2048,'Add featured products for \"X\"'),(2981,'Add featured products for the front page'),(466,'Add file'),(467,'Add image'),(136,'Add language'),(468,'Add markup'),(469,'Add new'),(470,'Add new address'),(471,'Add new country'),(2962,'Add new coupon'),(3646,'Add new credit card'),(472,'Add new exception'),(135,'Add new label'),(139,'Add new language'),(473,'Add new membership level'),(474,'Add new option'),(475,'Add new option group'),(476,'Add new state'),(477,'Add offline payment method'),(478,'Add payment method'),(2803,'Add product'),(1948,'Add products'),(1625,'Add rates'),(3340,'Add related products'),(3183,'Add review'),(479,'Add shipping method'),(1630,'Add state'),(1629,'Add states'),(480,'Add subcategory'),(2376,'Add to bag'),(41,'Add to cart'),(1173,'Add tracking number'),(481,'Add user'),(482,'Add your _products_'),(3203,'Add your own review'),(483,'Add zone'),(2395,'Add-on does not exist.'),(484,'Add-ons'),(485,'Add/update options'),(486,'Added'),(2968,'Added coupons'),(2910,'Added files'),(2180,'Added items'),(487,'Added to cart'),(3077,'Additional criteria to match for PayPal account verification'),(3009,'Additional settings'),(488,'Address'),(489,'Address book'),(490,'Address details'),(491,'Address field'),(492,'Address fields'),(3581,'Address for sales tax calculation'),(1824,'Address has been deleted'),(1819,'Address is not selected'),(3834,'Address line verification: X'),(1820,'Address not found'),(493,'Address pattern'),(1818,'Address type has wrong value'),(3835,'Address zipcode verification: X'),(2542,'Address zone'),(3430,'Addresses'),(1756,'Addresses list is empty'),(494,'Admin'),(1309,'Admin has requested a change of password for your account. Please change the password before you proceed.'),(495,'Administration Zone'),(3532,'Administrative name'),(496,'Administrator'),(1517,'Administrator Zone'),(2410,'Administrator account cannot be deleted via customer interface.'),(2305,'Administrator header'),(3779,'Administrator notes'),(2306,'Administrator signature'),(2309,'Administrator subject'),(2310,'Administrator text'),(2387,'Advanced Order Management'),(2986,'Advanced statistics with Google Analytics'),(2057,'After activation Skrill will give you access to a new section in your Skrill account called \"Merchant tools\". Please choose a secret word (do not use your password for this) and enter it into the merchant tools section and below.'),(1284,'After clicking this button, your hard/soft reset links will be regenerated. You need it in case old links were compromised.'),(1405,'After the problem has been fixed, try to connect again.'),(2725,'After the problem has been fixed, try to connect again.\', {\'clear_cache\': url(\'addons_list_marketplace'),(1489,'After the upgrade is completed please check your website. If you find that the site is inoperative, please try to do the following'),(1810,'Aggregation cache has been cleaned'),(3324,'Air service center'),(238,'All'),(666,'All Addresses (default zone)'),(355,'All Order Statuses'),(405,'All User Types'),(497,'All add-ons'),(2135,'All attributes'),(3167,'All classes from this category'),(1832,'All countries'),(498,'All customers'),(2726,'All items'),(2177,'All items cannot be removed from the order.'),(2112,'All levels'),(403,'All membership levels'),(499,'All memberships'),(2920,'All modules'),(3082,'All newest products'),(3354,'All news'),(2116,'All orders'),(2101,'All payment statuses'),(2648,'All payment transaction statuses'),(501,'All products on sale'),(1755,'All rights reserved.'),(502,'All shipping methods'),(2102,'All shipping statuses'),(503,'All shipping zones'),(2379,'All statuses'),(500,'All the necessary adaptation will be done by the developer.'),(504,'All the products are in sufficient quantities'),(505,'All time'),(3083,'All upcoming products'),(2386,'All user types'),(3233,'All users'),(1761,'All words'),(3483,'Allow this product to be used as a MailChimp segment condition'),(3170,'Alphabetical'),(508,'Alphabetically'),(1661,'Already added'),(1700,'Already exists'),(509,'Already have an account?'),(2640,'Also the system has detected problems with the following modules'),(2752,'Also, to manage your redirects you can define 301 redirects in .htaccess file.'),(102,'Alt'),(510,'Alternative payment methods'),(511,'Alternative text'),(285,'Alternatively, upload file sqldump.sql.php to the var/backup/ sub-directory click on the \"Restore from server\" button'),(2727,'Although you can switch the store to use the secure protocol for the website pages, most Internet browsers will likely display a warning message scaring your website visitors away.'),(2601,'Amazon'),(3872,'Amazon Order Ref ID'),(512,'Amount'),(513,'Amount: high to low'),(514,'Amount: low to high'),(1843,'An attempt to update settings of unknown payment method'),(2332,'An error occurred while sending the request'),(2447,'An error occurred, please try again. If the problem persists, contact the administrator.'),(2448,'An error occurred, please try again. If the problem persists, contact the administrator. (txnNote)'),(1715,'An upgrade is a dangerous process that may result in a crashed website.'),(515,'An upgrade is a dangerous process that may result in a crashed website. It is strongly recommended to create a full back up of your shop (the code and the database) and download it to a local computer before proceeding to the next step.'),(1912,'Anonymous'),(2113,'Anonymous (access level)'),(210,'Anonymous Customer'),(211,'Anonymous Customer, _Registered User with the same email_'),(2003,'Anonymous Customers'),(3248,'Anonymous reviewer'),(3115,'Anonymous users only'),(516,'Another state'),(124,'Any availability status'),(410,'Any category'),(127,'Any class'),(517,'Any membership level'),(518,'Any product class'),(2524,'Any profile'),(3178,'Any rating'),(3412,'Any special needs?'),(411,'Any status'),(2160,'Any stock status'),(3114,'Any visitors'),(1762,'Any word'),(519,'Any zone'),(2598,'App type'),(520,'Appearance'),(2935,'Applied discount coupon'),(521,'Apply destination'),(522,'Apply price'),(2903,'Apply sorting globally'),(1734,'Apply value changes globally'),(1733,'Apply value changes locally'),(3194,'Approve'),(3185,'Approve review'),(3870,'Approved URL'),(523,'Are you sure you want to continue?'),(524,'Are you sure you want to delete the selected user?'),(2615,'Are you sure you want to delete this filter?'),(1658,'Are you sure you want to delete this profile?'),(525,'Are you sure you want to disable this add-on?'),(2804,'Are you sure you want to enable https anyway?'),(526,'Are you sure you want to enable this add-on?'),(3798,'Are you sure you want to transmit this shipment?'),(2374,'Are you sure you want to uninstall selected add-ons?'),(527,'Are you sure you want to uninstall this add-on?'),(3795,'Are you sure you want to void this shipment?'),(528,'Are you sure you wish to delete the selected zones?'),(529,'Are you sure?'),(530,'Arrival date'),(532,'Ask.com'),(2429,'Assign entered Clean URL to this page anyway'),(533,'Assigned classes'),(531,'Asynchronous'),(3745,'Attached files'),(534,'Attachment is not deleted'),(535,'Attachments'),(536,'Attachments have been updated successfully'),(1561,'Attribute'),(18,'Attribute data will be lost. warning text'),(1560,'Attribute group'),(1557,'Attribute name'),(1552,'Attribute option'),(1558,'Attribute values'),(130,'Attributes'),(752,'Attributes block'),(325,'Attributes for X product class'),(1822,'Attributes have been successfully changed'),(1872,'Attributes have been updated successfully'),(1887,'Attributes imported'),(537,'Australia Post settings'),(2082,'Auth'),(3010,'Auth and Capture'),(3011,'Auth only'),(538,'Authentication'),(539,'Authentication code'),(540,'Author'),(2037,'Authorization and Capture'),(2038,'Authorization only'),(3695,'Authorization period, days'),(541,'Authorization then capture'),(3693,'Authorize amount for card setup'),(3663,'Authorize/charge the difference'),(2687,'Authorize[TT]'),(357,'Authorized'),(1811,'Authorized amount'),(542,'Auto'),(3475,'Auto-Updated'),(2728,'Autogenerate'),(1659,'Autogenerate Clean URL'),(2055,'Autogenerated'),(2591,'Automate shipping'),(2593,'Automate your shipping process with the services of our partners: print shipping labels, grab shipping orders info from eBay, ETSY, Amazon and other marketplaces; integrate with several shipping carriers in one spot and more.'),(543,'Availability'),(544,'Available for sale'),(2521,'Avalara, a leader in US sales tax automation, provides a solution that can make your life easier by providing accurate and up-to-date tax rates for products you sell.'),(3210,'Average rating'),(545,'B'),(253,'BEGIN - END of TOTAL'),(1799,'Back'),(1766,'Back to Login form'),(2645,'Back to Trial mode'),(3312,'Back to Webmaster mode'),(751,'Back to Zones list'),(3651,'Back to credit cards'),(546,'Back to file select'),(547,'Back to layout settings'),(548,'Back to methods'),(1767,'Back to modules'),(3317,'Back to notification settings'),(2313,'Back to notifications list'),(549,'Back to order list'),(3220,'Back to product details'),(3442,'Back to products'),(3499,'Back to segments list'),(2568,'Back to shipping methods'),(3263,'Back to templates list'),(311,'Backend payment transaction X issued'),(2729,'Background export is in progress'),(550,'Backup'),(551,'Backup database'),(2015,'Backup your store with Backup Master'),(552,'Bank Account Number'),(904,'Bank name'),(3042,'Banner on Cart page'),(3040,'Banner on Category pages'),(3039,'Banner on Home page'),(3041,'Banner on Product details pages'),(2669,'Banner rotation'),(3212,'Based on'),(3232,'Be the first and leave a feedback.'),(1594,'Before editing attributes specific for the chosen type you should save the changes'),(2514,'Before enabling HTTPS protocol read this article:'),(2262,'Before installing a paid addon for this installation, you need to activate your X-Cart license.'),(3559,'Before you can start configure Australia Post module you should update available options from Australia Post. Please click button below.'),(3534,'Begin offer date'),(3535,'Begin offer hour'),(553,'Benchmark completed in '),(554,'Benchmark result under 3000ms is considered good'),(555,'Bestsellers'),(2624,'Bill to'),(2839,'Billing'),(556,'Billing address'),(2068,'Billing address is not defined'),(557,'Billing address is not defined yet'),(1802,'Billing address is the same as Shipping'),(2843,'Billing to'),(558,'Bing'),(3287,'Block is disabled'),(3286,'Block is enabled'),(2046,'Blocked'),(2832,'Body'),(3762,'Box maximum weight'),(559,'Brief description'),(560,'Brief descrption'),(561,'Browse server'),(2817,'Bug-fixes'),(3440,'Bulk Edit processing in progress...'),(3432,'Bulk edit'),(3434,'Bulk edit all'),(3437,'Bulk edit has been processed successfully.'),(3438,'Bulk edit processing has been interrupted.'),(3439,'Bulk edit processing may take a while to complete. Please do not close this page until the process is fully completed.'),(3443,'Bulk edit selected'),(2190,'Buy'),(2463,'Buy Business Edition'),(562,'Buy more'),(2418,'Buy prolongation'),(1776,'C.O.D. fee included'),(563,'CLOSE'),(1983,'CM'),(564,'CSS & JavaScript'),(2364,'CSV delimiter'),(2141,'CSV file has the wrong filename format.'),(1963,'CSV or ZIP files, total max size: {{size}}'),(3833,'CVC verification: X'),(1787,'CVV2'),(2449,'Cache management'),(565,'Cache rebuild is already started, please wait'),(2452,'Calculate quick data'),(2453,'Calculate quick data help text'),(566,'Calculate rates'),(2455,'Calculating quick data...'),(434,'California'),(1789,'Call us: '),(2529,'Can be provided only for offline shipping methods.'),(2531,'Can be provided only for online shipping methods.'),(3021,'Can be set up later'),(567,'Can\'t be disabled. The module is required by:'),(568,'Can\'t connect to the Modules Marketplace server'),(2010,'Can\\\'t connect to the marketplace server'),(3735,'Canada Post module allows to use online shipping rates calculation via Canada Post'),(3774,'Canada Post settings'),(3805,'CanadaPost settings'),(151,'Cancel'),(3622,'Cancel import and keep current payment methods'),(3102,'Cancel sale'),(359,'Canceled'),(2655,'Canceled[S]'),(1878,'Cannot autogenerate clean URL for the product name \"{{name}}\". Please specify it manually.'),(2908,'Cannot check the files for this module'),(2174,'Cannot create temporary order for modification'),(2318,'Cannot gather modules from the marketplace. Please try later.'),(3310,'Cannot get flexy content'),(290,'Cannot set X permissions for subdirectories:'),(2083,'Capture'),(2691,'Capture multiple[TT]'),(2690,'Capture partially[TT]'),(569,'Capture status'),(2689,'Capture[TT]'),(1812,'Captured amount'),(3787,'Card (hold) for pick up'),(2278,'Card number'),(3687,'Card saved'),(2275,'Card type'),(3688,'Card was not saved due to payment processor error'),(1782,'Cardholder name'),(3668,'Cards saved by the customer for the future orders in this shop. No real credit cards were saved, only special token on the side of the payment processor, that can be used in this store only.'),(3611,'Cards which can be used for your future orders in this shop. No real credit cards were saved, only special token on the side of the payment processor, that can be used in this store only.'),(1164,'Carrier'),(2565,'Carrier service'),(2566,'Carrier service name'),(2564,'Carrier services'),(2533,'Carrier-calculated rates'),(1797,'Cart'),(570,'Cart & checkout'),(2157,'Cart contains products with wrong quantity'),(2156,'Cart contains products with wrong quantity. Please correct this to proceed'),(220,'Cart is empty'),(3552,'Cart promo text'),(3553,'Cart qualified text'),(2051,'Cash on delivery'),(571,'Catalog'),(572,'Categories'),(1888,'Categories imported'),(573,'Category'),(92,'Category icon'),(574,'Category info'),(575,'Category name'),(2724,'Category name should not be empty'),(576,'Category page title'),(577,'Change'),(578,'Change address'),(1788,'Change attributes'),(579,'Change method'),(580,'Change options'),(1407,'Change password'),(581,'Change payment info'),(582,'Change shipping info'),(2178,'Changed items'),(2179,'Changed options'),(3281,'Changes may be incompatible with TinyMCE. Are you sure to proceed?'),(1731,'Changes of attributes globally'),(1732,'Changes of attributes locally'),(2192,'Character set'),(3696,'Charged amount'),(1713,'Check again'),(583,'Check all'),(3308,'Check directory permissions'),(2504,'Check for available free disk space has failed'),(2805,'Check for updates'),(584,'Check number'),(3427,'Check shipping info'),(3686,'Check the settings.'),(585,'Checking'),(586,'Checking integrity, please wait...'),(224,'Checkout'),(3414,'Checkout type'),(587,'Choose'),(3841,'Choose Webhook tab and press + add URL button'),(588,'Choose _payment methods_'),(2490,'Choose a new template'),(3428,'Choose another address'),(2277,'Choose card type'),(3169,'Choose classes...'),(589,'Choose file'),(590,'Choose from a variety of bundled payment solutions to accept credit cards and other methods of payment on your website'),(591,'Choose method'),(2845,'Choose shipping'),(592,'Choose shipping method'),(1769,'Choose the product options first'),(2462,'Choose the right plan'),(1605,'Choosing \"URLs\" will link the exported data to your public files (product and category images, downloadable files shown on product pages, and so on) through direct URLs'),(2276,'Chose credit card type'),(593,'City'),(2136,'Classes & Attributes'),(1839,'Classes & attributes'),(3166,'Classes for product filter'),(594,'Clean URL'),(2731,'Clean URLs'),(647,'Clean URLs are disabled'),(645,'Clean URLs are disabled. More info'),(2730,'Clean URLs are disabled. More info\', {\'more_info_url\': url(\'settings\', \''),(646,'Clean URLs are enabled'),(649,'Clean URLs functionality may not be enabled. More info'),(599,'Clean aggregation cache'),(62,'Clean aggregation cache help text'),(600,'Clean widgets cache'),(63,'Clean widgets cache help text'),(601,'CleanURL'),(598,'Clean_urls_error_message'),(1513,'Cleanup'),(1510,'Cleanup queries'),(2863,'Clear all caches'),(2864,'Clear all caches text'),(1773,'Clear all fields'),(602,'Clear bag'),(46,'Clear cart'),(122,'Clear search'),(3845,'Click Connect with Stripe to be redirected to Stripe.com'),(603,'Click here to access/add subcategories'),(3582,'Click here to specify tax rates that will apply only to shipping charges'),(604,'Click here to view states of country'),(1585,'Click if you do not want to add this value to new products or class’s assigns automatically'),(1586,'Click if you want to add this value to new products or class’s assigns automatically'),(3481,'Click rate'),(3616,'Click the button below to re-import payment methods from X-Payments.'),(2191,'Click the link to increase product amount'),(1624,'Click to add rates'),(1628,'Click to add states'),(1692,'Click to close'),(1631,'Click to edit all this label translations'),(1623,'Click to edit rates'),(1627,'Click to edit states'),(3424,'Click to finish your order'),(1691,'Click to open'),(3426,'Click to proceed to the next step'),(3433,'Click to specify'),(605,'Click to unblock'),(189,'Clicking the Place order button you accept: Terms and Conditions'),(1544,'Clone'),(1543,'Clone this product'),(131,'Cloned products'),(366,'Close'),(606,'Close storefront'),(1921,'Closed'),(2599,'Cloud Service'),(3521,'CloudSearch sets default sort order to relevance'),(607,'Code'),(2870,'Column X is required'),(3084,'Coming soon'),(2360,'Coming soon (title)'),(3095,'Coming soon...'),(1684,'Comma'),(608,'Comment'),(609,'Comments'),(1979,'Commercial'),(3786,'Commercial - will return the contracted price between Canada Post and the contract holder'),(1180,'Common tax settings'),(2105,'Communication log'),(1906,'Compact view'),(610,'Company'),(611,'Company name'),(2067,'Compare'),(1790,'Compare products'),(1519,'Compare your result with other servers'),(1703,'Complete'),(1803,'Complete billing address'),(612,'Completed'),(613,'Component'),(3684,'Conection with X-Payments is OK.'),(614,'Configuration'),(3636,'Configuration has been successfully deployed'),(1619,'Configure'),(615,'Configure _shipping methods_'),(2987,'Configure the Google Analytics module to view the advanced statistics'),(3678,'Configure your gateway'),(616,'Configure your store'),(148,'Confirm deletion'),(617,'Confirm password'),(2469,'Confirmation'),(1701,'Confirmation does not match'),(170,'Congratulations! Your order has been placed successfully'),(3679,'Connect'),(3681,'Connect to X-Payments. Do 3 easy steps.'),(3404,'Connect your store to MailChimp'),(3683,'Connected!'),(2753,'Connecting to the marketplace...'),(3671,'Connection'),(3685,'Connection failed!'),(3700,'Connection with X-Payments is OK.'),(3572,'Contact Skrill on ecommerce@skrill.com or by phone +44 203 308 2519'),(3104,'Contact us'),(21,'Contact us trial notice'),(618,'Contacts'),(619,'Content'),(3123,'Content page title'),(620,'Continue'),(1804,'Continue as guest'),(47,'Continue shopping'),(60,'Continue...'),(2674,'Convert failed transactions into real orders'),(3303,'Convert templates'),(103,'Copy'),(3839,'Copy Webhook URL and go to Account settings'),(621,'Copy file to local server'),(3627,'Copy the value of the Configuration field from X-Payments Online Store Details page, paste the string here and click Deploy. All the connection settings will be specified automatically.'),(104,'Copy to clipboard'),(101,'Copy to file system'),(1671,'Core version'),(622,'Core version: '),(3134,'Could not add the discount because another discount already exists for the specified subtotal range and membership level'),(2444,'Could not assign upgrade access level to your license keys'),(3135,'Could not update the discount because another discount already exists for the specified subtotal range and membership level'),(2809,'Couldn\'t download the banner {{value}} from URL'),(2676,'Couldn\'t download the image {{value}} from URL'),(2022,'Couldn\'t move X images. See log for details.'),(2021,'Couldn\'t move image X'),(1508,'Count'),(3785,'Counter - will return the regular price paid by retail consumers'),(623,'Countries'),(2286,'Countries information has been successfully updated'),(624,'Countries, states and zones'),(625,'Country'),(626,'Country is not selected'),(2964,'Coupon'),(2972,'Coupon cannot be combined with other coupons'),(627,'Coupon code'),(2942,'Coupon discount'),(2960,'Coupon discount can be limited to customers with these membership levels'),(2959,'Coupon discount can be limited to these product classes'),(628,'Coupons'),(629,'Create'),(631,'Create SQL file'),(632,'Create a backup'),(633,'Create account'),(634,'Create an account for later use'),(635,'Create category'),(2403,'Create label'),(636,'Create new account'),(1960,'Create new items and update existing items'),(3359,'Create news message'),(630,'Create profile'),(3739,'Create return'),(3796,'Create shipment'),(1295,'Create zone'),(637,'Created'),(3746,'Created on'),(3631,'Credit card'),(1783,'Credit card number'),(2285,'Credit card security code (if present)'),(1958,'Critical error'),(1492,'Critical errors have been detected in the files you are trying to import. Please correct the errors and try again.'),(1679,'Curl options'),(1678,'Curl version'),(638,'Currency'),(2173,'Current price for the selected configuration and quantity: X'),(2483,'Current template'),(2056,'Custom'),(640,'Custom CSS'),(90,'Custom HTML title'),(641,'Custom JavaScript'),(639,'Custom addons'),(1968,'Custom attributes'),(642,'Custom images'),(1895,'Custom offline shipping'),(2534,'Custom table rates'),(643,'Custom translation'),(209,'Customer'),(2111,'Customer access level'),(3325,'Customer counter'),(2303,'Customer header'),(2175,'Customer information'),(3196,'Customer name'),(208,'Customer note'),(3221,'Customer reviews'),(2304,'Customer signature'),(2307,'Customer subject'),(2308,'Customer text'),(644,'Customer zip/postal code'),(1521,'Customer zone is closed for maintenance.'),(1884,'Customers'),(1885,'Customers imported'),(3085,'Customers who bought this product also bought'),(3086,'Customers who viewed this product bought'),(385,'DECEMBER'),(2602,'DHL'),(1984,'DM'),(3326,'Daily Pickup'),(1493,'Data has not been found'),(651,'Data have been deleted successfully'),(652,'Data have been saved successfully'),(653,'Database backup created successfully'),(1860,'Database restored successfully!'),(654,'Date'),(1772,'Date range'),(397,'Date range should less than %d days'),(396,'Date range should longer than %d days'),(2955,'Date when customers can start using the coupon'),(2956,'Date when the coupon expires'),(3656,'Date, time'),(3087,'Date: newest first'),(3088,'Date: oldest first'),(655,'Day'),(365,'Days'),(656,'Dear'),(303,'Dear X'),(657,'Dear customer'),(658,'Decline'),(2700,'Decline[TT]'),(659,'Declined'),(3871,'Declined URL'),(3697,'Declined amount'),(660,'Default'),(661,'Default customer address'),(1893,'Default for admins'),(662,'Default for customer zone and can not disabled or deleted'),(663,'Default for customer zone and cannot be disabled or deleted'),(1892,'Default for customers'),(2649,'Default image settings'),(664,'Default images settings'),(1554,'Default option'),(2744,'Default site meta description'),(2745,'Default site meta keywords'),(2743,'Default site title'),(128,'Default tax class'),(1595,'Default value'),(423,'Default zone tooltip text'),(1079,'Default-sort-option'),(667,'Define classes'),(150,'Delete'),(159,'Delete Language'),(668,'Delete SQL file'),(2409,'Delete account'),(669,'Delete all'),(1593,'Delete all files'),(2614,'Delete filter option'),(59,'Delete item'),(670,'Delete profile'),(671,'Delete selected'),(672,'Delete selected profile'),(1496,'Delete temporary files after the import is completed'),(673,'Delete the image'),(674,'Delete this address?'),(3740,'Deliver to Post Office'),(50,'Delivery'),(3327,'Delivery confirmation - adult signature required'),(3328,'Delivery confirmation - no signature'),(3329,'Delivery confirmation - signature required'),(3429,'Delivery method'),(675,'Delivery methods'),(2526,'Delivery time'),(3743,'Delivery to Post Office'),(267,'Depending on the size of your data file, importing may take some time.'),(2086,'Deploy'),(42,'Description'),(3549,'Description & Promotions'),(3694,'Description of the card setup payment'),(2030,'Destination address'),(676,'Destination zone'),(677,'Details'),(2350,'Developers docs'),(3698,'Difference'),(3763,'Dimensions (cm)'),(678,'Directories and files permissions'),(346,'Directory X does not have permissions to write. Please set necessary permissions to directory X.'),(1890,'Directory does not have permissions to write'),(1683,'Directory is empty'),(155,'Disable'),(679,'Disable all modules in the system'),(3344,'Disable mutual links'),(680,'Disable suspicious modules'),(681,'Disabled'),(1588,'Disabled in catalog'),(158,'Disabled language can not be set as default for customer zone'),(1877,'Disabled language cannot be default.'),(682,'Disabled language cannot be set as default for customer zone'),(2094,'Disabled modules hooks message body'),(2093,'Disabled modules hooks message head'),(2921,'Disabled only'),(772,'Disables all addons except ones that are provided by X-Cart Team & Qualiteam (soft reset)'),(771,'Disables all addons except ones that are provided by X-Cart Team (hard reset)'),(1184,'Disables all modules except ones that were downloaded from marketplace (soft reset)'),(3843,'Disconnect'),(683,'Discount'),(684,'Discount amount'),(685,'Discount type'),(3583,'Discounted subtotal'),(3584,'Discounted subtotal + Shipping cost'),(686,'Display \'inc/ex VAT\' labels next to prices'),(1182,'Display common settings'),(3557,'Display short promo text and image on Special Offers page'),(3555,'Display short promo text and image on matching category pages'),(3556,'Display short promo text and image on matching product pages'),(3554,'Display short promo text and image on the home page'),(3032,'Display the \"Buy Now with PayPal\" button'),(687,'Display type'),(1901,'Displays the number of labels translated to the language'),(688,'Do not close this page!'),(1720,'Do not replace selected files and ignore their newer versions'),(3789,'Do not safe drop'),(2119,'Do not see your payment method? Find it on our Marketplace'),(2754,'Do not see your payment method? Find it on our Marketplace\', {\'url\': url(\'addons_list_marketplace\', \'\', {\'tag\': \'Payment processing'),(2159,'Do not select anything if you want to make the product visible to all customers.'),(689,'Do not show at startup anymore'),(3168,'Do not show the filter'),(3690,'Do not use card setup'),(1495,'Do not verify images to increase speed of the process'),(3578,'Do you have questions?'),(2583,'Do you really want to close storefront?'),(3345,'Do you really want to delete all relations from this product?'),(690,'Do you really want to delete selected items?'),(3765,'Document'),(3747,'Documents'),(2633,'Does not match license type (requires {{list}} edition)'),(3053,'Don\'t have account yet?'),(3827,'Don\'t have account yet? Sign up for SagePay now!'),(3853,'Don\'t have an account?'),(3570,'Don\'t have an account? Sign up for free'),(3097,'Don\'t label'),(691,'Dont have account yet?'),(2014,'Don’t forget to create a backup!'),(1693,'Double quote'),(1964,'Download CSV files'),(692,'Download SQL file'),(1606,'Download all files in a single archive'),(2685,'Download error file'),(693,'Downloaded components'),(694,'Downloading updates'),(695,'Downloading updates, please wait...'),(696,'Drag and drop me to the bag'),(1494,'Drop existing items before import'),(697,'Drop items here to shop'),(698,'Drupal frontend'),(324,'Duplicated clean URL: X'),(272,'During the import was recorded X errors. You can get them by downloading the log files.'),(3507,'E-Commerce features setup'),(1791,'E-Mail'),(3018,'E-Mail address to receive PayPal payment'),(699,'E-mail'),(700,'E-mail is not defined yet'),(2851,'E-mail will also be updated in all the related orders.'),(3070,'EACHRECEIVER'),(2603,'ETSY'),(1626,'Edit'),(3418,'Edit address'),(3347,'Edit all'),(1662,'Edit attribute'),(1584,'Edit attribute values'),(1527,'Edit attributes'),(701,'Edit charges for:'),(2486,'Edit custom options'),(3419,'Edit email'),(160,'Edit label'),(161,'Edit labels'),(413,'Edit labels (X)'),(703,'Edit page'),(702,'Edit payment method data'),(1621,'Edit product'),(704,'Edit profile'),(429,'Edit rates (X)'),(3184,'Edit review'),(418,'Edit states (X)'),(351,'Edit subcategories (X)'),(3318,'Edit template based on'),(3314,'Edit via Webmaster mode'),(3202,'Edit your review'),(3260,'Edited templates'),(313,'Editing attribute groups on this page won\'t affect other product classes which use these groups'),(3541,'Eligible membership levels'),(705,'Email'),(706,'Email &amp; password'),(2927,'Email Address'),(226,'Email address'),(3573,'Email address of your Skrill account'),(2005,'Email again'),(707,'Email body'),(2299,'Email notifications'),(3408,'Email or login'),(708,'Email settings'),(2011,'Empty \"class\" parameter is passed to the {{method}}'),(156,'Enable'),(709,'Enable HTTPS'),(595,'Enable clean URL'),(648,'Enable clean URLs'),(3343,'Enable mutual links'),(3869,'Enable the Use Enhanced Cancel option.'),(2427,'Enable the option \"Assign entered Clean URL to this page anyway\" to dissociate the entered Clean URL from the page it is currently used for and assign it to the page of the object being edited.'),(2840,'Enable this if you would like us to use your shipping address as your billing address'),(710,'Enabled'),(2301,'Enabled for administrator'),(2302,'Enabled for customer'),(1587,'Enabled in catalog'),(2922,'Enabled only'),(3536,'End offer date'),(3537,'End offer hour'),(3321,'Enter Order number'),(354,'Enter OrderID or email'),(3792,'Enter Return # or Order #'),(715,'Enter X more characters to start search'),(192,'Enter a correct email'),(2426,'Enter a different Clean URL value for this page'),(2813,'Enter a keyword to search.'),(197,'Enter a negative number'),(194,'Enter a number'),(196,'Enter a positive number'),(193,'Enter an integer'),(2963,'Enter code'),(711,'Enter coupon code'),(356,'Enter date range'),(3000,'Enter description of the purchase that will be displayed on PayPal payment page.'),(3409,'Enter email address'),(2613,'Enter filter name'),(402,'Enter keyword'),(712,'Enter keywords'),(713,'Enter license key'),(1941,'Enter pattern here'),(2755,'Enter product name or SKU'),(1944,'Enter search pattern'),(714,'Enter shipping address'),(2999,'Enter the email address associated with your PayPal account.'),(1775,'Enter the shipping address to see delivery methods available to you'),(1805,'Enter your e-mail'),(30,'Enter your license key here'),(3293,'Entity was successfully saved'),(716,'Environment'),(717,'Environment info'),(718,'Error'),(596,'Error code explanation:'),(3641,'Error had occured during the requesting of payment methods from X-Payments. See log files for details.'),(2810,'Error of banner loading. Make sure the \"images\" directory has write permissions.'),(2235,'Error of image loading. Make sure the \"images\" directory has write permissions.'),(2677,'Error of image verification ({{value}}). Make sure you have specified the correct image file or URL.'),(1856,'Error of uploading file.'),(3294,'Error on saving image'),(2683,'Errors'),(2913,'Errors files'),(719,'Estimate shipping cost'),(720,'Estimate your server performance'),(721,'Estimated for'),(36,'Evaluation notice'),(2751,'Every object stores history with 8 clean urls which were previously used for this object.'),(722,'Everything you need'),(1760,'Exact phrase'),(723,'Example'),(433,'Example city'),(724,'Examples'),(725,'Exception'),(3548,'Exclusion special offers'),(2523,'Existing Avalara user?'),(1777,'Existing Customer?'),(3288,'Exit editor'),(3278,'Exit product preview'),(2417,'Exp. date'),(726,'Expand the functionality of your store by installing and using add-on modules'),(1907,'Expanded view'),(1785,'Expiration date'),(360,'Expired'),(727,'Export'),(2756,'Export all'),(1613,'Export cannot be started because it is disabled or there is another running export process'),(1607,'Export completed'),(1611,'Export failed'),(1614,'Export in CSV'),(1612,'Export not started'),(2587,'Export orders'),(2133,'Export product data with'),(728,'Export products'),(1602,'Export public files as'),(1601,'Export settings'),(345,'Exported in X'),(1608,'Exporting data...'),(729,'Extensions'),(375,'FEBRUARY'),(371,'FR'),(3363,'FREE'),(3365,'FREE SHIPPING'),(2492,'FREE quote'),(2596,'FREE trial'),(730,'Facebook'),(731,'Failed'),(732,'Failed to add detailed image'),(733,'Failed to add the attachment'),(734,'Failed to add the attachment. The file download is forbidden'),(1868,'Failed to update category image'),(3109,'Failed to update page image'),(1889,'Failed write to file'),(347,'Failed write to file X. There may not be enough disc-space. Please check if there is enough disc-space.'),(735,'Failed/Declined'),(2654,'Failed[S]'),(1714,'Failure'),(1781,'Failure reason:'),(3320,'Failure sending test email to X'),(3311,'Failure to convert flexy-template. Check for syntax errors'),(1572,'Failure: File has the wrong format.'),(3413,'Fast Lane checkout'),(3106,'Favicon'),(1648,'Fax'),(2982,'Featured'),(736,'Featured products'),(2604,'FedEx'),(2983,'FedEx module allows to use online shipping rates calculation via FedEx.'),(737,'Field is required!'),(2706,'File can not be uploaded'),(2401,'File is not an image'),(2402,'File is not uploaded'),(1848,'File not found'),(292,'File size exceeds the maximum size'),(738,'File title'),(2757,'File was successfully uploaded'),(3734,'File with certificate should be located in the directory {{certsDir}}'),(2574,'Files cannot be updated'),(3846,'Fill out the form with your Company info to setup your account and start processing payments immedately'),(3466,'Filter by order amount'),(3464,'Filter by order frequency'),(3468,'Filter by profile membership'),(3469,'Filter by specific products'),(2617,'Filter has been removed'),(2616,'Filter has been successfully saved'),(2461,'Filter transactions by status'),(1942,'Find countries'),(2120,'Find in Marketplace'),(1268,'Find language in marketplace'),(1943,'Find states'),(2459,'Find transactions by ID'),(739,'Find us on'),(740,'Find us on Facebook'),(2520,'Finished operating as user'),(741,'First name'),(3498,'First name or last name are empty. Please add a new address to your address book or modify existing and fill in those fields in order to subscribe to this list.'),(2854,'First, restore your website from the created backup - this is the fastest way to get your store back online.'),(3415,'Firstname'),(3525,'Fixed-amount discount (X)'),(3524,'Fixed-sum discount (X)'),(742,'Flat markup'),(2560,'Flat shipping charge per item ordered.'),(2562,'Flat shipping charge per weight unit ordered (for example, per pound or per kilogram - depending on the weight units used by your store).'),(2559,'Flat shipping charge. This value will be added to the shipping rate regardless of the weight, price and number of items ordered.'),(3306,'Flexy templates have been removed'),(3298,'Flexy to twig converter'),(3299,'Flexy-template'),(3313,'Flexy-to-twig converter warning'),(743,'Footer menu'),(2008,'For any emergency you can use the hard, soft and restore-state links'),(1669,'For details refer to'),(19,'For details refer to X-Cart license'),(744,'For the period'),(2090,'Force customer to choose product options before the product can be added to cart'),(1758,'Forgot password'),(745,'Forgot password?'),(1525,'Forgot your password?'),(746,'Format'),(2284,'Four-digit number on the front side of your card'),(55,'Free'),(747,'Free add-ons'),(2149,'Free license is activated successfully'),(2154,'Free license key for this email is already registered'),(3364,'Free shipping'),(3368,'Free shipping tooltip text'),(3375,'Freight'),(3374,'Freight fixed fee'),(748,'From'),(98,'From computer'),(753,'From email'),(3540,'From these categories'),(1808,'Front page'),(2738,'Front page title'),(2928,'Full Name'),(754,'Full description'),(755,'Full name'),(1997,'G'),(756,'General'),(757,'General Settings'),(758,'General info'),(2742,'General options'),(759,'General settings'),(3585,'General tax rates'),(3142,'Generate XML-Sitemap'),(3160,'Generate cache on the fly'),(2344,'Generate resized images'),(2345,'Generate resized images help text'),(3141,'Generate sitemap'),(1579,'Get CSV'),(3133,'Get X off for order amount over Y'),(2705,'Get a more customizeable PDF invoice solution for your store'),(2702,'Get a more powerful banner system for your store'),(2698,'Get information[TT]'),(2535,'Get shipping rates from major shipping carrier companies.'),(760,'Give buyers a way to pay by adding an alternative payment method.'),(761,'Give buyers another way to pay by adding an alternative payment method'),(1865,'Global'),(2134,'Global & Classes attributes'),(1864,'Global attributes'),(762,'Go to Marketplace'),(763,'Go to checkout'),(38,'Go to checkout as a New customer'),(3396,'Go to comparison table'),(3665,'Go to payment details page'),(3252,'Go to see the review [in the Admin area]'),(3840,'Go to your account settings on www.stripe.com'),(53,'Grand total'),(2825,'Greeting'),(182,'Greetings, X'),(764,'Grid'),(765,'Group options'),(2247,'Group {{value}} does not exists and will be created'),(3506,'Groups'),(3380,'Guide to AuctionInc ShippingCalc Settings'),(3863,'HPP Key'),(767,'HTML title (\'title\' tag)'),(768,'HTTPS check'),(1880,'HTTPS option has been disabled'),(1879,'HTTPS option has been successfully enabled'),(769,'HTTPS settings'),(2530,'Handling fee'),(1745,'Hard reset (disables all modules and runs application)'),(2857,'Hard reset. Disable all addons except those provided by X-Cart Team'),(2433,'Hash file for installed entry \"{{entry}}\" doesn\'t exist or is not readable'),(773,'Have a discount coupon?'),(2934,'Have more coupons?'),(2594,'Haven\'t found what you\'re looking for? View more shipping modules'),(2827,'Header'),(2823,'Header, greeting & signature'),(2034,'Height'),(774,'Height (px)'),(237,'Hello, user'),(115,'Help'),(775,'Help zone'),(776,'Here are shown only the methods enabled on the configuration page'),(766,'Here is a new link for access to your information: X'),(777,'Here you can define how your payment methods will look in customer area'),(1530,'Here you can define how your payment methods will look in customer area.'),(2554,'Here you can provide general information about the shipping method and configure a table defining how shipping rates for this method should be calculated.'),(3505,'Here you can view and manage the MailChimp news lists and groups of the user.'),(3164,'Hidden from products filter'),(778,'Hide'),(3852,'Hide \"How to use\" instruction'),(2682,'Hide all warnings/errors'),(2758,'Hide and make them available only via a direct link'),(1181,'Hide common settings'),(779,'Hide trailing zeros in fractional part'),(3398,'High - Low'),(780,'History'),(781,'Home'),(2746,'Home page title and meta'),(2815,'Hotfixes mode'),(2502,'How do I move X-Cart?'),(3217,'How do you rate this item?'),(782,'How to'),(783,'How to back up your store database'),(2555,'How to define shipping rates'),(784,'How to define shipping zones'),(2430,'Human readable and SEO friendly web address for the page.'),(188,'I accept Terms and Conditions'),(785,'I agree that these addons may require an adaptation.'),(3037,'I agree with PayPal terms & conditions'),(2273,'I confirm that I have created backups of my store\'s files and database before upgrading the store'),(2095,'I understand that the following disabled modules will be removed.'),(3635,'I want to use this credit card for my future orders in this shop.'),(1985,'IN'),(3016,'IPN HTTP error'),(3015,'IPN verification failed'),(786,'Icons'),(787,'Identity'),(788,'If there are some critical errors occurred you can do the following'),(789,'If you choose the second option, you can download the file from the server later on and delete it from the server by clicking on the \'Delete SQL file\' button.'),(1538,'If you choose to create SQL file, you will be able to download the file from the server later and after that delete it from the server by clicking on the \"Delete SQL file\" button.'),(790,'If you do not have an account, you can easily'),(791,'If you don\'t have a moneybookers account yet, please sign up for a free moneybookers account at: http://www.skrill.com'),(792,'If you have a license key for a commercial module, you can enter it here to register the purchase of the appropriate module.'),(793,'If you have a plugin in the .tar format, you can install it by uploading it here'),(1551,'If you have multiple products sharing the same set of attributes, it makes sence to make them to be of the same product type and create the attributes on the product type level.'),(2489,'If you purchased a template but do not see it here, activate the license key that was provided to you.'),(2858,'If you still need help, please, feel free to contact X-Cart Help Desk at helpdesk@x-cart.com.'),(301,'If you store product images in the database, they are included in the SQL dump file'),(2973,'If you want the coupon discount to be applied only to products from specific categories, specify these categories here.'),(3777,'If you want to enable merchant registration wizard once again, please click on the following link'),(1536,'If you want to upload the backup of another X-Cart installation, ensure that you have completed the steps described here'),(2013,'If your store is crashed after upgrade, you can recover it'),(2759,'Ignore membership'),(794,'Image'),(200,'Image X'),(795,'Image border will not be displayed in customer\'s frontend'),(2127,'Image resized: X out of Y'),(2131,'Image resized: X out of Y with errors'),(129,'Images'),(2342,'Images resized'),(2358,'Images resized: {{count}}'),(3873,'Immediate Charge'),(796,'Import'),(797,'Import / Export'),(1505,'Import by CSV'),(798,'Import from file'),(2132,'Import has been cancelled.'),(2405,'Import language'),(1945,'Import language from CSV file'),(268,'Import mechanism does not know the field of X and it can not be imported'),(1959,'Import mode'),(1962,'Import mode comment'),(799,'Import of orders is not supported.'),(3615,'Import payment methods'),(2760,'Import results'),(1497,'Import settings'),(800,'Import/Export'),(2366,'Import/Export guide'),(801,'Important'),(3652,'Important!'),(2336,'Imported'),(2337,'Importing data...'),(265,'Importing will overwrite the existing product information. This operation cannot be undone.'),(2260,'In advanced mode you can choose specific modules for upgrade.'),(3098,'In catalog only'),(802,'In category'),(1531,'In order to accept credit cards payments you should install the necessary payment module from our Marketplace.'),(2650,'In progress[S]'),(803,'In stock'),(3159,'In stock only'),(3749,'In store currency (0 - do not use coverage)'),(2432,'In this section you can review the recent payment transactions that have taken place at your store'),(3547,'In this section you can select other special offers that will prevent this offer from being applied.'),(804,'Inactive'),(2632,'Inactive license key ({{key}})'),(805,'Incl. X'),(3596,'Include response in hash'),(258,'Including X'),(1565,'Including subcategories'),(1702,'Incomplete'),(806,'Incompleted'),(2713,'Incorrect amount'),(289,'Incorrect owner of X directory'),(291,'Incorrect owner of X file'),(2468,'Incorrect password. Please try again.'),(2712,'Incorrect permissions'),(3586,'Individual settings for every rate'),(2761,'Info'),(2155,'Information about free license key has been sent'),(2651,'Initialized[S]'),(2762,'Initializing...'),(3280,'Inline editor is unavailable due to TinyMCE'),(807,'InnoDB engine support enabled'),(2106,'Input data'),(808,'Install'),(809,'Install add-on'),(2806,'Install anyway'),(1947,'Install modules'),(810,'Install updates'),(2407,'Installation date'),(811,'Installation directory'),(2509,'Installation warnings'),(812,'Installed'),(813,'Installed Modules'),(814,'Installed modules'),(1639,'Installed version'),(815,'Installing updates, please wait...'),(2592,'Integration with'),(2904,'Integrity check'),(2915,'Integrity check has been completed successfully.'),(2916,'Integrity check has been stopped.'),(2914,'Integrity has not yet been checked. Initiate an integrity check by clicking the button \"Refresh integrity status\".'),(816,'Invalid login or password'),(3435,'Inventory'),(1881,'Inventory has been successfully updated'),(817,'Inventory status'),(818,'Inventory tracking'),(819,'Inventory tracking for this product is'),(2763,'Inventory tracking is'),(2158,'Inventory tracking options'),(820,'Invoice'),(1817,'Invoice #{{orderId}}, {{time}}'),(216,'Invoice X'),(2039,'Invoice number prefix'),(1786,'Issue no'),(821,'It is impossible to delete or create user accounts because your store currently works as an integration with Drupal and shares users with Drupal. Deleting/creating user accounts is possible via Drupal administrator interface.'),(822,'It is impossible to edit some user profile fields because your store currently works as an integration with Drupal and shares users with Drupal. Modifying these fields is possible via Drupal administrator interface.'),(1485,'It\'s impossible to detect valid SSL certificate availability on your server because curl extension is not installed.'),(3566,'It\'s recommended to limit the length of invoice prefix to 9 characters'),(1908,'Item'),(823,'Item description'),(824,'Item has been deleted from cart'),(1827,'Item has not been deleted from cart'),(2814,'Item list'),(825,'Item name'),(2207,'Item not found ({{keys}})'),(222,'Items'),(826,'Items per page'),(2545,'Items range'),(374,'JANUARY'),(380,'JULY'),(379,'JUNE'),(827,'Join forces with your bank'),(2898,'Just enter email address'),(828,'K'),(1996,'KG'),(3660,'KOUNT Antifraud screening result'),(1460,'Key is validated, but the module X was not found'),(116,'Knowledge Base'),(1994,'LB'),(1902,'Label'),(146,'Label name'),(1894,'Labels'),(829,'Language'),(830,'Language labels'),(153,'Language name in X'),(110,'Language options'),(1568,'Language:'),(114,'Languages'),(1726,'Last 24 hours'),(1727,'Last 7 days'),(831,'Last logged in'),(832,'Last login'),(1728,'Last month'),(833,'Last name'),(2283,'Last three numbers on the back side of your card'),(2848,'Last time re-deployed at'),(2436,'Last week'),(2438,'Last year'),(3416,'Lastname'),(3035,'Launch PayPal'),(2195,'Layout'),(3282,'Layout editor'),(3291,'Layout editor allows you to change the position of the blocks in drag-n-drop fashion'),(3283,'Layout editor is'),(3290,'Layout editor is disabled'),(3289,'Layout editor is enabled'),(2493,'Layout has been changed. Review the updated storefront.'),(2485,'Layout type'),(2292,'Learn More'),(94,'Learn more about the top banner and how it shows in the page layout'),(3788,'Leave at door'),(2482,'Leave blank to use category name as Page Title.'),(3362,'Leave blank to use news title as Page Title.'),(3124,'Leave blank to use page name as Page Title.'),(2470,'Leave blank to use product name as Page Title.'),(2032,'Length'),(1555,'Length x Width x Height'),(2764,'Length x Width x Height (in)'),(1763,'Less search options'),(3330,'Letter center'),(20,'License activation is not available'),(1466,'License is not received'),(2416,'License key'),(2413,'License key has been successfully verified and activated for \"{{name}}\" module by \"{{author}}\" author. But this key has expired and do not allow upgrade store.'),(834,'License key has been successfully verified for \"{{name}}\" module by \"{{author}}\" author'),(2635,'License key is missing'),(2631,'License warning'),(2406,'License: trial version'),(835,'Lifetime'),(2950,'Limit number of uses'),(836,'Limit the number of uses'),(2124,'Lines checked: X out of Y'),(2125,'Lines imported: X out of Y'),(2129,'Lines imported: X out of Y with errors'),(2128,'Lines verified: X out of Y with errors'),(837,'Link'),(838,'List'),(839,'List of states'),(3478,'List rating'),(1974,'Live'),(2063,'Live mode'),(1859,'Loading the database from file .'),(840,'Loading...'),(841,'Localization'),(2071,'Locked'),(2397,'Log files not found'),(842,'Log in'),(2704,'Log in as this admin'),(248,'Log off'),(843,'Log out'),(844,'Logged as'),(3116,'Logged in users only'),(247,'Logged in!'),(845,'Login'),(1778,'Login Here'),(2400,'Login dates'),(846,'Login here'),(847,'Login history'),(2765,'Login is locked out'),(2899,'Login to your account'),(3129,'Login with'),(1911,'Login/E-mail'),(3105,'Logo'),(3118,'Logo & Favicon'),(848,'Look & Feel'),(1673,'Loopback test'),(3399,'Low - High'),(329,'Low inventory products'),(849,'Low limit notification for this product is'),(850,'Low limit quantity'),(851,'Low stock'),(2437,'Low stock info'),(3448,'Low stock notification to admin'),(3447,'Low stock warning on product page'),(852,'M'),(376,'MARCH'),(3081,'MATCH_CRITERIA_DISABLED'),(3078,'MATCH_CRITERIA_HELP'),(3079,'MATCH_CRITERIA_NAME'),(3080,'MATCH_CRITERIA_NONE'),(378,'MAY'),(3563,'MD5 Hash protection'),(3594,'MD5 hash value'),(1982,'MM'),(367,'MO'),(2279,'MONTH'),(3451,'MailChimp'),(3452,'MailChimp Integration with E-commerce support'),(3457,'MailChimp Lists'),(3455,'MailChimp is an email marketing service with powerful tools to manage your email campaigns and subscribers while gathering advanced analytics information on your campaign performance.'),(3502,'MailChimp list group names'),(3501,'MailChimp list groups'),(3458,'MailChimp list segments'),(3497,'MailChimp lists update'),(3459,'MailChimp segment settings'),(3767,'Mailing tube'),(134,'Main categories'),(853,'Maintenance'),(854,'Maintenance and operation'),(2478,'Make a discount available to all customers or only to specific membership levels;'),(855,'Make back-up of your store database'),(3348,'Make mutual relations'),(1857,'Making backup of the current database state ... '),(863,'Manage admins'),(1854,'Manage attribute groups'),(856,'Manage catalog'),(857,'Manage categories'),(352,'Manage category (X)'),(858,'Manage customer and administrator accounts'),(1664,'Manage groups'),(859,'Manage layout'),(860,'Manage orders'),(861,'Manage orders placed at your store'),(1550,'Manage product classes'),(862,'Manage users'),(864,'Manage your product inventory'),(2766,'Manage zones'),(865,'Mandatory fields are marked with an asterisk'),(3758,'Manifest ID'),(3757,'Manifests'),(3171,'Manual'),(866,'Manually defined shipping methods'),(867,'Mark, the search engines you want to inform of the structure of your site using the site map'),(868,'Market price'),(2767,'Marketing'),(869,'Marketplace'),(870,'Marketplace [check_addon_key]: the \"{{url}}\" URL requested'),(871,'Marketplace [check_for_updates]: the \"{{url}}\" URL requested'),(872,'Marketplace [check_for_updates]: valid response received'),(873,'Marketplace [get_hosting_score]: response has an invalid format'),(874,'Marketplace [get_hosting_score]: the \"{{url}}\" URL requested'),(2267,'Marketplace-Vendor'),(875,'Markup per item'),(876,'Markup per weight unit'),(1759,'Max'),(2820,'Maximum items in box'),(1556,'Maximum number of items per box'),(2951,'Maximum number of uses'),(2946,'Maximum order subtotal must be greater than minimum order subtotal'),(2958,'Maximum order subtotal the coupon can be applied to'),(286,'Maximum size of the file to upload is N'),(1855,'Measuring productivity in manual mode failed.'),(3479,'Members count'),(877,'Membership'),(878,'Membership access'),(879,'Membership levels'),(880,'Membership name'),(881,'Memberships'),(2069,'Menu'),(3108,'Menu links help text'),(882,'Menus'),(3005,'Merchant login'),(3775,'Merchant registration wizard'),(215,'Merge with Registered'),(883,'Message'),(2925,'Message has been sent'),(96,'Meta desc'),(884,'Meta description'),(885,'Meta keywords'),(95,'Meta tags'),(2390,'Method name'),(886,'Methods'),(2945,'Minimum order subtotal must be less than maximum order subtotal'),(2957,'Minimum order subtotal the coupon can be applied to'),(2768,'Minimum value is X'),(2911,'Modified files'),(1553,'Modifiers'),(887,'Modify'),(888,'Modify \"{{name}}\" option group'),(889,'Modify category'),(890,'Modify option groups exceptions'),(891,'Modify root category (the front shop page)'),(2365,'Module Marketplace. Terms of use'),(142,'Module available editions 3'),(143,'Module available editions 4'),(892,'Module has been successfully installed'),(1850,'Module packing is available in the DEVELOPER mode only. Check etc/config.php file'),(2375,'Module page'),(1480,'Module with ID X is not found'),(1644,'Module\'s page'),(2769,'Modules'),(893,'Modules Marketplace'),(1471,'Modules have been successfully installed'),(1882,'Modules license agreements'),(393,'Month'),(1798,'More'),(1949,'More actions for selected'),(894,'More add-ons'),(2582,'More attributes'),(895,'More details'),(2020,'More info is available in X-Cart\'s Knowledge Base article \'What to do if you cannot access your store...\''),(597,'More information about clean urls in X-Cart is available in '),(650,'More information on Clean URL problems on your system'),(1764,'More search options'),(896,'Most Popular'),(897,'Most Rated'),(898,'Move'),(3802,'Move item'),(3445,'Move to'),(1990,'Mr.'),(1992,'Mrs.'),(1991,'Ms.'),(2990,'Multiple top-level domains'),(3336,'Mutual link'),(3346,'Mutual link head help'),(899,'My account'),(900,'MySQL server'),(138,'N it.'),(108,'N items found'),(137,'N items total'),(384,'NOVEMBER'),(901,'Name'),(1899,'Name asc'),(1900,'Name desc'),(905,'Name of account holder'),(902,'Name of address field'),(903,'Name of purchaser'),(1549,'Name, e.g. Apparel'),(1030,'Name-sort-option'),(154,'Native language name'),(3045,'Near \"Add to cart\" button'),(3046,'Near \"Checkout\" button'),(32,'Need a license key?'),(2491,'Need custom design? We can modify this template or create a completely unique design for you'),(1666,'Need license key?'),(1532,'Need more payment methods?'),(906,'Never'),(1598,'New Export'),(2377,'New access codes were generated.'),(908,'New access key will also be sent to the Site administrator\'s email address'),(907,'New access link'),(2356,'New account'),(1524,'New address'),(909,'New address field'),(3089,'New arrivals'),(1663,'New attribute'),(132,'New category'),(2665,'New customer note'),(910,'New discount coupon'),(2818,'New features'),(1597,'New group'),(911,'New image'),(3275,'New images'),(1491,'New import'),(912,'New item'),(123,'New membership'),(2098,'New module version available for core versions X'),(2440,'New modules'),(3351,'New news message'),(913,'New page'),(3803,'New parcel'),(914,'New product class'),(915,'New product has been added successfully'),(3243,'New product reviews'),(916,'New rate'),(917,'New role'),(1743,'New safe mode access key has been generated'),(3587,'New sale tax rate'),(3528,'New special offer'),(2172,'New staff note'),(3148,'New tab'),(1294,'New tax class'),(2522,'New to Avalara?'),(37,'New to our store?'),(1724,'New user registered'),(1596,'New value'),(178,'New zone has been created successfully'),(3090,'New!'),(918,'Newest'),(919,'Newest first'),(3352,'News'),(3462,'News list subscriptions'),(3350,'News message'),(3349,'News messages'),(3360,'News page title'),(3361,'News title'),(920,'Next'),(3356,'Next news'),(921,'Next page'),(45,'Next product'),(89,'Next wizard'),(922,'No'),(1400,'No Curl extension for PHP error'),(1401,'No OpenSSL extension for PHP error'),(1399,'No Phar extension for PHP error'),(2897,'No account yet?'),(2590,'No accounting system has been selected yet. Choose your accounting system below and configure it.'),(3669,'No active X-Payments payment methods, or saving credit cards is not activated.'),(3701,'No addresses for the profile.'),(1563,'No attributes'),(1665,'No attributes are defined for the product class yet.'),(1564,'No attributes assigned'),(1840,'No category defined'),(2146,'No class'),(3331,'No confirmation'),(923,'No countries found'),(1980,'No delimiter'),(3744,'No events found'),(924,'No featured products defined for this category'),(3305,'No flexy-templates found.'),(1562,'No group'),(925,'No image'),(926,'No images uploaded'),(2381,'No items found'),(927,'No items found.'),(3821,'No items have been selected for return.'),(404,'No membership'),(928,'No merchant account required'),(507,'No merchant account required. Simple onboarding for you and easy checkout for your customers.'),(2382,'No model selected'),(1635,'No modules found'),(109,'No modules found for search_string'),(929,'No order have been placed yet'),(336,'No order on last day'),(339,'No order on last lifetime'),(338,'No order on last month'),(337,'No order on last week'),(340,'No orders'),(3316,'No orders available. Please create at least one order.'),(930,'No orders have been placed yet'),(113,'No other languages defined'),(1830,'No payment method selected'),(1831,'No payment methods found based on the selected criteria'),(931,'No payment modules installed'),(1548,'No product class assigned'),(1637,'No products found'),(3520,'No products matching the current filtering criteria were found. Try clearing filters.'),(3156,'No products matching your criteria found. Please try again with different parameters.'),(932,'No products sold yet'),(1638,'No profiles found'),(2319,'No promotion modules installed'),(2503,'No region'),(2812,'No results found.'),(3230,'No reviews.'),(933,'No states found'),(3476,'No subscription'),(1526,'No such user'),(934,'No tax rate defined'),(1168,'No tracking numbers are defined'),(1636,'No users found'),(935,'Non-administrator'),(239,'None'),(1675,'Not detected'),(2009,'Not enough disk space. Required: {{req}} (+{{reserve}} reserve). Available: {{avail}}'),(936,'Not finished'),(937,'Not numeric'),(3231,'Not rated yet'),(2588,'Not seeing your accounting software here? Let us know'),(1580,'Not selected'),(3446,'Not set'),(3780,'Not specified'),(938,'Note'),(3670,'Note: No payment methods here because the module is not configured. Please finalize settings at '),(2031,'Note: a new window will be opened'),(939,'Notes'),(2312,'Notification'),(2349,'Notification headers and signatures can be set using variables. A list of supported variables and their respective values is provided in the table below'),(2830,'Notification state'),(2679,'Notify administrator if the stock quantity of this product goes below a certain limit'),(2187,'Notify customer'),(1710,'Now disabled'),(1570,'Number of ignored rows:'),(3539,'Number of items to buy'),(3543,'Number of items to discount'),(383,'OCTOBER'),(1655,'OR'),(1995,'OZ'),(2741,'Object name (category, product, etc)'),(2733,'Object name order first'),(2734,'Object name order last'),(3071,'Obtaining your live PayPal credentials'),(940,'Off'),(3530,'Offer type'),(941,'Official website'),(942,'Offline methods'),(3857,'Ogone PSPID'),(3861,'Ogone settings note'),(3860,'Ogone signup'),(3649,'Ok'),(2664,'Old customer note'),(943,'Old price'),(2171,'Old staff note'),(944,'On'),(945,'On all catalog pages'),(3332,'On call air'),(3099,'On catalog and product pages'),(2869,'On category and product details page'),(2868,'On category listing'),(3771,'On delivery'),(3770,'On exception'),(3222,'On moderation'),(946,'On product details only'),(3103,'On sale'),(3769,'On shipment'),(2824,'On this page you can edit the header, greeting and signature used by all the email notifications sent by your store (separately for admin and customer users).'),(3384,'On-demand'),(1283,'Once links are regenerated, they will be sent to store administrator email.'),(3624,'Once the connection is verified, you should proceed to the'),(3420,'One Page checkout'),(2199,'One column'),(2989,'One domain with multiple subdomains'),(3333,'One time pickup'),(947,'Online catalog structure setup'),(445,'Online methods'),(2117,'Online orders'),(2680,'Only X left in stock'),(3227,'Only customers who purchased this product can leave feedback on this product'),(126,'Only disabled'),(125,'Only enabled'),(1849,'Only enabled modules can be packed'),(2867,'Only orders awaiting processing'),(948,'Only small letter, digits and undescore sign are allowed'),(1918,'Open'),(949,'Open Graph meta tags'),(3682,'Open X-Payments dashboard to configure'),(3120,'Open graph image'),(950,'Open graph tags'),(3480,'Open rate'),(951,'Open storefront'),(3675,'Open your X-Payments dashboard'),(2516,'Operate as user'),(952,'Operating system'),(953,'Option group'),(3560,'Option values has been successfully updated.'),(2770,'Options'),(954,'Options have been successfully changed'),(2371,'Options:'),(3628,'Or fill in the settings manually'),(3057,'Or register with'),(3056,'Or sign in the classic way'),(3060,'Or use your social account'),(955,'Order'),(956,'Order #'),(274,'Order #X, Y'),(1940,'Order #{{id}}'),(1950,'Order #{{id}} details'),(957,'Order ID'),(2626,'Order QTY'),(958,'Order Total'),(308,'Order Total X'),(275,'Order X'),(1506,'Order by'),(1806,'Order can not be placed because not all required fields are completed. Please check the form and try again.'),(3425,'Order cannot be placed because some steps are not completed'),(2771,'Order cannot be placed because there is no shipping methods available.'),(2188,'Order changes cannot be saved due to negative total value'),(2663,'Order customer notes changed by {{user}}'),(2623,'Order date'),(959,'Order date from'),(960,'Order date through'),(961,'Order details'),(2408,'Order failed'),(1905,'Order history'),(962,'Order id'),(3017,'Order id prefix'),(327,'Order is placed'),(2182,'Order item attributes are out-of-date and cannot be edited'),(2888,'Order item modifier not found'),(963,'Order items'),(2879,'Order modifier not found'),(1829,'Order not found'),(964,'Order note'),(3421,'Order note. Any special needs?'),(1771,'Order number'),(2772,'Order number or email'),(965,'Order page'),(1757,'Order payment'),(2103,'Order payment status changed from {{oldStatus}} to {{newStatus}}'),(3599,'Order prefix'),(966,'Order review'),(2104,'Order shipping status changed from {{oldStatus}} to {{newStatus}}'),(2662,'Order staff notes changed by {{user}}'),(967,'Order statistics'),(968,'Order status'),(2088,'Order status changed from {{oldStatus}} to {{newStatus}}'),(3702,'Order status mapping rules'),(1165,'Order tracking information'),(2892,'Order transaction status not found'),(2894,'Order transaction type not found'),(2183,'Order will be delivered to the billing address.'),(2723,'OrderBy position number must be specified as a non-negative integer.'),(3799,'Ordered qty'),(969,'Orders'),(2866,'Orders awaiting processing'),(970,'Orders count'),(2629,'Orders has been deleted successfully'),(3465,'Orders last month'),(2359,'Orders list'),(2609,'Origin address'),(236,'Other'),(173,'Other items'),(121,'Our Blog'),(3527,'Our special offers'),(1796,'Out of Stock'),(971,'Out of stock'),(3768,'Oversized'),(1677,'PHP \'gd\' extension is not installed.'),(3756,'PO Number'),(1063,'PO number'),(2118,'POS orders'),(3072,'PRIMARYRECEIVER'),(972,'Pack it'),(1650,'Package'),(2054,'Package dimensions (inches)'),(2049,'Package properties'),(2026,'Package subtotal'),(2027,'Package subtotal (X)'),(2024,'Package weight'),(2025,'Package weight (X)'),(2053,'Packaging'),(2622,'Packing date'),(2620,'Packing slip'),(973,'Page'),(974,'Page URL'),(975,'Page name'),(976,'Page not found'),(2747,'Page title format'),(977,'Pages'),(978,'Paid'),(3750,'Parcel'),(3759,'Parcel characteristics'),(3791,'Parcel is cannot be transmitted - wrong quote type'),(3790,'Parcel is cannot be voided or transmitted - wrong quote type'),(3748,'Parcel options'),(3764,'Parcel type'),(3808,'Parcels have been successfully updated'),(979,'Parent category'),(2919,'Parent category name'),(2740,'Parent category path'),(363,'Partially refunded'),(3003,'Partner name'),(227,'Password'),(387,'Past'),(3842,'Past Webhook URL to the field and press Create Webhook URL button'),(3271,'Path for using in custom CSS'),(980,'Pattern search'),(3874,'Pay with Amazon'),(3633,'Pay with previously used credit card'),(3062,'PayPal'),(3047,'PayPal API (Merchant API) will work for most merchants; however, some merchants may have access only to Payflow API.'),(3036,'PayPal Credit is'),(2998,'PayPal ID / Email'),(3038,'PayPal account email'),(506,'PayPal all-in-one solutions'),(3007,'PayPal recommends entering a User Login here instead of your Merchant Login'),(3875,'PayWithAmazon available actions'),(3066,'PayerID value was not returned by PayPal. Please try again. If the problem persists, contact the administrator.'),(3025,'Payflow API'),(2846,'Payment'),(987,'Payment data ({{method}})'),(981,'Payment gateways'),(3050,'Payment has been captured successfully'),(3048,'Payment has been refunded successfully'),(3049,'Payment has been voided successfully'),(982,'Payment info'),(3699,'Payment information'),(983,'Payment instructions'),(2362,'Payment is not required'),(984,'Payment method'),(986,'Payment method data'),(3691,'Payment method for card setup'),(2507,'Payment method has been added'),(1853,'Payment method has been added successfully'),(321,'Payment method has been disabled successfully'),(320,'Payment method has been enabled successfully'),(322,'Payment method has been removed successfully'),(323,'Payment method has not been configured properly'),(2322,'Payment method is disabled'),(2321,'Payment method is enabled'),(2398,'Payment method settings'),(2508,'Payment method was not added'),(985,'Payment methods'),(317,'Payment methods appearance description'),(3689,'Payment methods have been imported successfully'),(3832,'Payment processed with errors. Please, try again or ask administrator'),(3729,'Payment return page requested without expected parameters'),(988,'Payment settings'),(2099,'Payment status'),(2878,'Payment status not found, \"Awaiting payment\" will be used for order'),(989,'Payment transaction ID'),(310,'Payment transaction X issued'),(990,'Payment transactions'),(309,'Payment was not finished'),(991,'Payments'),(3024,'Paypal API'),(3023,'Paypal API solution'),(3073,'Paypal Credit'),(3064,'Paypal capture warning message'),(992,'Pending'),(243,'Pending membership'),(993,'Pending memberships'),(2653,'Pending[S]'),(994,'Per item markup'),(995,'Per weight unit markup'),(996,'Percent'),(3523,'Percent discount (%)'),(3136,'Percent discount value cannot exceed 100%'),(997,'Percent markup'),(998,'Percent off'),(999,'Perform order search'),(1000,'Performance'),(2859,'Performing task...'),(2944,'Period end date must be later than period start date'),(2943,'Period start date must be sooner than period end date'),(1001,'Permissions'),(1002,'Permissions checking failed'),(1003,'Personal info'),(1310,'Personal info: The new password must not coincide with the current password for your account.'),(1004,'Phone'),(1005,'Pick address from address book'),(3259,'Pick template from page element'),(2997,'Pin It'),(1006,'Place order'),(190,'Place order X'),(2166,'Placed by NAME'),(2165,'Placed by _NAME_'),(1654,'Placed on'),(2164,'Placed on DATE'),(306,'Placed on X by Y'),(307,'Placed on X by Y link'),(1903,'Plain field'),(1633,'Please'),(1007,'Please accept the Terms and Conditions to continue'),(3397,'Please add another product to comparison'),(1008,'Please choose the appropriate action'),(1571,'Please confirm if you want proceed with the import otherwise cancel the operation.'),(1275,'Please contact the module developers to make sure that these modules are compatible with the upcoming upgrade'),(2107,'Please create a new password'),(1009,'Please enable JavaScript in your web browser.'),(2924,'Please enter the correct captcha'),(1698,'Please enter the correct file location or set correct file permissions.'),(3830,'Please enter your encryption password (This is different from your merchant password). More info on encryption passwords is available <here>'),(1010,'Please identify yourself'),(1516,'Please make sure that \"min weight\", \"min total\", \"min items\", \"shipping zone\", \"shipping method\" fields do not overlap with other shipping rates.'),(1577,'Please make sure your file format is as described.'),(3773,'Please note that rates are calculated for shipping from Canadian locations only.'),(1011,'Please note that some of these modules are definitely incompatible with the upcoming upgrade and will be disabled in order to prevent the system crash'),(2355,'Please note that the following modules will also be enabled'),(1012,'Please run the benchmark test in order to estimate your server performance'),(1013,'Please save the soft reset and hard reset links so that you can use them later in case the website crash happens'),(401,'Please select a date range'),(400,'Please select a date range between %d and %d days'),(399,'Please select a date range less than %d days'),(398,'Please select a date range longer than %d days'),(1014,'Please select one'),(406,'Please select one ...'),(407,'Please select option'),(1823,'Please select other attribute'),(2287,'Please select the countries first'),(2628,'Please select the orders first'),(1809,'Please select the products first'),(3240,'Please select the reviews first'),(2153,'Please select the states first'),(3200,'Please sign in to add review'),(162,'Please specify a pattern to find the required labels'),(1462,'Please specify non-empty key'),(141,'Please specify text labels for each language'),(2261,'Please take your attention that it is not guaranteed the correct site operation after upgrade if you select to not upgrade all.'),(2773,'Please wait'),(234,'Please, clarify your search request or search in Marketplace'),(233,'Please, clarify your search request. Suggest your idea or contact us to get free quote for custom service'),(1397,'Please, contact administrator'),(1705,'Please, enter a valid IP address'),(1704,'Please, enter a valid e-mail address'),(1688,'Please, enter unique membership name'),(1615,'Please, make sure that the following modules are installed and enabled:'),(1643,'Popularity'),(1015,'Pos'),(1016,'Pos.'),(1017,'Pos.:'),(1018,'Position'),(2142,'Possible import file names are:'),(2144,'Possible reasons of data not found in import file'),(2029,'Postal Code'),(2035,'Postal/ZIP Code'),(1021,'Pre upgrade disabled modules hooks message body'),(1024,'Pre upgrade disabled modules hooks message footer'),(1020,'Pre upgrade disabled modules hooks message head'),(2573,'Pre-upgrade hooks cannot be run'),(1023,'Pre-upgrade off'),(1022,'Pre-upgrade on'),(1019,'Prefix'),(2145,'Premium license modules warning'),(1025,'Prev'),(1545,'Preview product page'),(3315,'Preview template'),(391,'Previous'),(3355,'Previous news'),(1026,'Previous page'),(44,'Previous product'),(231,'Price'),(3436,'Price and membership'),(1897,'Price asc'),(1898,'Price desc'),(1027,'Price modifier'),(3158,'Price range'),(1029,'Price-sort-option'),(1028,'Price: Not a numeric'),(2774,'Prices & Inventory'),(3600,'Pricing currency'),(1031,'Primary menu'),(1975,'Print'),(2595,'Print Shipping labels'),(1032,'Print invoice'),(2621,'Print packing slip'),(1976,'Print selected'),(2092,'Priority'),(2044,'Private'),(1500,'Proceed import'),(2841,'Proceed to payment'),(191,'Proceed to payment X'),(1033,'Processed'),(1034,'Processed/Completed'),(2341,'Processing products...'),(3180,'Product'),(1751,'Product ID'),(1035,'Product Name'),(1036,'Product SKU'),(1037,'Product Title'),(1038,'Product added to bag'),(2137,'Product attributes values'),(2139,'Product attributes values (Plain text) has been imported'),(2140,'Product attributes values (Textarea) has been imported'),(2138,'Product attributes values (Yes/No) has been imported'),(2380,'Product attributes values has been imported'),(1039,'Product class'),(1873,'Product class have been updated successfully'),(1874,'Product class name is empty'),(2246,'Product class {{value}} does not exists and will be created'),(1040,'Product classes'),(1041,'Product has been added to cart'),(1826,'Product has not been added to cart'),(1042,'Product images'),(1043,'Product info'),(1044,'Product info has been updated successfully'),(1045,'Product is out of stock'),(3444,'Product list'),(232,'Product name'),(1046,'Product on sale'),(1047,'Product options'),(3393,'Product or product variant with SKU \"{{value}}\" not found'),(1048,'Product page title'),(1049,'Product prices are defined including this tax calculated for'),(3181,'Product reviews'),(3151,'Product tabs'),(2240,'Product with SKU \"{{value}}\" does not exists'),(3390,'Product with SKU \"{{value}}\" not found'),(2169,'Product with selected properties cannot be purchased'),(3193,'Product, SKU or customer info'),(1875,'Product-Specific'),(1876,'Product-Specific attributes'),(2239,'ProductSKU is empty'),(1050,'Products'),(3392,'Products and product variants updated'),(1509,'Products found'),(1886,'Products imported'),(1051,'Products in bag'),(2404,'Products information has been successfully deleted'),(1052,'Products information has been successfully updated'),(2340,'Products processed'),(2126,'Products processed: X out of Y'),(2130,'Products processed: X out of Y with errors'),(2357,'Products processed: {{count}}'),(3736,'Products return X'),(3182,'Products reviews'),(2672,'Products search'),(3388,'Products updated'),(1053,'Products with low inventory'),(1054,'Profile'),(3128,'Profile does not have any email address. Please sign in the classic way.'),(1055,'Profile has been created successfully'),(1056,'Profile has been deleted successfully'),(1937,'Profile has been modified successfully'),(1057,'Profile has been updated successfully'),(3126,'Profile is disabled'),(2110,'Profile is not defined'),(2383,'Profile is not selected'),(1058,'Profile settings'),(2419,'Prolongate keys'),(1059,'Promotions'),(1060,'Properties'),(2388,'Public ID'),(2389,'Public id'),(3854,'Publishable key'),(3855,'Publishable key (test mode)'),(3199,'Published'),(1061,'Purchase'),(1062,'Purchase SSL certificate'),(2062,'Purchase description'),(2630,'Purchase license'),(27,'Purchase premium license'),(1641,'Purchased'),(3101,'Put up for sale'),(1064,'Put up selected for sale'),(1065,'Qty'),(1066,'Qty.'),(218,'Quantity'),(1067,'Quantity: high to low'),(1068,'Quantity: low to high'),(394,'Quarter'),(1507,'Query'),(1069,'Queued'),(1070,'Quick and easy setup'),(2838,'Quick view'),(2517,'Quit'),(2372,'RSS feed'),(1071,'Rate'),(3225,'Rate asc'),(3226,'Rate desc'),(3224,'Rate sort'),(1072,'Rates'),(1073,'Rates / Conditions'),(3191,'Rating'),(3207,'Rating of votes'),(3244,'Ratings and Reviews of X'),(3236,'Ratings only'),(1074,'Raw online rate (on-line rate)'),(1075,'Re-build cache'),(2646,'Re-check'),(2450,'Re-deploy the store'),(2451,'Re-deploy the store help text'),(1076,'Re-generate access key'),(1559,'Re-generate links'),(3614,'Re-import payment methods'),(1077,'Re-order'),(2420,'Re-validate license keys'),(3223,'Read all reviews about the product'),(2861,'Recalculate ViewLists'),(2862,'Recalculate ViewLists text'),(2185,'Recalculate this value automatically'),(2775,'Recalculate totals'),(2776,'Recent orders only'),(2399,'Recently installed modules'),(3091,'Recently viewed'),(1896,'Recommended'),(228,'Recover password'),(2965,'Redeem'),(1078,'Redirect customers to HTTPS'),(3703,'Refer to on-line manual'),(1080,'Referer'),(2909,'Refresh integrity status'),(3608,'Refresh list of available methods'),(3876,'Refresh status'),(3847,'Refresh token'),(2085,'Refund'),(2697,'Refund multiple[TT]'),(2696,'Refund partially[TT]'),(361,'Refund requested'),(3877,'Refund status'),(2695,'Refund[TT]'),(362,'Refunded'),(1813,'Refunded amount'),(2597,'Refunds'),(1081,'Register'),(1737,'Register user'),(3058,'Register with'),(3055,'Register with PayPal or go to checkout as a New customer'),(1082,'Registered'),(2114,'Registered (access level)'),(212,'Registered Customer'),(213,'Registered Customer, _Anonymous Customer with the same email_'),(2002,'Registered Customers'),(3234,'Registered users only'),(3228,'Registered users who purchased product'),(3074,'Registering your application with PayPal'),(3249,'Reject'),(3335,'Related products'),(3337,'Related products page'),(3567,'Relay Response URL note'),(34,'Removal of this message is allowed only through activation of a free or premium license.'),(1083,'Remove'),(3161,'Remove cache when attribute, tag or product data is changed'),(2189,'Remove data'),(3304,'Remove flexy-templates'),(3163,'Remove product filter cache'),(3162,'Remove product filter cache tooltip'),(2643,'Remove unlicensed modules'),(2967,'Removed coupons'),(2912,'Removed files'),(2181,'Removed items'),(1592,'Removing this attribute will affect all the products. Leave this blank to hide this option for the product.'),(1670,'Removing this message without buying a Full license is prohibited and will result in legal proceedings.'),(1183,'Rename label'),(1718,'Replace all modified files with the unmodified newer versions'),(3621,'Replace payment methods'),(3441,'Replace with'),(118,'Report a bug'),(2330,'Request for upgrade'),(3618,'Request payment methods'),(2059,'Request type must be POST'),(3837,'Requested amount: X; real amount: Y'),(3838,'Requested currency: X; real currency: Y'),(3836,'Requested transaction type: X; real transaction type: Y'),(1946,'Requested zone does not exists'),(1406,'Require to change password on next log in'),(1084,'Required'),(1689,'Required field'),(270,'Required field X is not defined or empty'),(1085,'Required php extensions is not loaded: X'),(1086,'Requires registered merchant account'),(2673,'Requires shipping'),(2634,'Requires {{list}} edition'),(1087,'Rerun benchmark'),(1088,'Resend secret link to renew the access'),(3518,'Reset all filters'),(3155,'Reset filter'),(1978,'Residential'),(2343,'Resizing images...'),(2428,'Resolve the conflict'),(3716,'Response from ePDQ is not trusted (SHA checking is failed)'),(1089,'Response from marketplace is not received'),(1090,'Response from marketplace: '),(1461,'Response from marketplace: X'),(1091,'Restore'),(1092,'Restore database'),(1093,'Restore from server'),(1094,'Restore last backup'),(1095,'Restore links'),(3256,'Restore this version'),(770,'Restores to current state of active addons (use in case of emergency)'),(1862,'Restoring database from the backup .'),(2425,'Result'),(1706,'Result pages'),(3657,'Result payment status'),(3819,'Return'),(3804,'Return #'),(3793,'Return products'),(3800,'Return qty'),(3738,'Return quantity'),(1096,'Return to Drupal'),(1863,'Return to admin interface'),(3417,'Return to cart'),(3755,'Return tracking pin'),(1501,'Reupload files'),(1097,'Revenue'),(3238,'Review'),(2671,'Review & Submit order'),(3186,'Review has been created'),(3187,'Review has been deleted'),(3188,'Review has not been created since product is not found'),(3189,'Review has not been updated since product is not found'),(3255,'Review it.'),(1098,'Review statistics on various aspects of your store\'s operation'),(3190,'Reviewer'),(3214,'Reviews'),(3242,'Reviews about product'),(3235,'Reviews and ratings'),(3179,'Reviews for product'),(3192,'Reviews imported'),(3237,'Reviews only'),(3215,'Reviews: X'),(1099,'Role'),(1100,'Roles'),(2718,'Roles cannot be changed for your profile via import'),(1101,'Root Level'),(1102,'Root access'),(1656,'Root categories'),(1103,'Root category'),(2122,'Root category listings format'),(240,'Root level'),(1956,'Row {{number}}'),(1957,'Row(s) {{numbers}}'),(3662,'Rules triggered'),(1104,'Run Benchmark again'),(1105,'Run benchmark'),(372,'SA'),(3075,'SECONDARYONLY'),(3076,'SENDER'),(3246,'SEO'),(1139,'SEO settings'),(382,'SEPTEMBER'),(3858,'SHA-IN passphrase'),(3859,'SHA-OUT passphrase'),(2563,'SHIPPING = flat + ITEMS*per_item + SUBTOTAL*(% of subtotal)/100 + WEIGHT*per_weight;'),(43,'SKU'),(2384,'SKU is not selected'),(2777,'SKU length must be less then {{length}}'),(2778,'SKU or SKU1, SKU2'),(1106,'SKU: a-z'),(1107,'SKU: z-a'),(1108,'SMTP server'),(1847,'SQL file was deleted successfully'),(1402,'SSL Error'),(1109,'STORE SETUP'),(373,'SU'),(1110,'SYSTEM SETTINGS'),(1111,'Safe mode'),(1112,'Safe mode access key'),(1841,'Safe mode access key has been re-generated'),(2006,'Safe mode links were emailed'),(3824,'Sage Pay password'),(3826,'Sage Pay pricing currency'),(3823,'Sage Pay processing mode'),(3822,'Sage Pay vendor name'),(3825,'Sage pay invoice number prefix'),(3829,'SagePay Form admin description'),(1113,'Sale'),(1114,'Sale price'),(2434,'Sale statistics'),(1115,'Sale statistics from the opening of the store'),(2688,'Sale[TT]'),(1116,'Sales'),(2930,'Sales asc'),(2660,'Sales calculation'),(2931,'Sales desc'),(2929,'Sales sort'),(1117,'Sales tax'),(1499,'Samples of the file structures'),(140,'Save'),(3117,'Save & Close'),(1118,'Save as new'),(3643,'Save cards'),(1119,'Save changes'),(3650,'Save credit card'),(3704,'Save credit card setup'),(2612,'Save filter'),(2186,'Save the existing value without re-calculating'),(1120,'Save zone details'),(3647,'Saved credit cards'),(1121,'Savings'),(2831,'Scheme'),(3661,'Score'),(3229,'Score: X. Votes: Y'),(88,'Search'),(3302,'Search flexy-templates'),(1122,'Search for modules'),(1123,'Search for orders'),(3807,'Search for returns'),(2460,'Search for transactions by date'),(1124,'Search for users'),(1125,'Search for users that are'),(412,'Search in'),(1126,'Search in subcategories'),(2121,'Search items...(customer header search form)'),(408,'Search keywords'),(409,'Search payment method'),(1127,'Search product'),(1128,'Search profiles'),(1129,'Search result'),(1130,'Search results'),(2115,'Search total'),(2811,'Searching...'),(2855,'Second, try to disable all non-X-Cart modules by using the links below:'),(3575,'Secret Word'),(2087,'Secret key'),(3856,'Secret key (test mode)'),(2072,'Secret word'),(1131,'Secure connection cannot be established.'),(2274,'Secure credit card payment'),(1132,'Security'),(2282,'Security code'),(2439,'Security issue'),(1133,'Security settings'),(1801,'See comparison chart'),(3674,'See how'),(2147,'See log file for details'),(3470,'Segment condition'),(300,'Select a country or a state from a list, specify the zone'),(1722,'Select all'),(3463,'Select box'),(1134,'Select country'),(105,'Select file'),(3732,'Select issuer'),(112,'Select language'),(2779,'Select language to edit'),(235,'Select one'),(1135,'Select options'),(1838,'Select products from the list'),(1136,'Select status'),(3247,'Select the review that should be included into the rich snippet shown for the page of this product when the page appears in search results by Google and other major search engines'),(3482,'Selected by default'),(750,'Selected countries:'),(3239,'Selected reviews have been deleted'),(3241,'Selected reviews have been updated'),(364,'Selected:'),(1685,'Semicolon'),(1137,'Send'),(1138,'Send test email'),(1167,'Send tracking info'),(2780,'Separate box'),(1140,'Service name'),(1141,'Service name of address field'),(1142,'Set'),(2479,'Set a single discount or add multiple volume discounts.'),(2477,'Set absolute or %-based discount rates;'),(3868,'Set the Response Method setting to Sent to your server as a POST.'),(1143,'Set the sale price'),(157,'Set this language as default for customer zone'),(1144,'Settings'),(1145,'Setup _address zones_ and _taxes_'),(2167,'Setup store price: X'),(2627,'Ship QTY'),(1541,'Ship in a separate box'),(2625,'Ship to'),(3752,'Shipment ID'),(3811,'Shipment cannot be created'),(3817,'Shipment cannot be transmitted'),(3814,'Shipment cannot be voided'),(3810,'Shipment has been created successfully'),(3809,'Shipment has been created with errors'),(3815,'Shipment has been tranmitted with errors'),(3816,'Shipment has been transmitted successfully'),(3813,'Shipment has been voided successfully'),(3812,'Shipment has been voided with errors'),(3751,'Shipment info'),(2050,'Shipment options'),(3753,'Shipment status'),(3818,'Shipments'),(358,'Shipped'),(3107,'Shipping'),(1146,'Shipping & Taxes'),(1296,'Shipping / Payment info'),(1147,'Shipping address'),(1816,'Shipping address is invalid'),(1148,'Shipping address is not completly defined yet'),(1149,'Shipping address is not defined'),(1150,'Shipping address is not defined yet'),(2561,'Shipping charge based on a percentage of the order subtotal.'),(1523,'Shipping charges'),(54,'Shipping cost'),(3369,'Shipping freight'),(3372,'Shipping freight + regular shipping rate'),(3371,'Shipping freight only'),(3373,'Shipping freight tooltip text'),(1649,'Shipping has been calculated based on the following split of the products into packages:'),(1151,'Shipping info'),(1152,'Shipping markup has been created successfully'),(1153,'Shipping markups have been updated'),(1154,'Shipping method'),(2781,'Shipping method / cost'),(1155,'Shipping method has been added'),(2525,'Shipping method is not configured.'),(2536,'Shipping method name'),(1156,'Shipping methods'),(1157,'Shipping methods are not available'),(175,'Shipping methods have been updated'),(1515,'Shipping rate cannot be added'),(1514,'Shipping rate has been added successfully'),(1158,'Shipping rates'),(2557,'Shipping rates are calculated by the following formula:'),(1159,'Shipping settings'),(2100,'Shipping status'),(2877,'Shipping status not found, \"New\" will be used for order'),(2842,'Shipping to'),(1160,'Shipping zones'),(3382,'ShippingCalc'),(3383,'ShippingCalc Package Data'),(3381,'ShippingCalc settings'),(1175,'Shopping bag'),(3153,'Shopping options'),(3551,'Short promo text'),(386,'Shortcuts'),(2004,'Show'),(3851,'Show \"How to use\" instruction'),(91,'Show Category title'),(3043,'Show above products'),(3297,'Show all'),(107,'Show all labels'),(3157,'Show all products in this category'),(3634,'Show all saved credit cards'),(2681,'Show all warnings/errors'),(3044,'Show below products'),(207,'Show filter options'),(2782,'Show in all the sections'),(2678,'Show low stock warning on product page'),(2748,'Show object name in page title'),(2783,'Show only in categories and search listings'),(3154,'Show products'),(1176,'Show social buttons'),(2784,'Show:'),(2293,'Sign Up'),(3054,'Sign Up Now'),(1177,'Sign in'),(2837,'Sign in / sign up'),(1178,'Sign out'),(3504,'Sign up for <Company name> news, sales and deals'),(3503,'Sign up for news and updates from your favorite store. Be the first to know about exclusive sales, offers and deals.'),(3405,'Sign up for {{companyName}} news'),(2828,'Signature'),(26,'Simplify tax compilance process and reduce the sales tax audit risk with AvaTax Sales Tax Automation'),(1694,'Single quote'),(3138,'Site map has not been registred in X'),(3139,'Site map successfully registred on X'),(3376,'Sitemap'),(3144,'Sitemap generation has been completed successfully.'),(3145,'Sitemap generation has been stopped.'),(3143,'Sitemap generation...'),(1179,'Size'),(3574,'Skrill Customer ID'),(3569,'Skrill Quick Checkout enables you to take direct payment from credit cards, debit cards and over 80 other local payment options in over 200 countries as well as the Skrill eWallet.'),(3579,'Skrill settings'),(2785,'Soft and Hard reset links for your store'),(1746,'Soft reset (disables all modules except ones that were downloaded from marketplace)'),(2856,'Soft reset. Turn off all addons except those provided by X-Cart Team & Qualiteam'),(3285,'Some'),(1716,'Some files are modified'),(3307,'Some flexy-templates cannot be removed. Please correct file permissions or remove them manually'),(273,'Some products could have been imported incorrectly'),(3727,'Something wrong in the iDEAL payment module settings. Please try later or use other payment option.'),(2975,'Sorry, the coupon has expired'),(2976,'Sorry, the coupon use limit has been reached'),(2977,'Sorry, the coupon you entered cannot be applied to the items in your cart'),(2974,'Sorry, the coupon you entered is invalid. Make sure the coupon code is spelled correctly'),(2978,'Sorry, the coupon you entered is not valid for your membership level. Contact the administrator'),(2971,'Sorry, this coupon cannot be combined with the coupon already applied. Revome the previously applied coupon and try again.'),(2619,'Sorry, your order cannot be placed as there are no shipping methods available.'),(1779,'Sorry, your order payment is canceled.'),(1780,'Sorry, your order payment is failed.'),(242,'Sort by'),(2786,'Sort by:'),(2787,'Sort settings'),(2320,'Sorting & Descriptions'),(2028,'Source address'),(1981,'Space'),(3522,'Special Offer discount'),(3529,'Special offer'),(3538,'Special offer conditions'),(3533,'Special offer dates'),(3544,'Special offer discount amount'),(3545,'Special offer discount type'),(3546,'Special offer exclusions'),(3542,'Special offer reward'),(3550,'Special offer title'),(3531,'Special offer type'),(3526,'Special offers'),(438,'Specification'),(3629,'Specify the URL of your X-Payments installation. Copy and paste Store ID, Public key, Private key and Private key password from X-Payments Online Store Details page.'),(1185,'Specify your _store information_'),(2788,'Specify your _store information_\', {\'URL\': url(\'settings\', \''),(1186,'Speed up your store'),(2184,'Staff note'),(2605,'Stamps.com'),(2484,'Standard'),(2865,'Start'),(1600,'Start Export'),(3673,'Start FREE Trial'),(1490,'Start Import'),(3019,'Start accepting Express Checkout payments immediately by simply plugging in the email address where you would like to receive payments.'),(1784,'Start date'),(1187,'Start selling!'),(3197,'Start typing customer email or name'),(3195,'Start typing product name or SKU'),(1188,'State'),(1478,'State cannot be created with unknown country code X'),(1189,'States'),(1190,'States have been deleted successfully'),(1191,'States have been updated successfully'),(2152,'States information has been successfully deleted'),(3474,'Static'),(3377,'Static pages'),(1192,'Statistics'),(1193,'Status'),(2385,'Status is not defined'),(3844,'Status: Connected'),(343,'Steps to complete your store for real sales'),(1910,'Stock'),(3862,'Store ID'),(1194,'Store Maintenance'),(1195,'Store currency'),(1196,'Store info'),(1197,'Store is closed'),(1198,'Store is open'),(1729,'Store lifetime'),(1199,'Store setup'),(1200,'Storefront'),(1917,'Storefront is closed'),(1920,'Storefront is open'),(3422,'Street address'),(133,'Subcat'),(1201,'Subcategories'),(353,'Subcategories for'),(1202,'Subject'),(3122,'Submenu'),(48,'Submit'),(2836,'Subscribe'),(3500,'Subscribe by default'),(3379,'Subscribe to AuctionIncs ShippingCalc Module'),(3461,'Subscribe to our news list and be in touch with our latest offers.'),(3411,'Subscriber with email {{email}} already subscribed'),(3407,'Subscribers'),(3410,'Subscribers imported'),(3460,'Subscription'),(1203,'Substring'),(56,'Subtotal'),(3588,'Subtotal + Shipping cost'),(2543,'Subtotal range'),(1204,'Subtotal range (begin)'),(1205,'Subtotal range (end)'),(1647,'Success'),(2652,'Success[S]'),(1206,'Successfully imported X new products'),(1207,'Successfully imported X new products and upgraded Y old products'),(1208,'Successfully upgraded Y old products'),(1209,'Suffix'),(117,'Suggest an idea'),(3334,'Suggested retail rates'),(1488,'Support'),(2918,'Switch to Category search'),(2917,'Switch to Category tree'),(2850,'Switcher NO'),(2849,'Switcher YES'),(1210,'Synchronous'),(1211,'System settings'),(1833,'System will download and install this module from marketplace. Continue?'),(370,'TH'),(368,'TU'),(1686,'Tab'),(1212,'Table'),(2537,'Table based on'),(3147,'Tabs'),(3152,'Tabs imported'),(5,'Tags'),(2209,'Tags are not allowed in the column \"{{column}}\" and will be stripped'),(57,'Tax'),(1546,'Tax class'),(1870,'Tax classes'),(1213,'Tax disabled'),(1214,'Tax enabled'),(1215,'Tax has been disabled successfully'),(1216,'Tax has been enabled successfully'),(1218,'Tax rate has been deleted successfully'),(1219,'Tax rate has not been deleted successfully'),(3590,'Tax rates for shipping charges have not yet been created.'),(1217,'Tax rates have been updated successfully'),(3591,'Tax rates have not yet been created.'),(3592,'Tax rates on shipping cost'),(1220,'Tax title'),(3589,'Taxable base'),(1221,'Taxes'),(1222,'Teaser'),(3262,'Template'),(3301,'Template is converted'),(1161,'Terminate profile sessions'),(3119,'Terms and conditions'),(1476,'Terms and conditions text'),(1977,'Test'),(3772,'Test Canada Post rates calculation'),(3378,'Test ShippingCalc rates calculation'),(1223,'Test email configuration'),(1738,'Test email notification'),(1739,'Test email notification:'),(2052,'Test mode'),(2162,'Test mode: Live'),(2161,'Test mode: Test'),(2567,'Test rates'),(1224,'Test shipping rates'),(3638,'Test transaction completed successfully'),(3648,'Test transaction completed successfully for API version X'),(3639,'Test transaction failed. Please check the X-Payment Connector settings and try again. If all options is ok review your X-Payments settings and make sure you have properly defined shopping cart properties.'),(2061,'Test/Live mode'),(2701,'Test[TT]'),(1225,'Tester'),(1226,'Text'),(77,'Text labels have been deleted'),(73,'Text labels have been updated successfully'),(78,'Text labels have not been deleted: no text labels have been found or specified'),(75,'Text labels have not been updated successfully: the default application language has been set as the translation language'),(76,'Text labels have not been updated successfully: the translation language has not been found'),(74,'Text labels have not been updated successfully: the translation language has not been specified'),(3100,'Text links'),(3198,'Text of review'),(1904,'Textarea'),(252,'Thank you for registering a customer account, your profile has been created successfully'),(3406,'Thank you for subscribing to the newsletter! We hope you enjoy shopping at {{companyName}}'),(204,'Thank you for using company services'),(1227,'Thank you for your order'),(304,'Thank you for your order FOOTER'),(3204,'Thank your for sharing your opinion with us!'),(3605,'The \"Approved URL\" value must be exact as this'),(3881,'The \"Pay With Amazon\" feature is not configured and cannot be used.'),(3882,'The \"Pay with Amazon\" feature requires https to be properly set up for your store.'),(3604,'The \"Pricing currency\" value must be exactly the same as on it.'),(2808,'The \"{{file}}\" file is not allowed and was not uploaded. Allowed extensions are: {{extensions}}'),(3121,'The \"{{file}}\" file is not allowed image and was not uploaded. Allowed images are: {{extensions}}'),(1807,'The \"{{file}}\" file was not uploaded'),(1845,'The \"{{file}}\" is not CSV or archive'),(2206,'The \"{{value}}\" category does not exist'),(2237,'The \"{{value}}\" group is not created'),(2204,'The \"{{value}}\" image does not exist'),(2201,'The \"{{value}}\" membership does not exist'),(2202,'The \"{{value}}\" product class does not exist'),(2203,'The \"{{value}}\" tax class does not exist'),(3125,'The AppleIcon image could not be uploaded (Unallowed image type. Must be a .png image with the resolution of 192x192 px)'),(3866,'The Approved URL value must be exact as this:'),(2423,'The Clean URL entered is a redirect to object.'),(2732,'The Clean URL entered is already in use by target alias.'),(2422,'The Clean URL entered is already in use.'),(3867,'The Declined URL value must be exact as this:'),(2091,'The English language cannot be removed as it is primary language for all texts.'),(1242,'The HTTPS protocol is enabled for your website'),(1228,'The SSL certificate installed for your custom website domain is not valid.'),(1229,'The SSL certificate installed on your server is not valid. Although you can switch the store to use the secure protocol for the website pages, most Internet browsers will likely display a warning message scaring your website visitors away.'),(3865,'The Store ID and HPP Key value must be exactly the same as on it.'),(276,'The X field is empty'),(1230,'The X language has been added and enabled successfully'),(66,'The X language has been added successfully'),(68,'The X language has been deleted successfully'),(71,'The X language has been disabled successfully'),(72,'The X language has been enabled successfully'),(167,'The X module has been installed incorrectly. Please see the logs for more information'),(165,'The X module has been installed successfully'),(166,'The X module has been installed with errors: the DB has not been modified correctly'),(168,'The X module has been installed, but the module has a wrong module control class'),(1929,'The address field has been added'),(1928,'The address field has been updated'),(1231,'The attachment has been added successfully'),(1923,'The attribute group has been added'),(1922,'The attribute group has been updated'),(1931,'The attribute has been added'),(1930,'The attribute has been updated'),(1925,'The attribute option has been added'),(1924,'The attribute option has been updated'),(203,'The benchmark evaluates server environment'),(2300,'The body template may include other templates to generate the email notification. To customize it, please, copy appropriate templates to \"skins/theme_tweaker/mail/\"'),(2168,'The button is inactive either because no changes have been detected on the current page or because the order totals need to be recalculated before the order can be updated.'),(2658,'The calculation completed'),(2657,'The calculation failed'),(2457,'The calculation of quick data has been completed successfully.'),(2458,'The calculation of quick data has been stopped.'),(1927,'The category has been added'),(1926,'The category has been updated'),(1232,'The changes will be applied to all selected products'),(2424,'The clean URL will be generated automatically.'),(2392,'The common notification fields has been updated'),(205,'The confirmation URL link was mailed to email'),(2108,'The confirmation URL link will be emailed to you shortly'),(2906,'The core may be checked only if a valid license key is present.'),(2722,'The count of categories specified for a product and the count of orderBy position numbers describing the position of the product within these categories must be the same.'),(1851,'The countries list for zone is empty. Please specify it.'),(2852,'The countries to which the selected states belong will be added to the zone automatically.'),(2948,'The coupon has been added'),(2941,'The coupon has been applied to your order'),(2949,'The coupon has been updated'),(1861,'The database has not been restored because of the errors'),(3254,'The database stores different version of the custom changes.'),(70,'The default interface language cannot be disabled'),(1233,'The detailed image has been added successfully'),(1234,'The detailed image has been deleted'),(1871,'The detailed image has not been deleted'),(1235,'The detailed images have been updated successfully'),(1540,'The directory \'var/backup/\' does not exist or is not writable.'),(3274,'The directory {{dir}} does not exist or is not writable.'),(2947,'The discount should be less than 100%'),(2618,'The download should start automatically. Click the link if does not start.'),(85,'The edited language has not been found'),(206,'The email with your account information was mailed to email'),(1236,'The exceptions have been updated successfully'),(1747,'The export is complete.'),(2585,'The file extension is forbidden'),(2711,'The file extension is forbidden ({{file}}'),(293,'The file was not loaded because of a failure on the server'),(1869,'The file was not loaded because of a failure on the server.'),(3273,'The file {{file}} does not exist or is not writable.'),(1238,'The following add-on(s) must be disabled'),(1237,'The following add-on(s) must be enabled'),(1239,'The following categories were selected to be removed'),(1240,'The following dependent add-ons will be disabled  automatically'),(1482,'The following expected input data have wrong format or empty: X'),(1599,'The following files are too large to be included in the archive'),(2325,'The following modules currently do not have a version compatible with the X-Cart version to which you are upgrading'),(144,'The following modules will be disabled'),(2354,'The following selected modules cannot be disabled due to architecture limitations'),(2351,'The following selected modules cannot be disabled or uninstalled as they have dependent modules'),(2352,'The following selected modules cannot be enabled as they depend on disabled modules which cannot be enabled'),(1837,'The form could not be identified as a form generated by X-Cart'),(1936,'The front page has been updated'),(2346,'The generation of resized images has been completed successfully.'),(2347,'The generation of resized images has been stopped.'),(1241,'The image has been updated'),(2348,'The image resizing process may take a while to complete. Please do not close this page until the process is fully completed.'),(1243,'The import is in progress'),(1244,'The importing starts immediately upon selecting the data file. No additional confirmation prompts will appear.'),(1573,'The language CSV file should be a text file which contains 3 columns per row (columns are separated by comma:'),(86,'The language data has been saved'),(69,'The language has not been found'),(1567,'The language labels have been successfully imported:'),(65,'The language you want to add has already been added'),(64,'The language you want to add has not been found'),(67,'The language you want to delete has not been found'),(1245,'The language you want to delete is the default application language and cannot be deleted'),(1246,'The language you want to delete is the default interface language and cannot be deleted'),(2932,'The length of X field must be greater than Y'),(2933,'The length of X field must be less than Y'),(2211,'The length of value for the column \"{{column}}\" exceeds length of field and will be cut'),(61,'The link was copied to your clipboard'),(87,'The maximum file size that can be uploaded: X'),(1247,'The maximum number of uses'),(2979,'The maximum number of uses per user'),(1687,'The membership name cannot contain such symbols as \\, \' and \". Also, it cannot exceed 32 characters.'),(3112,'The menu has been added'),(3111,'The menu has been updated'),(1814,'The method is not configured and cannot be used'),(1464,'The module X has been uninstalled successfully'),(1248,'The module has been partially uninstalled'),(164,'The module has been uninstalled successfully'),(1712,'The module is incompatible with the new core version going to be installed'),(1249,'The module is not released for your X-Cart version'),(2907,'The module may be checked only if a valid license key is present.'),(2353,'The module may not be disabled due to the limitations of the module architecture.'),(163,'The module to uninstall has not been found'),(2097,'The module version is incompatible with your core version and cannot be enabled. Minimum core version required for this module is X.'),(2096,'The module version is incompatible with your core version and cannot be installed. Minimum core version required for this module is X.'),(169,'The modules have been updated'),(2229,'The name is empty'),(3358,'The news message has been added'),(3357,'The news message has been updated'),(2393,'The notification has been updated'),(2208,'The number of values in the row does not match the number of column headers for this CSV file'),(1815,'The only remaining active administrator profile cannot be deleted.'),(1914,'The order subtotal exceeds the maximum allowed value ({{max_order_amount}})'),(1965,'The order subtotal exceeds the maximum allowed value ({{max_order_amount}}), please remove some items from the cart.'),(1915,'The order subtotal less than the minimum allowed value ({{min_order_amount}})'),(1966,'The order subtotal less than the minimum allowed value ({{min_order_amount}}), please add some items to the cart.'),(1250,'The page has been added'),(3113,'The page has been updated'),(1735,'The password is the one you specified during checkout.'),(1736,'The password is the one you specified.'),(348,'The process of export is complete. You can follow this_link to check the results and download the files containing data.'),(1610,'The process of export may take much time. Please do not close this page until the export is complete'),(1609,'The process of export may take much time. You may close the page, the operation will be in progress as background. If the operation takes long enough, we will send you a notification when it is complete.'),(1503,'The process of import may take much time. Please do not close this page until the import is complete'),(1502,'The process of import may take much time. You may close the page, the operation will be in progress as background. If the operation takes long enough, we will send you a notification when it is complete.'),(2456,'The process of quick data calculation may take a while to complete. Please do not close this page until the process is fully completed.'),(2659,'The process of sales calculation may take a while to complete. Please do not close this page until the process is fully completed.'),(3146,'The process of sitemap generation may take a while to complete. Please do not close this page until the process is fully completed.'),(3342,'The product SKU#\"X\" is already set as Related for the product'),(2047,'The product SKU#\"X\" is already set as featured for the category'),(3339,'The product SKU#\"X\" is already set as related for the product'),(1933,'The product class has been added'),(1932,'The product class has been updated'),(2584,'The product for which you attempted to upload an attachment has not been found'),(2394,'The product has been added'),(2148,'The product has been updated'),(1251,'The product option group has been added successfully'),(1252,'The product option group has been updated successfully'),(1253,'The product option groups have been updated successfully'),(1254,'The product option groups have not been successfully updated'),(1935,'The product selection has been added'),(1934,'The product selection has been updated'),(3150,'The product tab has been added'),(3149,'The product tab has been updated'),(2200,'The product with \"{{value}}\" SKU does not exist'),(3820,'The products return has been registered.'),(1475,'The profile has been registered. The password has been sent to the user\'s email address'),(1474,'The profiles have been merged'),(1566,'The provided file contains the following language labels:'),(3659,'The related payment not found. Apparently it was deleted.'),(1255,'The requested page could not be found.'),(1256,'The restoration procedure is irreversible and erases all data tables from your store database. It is highly recommended that you back your present database data up before restoring one of the previous states from a back-up.'),(3131,'The role has been added'),(3130,'The role has been updated'),(1257,'The same as shipping'),(1955,'The script found {{number}} errors during import'),(3389,'The script found {{number}} errors during update inventory'),(1954,'The script found {{number}} errors during verification'),(2789,'The secure protocol for your website is disabled.'),(2790,'The secure protocol for your website is enabled.'),(2501,'The secure protocol is enabled for your website. But X-Cart hasn\'t found the valid SSL certificate on your server.'),(1836,'The selected payment method is obsolete or invalid. Select another payment method'),(1258,'The selected shipping markups have been deleted successfully'),(174,'The selected shipping method has been deleted successfully'),(176,'The selected zones have been deleted successfully'),(2163,'The service name X is reserved and cannot be used for an address field.'),(2829,'The settings in this section determine the content of email notifications sent to admin.'),(2826,'The settings in this section determine the content of email notifications sent to customer.'),(1844,'The settings of payment method successfully updated'),(2170,'The specified amount of product exceeds maximum amount of product in stock'),(1259,'The state has been added successfully'),(269,'The string is different from that of the title number of columns - X instead of Y'),(2368,'The system detects that some updates are available for enabled modules. It is strongly recommended to have all enabled modules updated to latest version for better compatibility before the install new ones from Marketplace.'),(2480,'The system has been restored to the selected snapshot of X'),(2636,'The system has detected one or more problems with some of the modules at your store:'),(1717,'The system has detected that some custom modifications were made by editing core and module files, not by writing new modules. In order to proceed with the upgrade you should decide what to do with the modifications'),(2644,'The system has detected that the license key that was activated for your store is invalid.'),(2481,'The system has failed to restore because there was no snapshot of X'),(1939,'The tax class has been added'),(1938,'The tax class has been updated'),(3268,'The template has been added'),(3267,'The template has been updated'),(3319,'The test email notification has been sent to X'),(83,'The text label has been added successfully'),(79,'The text label has been deleted'),(84,'The text label has been modified successfully'),(81,'The text label has not been added, because its name has not been specified'),(1260,'The text label has not been added, because its translation to the default application language has not been specified'),(1261,'The text label has not been added, because its translation to the default interface language has not been specified'),(82,'The text label has not been added, because such a text label already exists'),(80,'The text label has not been deleted: it has been either not found or not specified'),(1262,'The text label has not been modified, because its translation to the default application language has not been specified'),(1263,'The text label has not been modified, because its translation to the default interface language has not been specified'),(3655,'The transaction will be marked as'),(1264,'The upgrade is completed. Please, do not close this page until you check your web site and check that everything works properly'),(214,'The user will be registered; a password will be sent to the user via email'),(2210,'The value in the column \"{{column}}\" will be adjusted according to HTML specification to prevent potential XSS attack'),(2686,'The value must be greater than the current maximum order number in the order list'),(1690,'The value must be in range'),(279,'The value of the X field has an incorrect format'),(277,'The value of the X field must be greater than Y'),(278,'The value of the X field must be less than Y'),(280,'The value of the X field should not be longer than Y'),(1520,'The values are average'),(3258,'Theme tweaker'),(2980,'There are currently no coupons.'),(2414,'There are expired license keys'),(2415,'There are expired license keys activated in store'),(2445,'There are no activated license keys'),(1265,'There are no categories'),(3250,'There are no comments yet. Be the first to leave a comment'),(1547,'There are no images loaded for this product'),(1479,'There are no labels translated to X'),(1266,'There are no markups selected'),(3640,'There are no payment configurations for this store.'),(2714,'There are no permissions to import user access level'),(2716,'There are no permissions to import user roles'),(1267,'There are no rates available for specified source/destination and/or package measurements/weight.'),(1774,'There are no shipping methods available'),(1622,'There are no shipping methods defined for this carrier'),(3292,'There are some custom CSS styles in your store. These styles may affect the look of the installed template. Review the custom styles and disable them if necessary.'),(2499,'There are unsaved changes on the page. If you choose to continue, these changes will be lost. Do you want to proceed?'),(1163,'There is a maximum purchase limit of MaxQuantity'),(1162,'There is a minimum purchase limit of MinQuantity'),(186,'There is already an account with your email address. You can sign in or continue as guest'),(2847,'There is already state with code {{code}} in {{country}}'),(2939,'There is no such a coupon, please check the spelling: X'),(1269,'There is no user with specified email address'),(1270,'There were no orders placed'),(417,'There\'s no payment method available'),(3741,'There\'s no post offices available'),(2996,'These Open Graph meta tags were generated automatically based on general product information.'),(1971,'These attributes can be applied to all the products in the store.'),(1969,'These attributes can be applied to the \"{{name}}\" product class.'),(1970,'These attributes can only be applied to this particular product.'),(1271,'These components require your attention'),(1272,'These components will be updated'),(1273,'These instructions will appear below the order invoice on the page which customers see after they confirm their order.'),(1274,'These links were already provided to you after this store was installed and will be emailed to you again after you start the upgrade process'),(2007,'These links were already provided to you after this store was installed and will be emailed to you again after you start the upgrade process.'),(2750,'These options separated by X, you can change it by modify X label'),(3612,'These payment methods were imported from your X-Payments. You can add them to your store at the '),(3309,'This action will remove all flexy-templates. Are you sure to proceed?'),(1792,'This address was used as a'),(1276,'This address was used as a billing address during the recent purchase'),(1277,'This address was used as a shipping address during the recent purchase'),(2961,'This comment will be visible to shop administrators only'),(1278,'This component is automatically calculated by shipping add-on module and cannot be edited'),(2970,'This coupon cannot be combined with other coupons'),(1279,'This e-mail address is already in use by another user.'),(1280,'This email address is used for an existing account. Enter another email address or sign in'),(2431,'This feature is available only for paid (non-free) X-Cart license plans'),(3450,'This feature is not yet available. You will be redirected to the feature request page where you can vote to have this feature implemented in one of the upcoming versions.'),(3370,'This field can be used to set a fixed shipping fee for the product. Make sure the field value is a positive number (greater than zero).'),(198,'This field is required'),(2923,'This field is required.'),(1281,'This is a default zone which covers all addresses. It\'s impossible to edit this zone\'s countries, states etc'),(230,'This is a demo store with powerful X-Cart engine inside'),(3006,'This is the login name you created when signing up for PayPal Payments Advanced.'),(3013,'This is the login name you created when signing up for Payflow.'),(3014,'This is the password you created when signing up for PayPal Payflow or the password you created for API calls.'),(3008,'This is the password you created when signing up for PayPal Payments Advanced or the password you created for API calls.'),(414,'This language is added by module and cannot be removed.'),(1617,'This method does not support the current store currency and is not available for customers'),(2661,'This method is displayed because you are logged in as admin and operating as another user'),(1618,'This method is in test mode'),(328,'This module is available for X-Cart hosted stores only.'),(2023,'This module uses PHP\'s cURL functions which are disabled on your web server'),(1282,'This month'),(1770,'This operation is irreversible. Are you sure you want to proceed?'),(3878,'This operation will cancel order. Payment authorization will be voided. Please confirm to proceed.'),(3879,'This operation will capture funds from customer. Please confirm to proceed.'),(3880,'This operation will refund funds to customer. Please confirm to proceed.'),(3577,'This options is relevant only if you share your Skrill account with other online shops.'),(2791,'This order was not checked by the AntiFraud service!'),(2311,'This page allows you to adjust the types of email notifications your store sends to users'),(1522,'This page allows you to configure Shipping methods, zones and charges.'),(1529,'This page allows you to edit global attributes, which are available for all products in your store, and attributes specific for classes of your products.'),(2471,'This page is intended for the creation and management of discount coupons.'),(2476,'This page is intended for the management of volume discounts based on the order subtotal.'),(1620,'This payment method cannot be enabled until you configure it'),(2288,'This payment method is Active.'),(2289,'This payment method is Inactive.'),(2792,'This payment method is not configured.'),(2860,'This process may take much time. Please do not close this page until the task is complete'),(179,'This product has been added to your bag'),(51,'This product is out of stock or it has been disabled for sale'),(3093,'This product will be shown in coming soon section'),(3092,'This product will be shown in new arrivals'),(1289,'This quarter'),(1285,'This section displays 10 top-selling products for today, this week and this month'),(1286,'This section displays order placement statistics'),(1518,'This section displays order processing statistics'),(3033,'This setting determines whether or not the \"Buy Now with PayPal\" button should be displayed on product list pages (in list view) and product details pages.'),(2569,'This shipping method is'),(2570,'This shipping method is not configured.'),(3012,'This should be the same partner name that is used when logging into your PayPal Payflow account.'),(1287,'This site requires JavaScript to function properly.'),(2466,'This tool allows you to get rid of any content that might have been created in your store for testing purposes and which you no longer need.'),(187,'This user name is used for an existing account. Enter another user name or sign in'),(3597,'This value must be set in exactly the same way as it is set on the payment gateway end.'),(1288,'This week'),(349,'This will increase the shipping cost by XX'),(1290,'This year'),(2198,'Three columns'),(1291,'Through'),(1292,'Thumbnail'),(2793,'Time left'),(1403,'Timeout error'),(1293,'Title'),(23,'To activate your X-Cart license, enter your secret key into the field below and click Activate.'),(24,'To activate your X-Cart or commercial module license, enter your license key into the field below and click Activate.'),(3617,'To be able to use the payment methods defined in X-Payments you should import information about them from X-Payments. Click the button below and X-Payments will return a list of payment methods available for this shopping cart.'),(281,'To boost your sales try to use Discounts coupons, Sale, Product Advisor, Volume discounts addons. Also you may be interested in all Marketing extensions from our Marketplace'),(1742,'To change the password, log into your company account and use the \'Modify profile\' link'),(1581,'To change the roles of your profile, contact the store administrator'),(1297,'To contact us please fill the form below'),(1395,'To continue, please, sign in'),(1298,'To email'),(342,'To enable secure protocol for your website pages you need a valid SSL certificate purchased for the website domain and installed on your server.'),(3069,'To enable this payment method, you need <Multi-vendor> module installed.'),(3068,'To enable this payment method, you need Multi-vendor module installed.'),(283,'To fix this problem, do the following: 3 points'),(266,'To get the format of the import data you can export your products to a file'),(1528,'To have attributes specific for product classes, define product classes first.'),(341,'To make the online store use the secure protocol you need an SSL certificate purchased for the website domain and installed on your server.'),(2494,'To make your changes visible in the customer area, cache rebuild is required. It will take several seconds. You don’t need to close the storefront, the operation is executed in the background.'),(3403,'To move your existing subscribers to MailChimp lists, <export your subscribers data> from X-Cart and use the import feature under your MailChimp account.'),(1299,'To place the order please accept Terms and Conditions'),(1300,'To place the order please complete the previous steps first'),(3580,'To process your customers\' payments with Skrill, you need a Skrill account. If you do not have one yet, you can sign up for free at http://www.skrill.com'),(1301,'To recover your password, please type in the valid e-mail address you use as a login'),(3737,'To request a return please fill the form below'),(3601,'To set up the integration you should follow '),(3864,'To set up the integration, go to the _Site management_'),(25,'To setup Tax Rates, find and install the appropriate addons from Marketplace'),(2794,'To setup Tax Rates, find and install the appropriate addons from Marketplace\', {\'url\': url(\'addons_list_marketplace\', \'\', {\'tag\': \'Taxes'),(3776,'To start registration process for Canada Post merchant account click on the \"Register\" button.'),(2953,'To use the coupon, your order subtotal must be at least X'),(2952,'To use the coupon, your order subtotal must be between X and Y'),(2954,'To use the coupon, your order subtotal must not exceed Y'),(1302,'Today'),(3137,'Too large value for absolute discount'),(2647,'Tools'),(3353,'Top News'),(201,'Top X products'),(93,'Top banner'),(1303,'Top sellers'),(1304,'Top selling products'),(219,'Total'),(3467,'Total amount of orders'),(3760,'Total items weight'),(3801,'Total weight'),(1748,'Totals'),(1166,'Track package'),(3806,'Tracking details'),(1174,'Tracking information has been sent'),(2391,'Tracking number'),(1172,'Tracking number is changed from \"{{old_number}}\" to \"{{new_number}}\"'),(1169,'Tracking numbers'),(3754,'Tracking pin'),(3742,'Tracking pins'),(2991,'Traditional'),(2396,'Transaction'),(2795,'Transaction ID'),(2066,'Transaction amount mismatch'),(3562,'Transaction key'),(3658,'Transaction result'),(2036,'Transaction type'),(2610,'Transactions details'),(1305,'Translation driver'),(119,'Translations'),(3797,'Transmit shipment'),(312,'Trial period X days'),(1973,'Trial period expires today'),(1972,'Trial period is expired'),(3519,'Try clearing filters or different search terms.'),(1768,'Try search-as-you-type feature...'),(1834,'Try to change the search criteria or find the needed solution in marketplace'),(2796,'Try to change the search criteria or find the needed solution in marketplace\', {\'URL\': url(\'addons_list_marketplace\', \'\', {\'tag\': \'Payment processing'),(1835,'Try to search worldwide or find the needed solution in marketplace'),(2797,'Try to search worldwide or find the needed solution in marketplace\', {\'URL\': url(\'addons_list_marketplace\', \'\', {\'tag\': \'Payment processing'),(1442,'Try to unpack them manually'),(282,'Trying to access the shop at X'),(2575,'Trying to run pre-upgrade hooks while not all archives were unpacked'),(3705,'Trying to use unaccepted template change.'),(2994,'Tweet'),(3300,'Twig-template path'),(1306,'Twitter'),(2197,'Two columns with left sidebar'),(2196,'Two columns with right sidebar'),(1307,'Type'),(1308,'Type of Account'),(3454,'Type: checkbox'),(3453,'Type: select box'),(3606,'U.S.P.S. module allows to use online shipping rates calculation via USPS Web Tools Ecommerce API.'),(2606,'UPS'),(3322,'UPS module allows to use online shipping rates calculation via UPS service.'),(3272,'URL'),(3850,'URL is copied'),(1603,'URLs'),(2607,'USPS'),(1846,'Unable to delete file'),(1465,'Unable to delete module X files: some dirs have no writable permissions: Y'),(2709,'Unable to download the contents of {{url}}'),(2710,'Unable to get at the contents of {{url}}'),(287,'Unable to install module X because some modules, which it depends on, have not been installed or activated yet'),(3295,'Unable to save edited content. Errors: '),(2708,'Unable to write data to file {{file}}'),(2642,'Unallowed modules will be disabled automatically on the next visit any page in the administrator interface.'),(2045,'Unavailable'),(1311,'Uncheck all'),(106,'Undelete'),(1312,'Understanding Online Payments'),(1313,'Unexpected error: version value is not passed'),(3717,'Unexpected result was received from ePDQ (transaction status is not set)'),(3728,'Unexpected result was received from iDEAL (transaction status is not set)'),(1394,'Unfortunately, you don\'t have permissions to access this page.'),(3052,'Unfortunately, your API credentials could not be obtained from your PayPal account automatically.'),(1314,'Uninstall'),(1315,'Units & Formats'),(1316,'Units of measurement'),(2992,'Universal Analytics'),(1317,'Unknown'),(2905,'Unknown core version'),(1483,'Unknown language: X'),(3733,'Unknown payment transaction'),(2150,'Unknown payment. If you see this message after returning from the payment page, please contact the store administrator for information about the status of your payment.'),(3296,'Unknown temporary file'),(2070,'Unlimited'),(3766,'Unpackaged'),(1318,'Unpacking archives, please wait...'),(1723,'Unselect all'),(1319,'Unset'),(52,'Update'),(3456,'Update MailChimp Lists'),(3632,'Update default card'),(1320,'Update exceptions'),(1961,'Update existing items, but skip new items'),(1321,'Update module'),(2807,'Update modules'),(1322,'Update product'),(1323,'Update profile'),(3387,'Update quantity'),(3394,'Update quantity import guide'),(1324,'Updated components'),(1325,'Updates are available'),(1326,'Updates for the X-Cart core and/or installed modules are available'),(1327,'Updates for your version ({{version}})'),(2816,'Updates mode'),(2798,'Updating data from the marketplace...'),(1328,'Upgrade'),(2446,'Upgrade access level cannot be changed for default free license'),(2442,'Upgrade access level has been successfully assigned to your license keys'),(2443,'Upgrade access level tooltip message'),(1329,'Upgrade available'),(1330,'Upgrade core'),(1709,'Upgrade for X-Cart core is available'),(1331,'Upgrade module'),(2821,'Upgrade not allowed'),(2324,'Upgrade note'),(1332,'Upgrade to version {{version}}'),(1333,'Upload'),(1334,'Upload add-on'),(1335,'Upload and restore'),(1336,'Upload file'),(1498,'Upload files'),(1533,'Upload from server'),(1534,'Upload from your computer'),(3508,'Upload store data to MailChimp'),(100,'Upload via URL'),(3028,'Use PayPal authentication method'),(3626,'Use X-Payments configuration bundle'),(1337,'Use a merchant account from your financial institution or choose a bundled payment solution to accept credit cards and other methods of payment on your website.'),(1338,'Use a merchant account from your financial institution to accept online payments'),(3253,'Use custom css'),(1339,'Use custom js'),(1340,'Use default logo'),(1342,'Use dynamic image help'),(1341,'Use dynamic image resizing'),(3063,'Use existing PayPal account'),(3061,'Use existing account from'),(3595,'Use of Restriction key must be disabled in your Quantum Gateway merchant center account at all times.'),(3666,'Use one of the following cards to'),(2018,'Use our new nifty module to automatically backup your store and be able to restore it if anything crops up.'),(1343,'Use the category name'),(1744,'Use the following key to access safe mode'),(2263,'Use the form below to provide your license information.'),(1344,'Use the navigation bar above this dialog to navigate through the catalog categories'),(3593,'Use the same tax rates for all user membership levels'),(1345,'Use this section to back the database of your online store up. Please note that the database backup procedure can take up to several minutes.'),(1537,'Use this section to back up the database of your online store. Please note that the database backup procedure can take up to several minutes.'),(1346,'Use this section to define shipping zones.'),(1347,'Use this section to define your store\'s shipping methods.'),(1348,'Use this section to manage the list of existing countries. This list is used in the shipping settings and calculations, and in the registration form at the Customer Front-end.'),(1349,'Use this section to manage the lists of counties, provinces, regions and states of different countries. The lists are used in shipping settings and calculations, and in the registration form at the Customer Front-end.'),(1350,'Use this section to restore the database of your online store. Please note that the database restoration procedure can take up to several minutes'),(1351,'Use this section to review the list of existing membership levels and add new ones'),(3630,'Used credit cards'),(2064,'User'),(250,'User X is logged in'),(1707,'User activity'),(1750,'User filled in Contact Us form'),(1352,'User membership'),(1353,'User type'),(1354,'Username or e-mail'),(1355,'Users'),(1356,'Uses count'),(1357,'Uses left'),(2639,'Using the modules with this type of license violation is illegal'),(2280,'VALID THRU'),(1358,'VAT'),(1359,'Validate key'),(1360,'Value'),(2205,'Variant attribute \"{{column}}\" cannot be empty'),(1504,'Verification results'),(2338,'Verified'),(2339,'Verifying data before importing...'),(1361,'Version'),(1362,'Version change'),(99,'Via URL'),(1730,'View all low inventory products'),(1916,'View all modules'),(1363,'View all open orders'),(2123,'View all ordered items'),(225,'View cart'),(97,'View image'),(1642,'View in list'),(1364,'View logs'),(2441,'View more addons in Marketplace'),(2668,'View order history'),(3664,'View payment information'),(1365,'View profile'),(2361,'View storefront'),(1366,'View system logs'),(1367,'View update log'),(3110,'Visible for'),(3165,'Visible in products filter'),(1368,'Visit module details page'),(1369,'Visit storefront'),(2487,'Visit the template store'),(2084,'Void'),(2694,'Void multiple[TT]'),(2693,'Void partially[TT]'),(3794,'Void shipment'),(2656,'Void[S]'),(2692,'Void[TT]'),(1370,'Volume discounts'),(1657,'WARNING! There are no more available administrators\' profiles. You will not be able to manage your store after you delete this profile.'),(369,'WE'),(2993,'Want help with SEO? Ask X-Cart Guru'),(2589,'Want to change or add another accounting system? Choose the accounting system you require below and configure it.'),(1371,'Warning'),(1676,'Warning!'),(1696,'Warning! CSV file was not specified.'),(1674,'Warning! InnoDB engine is not supported. It is required for software operation'),(1632,'Warning! Installing this module will overwrite all language labels translated to the appropriate language.'),(3731,'Warning! Please re-check public and private key values!'),(1699,'Warning! The file you have specified in the \'File (CSV) for upload\' field has not been uploaded to the server.'),(1697,'Warning! The file you have specified in the \'File (CSV) local\' field does not exist or cannot be read.'),(2467,'Warning! The selected types of content data will be deleted permanently.'),(1372,'Warning! There is not enough product items in stock to process the order'),(3730,'Warning! This payment method requires OpenSSL extension. Please install and enable this extension in your PHP configuration.'),(1535,'Warning: The restoration procedure is irreversible and erases all the data tables from the store database. It is highly recommended that you back up your current database before restoring one of the previous states from a back-up.'),(1373,'Warning: this operation can not be reverted!'),(2684,'Warnings'),(318,'Watch this short video and learn the basics of how online payment processing works'),(1374,'Watch video'),(1481,'We are already aware of this problem and working on it. If you would like to get in touch, feel free to contact us via our Help center at _URL_'),(2017,'We are doing our best to make your upgrade process not only easy to do, but safe.'),(1487,'We have found a valid SSL certificate installed on the server. Now you can switch the store to use the secure protocol for the store back-end and checkout, sign-in and profile pages.'),(2995,'We recommend to use share button instead of like'),(3216,'We use this email in case we need additional information on your review. We do not use it for any kind of mailing lists or spam subscriptions'),(3127,'We were unable to process this request'),(3653,'We will authorize'),(2019,'We will email you with emergency links to disable custom modules and stay only with original add-ons.'),(3477,'Web ID'),(1375,'Web server'),(3849,'Webhook URL is your store\'s URL through which Stripe informs your store about any changes in the order'),(3264,'Webmaster Mode allows you to change the storefront design in click-and-edit mode'),(3261,'Webmaster mode'),(3266,'Webmaster mode is disabled'),(3265,'Webmaster mode is enabled'),(1725,'Website'),(392,'Week'),(39,'Weight'),(40,'Weight X'),(1376,'Weight modifier'),(2544,'Weight range'),(1583,'Welcome'),(217,'Welcome to X-Cart'),(1377,'What is benchmark?'),(1589,'What to export'),(2532,'What type of shipping rates would you like to use?'),(314,'What\'s new'),(3558,'When AustraliaPost returns shipping methods which does not exists in the available methods list, these methods will be created in the list automatically'),(1378,'When the export is completed, you will be prompted to download the product data file'),(1866,'Widgets cache has been cleaned'),(1867,'Widgets cache has not been cleaned completely'),(2033,'Width'),(1379,'Width (px)'),(2373,'Will be deleted:'),(1711,'Will be installed'),(2370,'Will be updated if core update is selected'),(2600,'Win app'),(3218,'Write your review'),(2243,'Wrong \"default\" format ({{value}}). Value should be one of \"Yes\" or \"No\"'),(2242,'Wrong \"owner\" format ({{value}}). Value should be one of \"Yes\" or \"No\"'),(2244,'Wrong \"priceModifier\" format ({{value}}). Correct examples: +1, +1%, -1, -1%'),(2241,'Wrong \"type\" value ({{value}}). This should be \"C\", \"S\" or \"T\"'),(2245,'Wrong \"weightModifier\" format ({{value}}). Correct examples: +1, +1%, -1, -1%'),(2715,'Wrong access level format'),(2250,'Wrong added format'),(2873,'Wrong address same format'),(2872,'Wrong anonymous format'),(2222,'Wrong arrival date format'),(2257,'Wrong billing address format'),(2232,'Wrong box height format'),(2231,'Wrong box length format'),(2230,'Wrong box width format'),(3609,'Wrong container type selected: {{value}}. For large package size only the following types are allowed: RECTANGULAR, NONRECTANGULAR, VARIABLE'),(2258,'Wrong country code format'),(2876,'Wrong currency format'),(2223,'Wrong date format'),(2218,'Wrong enabled format'),(2251,'Wrong first login date format'),(2234,'Wrong format of Clean URL value (allowed alpha-numeric, \"_\" and \"-\" chars)'),(2421,'Wrong format: Field contains unallowed characters'),(3366,'Wrong free shipping format'),(3367,'Wrong freight fixed fee format'),(2225,'Wrong inventory tracking format'),(2889,'Wrong item order modifier format'),(2233,'Wrong items per box format'),(2255,'Wrong language format'),(2252,'Wrong last login date format'),(2249,'Wrong login format'),(2228,'Wrong low limit level format'),(2227,'Wrong low stock notification format'),(1380,'Wrong method_id specifed'),(2881,'Wrong order item format'),(2883,'Wrong order item name format'),(2884,'Wrong order item price format'),(2887,'Wrong order item quantity format'),(2882,'Wrong order item sku format'),(2885,'Wrong order item subtotal format'),(2886,'Wrong order item total format'),(2880,'Wrong order modifier format'),(2871,'Wrong order number format'),(2896,'Wrong order transaction currency format'),(2890,'Wrong order transaction format'),(2895,'Wrong order transaction id format'),(2891,'Wrong order transaction method format'),(2893,'Wrong order transaction value format'),(2236,'Wrong position format'),(2217,'Wrong price format'),(3391,'Wrong product quantity value format (\"{{value}}\")'),(2254,'Wrong referer format'),(2717,'Wrong role format'),(2220,'Wrong shippable format'),(2256,'Wrong shipping address format'),(2248,'Wrong show title format'),(2259,'Wrong state id format'),(2253,'Wrong status format'),(2226,'Wrong stock level format'),(2874,'Wrong subtotal format'),(3065,'Wrong token of Express Checkout. Please try again. If the problem persists, contact the administrator.'),(2875,'Wrong total format'),(2238,'Wrong type format'),(2224,'Wrong update date format'),(2221,'Wrong use separate box format'),(3172,'Wrong useClasses format'),(1381,'Wrong value is specified for arrival date field. The field was not updated.'),(2219,'Wrong weight format'),(257,'X GB'),(152,'X Language (Code: Y)'),(256,'X MB'),(326,'X attributes in group'),(254,'X bytes'),(2938,'X code is already used for other coupon, please specify a different code'),(2937,'X coupon(s) has been created'),(2936,'X coupon(s) has been removed'),(261,'X days'),(299,'X entities has been created'),(298,'X entities has been removed'),(2151,'X expired shopping cart(s) have been successfully removed'),(199,'X field is required'),(1472,'X file type'),(262,'X hours'),(271,'X image unable to load'),(221,'X item'),(294,'X item available'),(171,'X item in bag'),(183,'X items'),(3831,'X items ($)'),(295,'X items available'),(172,'X items in bag'),(2819,'X items selected'),(255,'X kB'),(111,'X labels'),(416,'X language labels have been removed'),(415,'X languages have been removed'),(319,'X methods available'),(263,'X minutes'),(202,'X module settings'),(2326,'X module will be disabled'),(2328,'X module will be upgraded'),(1477,'X module(s) selected'),(2465,'X modules selected'),(2327,'X modules will be disabled'),(2329,'X modules will be upgraded'),(260,'X months'),(2966,'X off'),(246,'X orders'),(330,'X orders on last day'),(332,'X orders on last month'),(331,'X orders on last week'),(297,'X product(s) has been created'),(296,'X product(s) has been removed'),(350,'X products'),(251,'X products found'),(244,'X results found'),(333,'X revenue on last day'),(335,'X revenue on last month'),(334,'X revenue on last week'),(264,'X seconds'),(427,'X shipping methods have been created'),(428,'X shipping methods have been removed'),(3177,'X star_1'),(3176,'X stars_2'),(3175,'X stars_3'),(3174,'X stars_4'),(3173,'X stars_5'),(419,'X states have been removed'),(420,'X states have been successfully created'),(259,'X years'),(421,'X zones have been removed'),(422,'X zones have been successfully created'),(344,'X, including images and file attachments'),(1382,'X-Cart'),(120,'X-Cart News'),(2853,'X-Cart Team have done their best to make your upgrade process as enjoyable as possible.'),(3623,'X-Cart automatically checks the connection to X-Payments after the settings are saved.<br/> If the module is configured properly, a \"Test transaction completed successfully\" message is displayed at the top of the page.'),(2513,'X-Cart could not find a valid SSL certificate on your server X.'),(2512,'X-Cart could not find a valid SSL certificate on your server.'),(2511,'X-Cart could not find a valid SSL certificate on your server. Although you can switch the store to use the secure protocol for the website pages, most Internet browsers will likely display a warning message scaring your website visitors away.'),(2143,'X-Cart could not find data in your file.'),(2500,'X-Cart found some issues with installed SSL certificate'),(2411,'X-Cart license key has been successfully verified'),(2412,'X-Cart license key has been successfully verified and activated. But this key has expired and do not allow upgrade store.'),(1383,'X-Cart online store builder'),(1384,'X-Cart shopping cart software'),(2822,'X-Cart v5.3 requires PHP version 5.4 or better. Please update the PHP version installed on your server before you proceed.'),(3677,'X-Payments'),(3706,'X-Payments Dashboard'),(3620,'X-Payments configuration ID'),(3707,'X-Payments considers this transaction as potentially fraudlent.'),(3619,'X-Payments returned the following payment methods for your shopping cart:'),(3642,'X-Payments transaction'),(1385,'XML parser'),(1386,'XML sitemap'),(3140,'XML sitemap URL: X'),(2281,'YEAR'),(1387,'Yahoo!'),(1388,'Yandex'),(395,'Year'),(2089,'Year when store started its operation'),(1389,'Yes'),(1390,'Yes, I agree with License agreement'),(2367,'Yes, I agree with License agreements'),(2016,'Yes, I have made the full backup of my store files and database'),(1909,'Yes/No'),(2435,'Yesterday'),(149,'You are going to delete the X language'),(2519,'You are logged in as: user'),(1391,'You are not allowed to access this resource!'),(3276,'You are now in layout editing mode'),(3277,'You are now in preview mode'),(2515,'You are operating as:'),(2518,'You are operating as: user'),(1753,'You are sure to clear your cart?'),(2641,'You can also contact our CR department for help with this issue'),(1668,'You can build your web-site during FREE evaluation, but you cannot use this installation for real sales without buying a license.'),(2194,'You can change the CSV delimiter for all subsequent imports and exports using this link'),(2193,'You can change the charset for all subsequent imports and exports using this link'),(302,'You can choose if to download your database data'),(2902,'You can continue as guest or create an account'),(3001,'You can define an order id prefix, which would precede each order number in your shop, to make it unique'),(3576,'You can define an order id prefix, which would precede each order number in your shop, to make it unique (each transaction id must be unique for a Skrill account)'),(2558,'You can define the following values:'),(2611,'You can find the failed transaction here'),(2510,'You can get more information using this service: '),(145,'You can install these updates after purchasing and activating your X-Cart license key'),(1741,'You can now use the following credentials to access your account'),(2799,'You can purchase AntiFraud Service subscription'),(3472,'You can register MailChimp account'),(2556,'You can set up different shipping rates depending on the weight, price or quantity of items in the order.'),(284,'You can upload the database data directly from your local computer'),(3338,'You cannot choose this product'),(1539,'You cannot save database data to a file on the web server (\'var/backup/sqldump.sql.php\').'),(2721,'You cannot update administrator profile ({{value}}). Row is skipped'),(2720,'You cannot update administrator profile ({{value}}). Row will be skipped'),(3201,'You have already reviewed this product'),(2940,'You have already used the coupon'),(1828,'You have an unpaid order #{{ORDER}}'),(3402,'You have configured MailChimp as your primary email newsletter tool. New subscribers will be added directly to your MailChimp lists (this X-Cart list will be skipped). You can manage your subscriber lists under your MailChimp account <here>'),(1616,'You have no payment methods enabled in your shop'),(1398,'You have selected to delete your profile. Please, confirm you want to proceed'),(3571,'You have sent a request for activation on the X.'),(1582,'You have the following roles:'),(3279,'You have unsaved changes. Are you really sure to exit the preview?'),(3395,'You just added'),(33,'You must register your installation before you can use it for real sales'),(2012,'You need hard and soft reset links in case some 3rd party module crashes your web-store'),(2800,'You need these links in case you want to recover your store'),(3828,'You need to install the PHP mcrypt extension to use the Sage Pay integration'),(3708,'You should accept the changes at the'),(2506,'You should check available free disk space yourself before continuing installation'),(2505,'You should check available free disk space yourself before continuing upgrade'),(2323,'You should confirm that you have created backup before upgrading the store.'),(1825,'You tried to buy more items of \"{{product}}\" product {{description}} than are in stock. We have {{amount}} item(s) only. Please adjust the product quantity.'),(1542,'You will be able to provide additional product info (images, attributes, etc.) after you submit this form.'),(3471,'You will need a valid and working MailChimp Account in order to be able to use this module.'),(2109,'Your \"Password reset key\" has expired. Please enter the email address associated with your user account to get a new \"Password reset key\".'),(3051,'Your API credentials have been successfully obtained from your PayPal account and saved for use by your X-Cart store.'),(1800,'Your Account'),(2926,'Your Message'),(3022,'Your PayPal Publisher ID is X'),(3848,'Your Stripe account is no longer accessible. Please connect with Stripe once again.'),(1667,'Your X-Cart installation is licensed for evaluation purposes only.'),(1392,'Your access link has been expired'),(315,'Your account email is X.'),(1408,'Your account information will be e-mailed to you shortly'),(1409,'Your account information will be e-mailed to you shortly.'),(316,'Your account password is X.'),(3002,'Your account settings'),(3067,'Your address data was not received from PayPal. Please try again. If the problem persists, contact the administrator.'),(229,'Your cart'),(3637,'Your configuration string is not correct'),(1393,'Your custom addons were prepared for certain core version'),(3257,'Your custom file is successfully saved'),(1410,'Your e-mail'),(3208,'Your email'),(430,'Your first name'),(431,'Your last name'),(1411,'Your name'),(1740,'Your new password'),(1951,'Your order details will be sent to your e-mail address'),(3431,'Your order details will be sent to your email address'),(3004,'Your partner name is PayPal'),(3205,'Your product rating is saved. Thank you!'),(1412,'Your products will be exported as a CSV file.'),(1749,'Your profile modified'),(2331,'Your request has been sent successfully'),(3219,'Your review'),(3206,'Your review has been updated. Thank your for sharing your opinion with us!'),(180,'Your shopping bag - X item'),(181,'Your shopping bag - X items'),(1413,'Your shopping bag is empty'),(1414,'Your state'),(1415,'Your store'),(1486,'Your store is configured to use the secure protocol for the store back-end and checkout, sign-in and profile pages.'),(1416,'Your store is currently unable to calculate taxes'),(2335,'Your version (X) can be upgraded to'),(3401,'Z - A'),(195,'Zero cannot be used'),(1417,'Zip code'),(1418,'Zip/postal code masks'),(3423,'Zipcode'),(1419,'Zone'),(426,'Zone address masks help'),(425,'Zone city masks help'),(177,'Zone details have been updated successfully'),(1420,'Zone name'),(1473,'Zone not found (X)'),(424,'Zone zipcode masks help'),(1421,'Zones'),(2363,'Zoom image'),(2739,'[Edit]'),(2065,'\\\'RESULT\\\' argument not found'),(2060,'\\\'status\\\' request argument can not found'),(3509,'_MailChimp ecommerce info text_'),(184,'_X_ item'),(185,'_X_ items'),(2040,'a side box'),(3096,'a2cp-source-code-PAB'),(3341,'a2cp-source-code-REL'),(1795,'address during the recent purchase'),(2076,'always'),(1422,'and'),(1754,'attributes'),(3565,'authorize_key_help'),(3564,'authorize_md5_key_help'),(1793,'billing'),(1423,'by'),(1404,'cURL error'),(1680,'cannot create directory'),(288,'cannot set X permissions'),(2317,'checkbox.firstlast.off'),(2316,'checkbox.firstlast.on'),(2315,'checkbox.onoff.off'),(2314,'checkbox.onoff.on'),(1987,'cm'),(3515,'cs_categories'),(3517,'cs_did_you_mean'),(3516,'cs_pages'),(3514,'cs_products'),(3511,'cs_see_details'),(3512,'cs_see_more_results_for'),(3510,'cs_showing_results_for'),(3513,'cs_suggestions'),(3209,'customers'),(2078,'daily'),(1578,'default'),(665,'default-meta-description'),(2737,'default-meta-keywords'),(2736,'default-site-title'),(1484,'deleted'),(2527,'deliveryTime.help'),(3784,'deposit your items at a Post Office'),(1424,'details'),(1652,'dimensions'),(1425,'disabled'),(3284,'disabled blocks'),(1988,'dm'),(1858,'done'),(1426,'downloads'),(2608,'eBay'),(3713,'ePDQ Currency'),(3715,'ePDQ Enable logging of ePDQ transactions'),(3714,'ePDQ Invoice number prefix'),(3710,'ePDQ PSPID'),(3711,'ePDQ SHA-IN pass phrase'),(3712,'ePDQ SHA-OUT pass phrase'),(3709,'ePDQ settings note'),(2074,'each'),(1590,'editable'),(437,'email@example.com'),(2297,'emailNotificationAdminHeader'),(2298,'emailNotificationAdminSignature'),(2294,'emailNotificationCustomerHeader'),(2296,'emailNotificationCustomerSignature'),(2295,'emailNotificationGreeting'),(1695,'empty'),(3778,'enable merchant wizard'),(1427,'enabled'),(3094,'expected on'),(2042,'expired'),(2985,'fedex.CODStatusOptionComment'),(1682,'file does not exist'),(2546,'flat rate'),(3667,'for this order'),(749,'from'),(1428,'from URL'),(1429,'from local computer'),(1430,'from local server'),(2001,'g'),(1431,'hard reset'),(3473,'here'),(2334,'hide list'),(2077,'hourly'),(3724,'iDEAL Currency'),(3726,'iDEAL Enable logging of iDEAL transactions'),(3725,'iDEAL Invoice number prefix'),(3718,'iDEAL Merchant ID'),(3722,'iDEAL Private Key'),(3723,'iDEAL Private Key Password'),(3720,'iDEAL Public Certificate File'),(3721,'iDEAL Public Key'),(3719,'iDEAL SubID'),(1646,'if you have any questions'),(2498,'imgsize-category-Default'),(2495,'imgsize-product-Default'),(2496,'imgsize-product-LGThumbnailGrid'),(2497,'imgsize-product-LGThumbnailList'),(3676,'in'),(1432,'in description'),(1433,'in title'),(2637,'inactive license key(s);'),(1989,'inches'),(2638,'installed module(s) not allowed by the type of X-Cart license activated at your store.'),(1467,'invalid module ID passed: X'),(1434,'is available'),(1653,'item(s)'),(1752,'item(s) in stock'),(223,'items'),(1435,'items available'),(2000,'kg'),(1575,'label name,'),(1576,'label translation.'),(3449,'label.coming_soon'),(1569,'labels count:'),(1574,'language code,'),(1998,'lbs'),(1436,'less'),(1604,'local files'),(1986,'mm'),(1469,'module version X is not equal to the core one (Y)'),(4,'module-sort-Alphabetically'),(2,'module-sort-Most popular'),(3,'module-sort-Newest'),(1437,'modules'),(2080,'monthly'),(2667,'more'),(1438,'ms'),(1591,'multi value'),(58,'n/a'),(2703,'na_admin'),(2675,'na_customer'),(1439,'never'),(2176,'no comments'),(1440,'none'),(1441,'not all archives were unpacked'),(439,'not all upgrade packs were downloaded'),(1443,'not available for sale'),(1444,'not installed'),(1445,'not ready to download packs. Please, try again'),(2834,'notification.section.administrator'),(2833,'notification.section.customer'),(1708,'now disabled'),(1446,'of'),(3654,'on your credit card in order to attach this credit card to your account. The amount will be released back to your card after a while.'),(1447,'options'),(1448,'or'),(3059,'or go to checkout as a New customer'),(2901,'or proceed with'),(2801,'or use the form below'),(3211,'out of'),(1640,'outdated'),(1999,'oz'),(3613,'page.'),(2290,'paymentStatus.Active'),(2291,'paymentStatus.Inactive'),(3034,'paypal_welcome_text'),(2547,'per item'),(245,'per page'),(2548,'per weight unit'),(305,'percent X off'),(1396,'please sign in'),(2268,'price-All'),(2270,'price-Free'),(2269,'price-Paid'),(1660,'products'),(1449,'proxy'),(3568,'relay_response_help'),(1913,'requested for'),(1512,'requested once or twice'),(1511,'requested only once'),(147,'required'),(3245,'reviewMetaDescription'),(1450,'sale'),(2844,'same as shipping'),(2075,'save'),(3625,'section.'),(3783,'shipments are picked up by Canada Post'),(1794,'shipping'),(2553,'shippingFormula.Free'),(2550,'shippingFormula.Items'),(2549,'shippingFormula.Shipping'),(2551,'shippingFormula.Subtotal'),(2552,'shippingFormula.Weight'),(2571,'shippingStatus.Active'),(2572,'shippingStatus.Inactive'),(2541,'shippingTableType.All'),(2540,'shippingTableType.Items'),(2538,'shippingTableType.Subtotal'),(2539,'shippingTableType.Weight'),(1451,'should be performed manually'),(2378,'show list'),(1452,'soft reset'),(1681,'subdirectories problems'),(49,'submit_restore_pass'),(3672,'tab and get back here to configure methods.'),(2528,'tableType.help'),(7,'tag-Accounting'),(8,'tag-Administration'),(6,'tag-All'),(2271,'tag-Catalog Management'),(9,'tag-Delivery'),(10,'tag-Development'),(11,'tag-Fulfillment'),(12,'tag-Marketing'),(13,'tag-Payment processing'),(2272,'tag-Search and Navigation'),(14,'tag-Statistics'),(15,'tag-Translation'),(16,'tag-User experience'),(17,'tag-Website design'),(2474,'the categories and product classes to which the coupon may be applied;'),(1719,'the custom modifications will be lost'),(2472,'the dates the coupon should be valid for;'),(2041,'the main column'),(2473,'the order subtotal range for which the coupon can be used;'),(2802,'the same as billing'),(2735,'title-delimiter'),(2900,'to enjoy checkout'),(1453,'trying to install a non-marketplace module: X'),(1454,'trying to unpack non-downloaded archives'),(1468,'unable to add module entry to the installation list: X'),(1455,'unable to install: not all archives were unpacked. Please, try again'),(1456,'unable to test files: not all archives were unpacked'),(1470,'unable to upload module'),(2464,'unavailable'),(2073,'units'),(1457,'unknown'),(1852,'unknown error'),(1634,'upgrade core'),(3323,'ups.CODStatusOptionComment'),(3607,'usps.CODStatusOptionComment'),(1672,'verified version'),(2333,'view list'),(3213,'votes'),(3761,'warning: parcel is overweight'),(3270,'webmasterMode.Disabled'),(3269,'webmasterMode.Enabled'),(2079,'weekly'),(1651,'weight'),(2475,'whether the coupon may be used by everyone or only by users with specific memberships.'),(3680,'with'),(2081,'yearly'),(1458,'you save'),(1721,'your web site may crash'),(1952,'{{count}} created'),(1953,'{{count}} updated'),(2707,'{{file}} file could not be copied to a new location {{newPath}}'),(1883,'{{module}} license agreement'),(1967,'{{name}} attributes'),(1842,'{{paymentMethod}} settings'),(3610,'{{value}} is an invalid container type for a REGULAR package. Valid Container is: VARIABLE');
CREATE TABLE `xlite_language_translations` (
  `label_id` int(11) NOT NULL AUTO_INCREMENT,
  `id` int(11) DEFAULT NULL,
  `name` varchar(64) COLLATE utf8_unicode_ci NOT NULL,
  `code` char(2) COLLATE utf8_unicode_ci NOT NULL,
  PRIMARY KEY (`label_id`),
  KEY `IDX_610C29E2BF396750` (`id`),
  KEY `ci` (`code`,`id`),
  CONSTRAINT `FK_610C29E2BF396750` FOREIGN KEY (`id`) REFERENCES `xlite_languages` (`lng_id`) ON DELETE CASCADE
) ENGINE=InnoDB DEFAULT CHARSET=utf8 COLLATE=utf8_unicode_ci;
INSERT INTO `xlite_language_translations` VALUES (1,1,'Afar','en'),(2,2,'Abkhazian','en'),(3,3,'Afrikaans','en'),(4,4,'Akan','en'),(5,5,'Albanian','en'),(6,6,'Amharic','en'),(7,7,'Arabic','en'),(8,8,'Aragonese','en'),(9,9,'Armenian','en'),(10,10,'Assamese','en'),(11,11,'Avaric','en'),(12,12,'Avestan','en'),(13,13,'Aymara','en'),(14,14,'Azerbaijani','en'),(15,15,'Bashkir','en'),(16,16,'Bambara','en'),(17,17,'Basque','en'),(18,18,'Belarusian','en'),(19,19,'Bengali','en'),(20,20,'Bihari','en'),(21,21,'Bislama','en'),(22,22,'Bosnian','en'),(23,23,'Breton','en'),(24,24,'British','en'),(25,25,'Bulgarian','en'),(26,26,'Burmese','en'),(27,27,'Catalan','en'),(28,28,'Chamorro','en'),(29,29,'Chechen','en'),(30,30,'Chinese','en'),(31,31,'Church Slavic','en'),(32,32,'Chuvash','en'),(33,33,'Cornish','en'),(34,34,'Corsican','en'),(35,35,'Cree','en'),(36,36,'Czech','en'),(37,37,'Danish','en'),(38,38,'Divehi','en'),(39,39,'Dutch','en'),(40,40,'Dzongkha','en'),(41,41,'English','en'),(42,42,'Esperanto','en'),(43,43,'Estonian','en'),(44,44,'Ewe','en'),(45,45,'Faroese','en'),(46,46,'Fijian','en'),(47,47,'Finnish','en'),(48,48,'French','en'),(49,49,'Western Frisian','en'),(50,50,'Fulah','en'),(51,51,'Georgian','en'),(52,52,'German','en'),(53,53,'Gaelic','en'),(54,54,'Irish','en'),(55,55,'Galician','en'),(56,56,'Manx','en'),(57,57,'Greek','en'),(58,58,'Guarani','en'),(59,59,'Gujarati','en'),(60,60,'Haitian','en'),(61,61,'Hausa','en'),(62,62,'Hebrew','en'),(63,63,'Herero','en'),(64,64,'Hindi','en'),(65,65,'Hiri Motu','en'),(66,66,'Croatian','en'),(67,67,'Hungarian','en'),(68,68,'Igbo','en'),(69,69,'Icelandic','en'),(70,70,'Ido','en'),(71,71,'Sichuan Yi','en'),(72,72,'Inuktitut','en'),(73,73,'Interlingue','en'),(74,74,'Interlingua','en'),(75,75,'Indonesian','en'),(76,76,'Inupiaq','en'),(77,77,'Italian','en'),(78,78,'Javanese','en'),(79,79,'Japanese','en'),(80,80,'Kalaallisut','en'),(81,81,'Kannada','en'),(82,82,'Kashmiri','en'),(83,83,'Kanuri','en'),(84,84,'Kazakh','en'),(85,85,'Khmer or Cambodian','en'),(86,86,'Kikuyu','en'),(87,87,'Kinyarwanda','en'),(88,88,'Kirghiz','en'),(89,89,'Komi','en'),(90,90,'Kongo','en'),(91,91,'Korean','en'),(92,92,'Kuanyama','en'),(93,93,'Kurdish','en'),(94,94,'Lao','en'),(95,95,'Latin','en'),(96,96,'Latvian','en'),(97,97,'Limburgan','en'),(98,98,'Lingala','en'),(99,99,'Lithuanian','en'),(100,100,'Luxembourgish','en'),(101,101,'Luba-Katanga','en'),(102,102,'Ganda','en'),(103,103,'Macedonian','en'),(104,104,'Marshallese','en'),(105,105,'Malayalam','en'),(106,106,'Maori','en'),(107,107,'Marathi','en'),(108,108,'Malay','en'),(109,109,'Malagasy','en'),(110,110,'Maltese','en'),(111,111,'Mongolian','en'),(112,112,'Nauru','en'),(113,113,'Navajo','en'),(114,114,'Ndebel','en'),(115,115,'Ndebel','en'),(116,116,'Ndonga','en'),(117,117,'Nepali','en'),(118,118,'Norwegian','en'),(119,119,'Chichewa','en'),(120,120,'Occitan','en'),(121,121,'Ojibwa','en'),(122,122,'Oriya','en'),(123,123,'Oromo','en'),(124,124,'Ossetian','en'),(125,125,'Panjabi','en'),(126,126,'Persian','en'),(127,127,'Pali','en'),(128,128,'Polish','en'),(129,129,'Portuguese','en'),(130,130,'Pushto','en'),(131,131,'Quechua','en'),(132,132,'Romansh','en'),(133,133,'Romanian','en'),(134,134,'Rundi','en'),(135,135,'Russian','en'),(136,136,'Sango','en'),(137,137,'Sanskrit','en'),(138,138,'Sinhala','en'),(139,139,'Slovak','en'),(140,140,'Slovenian','en'),(141,141,'Northern Sami','en'),(142,142,'Samoan','en'),(143,143,'Shona','en'),(144,144,'Sindhi','en'),(145,145,'Somali','en'),(146,146,'Soth','en'),(147,147,'Spanish','en'),(148,148,'Sardinian','en'),(149,149,'Serbian','en'),(150,150,'Swati','en'),(151,151,'Sundanese','en'),(152,152,'Swahili','en'),(153,153,'Swedish','en'),(154,154,'Tahitian','en'),(155,155,'Tamil','en'),(156,156,'Tatar','en'),(157,157,'Telugu','en'),(158,158,'Tajik','en'),(159,159,'Tagalog','en'),(160,160,'Thai','en'),(161,161,'Tibetan','en'),(162,162,'Tigrinya','en'),(163,163,'Tonga','en'),(164,164,'Tswana','en'),(165,165,'Tsonga','en'),(166,166,'Turkmen','en'),(167,167,'Turkish','en'),(168,168,'Twi','en'),(169,169,'Uighur','en'),(170,170,'Ukrainian','en'),(171,171,'Urdu','en'),(172,172,'Uzbek','en'),(173,173,'Venda','en'),(174,174,'Vietnamese','en'),(175,175,'Welsh','en'),(176,176,'Walloon','en'),(177,177,'Wolof','en'),(178,178,'Xhosa','en'),(179,179,'Yiddish','en'),(180,180,'Yoruba','en'),(181,181,'Zhuang','en'),(182,182,'Zulu','en');
CREATE TABLE `xlite_languages` (
  `lng_id` int(11) NOT NULL AUTO_INCREMENT,
  `code` char(2) COLLATE utf8_unicode_ci NOT NULL,
  `code3` char(3) COLLATE utf8_unicode_ci NOT NULL,
  `r2l` tinyint(1) NOT NULL,
  `added` tinyint(1) NOT NULL,
  `enabled` tinyint(1) NOT NULL,
  `module` varchar(255) COLLATE utf8_unicode_ci DEFAULT NULL,
  PRIMARY KEY (`lng_id`),
  UNIQUE KEY `UNIQ_3940C19DD7077436` (`lng_id`),
  UNIQUE KEY `code3` (`code3`),
  UNIQUE KEY `code2` (`code`),
  KEY `added` (`added`),
  KEY `enabled` (`enabled`)
) ENGINE=InnoDB DEFAULT CHARSET=utf8 COLLATE=utf8_unicode_ci;
INSERT INTO `xlite_languages` VALUES (1,'aa','aar',0,0,0,NULL),(2,'ab','abk',0,0,0,NULL),(3,'af','afr',0,0,0,NULL),(4,'ak','aka',0,0,0,NULL),(5,'sq','alb',0,0,0,NULL),(6,'am','amh',0,0,0,NULL),(7,'ar','ara',0,0,0,NULL),(8,'an','arg',0,0,0,NULL),(9,'hy','arm',0,0,0,NULL),(10,'as','asm',0,0,0,NULL),(11,'av','ava',0,0,0,NULL),(12,'ae','ave',0,0,0,NULL),(13,'ay','aym',0,0,0,NULL),(14,'az','aze',0,0,0,NULL),(15,'ba','bak',0,0,0,NULL),(16,'bm','bam',0,0,0,NULL),(17,'eu','baq',0,0,0,NULL),(18,'be','bel',0,0,0,NULL),(19,'bn','ben',0,0,0,NULL),(20,'bh','bih',0,0,0,NULL),(21,'bi','bis',0,0,0,NULL),(22,'bs','bos',0,0,0,NULL),(23,'br','bre',0,0,0,NULL),(24,'gb','gbr',0,0,0,'XC\\GbTranslation'),(25,'bg','bul',0,0,0,NULL),(26,'my','bur',0,0,0,NULL),(27,'ca','cat',0,0,0,NULL),(28,'ch','cha',0,0,0,NULL),(29,'ce','che',0,0,0,NULL),(30,'zh','chi',0,0,0,NULL),(31,'cu','chu',0,0,0,NULL),(32,'cv','chv',0,0,0,NULL),(33,'kw','cor',0,0,0,NULL),(34,'co','cos',0,0,0,NULL),(35,'cr','cre',0,0,0,NULL),(36,'cs','cze',0,0,0,NULL),(37,'da','dan',0,0,0,NULL),(38,'dv','div',0,0,0,NULL),(39,'nl','dut',0,0,0,NULL),(40,'dz','dzo',0,0,0,NULL),(41,'en','eng',0,1,1,NULL),(42,'eo','epo',0,0,0,NULL),(43,'et','est',0,0,0,NULL),(44,'ee','ewe',0,0,0,NULL),(45,'fo','fao',0,0,0,NULL),(46,'fj','fij',0,0,0,NULL),(47,'fi','fin',0,0,0,NULL),(48,'fr','fre',0,0,0,'CDev\\FrTranslation'),(49,'fy','fry',0,0,0,NULL),(50,'ff','ful',0,0,0,NULL),(51,'ka','geo',0,0,0,NULL),(52,'de','ger',0,0,0,'CDev\\DeTranslation'),(53,'gd','gla',0,0,0,NULL),(54,'ga','gle',0,0,0,NULL),(55,'gl','glg',0,0,0,NULL),(56,'gv','glv',0,0,0,NULL),(57,'el','gre',0,0,0,NULL),(58,'gn','grn',0,0,0,NULL),(59,'gu','guj',0,0,0,NULL),(60,'ht','hat',0,0,0,NULL),(61,'ha','hau',0,0,0,NULL),(62,'he','heb',0,0,0,NULL),(63,'hz','her',0,0,0,NULL),(64,'hi','hin',0,0,0,NULL),(65,'ho','hmo',0,0,0,NULL),(66,'hr','hrv',0,0,0,NULL),(67,'hu','hun',0,0,0,NULL),(68,'ig','ibo',0,0,0,NULL),(69,'is','ice',0,0,0,NULL),(70,'io','ido',0,0,0,NULL),(71,'ii','iii',0,0,0,NULL),(72,'iu','iku',0,0,0,NULL),(73,'ie','ile',0,0,0,NULL),(74,'ia','ina',0,0,0,NULL),(75,'id','ind',0,0,0,NULL),(76,'ik','ipk',0,0,0,NULL),(77,'it','ita',0,0,0,NULL),(78,'jv','jav',0,0,0,NULL),(79,'ja','jpn',0,0,0,NULL),(80,'kl','kal',0,0,0,NULL),(81,'kn','kan',0,0,0,NULL),(82,'ks','kas',0,0,0,NULL),(83,'kr','kau',0,0,0,NULL),(84,'kk','kaz',0,0,0,NULL),(85,'km','khm',0,0,0,NULL),(86,'ki','kik',0,0,0,NULL),(87,'rw','kin',0,0,0,NULL),(88,'ky','kir',0,0,0,NULL),(89,'kv','kom',0,0,0,NULL),(90,'kg','kon',0,0,0,NULL),(91,'ko','kor',0,0,0,NULL),(92,'kj','kua',0,0,0,NULL),(93,'ku','kur',0,0,0,NULL),(94,'lo','lao',0,0,0,NULL),(95,'la','lat',0,0,0,NULL),(96,'lv','lav',0,0,0,NULL),(97,'li','lim',0,0,0,NULL),(98,'ln','lin',0,0,0,NULL),(99,'lt','lit',0,0,0,NULL),(100,'lb','ltz',0,0,0,NULL),(101,'lu','lub',0,0,0,NULL),(102,'lg','lug',0,0,0,NULL),(103,'mk','mac',0,0,0,NULL),(104,'mh','mah',0,0,0,NULL),(105,'ml','mal',0,0,0,NULL),(106,'mi','mao',0,0,0,NULL),(107,'mr','mar',0,0,0,NULL),(108,'ms','may',0,0,0,NULL),(109,'mg','mlg',0,0,0,NULL),(110,'mt','mlt',0,0,0,NULL),(111,'mn','mon',0,0,0,NULL),(112,'na','nau',0,0,0,NULL),(113,'nv','nav',0,0,0,NULL),(114,'nr','nbl',0,0,0,NULL),(115,'nd','nde',0,0,0,NULL),(116,'ng','ndo',0,0,0,NULL),(117,'ne','nep',0,0,0,NULL),(118,'no','nor',0,0,0,NULL),(119,'ny','nya',0,0,0,NULL),(120,'oc','oci',0,0,0,NULL),(121,'oj','oji',0,0,0,NULL),(122,'or','ori',0,0,0,NULL),(123,'om','orm',0,0,0,NULL),(124,'os','oss',0,0,0,NULL),(125,'pa','pan',0,0,0,NULL),(126,'fa','per',0,0,0,NULL),(127,'pi','pli',0,0,0,NULL),(128,'pl','pol',0,0,0,NULL),(129,'pt','por',0,0,0,NULL),(130,'ps','pus',0,0,0,NULL),(131,'qu','que',0,0,0,NULL),(132,'rm','roh',0,0,0,NULL),(133,'ro','rum',0,0,0,NULL),(134,'rn','run',0,0,0,NULL),(135,'ru','rus',0,0,0,'CDev\\RuTranslation'),(136,'sg','sag',0,0,0,NULL),(137,'sa','san',0,0,0,NULL),(138,'si','sin',0,0,0,NULL),(139,'sk','slo',0,0,0,NULL),(140,'sl','slv',0,0,0,NULL),(141,'se','sme',0,0,0,NULL),(142,'sm','smo',0,0,0,NULL),(143,'sn','sna',0,0,0,NULL),(144,'sd','snd',0,0,0,NULL),(145,'so','som',0,0,0,NULL),(146,'st','sot',0,0,0,NULL),(147,'es','spa',0,0,0,NULL),(148,'sc','srd',0,0,0,NULL),(149,'sr','srp',0,0,0,NULL),(150,'ss','ssw',0,0,0,NULL),(151,'su','sun',0,0,0,NULL),(152,'sw','swa',0,0,0,NULL),(153,'sv','swe',0,0,0,NULL),(154,'ty','tah',0,0,0,NULL),(155,'ta','tam',0,0,0,NULL),(156,'tt','tat',0,0,0,NULL),(157,'te','tel',0,0,0,NULL),(158,'tg','tgk',0,0,0,NULL),(159,'tl','tgl',0,0,0,NULL),(160,'th','tha',0,0,0,NULL),(161,'bo','tib',0,0,0,NULL),(162,'ti','tir',0,0,0,NULL),(163,'to','ton',0,0,0,NULL),(164,'tn','tsn',0,0,0,NULL),(165,'ts','tso',0,0,0,NULL),(166,'tk','tuk',0,0,0,NULL),(167,'tr','tur',0,0,0,NULL),(168,'tw','twi',0,0,0,NULL),(169,'ug','uig',0,0,0,NULL),(170,'uk','ukr',0,0,0,NULL),(171,'ur','urd',0,0,0,NULL),(172,'uz','uzb',0,0,0,NULL),(173,'ve','ven',0,0,0,NULL),(174,'vi','vie',0,0,0,NULL),(175,'cy','wel',0,0,0,NULL),(176,'wa','wln',0,0,0,NULL),(177,'wo','wol',0,0,0,NULL),(178,'xh','xho',0,0,0,NULL),(179,'yi','yid',0,0,0,NULL),(180,'yo','yor',0,0,0,NULL),(181,'za','zha',0,0,0,NULL),(182,'zu','zul',0,0,0,NULL);
CREATE TABLE `xlite_mailchimp_list_group` (
  `id` varchar(32) COLLATE utf8_unicode_ci NOT NULL,
  `list_id` varchar(32) COLLATE utf8_unicode_ci DEFAULT NULL,
  `title` varchar(128) COLLATE utf8_unicode_ci NOT NULL,
  `type` varchar(128) COLLATE utf8_unicode_ci NOT NULL,
  `enabled` tinyint(1) NOT NULL,
  PRIMARY KEY (`id`),
  KEY `IDX_2F783133DAE168B` (`list_id`),
  CONSTRAINT `FK_2F783133DAE168B` FOREIGN KEY (`list_id`) REFERENCES `xlite_mailchimp_lists` (`id`)
) ENGINE=InnoDB DEFAULT CHARSET=utf8 COLLATE=utf8_unicode_ci;
CREATE TABLE `xlite_mailchimp_list_group_name` (
  `id` varchar(32) COLLATE utf8_unicode_ci NOT NULL,
  `group_id` varchar(32) COLLATE utf8_unicode_ci DEFAULT NULL,
  `name` varchar(128) COLLATE utf8_unicode_ci NOT NULL,
  `subscriberCount` int(10) unsigned NOT NULL,
  `subscribeByDefault` tinyint(1) NOT NULL,
  `enabled` tinyint(1) NOT NULL,
  PRIMARY KEY (`id`),
  KEY `IDX_5917FD4DFE54D947` (`group_id`),
  CONSTRAINT `FK_5917FD4DFE54D947` FOREIGN KEY (`group_id`) REFERENCES `xlite_mailchimp_list_group` (`id`)
) ENGINE=InnoDB DEFAULT CHARSET=utf8 COLLATE=utf8_unicode_ci;
CREATE TABLE `xlite_mailchimp_list_segments` (
  `id` varchar(32) COLLATE utf8_unicode_ci NOT NULL,
  `list_id` varchar(32) COLLATE utf8_unicode_ci DEFAULT NULL,
  `name` varchar(128) COLLATE utf8_unicode_ci NOT NULL,
  `created_date` varchar(128) COLLATE utf8_unicode_ci NOT NULL,
  `static` tinyint(1) NOT NULL,
  `useOrdersLastMonth` tinyint(1) NOT NULL,
  `ordersLastMonth` int(11) NOT NULL,
  `useOrderAmount` tinyint(1) NOT NULL,
  `orderAmount` decimal(14,4) NOT NULL,
  `useMemberships` tinyint(1) NOT NULL,
  `useProducts` tinyint(1) NOT NULL,
  `enabled` tinyint(1) NOT NULL,
  PRIMARY KEY (`id`),
  KEY `IDX_93CC76423DAE168B` (`list_id`),
  CONSTRAINT `FK_93CC76423DAE168B` FOREIGN KEY (`list_id`) REFERENCES `xlite_mailchimp_lists` (`id`)
) ENGINE=InnoDB DEFAULT CHARSET=utf8 COLLATE=utf8_unicode_ci;
CREATE TABLE `xlite_mailchimp_lists` (
  `id` varchar(32) COLLATE utf8_unicode_ci NOT NULL,
  `name` varchar(128) COLLATE utf8_unicode_ci NOT NULL,
  `date_created` varchar(128) COLLATE utf8_unicode_ci NOT NULL,
  `date_updated` int(11) NOT NULL,
  `list_rating` decimal(3,2) NOT NULL,
  `subscribe_url_short` varchar(128) COLLATE utf8_unicode_ci NOT NULL,
  `subscribe_url_long` varchar(128) COLLATE utf8_unicode_ci NOT NULL,
  `member_count` int(11) NOT NULL,
  `open_rate` decimal(5,2) NOT NULL,
  `click_rate` decimal(5,2) NOT NULL,
  `enabled` tinyint(1) NOT NULL,
  `subscribeByDefault` tinyint(1) NOT NULL,
  `isRemoved` tinyint(1) NOT NULL,
  PRIMARY KEY (`id`)
) ENGINE=InnoDB DEFAULT CHARSET=utf8 COLLATE=utf8_unicode_ci;
CREATE TABLE `xlite_mailchimp_profile_interests` (
  `group_name_id` varchar(32) COLLATE utf8_unicode_ci NOT NULL,
  `profile_id` int(11) NOT NULL,
  PRIMARY KEY (`group_name_id`,`profile_id`),
  KEY `IDX_BA74923AF717C8DA` (`group_name_id`),
  KEY `IDX_BA74923ACCFA12B8` (`profile_id`),
  CONSTRAINT `FK_BA74923ACCFA12B8` FOREIGN KEY (`profile_id`) REFERENCES `xlite_profiles` (`profile_id`) ON DELETE CASCADE,
  CONSTRAINT `FK_BA74923AF717C8DA` FOREIGN KEY (`group_name_id`) REFERENCES `xlite_mailchimp_list_group_name` (`id`) ON DELETE CASCADE
) ENGINE=InnoDB DEFAULT CHARSET=utf8 COLLATE=utf8_unicode_ci;
CREATE TABLE `xlite_mailchimp_segment_subscriptions` (
  `segment_id` varchar(32) COLLATE utf8_unicode_ci NOT NULL,
  `profile_id` int(11) NOT NULL,
  PRIMARY KEY (`segment_id`,`profile_id`),
  KEY `IDX_CE45B298DB296AAD` (`segment_id`),
  KEY `IDX_CE45B298CCFA12B8` (`profile_id`),
  CONSTRAINT `FK_CE45B298CCFA12B8` FOREIGN KEY (`profile_id`) REFERENCES `xlite_profiles` (`profile_id`) ON DELETE CASCADE,
  CONSTRAINT `FK_CE45B298DB296AAD` FOREIGN KEY (`segment_id`) REFERENCES `xlite_mailchimp_list_segments` (`id`) ON DELETE CASCADE
) ENGINE=InnoDB DEFAULT CHARSET=utf8 COLLATE=utf8_unicode_ci;
CREATE TABLE `xlite_mailchimp_store` (
  `id` varchar(32) COLLATE utf8_unicode_ci NOT NULL,
  `list_id` varchar(32) COLLATE utf8_unicode_ci DEFAULT NULL,
  `name` varchar(128) COLLATE utf8_unicode_ci NOT NULL,
  `main` tinyint(1) NOT NULL,
  PRIMARY KEY (`id`),
  UNIQUE KEY `UNIQ_95CF70793DAE168B` (`list_id`),
  CONSTRAINT `FK_95CF70793DAE168B` FOREIGN KEY (`list_id`) REFERENCES `xlite_mailchimp_lists` (`id`) ON DELETE CASCADE
) ENGINE=InnoDB DEFAULT CHARSET=utf8 COLLATE=utf8_unicode_ci;
CREATE TABLE `xlite_mailchimp_subscriptions` (
  `list_id` varchar(32) COLLATE utf8_unicode_ci NOT NULL,
  `profile_id` int(11) NOT NULL,
  PRIMARY KEY (`list_id`,`profile_id`),
  KEY `IDX_CF18140A3DAE168B` (`list_id`),
  KEY `IDX_CF18140ACCFA12B8` (`profile_id`),
  CONSTRAINT `FK_CF18140ACCFA12B8` FOREIGN KEY (`profile_id`) REFERENCES `xlite_profiles` (`profile_id`) ON DELETE CASCADE,
  CONSTRAINT `FK_CF18140A3DAE168B` FOREIGN KEY (`list_id`) REFERENCES `xlite_mailchimp_lists` (`id`) ON DELETE CASCADE
) ENGINE=InnoDB DEFAULT CHARSET=utf8 COLLATE=utf8_unicode_ci;
CREATE TABLE `xlite_measure_dumps` (
  `id` int(10) unsigned NOT NULL AUTO_INCREMENT,
  `data` varchar(255) COLLATE utf8_unicode_ci NOT NULL,
  `text` longtext COLLATE utf8_unicode_ci NOT NULL,
  PRIMARY KEY (`id`)
) ENGINE=InnoDB DEFAULT CHARSET=utf8 COLLATE=utf8_unicode_ci;
CREATE TABLE `xlite_measures` (
  `id` int(10) unsigned NOT NULL AUTO_INCREMENT,
  `date` int(10) unsigned NOT NULL,
  `fsTime` int(10) unsigned NOT NULL,
  `dbTime` int(10) unsigned NOT NULL,
  `cpuTime` int(10) unsigned NOT NULL,
  PRIMARY KEY (`id`)
) ENGINE=InnoDB DEFAULT CHARSET=utf8 COLLATE=utf8_unicode_ci;
CREATE TABLE `xlite_membership_coupons` (
  `coupon_id` int(10) unsigned NOT NULL,
  `membership_id` int(10) unsigned NOT NULL,
  PRIMARY KEY (`coupon_id`,`membership_id`),
  KEY `IDX_560DE2166C5951B` (`coupon_id`),
  KEY `IDX_560DE211FB354CD` (`membership_id`),
  CONSTRAINT `FK_560DE211FB354CD` FOREIGN KEY (`membership_id`) REFERENCES `xlite_memberships` (`membership_id`) ON DELETE CASCADE,
  CONSTRAINT `FK_560DE2166C5951B` FOREIGN KEY (`coupon_id`) REFERENCES `xlite_coupons` (`id`) ON DELETE CASCADE
) ENGINE=InnoDB DEFAULT CHARSET=utf8 COLLATE=utf8_unicode_ci;
CREATE TABLE `xlite_membership_translations` (
  `label_id` int(11) NOT NULL AUTO_INCREMENT,
  `id` int(10) unsigned DEFAULT NULL,
  `name` varchar(128) COLLATE utf8_unicode_ci NOT NULL,
  `code` char(2) COLLATE utf8_unicode_ci NOT NULL,
  PRIMARY KEY (`label_id`),
  KEY `ci` (`code`,`id`),
  KEY `id` (`id`),
  CONSTRAINT `FK_571DB741BF396750` FOREIGN KEY (`id`) REFERENCES `xlite_memberships` (`membership_id`) ON DELETE CASCADE
) ENGINE=InnoDB DEFAULT CHARSET=utf8 COLLATE=utf8_unicode_ci;
INSERT INTO `xlite_membership_translations` VALUES (1,1,'Wholesaler','en'),(2,1,'Оптовый покупатель','ru');
CREATE TABLE `xlite_memberships` (
  `membership_id` int(10) unsigned NOT NULL AUTO_INCREMENT,
  `position` int(11) NOT NULL,
  `enabled` tinyint(1) NOT NULL,
  PRIMARY KEY (`membership_id`)
) ENGINE=InnoDB DEFAULT CHARSET=utf8 COLLATE=utf8_unicode_ci;
INSERT INTO `xlite_memberships` VALUES (1,10,1);
CREATE TABLE `xlite_menu_quick_flags` (
  `id` int(11) NOT NULL AUTO_INCREMENT,
  `menu_id` int(10) unsigned DEFAULT NULL,
  `submenus_count_all` int(11) NOT NULL,
  `submenus_count_enabled` int(11) NOT NULL,
  PRIMARY KEY (`id`),
  UNIQUE KEY `UNIQ_B0327DB0CCD7E912` (`menu_id`),
  CONSTRAINT `FK_B0327DB0CCD7E912` FOREIGN KEY (`menu_id`) REFERENCES `xlite_menus` (`id`)
) ENGINE=InnoDB DEFAULT CHARSET=utf8 COLLATE=utf8_unicode_ci;
INSERT INTO `xlite_menu_quick_flags` VALUES (1,3,2,2),(3,1,0,0),(4,2,12,12),(5,4,0,0),(6,5,0,0),(8,6,0,0),(9,7,0,0),(10,8,0,0),(11,9,3,2),(12,10,0,0),(13,11,0,0),(14,12,0,0),(15,14,3,3),(16,13,0,0),(17,15,0,0),(18,16,0,0),(19,17,0,0),(20,18,3,3),(21,19,0,0),(22,20,0,0),(23,21,0,0),(24,22,3,3),(25,23,0,0),(26,24,0,0),(27,25,0,0),(28,26,2,2),(29,27,0,0),(30,28,0,0),(31,29,3,3),(32,30,0,0),(33,31,0,0),(34,32,0,0);
CREATE TABLE `xlite_menu_translations` (
  `label_id` int(11) NOT NULL AUTO_INCREMENT,
  `id` int(10) unsigned DEFAULT NULL,
  `name` varchar(255) COLLATE utf8_unicode_ci NOT NULL,
  `code` char(2) COLLATE utf8_unicode_ci NOT NULL,
  PRIMARY KEY (`label_id`),
  KEY `ci` (`code`,`id`),
  KEY `id` (`id`),
  CONSTRAINT `FK_CC54E72BBF396750` FOREIGN KEY (`id`) REFERENCES `xlite_menus` (`id`) ON DELETE CASCADE
) ENGINE=InnoDB DEFAULT CHARSET=utf8 COLLATE=utf8_unicode_ci;
INSERT INTO `xlite_menu_translations` VALUES (1,1,'Home','en'),(2,1,'Главная','ru'),(3,1,'主页','zh'),(4,3,'My Account','en'),(5,3,'Мой профиль','ru'),(6,3,'我的账户','zh'),(7,4,'My orders','en'),(8,4,'Мои заказы','ru'),(9,4,'订单（复数）','zh'),(10,5,'My address book','en'),(11,5,'Мои адреса','ru'),(12,5,'地址簿','zh'),(13,6,'Shipping','en'),(14,6,'Доставка','ru'),(15,7,'New!','en'),(16,7,'Новинки','ru'),(17,8,'Coming soon','en'),(18,8,'Скоро в продаже','ru'),(19,9,'Hot deals','en'),(20,9,'Акции','ru'),(21,10,'Sale','en'),(22,10,'Распродажа','ru'),(23,11,'Bestsellers','en'),(24,11,'Бестселлеры','ru'),(25,12,'Special offers','en'),(26,12,'Специальные предложения','ru'),(27,13,'Contact us','en'),(28,13,'Напишите нам','ru'),(29,14,'Categories','en'),(30,14,'Товары','ru'),(31,15,'Apparel','en'),(32,15,'Одежда','ru'),(33,16,'iGoods','en'),(34,16,'Электроника','ru'),(35,17,'Toys','en'),(36,17,'Игрушки','ru'),(37,18,'Offers','en'),(38,18,'Акции','ru'),(39,19,'Sale','en'),(40,19,'Распродажа','ru'),(41,20,'Coming soon','en'),(42,20,'Скоро в продаже','ru'),(43,21,'New!','en'),(44,21,'Новинки','ru'),(45,22,'Info links','en'),(46,22,'Информация','ru'),(47,23,'Shipping','en'),(48,23,'Правила доставки','ru'),(49,24,'Sitemap','en'),(50,24,'Карта сайта','ru'),(51,25,'Terms & Conditions','en'),(52,25,'Условия использования','ru'),(53,26,'Services','en'),(54,26,'Сервисы','ru'),(55,27,'Shipping info','en'),(56,27,'Доставка','ru'),(57,28,'Contact us','en'),(58,28,'Напишите нам','ru'),(59,29,'My X-Cart','en'),(60,29,'Мой X-Cart','ru'),(61,30,'Address book','en'),(62,30,'Мои адреса','ru'),(63,31,'Order list','en'),(64,31,'Мои заказы','ru'),(65,32,'Account details','en'),(66,32,'Личный кабинет','ru');
CREATE TABLE `xlite_menus` (
  `id` int(10) unsigned NOT NULL AUTO_INCREMENT,
  `parent_id` int(10) unsigned DEFAULT NULL,
  `link` varchar(255) COLLATE utf8_unicode_ci DEFAULT NULL,
  `lpos` int(11) NOT NULL,
  `rpos` int(11) NOT NULL,
  `depth` int(11) NOT NULL,
  `type` varchar(1) COLLATE utf8_unicode_ci NOT NULL,
  `position` int(11) NOT NULL,
  `enabled` tinyint(1) NOT NULL,
  `visibleFor` varchar(2) COLLATE utf8_unicode_ci NOT NULL,
  PRIMARY KEY (`id`),
  KEY `IDX_AC666883727ACA70` (`parent_id`),
  KEY `enabled` (`enabled`,`type`),
  KEY `position` (`position`),
  CONSTRAINT `FK_AC666883727ACA70` FOREIGN KEY (`parent_id`) REFERENCES `xlite_menus` (`id`) ON DELETE SET NULL
) ENGINE=InnoDB DEFAULT CHARSET=utf8 COLLATE=utf8_unicode_ci;
INSERT INTO `xlite_menus` VALUES (1,2,'{home}',2,3,0,'P',100,1,'AL'),(2,NULL,'link',1,64,-1,'P',0,1,'AL'),(3,2,'{my account}',4,9,0,'P',600,1,'L'),(4,3,'?target=order_list',5,6,1,'P',100,1,'L'),(5,3,'?target=address_book',7,8,1,'P',200,1,'L'),(6,2,'shipping.html',10,11,0,'P',200,1,'AL'),(7,2,'{new arrivals}',12,13,0,'P',400,1,'AL'),(8,2,'{coming soon}',14,15,0,'P',500,1,'AL'),(9,2,NULL,16,23,0,'P',150,1,'AL'),(10,9,'{sale}',17,18,1,'P',100,1,'AL'),(11,9,'{bestsellers}',19,20,1,'P',200,1,'AL'),(12,9,'{special offers}',21,22,1,'P',300,0,'AL'),(13,2,'{contact us}',24,25,0,'P',700,1,'AL'),(14,2,NULL,26,33,0,'F',100,1,'AL'),(15,14,'apparel',27,28,1,'F',100,1,'AL'),(16,14,'igoods',29,30,1,'F',200,1,'AL'),(17,14,'toys',31,32,1,'F',300,1,'AL'),(18,2,NULL,34,41,0,'F',200,1,'AL'),(19,18,'{sale}',35,36,1,'F',100,1,'AL'),(20,18,'{coming soon}',37,38,1,'F',200,1,'AL'),(21,18,'{new arrivals}',39,40,1,'F',300,1,'AL'),(22,2,NULL,42,49,0,'F',300,1,'AL'),(23,22,'shipping.html',43,44,1,'F',100,1,'AL'),(24,22,'?target=map',45,46,1,'F',200,1,'AL'),(25,22,'terms-and-conditions.html',47,48,1,'F',300,1,'AL'),(26,2,NULL,50,55,0,'F',400,1,'AL'),(27,26,'shipping.html',51,52,1,'F',100,1,'AL'),(28,26,'{contact us}',53,54,1,'F',200,1,'AL'),(29,2,NULL,56,63,0,'F',500,1,'L'),(30,29,'?target=address_book',57,58,1,'F',100,1,'L'),(31,29,'?target=order_list',59,60,1,'F',200,1,'L'),(32,29,'?target=profile',61,62,1,'F',300,1,'L');
CREATE TABLE `xlite_module_keys` (
  `keyId` int(11) NOT NULL AUTO_INCREMENT,
  `name` varchar(64) COLLATE utf8_unicode_ci NOT NULL,
  `author` varchar(64) COLLATE utf8_unicode_ci NOT NULL,
  `keyValue` char(64) COLLATE utf8_unicode_ci NOT NULL,
  `keyType` int(11) NOT NULL,
  `xcnPlan` bigint(20) NOT NULL,
  `keyData` longtext COLLATE utf8_unicode_ci NOT NULL COMMENT '(DC2Type:array)',
  `active` tinyint(1) NOT NULL,
  PRIMARY KEY (`keyId`),
  UNIQUE KEY `an` (`author`,`name`,`xcnPlan`)
) ENGINE=InnoDB DEFAULT CHARSET=utf8 COLLATE=utf8_unicode_ci;
CREATE TABLE `xlite_modules` (
  `moduleID` int(11) NOT NULL AUTO_INCREMENT,
  `name` varchar(64) COLLATE utf8_unicode_ci NOT NULL,
  `author` varchar(64) COLLATE utf8_unicode_ci NOT NULL,
  `authorEmail` varchar(255) COLLATE utf8_unicode_ci NOT NULL,
  `enabled` tinyint(1) NOT NULL,
  `installed` tinyint(1) NOT NULL,
  `yamlLoaded` tinyint(1) NOT NULL,
  `date` int(11) NOT NULL,
  `rating` decimal(14,4) NOT NULL,
  `votes` int(11) NOT NULL,
  `downloads` int(11) NOT NULL,
  `price` decimal(14,2) NOT NULL,
  `currency` varchar(3) COLLATE utf8_unicode_ci NOT NULL,
  `majorVersion` varchar(8) COLLATE utf8_unicode_ci NOT NULL,
  `minorVersion` int(11) NOT NULL,
  `build` int(11) NOT NULL,
  `minorRequiredCoreVersion` int(11) NOT NULL,
  `revisionDate` int(11) NOT NULL,
  `packSize` bigint(20) NOT NULL,
  `xcnPlan` bigint(20) NOT NULL,
  `moduleName` varchar(255) COLLATE utf8_unicode_ci NOT NULL,
  `authorName` varchar(255) COLLATE utf8_unicode_ci NOT NULL,
  `description` longtext COLLATE utf8_unicode_ci NOT NULL,
  `iconURL` varchar(255) COLLATE utf8_unicode_ci DEFAULT NULL,
  `pageURL` varchar(255) COLLATE utf8_unicode_ci NOT NULL,
  `authorPageURL` varchar(255) COLLATE utf8_unicode_ci NOT NULL,
  `dependencies` longtext COLLATE utf8_unicode_ci NOT NULL COMMENT '(DC2Type:array)',
  `tags` longtext COLLATE utf8_unicode_ci NOT NULL COMMENT '(DC2Type:array)',
  `fromMarketplace` tinyint(1) NOT NULL,
  `isLanding` tinyint(1) NOT NULL,
  `landingPosition` int(11) NOT NULL,
  `isSystem` tinyint(1) NOT NULL,
  `hasLicense` tinyint(1) NOT NULL,
  `editionState` int(11) NOT NULL,
  `editions` longtext COLLATE utf8_unicode_ci NOT NULL COMMENT '(DC2Type:array)',
  `xbProductId` int(11) NOT NULL,
  `isSkin` tinyint(1) NOT NULL,
  `private` tinyint(1) NOT NULL,
  PRIMARY KEY (`moduleID`),
  UNIQUE KEY `moduleVersion` (`author`,`name`,`majorVersion`,`minorVersion`,`fromMarketplace`),
  KEY `enabled` (`enabled`),
  KEY `date` (`date`),
  KEY `downloads` (`downloads`),
  KEY `rating` (`rating`),
  KEY `ani` (`author`,`name`,`installed`),
  KEY `anmm` (`author`,`name`,`majorVersion`,`minorVersion`),
  KEY `anf` (`author`,`name`,`fromMarketplace`)
) ENGINE=InnoDB DEFAULT CHARSET=utf8 COLLATE=utf8_unicode_ci;
INSERT INTO `xlite_modules` VALUES (1,'PayWithAmazon','Amazon','',1,1,1,1483703381,0.0000,0,0,0.00,'USD','5.3',3,0,0,0,0,0,'Pay with Amazon','Amazon Payments','This module enables Pay with Amazon functionality',NULL,'','','a:0:{}','a:0:{}',0,0,0,0,0,0,'a:0:{}',0,0,0),(2,'ESelectHPP','XC','',1,1,1,1483703381,0.0000,0,0,0.00,'USD','5.3',1,0,0,0,0,0,'Moneris (eSELECTplus- Hosted Pay Page)','X-Cart team','Accept credit and debit cards via an online transaction processing engine. USA and Canada',NULL,'','','a:0:{}','a:0:{}',0,0,0,0,0,0,'a:0:{}',0,0,0),(3,'AuctionInc','XC','',1,1,1,1483703381,0.0000,0,0,0.00,'USD','5.3',1,3,0,0,0,0,'AuctionInc ShippingCalc','X-Cart team','Provide your customers with accurate \"real-time\" comparative domestic or international shipping rates from\nyour choice of services from Fedex, UPS, USPS and DHL. No carrier accounts required. Full support for your\nitem dimensions and dimensional rates. Shipping origins from any country supported. A host of advanced\nfeatures include: shipping promotions, bundled handling fees, drop-shipping from multiple origins, and a\npackaging engine that accurately predicts appropriate packaging for multiple items and quantities. Free\nmonth-long trial, then subscription to AuctionInc required.',NULL,'','','a:0:{}','a:0:{}',0,0,0,0,0,0,'a:0:{}',0,0,0),(4,'CustomProductTabs','XC','',1,1,1,1483703381,0.0000,0,0,0.00,'USD','5.3',2,0,0,0,0,0,'Custom product tabs','X-Cart team','Add additional tabs on the product page. Custom name, custom content - html text or product videos, whatever describes your product best.',NULL,'','','a:0:{}','a:0:{}',0,0,0,0,0,0,'a:0:{}',0,0,0),(5,'UPS','XC','',1,1,1,1483703381,0.0000,0,0,0.00,'USD','5.3',1,2,0,0,0,0,'UPS','X-Cart team','Gets shipping quotes for UPS delivery methods.',NULL,'','','a:0:{}','a:0:{}',0,0,0,0,0,0,'a:0:{}',0,0,0),(6,'WebmasterKit','XC','',0,1,0,1483703381,0.0000,0,0,0.00,'USD','5.3',2,0,0,0,0,0,'Webmaster Kit','X-Cart team','This module helps web developers. It is used to find specific templates (the same as Webmaster mode functionality in X-Cart 4), SQL logging, benchmarking.',NULL,'','','a:0:{}','a:0:{}',0,0,0,0,0,0,'a:0:{}',0,0,0),(7,'NextPreviousProduct','XC','',1,1,1,1483703381,0.0000,0,0,0.00,'USD','5.3',2,2,0,0,0,0,'Previous and Next product','X-Cart team','Display \"Previous\" and \"Next product\" links on your product sheets, be it a category page, a search results page or products of a particular brand.',NULL,'','','a:0:{}','a:0:{}',0,0,0,0,0,0,'a:0:{}',0,0,0),(8,'Pilibaba','XC','',0,1,0,1483703381,0.0000,0,0,0.00,'USD','5.3',2,1,0,0,0,0,'Pilibaba Chinese Checkout','X-Cart team','Start accepting CNY payment and take orders from 1.3 Billion shoppers in China. Support all Chinese debit/credit cards and give merchants the flexibility to convert CNY payment into either USD,EUR or 12 supported currencies.',NULL,'','','a:0:{}','a:0:{}',0,0,0,0,0,0,'a:0:{}',0,0,0),(9,'SagePay','XC','',1,1,1,1483703381,0.0000,0,0,0.00,'USD','5.3',2,0,0,0,0,0,'Sage Pay (Form)','X-Cart team','Enables taking credit card payments for your online store via SagePay payment gateway (Form protocol method).',NULL,'','','a:0:{}','a:0:{}',0,0,0,0,0,0,'a:0:{}',0,0,0),(10,'MultiCurrency','XC','',0,1,0,1483703381,0.0000,0,0,0.00,'USD','5.3',2,1,1,0,0,0,'Multicurrency','X-Cart team','Show product prices in multiple currencies for your customers around the world.',NULL,'','','a:0:{}','a:0:{}',0,0,0,0,0,0,'a:0:{}',0,0,0),(11,'Geolocation','XC','',0,1,0,1483703381,0.0000,0,0,0.00,'USD','5.3',1,1,0,0,0,0,'Geolocation','X-Cart team','Use free IP geolocation database GeoLite by Maxmind to improve the user experience of non-logged in customers - \"guess\" their country and address for more precise pre-login shipping cost estimation',NULL,'','','a:0:{}','a:0:{}',0,0,0,0,0,0,'a:0:{}',0,0,0),(12,'News','XC','',1,1,1,1483703381,0.0000,0,0,0.00,'USD','5.3',1,1,0,0,0,0,'News','X-Cart team','Share the company and products news and updates with your community.',NULL,'','','a:0:{}','a:0:{}',0,0,0,0,0,0,'a:0:{}',0,0,0),(13,'OgoneEcommerce','XC','',1,1,1,1483703381,0.0000,0,0,0.00,'USD','5.3',1,0,0,0,0,0,'Ingenico Payment Services (Ogone)','X-Cart team','Enable online payment processing with a level-1 PCI DSS compliant provider based in Europe.',NULL,'','','a:0:{}','a:0:{}',0,0,0,0,0,0,'a:0:{}',0,0,0),(14,'ThemeTweaker','XC','',1,1,1,1483703381,0.0000,0,0,0.00,'USD','5.3',2,0,0,0,0,0,'Theme tweaker','X-Cart team','This extension allows you to tweak your store design by adding and editing custom CSS styles and JavaScript code directly in the store back end. Also you can upload images to link them from your CSS styles.',NULL,'','','a:0:{}','a:0:{}',0,0,0,0,0,0,'a:0:{}',0,0,0),(15,'ProductVariants','XC','',0,1,0,1483703381,0.0000,0,0,0.00,'USD','5.3',2,1,2,0,0,0,'Product Variants','X-Cart team','Allows to manage products variants.',NULL,'','','a:0:{}','a:0:{}',0,0,0,0,0,0,'a:0:{}',0,0,0),(16,'Upselling','XC','',1,1,1,1483703381,0.0000,0,0,0.00,'USD','5.3',2,0,0,0,0,0,'Related Products','X-Cart team','This module gives you the ability to add a list of products which will be offered along with the product being viewed. You may use this feature to promote products, e.g. making them related or recommended.',NULL,'','','a:0:{}','a:0:{}',0,0,0,0,0,0,'a:0:{}',0,0,0),(17,'NewsletterSubscriptions','XC','',1,1,1,1483703381,0.0000,0,0,0.00,'USD','5.3',1,3,0,0,0,0,'Newsletter subscriptions','X-Cart team','The module adds a sign up form into your site footer inviting your customers to subscribe for your company newsletters. The list of subscribers is stored in the admin back-end and can also be forwarded to Mailchimp.',NULL,'','','a:0:{}','a:0:{}',0,0,0,0,0,0,'a:0:{}',0,0,0),(18,'CrispWhiteSkin','XC','',1,1,1,1483703381,0.0000,0,0,0.00,'USD','5.3',2,1,2,0,0,0,'Crisp White skin','X-Cart team','Light and clean skin developed in minimalist style and combining flat and material design will make your store look clean and modern.',NULL,'','','a:0:{}','a:0:{}',0,0,0,0,0,0,'a:0:{}',0,1,0),(19,'Add2CartPopup','XC','',0,1,0,1483703381,0.0000,0,0,0.00,'USD','5.3',1,4,0,0,0,0,'Add to Cart Popup','X-Cart team','Adds a promotional popup dialog that is displayed after a customer adds a product to cart.',NULL,'','','a:0:{}','a:0:{}',0,0,0,0,0,0,'a:0:{}',0,0,0),(20,'Sitemap','XC','',1,1,1,1483703381,0.0000,0,0,0.00,'USD','5.3',1,1,0,0,0,0,'Site Map','X-Cart team','Enable a sitemap on your site for easier customers\' navigation.The sitemap can include categories and static pages.',NULL,'','','a:0:{}','a:0:{}',0,0,0,0,0,0,'a:0:{}',0,0,0),(21,'FroalaEditor','XC','',1,1,1,1483703381,0.0000,0,0,0.00,'USD','5.3',0,1,2,0,0,0,'Froala WYSIWYG editor integration','X-Cart team','Enables Froala WYSIWYG editor for editing product and category descriptions.',NULL,'','','a:0:{}','a:0:{}',0,0,0,0,0,0,'a:0:{}',0,0,0),(22,'EPDQ','XC','',1,1,1,1483703381,0.0000,0,0,0.00,'USD','5.3',1,0,0,0,0,0,'Barclaycard ePDQ e-Commerce','X-Cart team','Enables taking payments for your online store via Barclaycard ePDQ e-Commerce payment system (Basic e-Commerce integration).',NULL,'','','a:0:{}','a:0:{}',0,0,0,0,0,0,'a:0:{}',0,0,0),(23,'BulkEditing','XC','',1,1,1,1483703381,0.0000,0,0,0.00,'USD','5.3',2,0,0,0,0,0,'Bulk Editing','X-Cart team','The module allows to edit products in bulk. Choose products for editing and select the parameter that needs to be updated for them.',NULL,'','','a:0:{}','a:0:{}',0,0,0,0,0,0,'a:0:{}',0,0,0),(24,'FastLaneCheckout','XC','',1,1,1,1483703381,0.0000,0,0,0.00,'USD','5.3',2,1,2,0,0,0,'Fast Lane Checkout','X-Cart team','Modern multi-step checkout asks for a separate piece of information at a separate step. As a result, it looks looks clean for customers and seems secure and easy to fill in.',NULL,'','','a:0:{}','a:0:{}',0,0,0,0,0,0,'a:0:{}',0,0,0),(25,'IdealPayments','XC','',1,1,1,1483703381,0.0000,0,0,0.00,'USD','5.3',1,0,0,0,0,0,'iDEAL Payments','X-Cart team','Enables taking credit card payments for your online store via iDEAL payment system.',NULL,'','','a:0:{}','a:0:{}',0,0,0,0,0,0,'a:0:{}',0,0,0),(26,'UpdateInventory','XC','',1,1,1,1483703381,0.0000,0,0,0.00,'USD','5.3',1,1,0,0,0,0,'Update Inventory','X-Cart team','Allows to update products quantity via CSV simple file.',NULL,'','','a:0:{}','a:0:{}',0,0,0,0,0,0,'a:0:{}',0,0,0),(27,'FreeShipping','XC','',1,1,1,1483703381,0.0000,0,0,0.00,'USD','5.3',1,3,0,0,0,0,'Free Shipping and Shipping freights','X-Cart team','Attract more customers by offering Free Shipping. Mark the products that are shipped for free. Add a possibility to specify shipping freight to products.',NULL,'','','a:0:{}','a:0:{}',0,0,0,0,0,0,'a:0:{}',0,0,0),(28,'ColorSchemes','XC','',0,1,0,1483703381,0.0000,0,0,0.00,'USD','5.3',2,0,0,0,0,0,'Color Schemes','X-Cart team','This module adds three new color schemes to the base X-Cart design theme.',NULL,'','','a:0:{}','a:0:{}',0,0,0,0,0,0,'a:0:{}',0,1,0),(29,'MailChimp','XC','',1,1,1,1483703381,0.0000,0,0,0.00,'USD','5.3',2,1,2,0,0,0,'MailChimp Integration with E-commerce support','X-Cart team','MailChimp is an email marketing service with powerful tools to manage your email campaigns and subscribers while gathering advanced analytics information on your campaign performance.',NULL,'','','a:0:{}','a:0:{}',0,0,0,0,0,0,'a:0:{}',0,0,0),(30,'ProductFilter','XC','',1,1,1,1483703381,0.0000,0,0,0.00,'USD','5.3',2,0,2,0,0,0,'Product Filter','X-Cart team','Allows customers to filter products.',NULL,'','','a:0:{}','a:0:{}',0,0,0,0,0,0,'a:0:{}',0,0,0),(31,'Stripe','XC','',1,1,1,1483703381,0.0000,0,0,0.00,'USD','5.3',1,0,0,0,0,0,'Stripe','X-Cart team','Enables taking credit card payments for your online store via Stripe',NULL,'','','a:0:{}','a:0:{}',0,0,0,0,0,0,'a:0:{}',0,0,0),(32,'Reviews','XC','',1,1,1,1483703381,0.0000,0,0,0.00,'USD','5.3',2,0,0,0,0,0,'Product reviews','X-Cart team','Adds an ability to add products reviews and manage them in admin area',NULL,'','','a:0:{}','a:0:{}',0,0,0,0,0,0,'a:0:{}',0,0,0),(33,'CanadaPost','XC','',1,1,1,1483703381,0.0000,0,0,0.00,'USD','5.3',1,2,0,0,0,0,'Canada Post','X-Cart team','Gets shipping quotes for Canada Post delivery methods.',NULL,'','','a:0:{}','a:0:{}',0,0,0,0,0,0,'a:0:{}',0,0,0),(34,'Paypal','CDev','',1,1,1,1483703381,0.0000,0,0,0.00,'USD','5.3',3,1,0,0,0,0,'PayPal','X-Cart team','Enables taking payments for your online store via PayPal services.',NULL,'','','a:0:{}','a:0:{}',0,0,0,0,0,0,'a:0:{}',0,0,0),(35,'Bestsellers','CDev','',1,1,1,1483703381,0.0000,0,0,0.00,'USD','5.3',2,1,0,0,0,0,'Bestsellers','X-Cart team','Lists best-selling products at any place of the customer interface.',NULL,'','','a:0:{}','a:0:{}',0,0,0,0,0,0,'a:0:{}',0,0,0),(36,'Wholesale','CDev','',0,1,0,1483703381,0.0000,0,0,0.00,'USD','5.3',1,2,0,0,0,0,'Wholesale','X-Cart team','Enables wholesale pricing depending on product quantity and customer membership level. Also the module allows you to set the minimum purchase quantity per membership level.',NULL,'','','a:0:{}','a:0:{}',0,0,0,0,0,0,'a:0:{}',0,0,0),(37,'USPS','CDev','',1,1,1,1483703381,0.0000,0,0,0.00,'USD','5.3',1,0,0,0,0,0,'U.S.P.S.','X-Cart team','Gets shipping quotes for USPS delivery methods.',NULL,'','','a:0:{}','a:0:{}',0,0,0,0,0,0,'a:0:{}',0,0,0),(38,'UserPermissions','CDev','',1,1,1,1483703381,0.0000,0,0,0.00,'USD','5.3',1,0,0,0,0,0,'User permissions','X-Cart team','Allows you to restrict access to backend functions to only those employees who need them. You can define administrator roles and configure which groups of back-end functions are available to users having these roles.',NULL,'','','a:0:{}','a:0:{}',0,0,0,0,0,0,'a:0:{}',0,0,0),(39,'Egoods','CDev','',0,1,0,1483703381,0.0000,0,0,0.00,'USD','5.3',1,1,0,0,0,0,'E-goods','X-Cart team','Allows to sell files that customers can download after the purchase. Requires to have the FileAttachments module priorly installed and enabled.',NULL,'','','a:1:{i:0;s:20:\"CDev\\FileAttachments\";}','a:0:{}',0,0,0,0,0,0,'a:0:{}',0,0,0),(40,'GoogleAnalytics','CDev','',1,1,1,1483703381,0.0000,0,0,0.00,'USD','5.3',2,1,0,0,0,0,'Google Analytics','X-Cart team','Enables tracking and analyzing your website e-commerce statistics with Google Analytics.',NULL,'','','a:0:{}','a:0:{}',0,0,0,0,0,0,'a:0:{}',0,0,0),(41,'SocialLogin','CDev','',1,1,1,1483703381,0.0000,0,0,0.00,'USD','5.3',2,0,0,0,0,0,'Social Login','X-Cart team','Enables authentication via OAuth 2.0 providers (Google & Facebook).',NULL,'','','a:0:{}','a:0:{}',0,0,0,0,0,0,'a:0:{}',0,0,0),(42,'XPaymentsConnector','CDev','',1,1,1,1483703381,0.0000,0,0,0.00,'USD','5.3',2,0,2,0,0,0,'X-Payments connector','X-Cart team','PCI compliant credit card processing through major payment gateways without redirects that allows PCI compliant credit card storing for re-using and subscriptions. X-Payments integrates with over 40 payment providers including but not limited to: PayPal, BrainTree, Authorize.Net AIM/CIM, Chase Paymentech, CyberSource, Elavon, Moneris (former eSelect), First Data, Intuit Quickbooks, Ogone, Sage Pay, Realex, WorldPay and many others.',NULL,'','','a:0:{}','a:0:{}',0,0,0,0,0,0,'a:0:{}',0,0,0),(43,'Quantum','CDev','',1,1,1,1483703381,0.0000,0,0,0.00,'USD','5.3',1,0,0,0,0,0,'QuantumGateway','X-Cart team','Enables taking credit card payments for your online store via QuantumGateway (QGWdatabase Engine API).',NULL,'','','a:0:{}','a:0:{}',0,0,0,0,0,0,'a:0:{}',0,0,0),(44,'XMLSitemap','CDev','',1,1,1,1483703381,0.0000,0,0,0.00,'USD','5.3',2,2,0,0,0,0,'XML sitemap','X-Cart team','Module generates an XML file with information for search engines.',NULL,'','','a:0:{}','a:0:{}',0,0,0,0,0,0,'a:0:{}',0,0,0),(45,'Moneybookers','CDev','',1,1,1,1483703381,0.0000,0,0,0.00,'USD','5.3',1,2,0,0,0,0,'Skrill','X-Cart team','The module allows you to accept payments using cards, over 20 local payment methods and more than 80 banks (iframe integration method)',NULL,'','','a:0:{}','a:0:{}',0,0,0,0,0,0,'a:0:{}',0,0,0),(46,'SimpleCMS','CDev','',1,1,1,1483703381,0.0000,0,0,0.00,'USD','5.3',2,1,0,0,0,0,'Simple CMS','X-Cart team','Allows you to add a company logo and favicon, modify the primary website menu, edit the footer links and add custom website pages. When used with TinyMCE and Go Social modules, allows you to configure OpenGraph tags for your pages and edit their contents in the WYSIWYG mode. The module is incompatible with modules integrating your store with third-party CMS solutions.',NULL,'','','a:0:{}','a:0:{}',0,0,0,0,0,0,'a:0:{}',0,0,0),(47,'ContactUs','CDev','',1,1,1,1483703381,0.0000,0,0,0.00,'USD','5.3',2,0,0,0,0,0,'Contact us','X-Cart team','Enables \"Contact us\" page',NULL,'','','a:0:{}','a:0:{}',0,0,0,0,0,0,'a:0:{}',0,0,0),(48,'SalesTax','CDev','',1,1,1,1483703381,0.0000,0,0,0.00,'USD','5.3',2,0,2,0,0,0,'Sales Tax','X-Cart team','Setup the rules for calculating sales tax. The rates can depend on product classes, customer\'s membership levels and address. When several tax rates are applicable to one product, you can specify the priority of their application.',NULL,'','','a:0:{}','a:0:{}',0,0,0,0,0,0,'a:0:{}',0,0,0),(49,'VolumeDiscounts','CDev','',1,1,1,1483703381,0.0000,0,0,0.00,'USD','5.3',1,0,0,0,0,0,'Volume Discounts','X-Cart team','Enables discounts depending on the total price of ordered products and the customer membership level.',NULL,'','','a:0:{}','a:0:{}',0,0,0,0,0,0,'a:0:{}',0,0,0),(50,'TwoCheckout','CDev','',1,1,1,1483703381,0.0000,0,0,0.00,'USD','5.3',1,0,0,0,0,0,'2Checkout.com','X-Cart team','Enables taking credit card payments for your online store via 2Checkout.com payment gateway.',NULL,'','','a:0:{}','a:0:{}',0,0,0,0,0,0,'a:0:{}',0,0,0),(51,'ProductAdvisor','CDev','',1,1,1,1483703381,0.0000,0,0,0.00,'USD','5.3',2,1,0,0,0,0,'Product Advisor','X-Cart team','Adds specific products lists to the catalog: new arrivals, coming soon, recently viewed etc.',NULL,'','','a:0:{}','a:0:{}',0,0,0,0,0,0,'a:0:{}',0,0,0),(52,'PINCodes','CDev','',0,1,0,1483703381,0.0000,0,0,0.00,'USD','5.3',1,1,0,0,0,0,'PIN Codes','X-Cart team','Allows to sell PIN codes attached to products.',NULL,'','','a:0:{}','a:0:{}',0,0,0,0,0,0,'a:0:{}',0,0,0),(53,'Sale','CDev','',1,1,1,1483703381,0.0000,0,0,0.00,'USD','5.3',2,0,0,0,0,0,'Sale','X-Cart team','Module allows you set special sale prices for certain products.',NULL,'','','a:0:{}','a:0:{}',0,0,0,0,0,0,'a:0:{}',0,0,0),(54,'FeaturedProducts','CDev','',1,1,1,1483703381,0.0000,0,0,0.00,'USD','5.3',2,0,0,0,0,0,'Featured Products','X-Cart team','Shows your best and most profitable products to customers.',NULL,'','','a:0:{}','a:0:{}',0,0,0,0,0,0,'a:0:{}',0,0,0),(55,'FedEx','CDev','',1,1,1,1483703381,0.0000,0,0,0.00,'USD','5.3',1,0,0,0,0,0,'FedEx','X-Cart team','Gets shipping quotes for FedEx delivery methods.',NULL,'','','a:0:{}','a:0:{}',0,0,0,0,0,0,'a:0:{}',0,0,0),(56,'GoSocial','CDev','',1,1,1,1483703381,0.0000,0,0,0.00,'USD','5.3',2,0,0,0,0,0,'Go Social','X-Cart team','Adds social media sharing functions like Facebook comments, OpenGraph meta tags and share buttons for product pages.',NULL,'','','a:0:{}','a:0:{}',0,0,0,0,0,0,'a:0:{}',0,0,0),(57,'AustraliaPost','CDev','',1,1,1,1483703381,0.0000,0,0,0.00,'USD','5.3',1,1,0,0,0,0,'Australia Post','X-Cart team','Gets shipping quotes for Australia Post delivery methods.',NULL,'','','a:0:{}','a:0:{}',0,0,0,0,0,0,'a:0:{}',0,0,0),(58,'AuthorizeNet','CDev','',1,1,1,1483703381,0.0000,0,0,0.00,'USD','5.3',2,1,0,0,0,0,'Authorize.Net SIM','X-Cart team','Enables taking credit card payments for your online store via AuthorizeNet payment gateway (Server Integration Method).',NULL,'','','a:0:{}','a:0:{}',0,0,0,0,0,0,'a:0:{}',0,0,0),(59,'Coupons','CDev','',1,1,1,1483703381,0.0000,0,0,0.00,'USD','5.3',1,2,0,0,0,0,'Coupons','X-Cart team','Allows to configure discounts which customers can activate in your shop with a coupon code',NULL,'','','a:0:{}','a:0:{}',0,0,0,0,0,0,'a:0:{}',0,0,0),(60,'FileAttachments','CDev','',0,1,0,1483703381,0.0000,0,0,0.00,'USD','5.3',1,0,0,0,0,0,'File attachments','X-Cart team','Allows you to attach files to goods that can be downloaded from the detailed pages of this product by visitors.',NULL,'','','a:0:{}','a:0:{}',0,0,0,0,0,0,'a:0:{}',0,0,0),(61,'FlyoutCategoriesMenu','QSL','',1,1,1,1483703381,0.0000,0,0,0.00,'USD','5.3',1,2,0,0,0,0,'Flyout Categories Menu','Qualiteam Software','The module changes the default categories menu in the Customer area by introducing a flyout expanding menu style',NULL,'','','a:0:{}','a:0:{}',0,0,0,0,0,0,'a:0:{}',0,0,0),(62,'CloudSearch','QSL','',1,1,1,1483703381,0.0000,0,0,0.00,'USD','5.3',3,0,1,0,0,0,'CloudSearch & CloudFilters','Qualiteam','CloudSearch is a service that integrates with X-Cart 5 to enable dynamic, real-time product search with highly relevant search results. CloudFilters works on top of CloudSearch to enable advanced layered navigation in an X-Cart store. This module provides integration with both services. Power up your store with enterprise-class search and navigation technologies for better conversion!',NULL,'http://www.x-cart.com/extensions/addons/cloudsearch.html?sl=en','','a:0:{}','a:0:{}',0,0,0,0,0,0,'a:0:{}',0,0,0),(63,'SpecialOffersBase','QSL','',1,1,1,1483703381,0.0000,0,0,0.00,'USD','5.3',2,0,0,0,0,0,'Special Offers (base)','Qualiteam Software','This is the base module that allows other modules to add different types of special offers.',NULL,'','','a:0:{}','a:0:{}',0,0,0,0,0,0,'a:0:{}',0,0,0),(64,'AmazonS3Images','CDev','helpdesk@x-cart.com',0,0,0,0,0.0000,0,1040,0.00,'USD','5.3',2,0,0,1397073600,13189120,1,'Amazon S3 images','X-Cart team','Gives you the ability to move all your category and product images over to the \"cloud\" storage services offered by Amazon. This reduces your website\'s bandwidth and allows you to use your Amazon CloudFront CDN account to get your images loaded in customers\' browsers really fast.','http://my.x-cart.com/sites/default/files/addons/CDev/AmazonS3Images/icon.png','https://market.x-cart.com/addons/amazon-s3-images.html','','a:0:{}','a:2:{i:0;s:15:\"User experience\";i:1;s:14:\"Administration\";}',1,0,0,0,0,2,'a:3:{i:0;s:12:\"391_Business\";i:1;s:18:\"20598_Multi-vendor\";i:2;s:18:\"536881125_Ultimate\";}',0,0,0),(65,'AustraliaPost','CDev','helpdesk@x-cart.com',0,0,0,0,0.0000,0,9411,0.00,'USD','5.3',1,1,0,1398693926,102400,0,'Australia Post','X-Cart team','Gets shipping quotes for Australia Post delivery methods.','http://my.x-cart.com/sites/default/files/addons/CDev/AustraliaPost/icon.png','https://market.x-cart.com/addons/australia-post.html','','a:0:{}','a:2:{i:0;s:11:\"Fulfillment\";i:1;s:8:\"Shipping\";}',1,0,0,0,0,0,'a:0:{}',0,0,0),(66,'AuthorizeNet','CDev','helpdesk@x-cart.com',0,0,0,0,0.0000,0,11086,0.00,'USD','5.3',2,1,0,1397141922,81920,0,'Authorize.Net SIM','X-Cart team','Enables taking credit card payments for your online store via AuthorizeNet payment gateway (Server Integration Method).','http://my.x-cart.com/sites/default/files/addons/CDev/AuthorizeNet/icon.png','https://market.x-cart.com/addons/authorize-net-sim.html','','a:0:{}','a:1:{i:0;s:18:\"Payment processing\";}',1,0,0,0,0,0,'a:0:{}',0,0,0),(67,'Bestsellers','CDev','helpdesk@x-cart.com',0,0,0,0,0.0000,0,11931,0.00,'USD','5.3',2,1,0,1397141922,71680,0,'Bestsellers','X-Cart team','Lists best-selling products at any place of the customer interface.','http://my.x-cart.com/sites/default/files/addons/CDev/Bestsellers/icon.png','https://market.x-cart.com/addons/bestsellers.html','','a:0:{}','a:1:{i:0;s:9:\"Marketing\";}',1,0,0,0,0,0,'a:0:{}',0,0,0),(68,'Catalog','CDev','helpdesk@x-cart.com',0,0,0,0,0.0000,0,7413,0.00,'USD','5.3',1,0,0,1397073600,61440,0,'Catalog','X-Cart team','Disables checkout and makes your website a plain catalog of products which customers can browse but can\'t buy online.','http://my.x-cart.com/sites/default/files/addons/CDev/Catalog/iconAlt.png','https://market.x-cart.com/addons/catalog.html','','a:0:{}','a:1:{i:0;s:18:\"Catalog Management\";}',1,0,0,0,0,0,'a:0:{}',0,0,0),(69,'ContactUs','CDev','helpdesk@x-cart.com',0,0,0,0,0.0000,0,9815,0.00,'USD','5.3',2,0,0,1400529600,112640,0,'Contact us','X-Cart team','Enables \"Contact us\" page','http://my.x-cart.com/sites/default/files/addons/CDev/ContactUs/icon.png','https://market.x-cart.com/addons/contact-us.html','','a:0:{}','a:2:{i:0;s:15:\"User experience\";i:1;s:14:\"Administration\";}',1,0,0,0,0,0,'a:0:{}',0,0,0),(70,'Coupons','CDev','helpdesk@x-cart.com',0,0,0,0,0.0000,0,10307,0.00,'USD','5.3',1,2,0,1400529600,266240,1,'Coupons','X-Cart team','Allows to configure discounts which customers can activate in your shop with a coupon code','http://my.x-cart.com/sites/default/files/addons/CDev/Coupons/icon.png','https://market.x-cart.com/addons/discount-coupons.html','','a:0:{}','a:1:{i:0;s:9:\"Marketing\";}',1,0,0,0,0,2,'a:3:{i:0;s:12:\"391_Business\";i:1;s:18:\"20598_Multi-vendor\";i:2;s:18:\"536881125_Ultimate\";}',0,0,0),(71,'DeTranslation','CDev','helpdesk@x-cart.com',0,0,0,0,0.0000,0,3552,0.00,'USD','5.3',2,0,0,1398628800,235520,0,'Translation: German','X-Cart team','German translation pack. This translation is a contribution of X-Cart community. Kindly shared by one of X-Cart merchants for free, this translation may contain some non-translated labels which appeared in later versions of X-Cart 5 or which were added by custom modules you installed.','http://my.x-cart.com/sites/default/files/addons/CDev/DeTranslation/icon.png','https://market.x-cart.com/addons/german-translation.html','','a:0:{}','a:1:{i:0;s:11:\"Translation\";}',1,0,0,0,0,0,'a:0:{}',0,0,0),(72,'DrupalConnector','CDev','helpdesk@x-cart.com',0,0,0,0,0.0000,0,1583,0.00,'USD','5.2',6,0,0,1398693927,337920,0,'Drupal Connector [DEPRECATED]','X-Cart team','Exports X-Cart widgets and pages to Drupal.','http://my.x-cart.com/sites/default/files/addons/CDev/DrupalConnector/iconAlt.png','https://market.x-cart.com/addons/drupal-connector.html','','a:0:{}','a:1:{i:0;s:14:\"Administration\";}',1,0,0,0,0,0,'a:0:{}',0,0,0),(73,'Egoods','CDev','helpdesk@x-cart.com',0,0,0,0,0.0000,0,5552,0.00,'USD','5.3',1,1,0,1398628800,163840,1,'E-goods','X-Cart team','Allows to sell files that customers can download after the purchase. Requires to have the FileAttachments module priorly installed and enabled.','http://my.x-cart.com/sites/default/files/addons/CDev/Egoods/icon.png','https://market.x-cart.com/addons/e-goods.html','','a:1:{i:0;s:20:\"CDev\\FileAttachments\";}','a:3:{i:0;s:11:\"Fulfillment\";i:1;s:18:\"Catalog Management\";i:2;s:8:\"Shipping\";}',1,0,0,0,0,2,'a:3:{i:0;s:12:\"391_Business\";i:1;s:18:\"20598_Multi-vendor\";i:2;s:18:\"536881125_Ultimate\";}',0,0,0),(74,'FeaturedProducts','CDev','helpdesk@x-cart.com',0,0,0,0,0.0000,0,10115,0.00,'USD','5.3',2,0,0,1400529600,133120,0,'Featured Products','X-Cart team','Shows your best and most profitable products to customers.','http://my.x-cart.com/sites/default/files/addons/CDev/FeaturedProducts/icon.png','https://market.x-cart.com/addons/featured-products.html','','a:0:{}','a:2:{i:0;s:9:\"Marketing\";i:1;s:21:\"Search and Navigation\";}',1,0,0,0,0,0,'a:0:{}',0,0,0),(75,'FileAttachments','CDev','helpdesk@x-cart.com',0,0,0,0,0.0000,0,7260,0.00,'USD','5.3',1,0,0,1400529600,133120,1,'File attachments','X-Cart team','Allows you to attach files to goods that can be downloaded from the detailed pages of this product by visitors.','http://my.x-cart.com/sites/default/files/addons/CDev/FileAttachments/iconAlt.png','https://market.x-cart.com/addons/file-attachments.html','','a:0:{}','a:1:{i:0;s:18:\"Catalog Management\";}',1,0,0,0,0,2,'a:3:{i:0;s:12:\"391_Business\";i:1;s:18:\"20598_Multi-vendor\";i:2;s:18:\"536881125_Ultimate\";}',0,0,0),(76,'FrTranslation','CDev','helpdesk@x-cart.com',0,0,0,0,0.0000,0,4098,0.00,'USD','5.3',2,0,0,1398628800,225280,0,'Translation: French','X-Cart team','French translation pack. This translation is a contribution of X-Cart community. Kindly shared by one of X-Cart merchants for free, this translation may contain some non-translated labels which appeared in later versions of X-Cart 5 or which were added by custom modules you installed.','http://my.x-cart.com/sites/default/files/addons/CDev/FrTranslation/icon.png','https://market.x-cart.com/addons/french-translation.html','','a:0:{}','a:1:{i:0;s:11:\"Translation\";}',1,0,0,0,0,0,'a:0:{}',0,0,0),(77,'GoogleAnalytics','CDev','helpdesk@x-cart.com',0,0,0,0,0.0000,0,10020,0.00,'USD','5.3',2,1,0,1397073600,256000,0,'Google Analytics','X-Cart team','Enables tracking and analyzing your website e-commerce statistics with Google Analytics.','http://my.x-cart.com/sites/default/files/addons/CDev/GoogleAnalytics/icon.png','https://market.x-cart.com/addons/google-analytics.html','','a:0:{}','a:2:{i:0;s:10:\"Statistics\";i:1;s:3:\"SEO\";}',1,0,0,0,0,0,'a:0:{}',0,0,0),(78,'GoSocial','CDev','helpdesk@x-cart.com',0,0,0,0,0.0000,0,12804,0.00,'USD','5.3',2,0,0,1400529600,204800,0,'Go Social','X-Cart team','Adds social media sharing functions like Facebook comments, OpenGraph meta tags and share buttons for product pages.','http://my.x-cart.com/sites/default/files/addons/CDev/GoSocial/icon.png','https://market.x-cart.com/addons/go-social.html','','a:0:{}','a:2:{i:0;s:9:\"Marketing\";i:1;s:6:\"Social\";}',1,0,0,0,0,0,'a:0:{}',0,0,0),(79,'MarketPrice','CDev','helpdesk@x-cart.com',0,0,0,0,0.0000,0,8306,0.00,'USD','5.3',1,2,0,1398628800,71680,0,'Market price','X-Cart team','Adds support for the product market price.','http://my.x-cart.com/sites/default/files/addons/CDev/MarketPrice/icon.png','https://market.x-cart.com/addons/market-price.html','','a:0:{}','a:2:{i:0;s:9:\"Marketing\";i:1;s:18:\"Catalog Management\";}',1,0,0,0,0,0,'a:0:{}',0,0,0),(80,'Moneybookers','CDev','helpdesk@x-cart.com',0,0,0,0,0.0000,0,8740,0.00,'USD','5.3',1,2,0,1398685587,378880,0,'Skrill','X-Cart team','The module allows you to accept payments using cards, over 20 local payment methods and more than 80 banks (iframe integration method)','http://my.x-cart.com/sites/default/files/addons/CDev/Moneybookers/icon.png','https://market.x-cart.com/addons/skrill.html','','a:0:{}','a:1:{i:0;s:18:\"Payment processing\";}',1,0,0,0,0,0,'a:0:{}',0,0,0),(81,'PaypalWPS','CDev','helpdesk@x-cart.com',0,0,0,0,0.0000,0,2084,0.00,'USD','5.1',4,0,0,1400583771,81920,0,'PayPal (outside of the US) [DEPRECATED]','X-Cart team','Enables taking credit card payments for your online store via PayPal (Website Payments Standard).','http://my.x-cart.com/sites/default/files/addons/CDev/PaypalWPS/iconAlt.png','http://www.x-cart.com/extensions/addons/paypal-standard.html','','a:0:{}','a:1:{i:0;s:18:\"Payment processing\";}',1,0,0,0,0,0,'a:0:{}',0,0,0),(82,'ProductAdvisor','CDev','helpdesk@x-cart.com',0,0,0,0,0.0000,0,8943,0.00,'USD','5.3',2,1,0,1398628800,204800,1,'Product Advisor','X-Cart team','Adds specific products lists to the catalog: new arrivals, coming soon, recently viewed etc.','http://my.x-cart.com/sites/default/files/addons/CDev/ProductAdvisor/icon.png','https://market.x-cart.com/addons/product-advisor.html','','a:0:{}','a:2:{i:0;s:9:\"Marketing\";i:1;s:21:\"Search and Navigation\";}',1,0,0,0,0,2,'a:3:{i:0;s:12:\"391_Business\";i:1;s:18:\"20598_Multi-vendor\";i:2;s:18:\"536881125_Ultimate\";}',0,0,0),(83,'ProductOptions','CDev','helpdesk@x-cart.com',0,0,0,0,0.0000,0,486,0.00,'USD','5.0',2,0,0,1397073600,317440,0,'Product Options [DEPRECATED]','X-Cart team','In the earlier versions of X-Cart the module used to allow a customer to choose options when buying a product. Since version 5.0 it is recommended to use built-in interface for attributes configuration and the \"Product Variants\" module for this purpose.','http://my.x-cart.com/sites/default/files/addons/CDev/ProductOptions/iconAlt.png','','','a:0:{}','a:1:{i:0;s:18:\"Catalog Management\";}',1,0,0,0,0,0,'a:0:{}',0,0,0),(84,'Quantum','CDev','helpdesk@x-cart.com',0,0,0,0,0.0000,0,4917,0.00,'USD','5.3',1,0,0,1397141931,40960,0,'QuantumGateway','X-Cart team','Enables taking credit card payments for your online store via QuantumGateway (QGWdatabase Engine API).','http://my.x-cart.com/sites/default/files/addons/CDev/Quantum/iconAlt.png','https://market.x-cart.com/addons/quantum-gateway.html','','a:0:{}','a:1:{i:0;s:18:\"Payment processing\";}',1,0,0,0,0,0,'a:0:{}',0,0,0),(85,'RuTranslation','CDev','helpdesk@x-cart.com',0,0,0,0,0.0000,0,4424,0.00,'USD','5.3',2,1,0,1400529600,757760,0,'Translation: Russian','X-Cart team','Russian translation pack','http://my.x-cart.com/sites/default/files/addons/CDev/RuTranslation/icon.png','https://market.x-cart.com/addons/russian-translation.html','','a:0:{}','a:1:{i:0;s:11:\"Translation\";}',1,0,0,0,0,0,'a:0:{}',0,0,0),(86,'SalesTax','CDev','helpdesk@x-cart.com',0,0,0,0,0.0000,0,11846,0.00,'USD','5.3',2,0,2,1400529600,143360,0,'Sales Tax','X-Cart team','Setup the rules for calculating sales tax. The rates can depend on product classes, customer\'s membership levels and address. When several tax rates are applicable to one product, you can specify the priority of their application.','http://my.x-cart.com/sites/default/files/addons/CDev/SalesTax/icon.png','https://market.x-cart.com/addons/sales-tax.html','','a:0:{}','a:1:{i:0;s:5:\"Taxes\";}',1,0,0,0,0,0,'a:0:{}',0,0,0),(87,'Sale','CDev','helpdesk@x-cart.com',0,0,0,0,0.0000,0,9638,0.00,'USD','5.3',2,0,0,1400529600,194560,1,'Sale','X-Cart team','Module allows you set special sale prices for certain products.','http://my.x-cart.com/sites/default/files/addons/CDev/Sale/icon.png','https://market.x-cart.com/addons/sale.html','','a:0:{}','a:1:{i:0;s:9:\"Marketing\";}',1,0,0,0,0,2,'a:3:{i:0;s:12:\"391_Business\";i:1;s:18:\"20598_Multi-vendor\";i:2;s:18:\"536881125_Ultimate\";}',0,0,0),(88,'SimpleCMS','CDev','helpdesk@x-cart.com',0,0,0,0,0.0000,0,18751,0.00,'USD','5.3',2,1,0,1400583253,317440,0,'Simple CMS','X-Cart team','Allows you to add custom website pages and modify the primary website menu and the footer links. After installing additional TinyMCE and Go Social modules you can configure OpenGraph tags for your pages and edit their contents in the WYSIWYG mode. This module is incompatible with modules integrating your store with third-party CMS solutions.','http://my.x-cart.com/sites/default/files/addons/CDev/SimpleCMS/icon.png','https://market.x-cart.com/addons/simple-cms.html','','a:0:{}','a:3:{i:0;s:9:\"Marketing\";i:1;s:15:\"User experience\";i:2;s:14:\"Administration\";}',1,0,0,0,0,0,'a:0:{}',0,0,0),(89,'SocialLogin','CDev','helpdesk@x-cart.com',0,0,0,0,0.0000,0,6899,0.00,'USD','5.3',2,0,0,1398628800,133120,1,'Social Login','X-Cart team','Enables authentication via OAuth 2.0 providers (Google & Facebook).','http://my.x-cart.com/sites/default/files/addons/CDev/SocialLogin/icon.png','https://market.x-cart.com/addons/social-login','','a:0:{}','a:2:{i:0;s:15:\"User experience\";i:1;s:6:\"Social\";}',1,0,0,0,0,2,'a:3:{i:0;s:12:\"391_Business\";i:1;s:18:\"20598_Multi-vendor\";i:2;s:18:\"536881125_Ultimate\";}',0,0,0),(90,'System','CDev','',0,0,0,0,0.0000,0,326,0.00,'USD','5.1',7,0,0,1398694670,337920,-1,'System','X-Cart team','System module','http://my.x-cart.com/sites/default/files/addons/CDev/System/icon.png','','','a:0:{}','a:0:{}',1,0,0,1,0,0,'a:0:{}',0,0,0),(91,'TinyMCE','CDev','helpdesk@x-cart.com',0,0,0,0,0.0000,0,17927,0.00,'USD','5.3',1,3,0,1397073600,2590720,0,'TinyMCE integration','X-Cart team','Enables TinyMCE WYSIWYG editor for editing product and category descriptions.','http://my.x-cart.com/sites/default/files/addons/CDev/TinyMCE/icon.png','https://market.x-cart.com/addons/tinymce.html','','a:0:{}','a:2:{i:0;s:14:\"Administration\";i:1;s:18:\"Catalog Management\";}',1,0,0,0,0,0,'a:0:{}',0,0,0),(92,'TwoCheckout','CDev','helpdesk@x-cart.com',0,0,0,0,0.0000,0,6152,0.00,'USD','5.3',1,0,0,1397074545,51200,0,'2Checkout.com','X-Cart team','Enables taking credit card payments for your online store via 2Checkout.com payment gateway.','http://my.x-cart.com/sites/default/files/addons/CDev/TwoCheckout/iconAlt.png','https://market.x-cart.com/addons/2checkout.html','','a:0:{}','a:1:{i:0;s:18:\"Payment processing\";}',1,0,0,0,0,0,'a:0:{}',0,0,0),(93,'UserPermissions','CDev','helpdesk@x-cart.com',0,0,0,0,0.0000,0,4806,0.00,'USD','5.3',1,0,0,1397073600,81920,1,'User permissions','X-Cart team','Allows you to restrict access to backend functions to only those employees who need them. You can define administrator roles and configure which groups of back-end functions are available to users having these roles.','http://my.x-cart.com/sites/default/files/addons/CDev/UserPermissions/iconAlt.png','https://market.x-cart.com/addons/user-permissions.html','','a:0:{}','a:3:{i:0;s:14:\"Administration\";i:1;s:11:\"Fulfillment\";i:2;s:18:\"Catalog Management\";}',1,0,0,0,0,2,'a:3:{i:0;s:12:\"391_Business\";i:1;s:18:\"20598_Multi-vendor\";i:2;s:18:\"536881125_Ultimate\";}',0,0,0),(94,'USPS','CDev','helpdesk@x-cart.com',0,0,0,0,0.0000,0,12996,0.00,'USD','5.3',1,0,0,1398693931,153600,0,'U.S.P.S.','X-Cart team','Gets shipping quotes for USPS delivery methods.','http://my.x-cart.com/sites/default/files/addons/CDev/USPS/iconAlt.png','https://market.x-cart.com/addons/usps.html','','a:0:{}','a:2:{i:0;s:11:\"Fulfillment\";i:1;s:8:\"Shipping\";}',1,0,0,0,0,0,'a:0:{}',0,0,0),(95,'VAT','CDev','helpdesk@x-cart.com',0,0,0,0,0.0000,0,5304,0.00,'USD','5.3',2,1,2,1400581250,317440,0,'Value Added Tax / Goods and Services Tax','X-Cart team','Define the value added tax rates for customers (VAT, GST). Set up different rates based on customer\'s membership level and address. Tax exemption based on customer\'s VAT ID is supported.','http://my.x-cart.com/sites/default/files/addons/CDev/VAT/icon.png','https://market.x-cart.com/addons/uk-vat.html','','a:0:{}','a:1:{i:0;s:5:\"Taxes\";}',1,0,0,0,0,0,'a:0:{}',0,0,0),(96,'VolumeDiscounts','CDev','helpdesk@x-cart.com',0,0,0,0,0.0000,0,5713,0.00,'USD','5.3',1,0,0,1400529600,122880,1,'Volume Discounts','X-Cart team','Enables discounts depending on the total price of ordered products and the customer membership level.','http://my.x-cart.com/sites/default/files/addons/CDev/VolumeDiscounts/iconAlt.png','https://market.x-cart.com/addons/volume-discounts.html','','a:0:{}','a:1:{i:0;s:9:\"Marketing\";}',1,0,0,0,0,2,'a:3:{i:0;s:12:\"391_Business\";i:1;s:18:\"20598_Multi-vendor\";i:2;s:18:\"536881125_Ultimate\";}',0,0,0),(97,'Wholesale','CDev','helpdesk@x-cart.com',0,0,0,0,0.0000,0,10318,0.00,'USD','5.3',1,2,0,1400529600,276480,1,'Wholesale','X-Cart team','Enables wholesale pricing depending on product quantity and customer membership level. Also the module allows you to set the minimum purchase quantity per membership level.','http://my.x-cart.com/sites/default/files/addons/CDev/Wholesale/icon.png','https://market.x-cart.com/addons/wholesale.html','','a:0:{}','a:2:{i:0;s:9:\"Marketing\";i:1;s:18:\"Catalog Management\";}',1,0,0,0,0,2,'a:3:{i:0;s:12:\"391_Business\";i:1;s:18:\"20598_Multi-vendor\";i:2;s:18:\"536881125_Ultimate\";}',0,0,0),(98,'XMLSitemap','CDev','helpdesk@x-cart.com',0,0,0,0,0.0000,0,12225,0.00,'USD','5.3',2,2,0,1400529600,163840,0,'XML sitemap','X-Cart team','Module generates an XML file with information for search engines.','http://my.x-cart.com/sites/default/files/addons/CDev/XMLSitemap/icon.png','https://market.x-cart.com/addons/xml-sitemap.html','','a:0:{}','a:1:{i:0;s:3:\"SEO\";}',1,0,0,0,0,0,'a:0:{}',0,0,0),(99,'XMLSitemapDrupal','CDev','helpdesk@x-cart.com',0,0,0,0,0.0000,0,1219,0.00,'USD','5.2',1,0,0,1397141926,51200,0,'XML sitemap for Drupal [DEPRECATED]','X-Cart team','Module generates an XML file with information for search engines.','http://my.x-cart.com/sites/default/files/addons/CDev/XMLSitemapDrupal/iconAlt.png','http://www.x-cart.com/extensions/addons/xml-sitemap-drupal.html','','a:2:{i:0;s:20:\"CDev\\DrupalConnector\";i:1;s:15:\"CDev\\XMLSitemap\";}','a:2:{i:0;s:9:\"Marketing\";i:1;s:14:\"Administration\";}',1,0,0,0,0,0,'a:0:{}',0,0,0),(100,'Paypal','CDev','helpdesk@x-cart.com',0,0,0,0,0.0000,0,21147,0.00,'USD','5.3',3,1,0,1400529600,870400,0,'PayPal','X-Cart team','Enables taking payments for your online store via PayPal services.','http://my.x-cart.com/sites/default/files/addons/CDev/Paypal/icon.png','https://market.x-cart.com/addons/paypal.html','','a:0:{}','a:1:{i:0;s:18:\"Payment processing\";}',1,0,0,0,0,0,'a:0:{}',0,0,0),(101,'XPaymentsConnector','CDev','helpdesk@x-cart.com',0,0,0,0,0.0000,0,15352,0.00,'USD','5.3',2,0,2,1398685801,1350656,0,'X-Payments connector','X-Cart team','PCI compliant credit card processing through major payment gateways without redirects that allows PCI compliant credit card storing for re-using and subscriptions. X-Payments integrates with over 40 payment providers including but not limited to: PayPal, BrainTree, Authorize.Net AIM/CIM, Chase Paymentech, CyberSource, Elavon, Moneris (former eSelect), First Data, Intuit Quickbooks, Ogone, Sage Pay, Realex, WorldPay and many others.','http://my.x-cart.com/sites/default/files/addons/CDev/XPaymentsConnector/iconAlt.png','https://market.x-cart.com/addons/xpayments-connector.html','','a:0:{}','a:2:{i:0;s:14:\"Administration\";i:1;s:18:\"Payment processing\";}',1,0,0,0,0,0,'a:0:{}',0,0,0),(102,'ThemeTweaker','XC','helpdesk@x-cart.com',0,0,0,0,0.0000,0,14082,0.00,'USD','5.3',2,0,0,1400583254,4024320,0,'Theme tweaker','X-Cart team','This extension allows you to tweak your store design by adding and editing custom CSS styles and JavaScript code directly in the store back end. Also you can upload images to link them from your CSS styles.','http://my.x-cart.com/sites/default/files/addons/XC/ThemeTweaker/icon.png','https://market.x-cart.com/addons/theme-tweaker.html','','a:0:{}','a:2:{i:0;s:13:\"Design tweaks\";i:1;s:14:\"Administration\";}',1,0,0,0,0,0,'a:0:{}',0,0,0),(103,'InstantSearch','CDev','helpdesk@x-cart.com',0,0,0,0,0.0000,0,1384,0.00,'USD','5.1',2,0,0,1398628800,81920,1,'Instant Search [DEPRECATED]','X-Cart team','Starting from v.5.2 the module won\'t be supported. Consider the \"Cloud Search\" instead. More details: http://blog.x-cart.com/cloud-search-goes-free-to-replace-instant-search.html','http://my.x-cart.com/sites/default/files/addons/CDev/InstantSearch/iconAlt.png','http://www.x-cart.com/extensions/addons/instant-search.html','','a:0:{}','a:1:{i:0;s:21:\"Search and Navigation\";}',1,0,0,0,0,2,'a:3:{i:0;s:12:\"391_Business\";i:1;s:18:\"20598_Multi-vendor\";i:2;s:18:\"536881125_Ultimate\";}',0,0,0),(104,'ProductComparison','XC','helpdesk@x-cart.com',0,0,0,0,0.0000,0,5700,0.00,'USD','5.3',2,0,0,1400529600,143360,1,'Product Comparison','X-Cart team','Allows customers to compare products.','http://my.x-cart.com/sites/default/files/addons/XC/ProductComparison/icon.png','https://market.x-cart.com/addons/product-comparison.html','','a:0:{}','a:2:{i:0;s:15:\"User experience\";i:1;s:21:\"Search and Navigation\";}',1,0,0,0,0,2,'a:3:{i:0;s:12:\"391_Business\";i:1;s:18:\"20598_Multi-vendor\";i:2;s:18:\"536881125_Ultimate\";}',0,0,0),(105,'ProductFilter','XC','helpdesk@x-cart.com',0,0,0,0,0.0000,0,9819,0.00,'USD','5.3',2,0,2,1398691782,245760,1,'Product Filter','X-Cart team','Allows customers to filter products.','http://my.x-cart.com/sites/default/files/addons/XC/ProductFilter/icon.png','https://market.x-cart.com/addons/product-filter.html','','a:0:{}','a:2:{i:0;s:21:\"Search and Navigation\";i:1;s:15:\"User experience\";}',1,0,0,0,0,2,'a:3:{i:0;s:12:\"391_Business\";i:1;s:18:\"20598_Multi-vendor\";i:2;s:18:\"536881125_Ultimate\";}',0,0,0),(106,'RESTAPI','XC','helpdesk@x-cart.com',0,0,0,0,0.0000,0,7698,0.00,'USD','5.3',2,1,0,1397141927,163840,0,'REST API','X-Cart team','Allows external applications to work with your store data via REST API.','http://my.x-cart.com/sites/default/files/addons/XC/RESTAPI/icon.png','https://market.x-cart.com/addons/rest-api.html','','a:0:{}','a:1:{i:0;s:11:\"Development\";}',1,0,0,0,0,0,'a:0:{}',0,0,0),(107,'FedEx','CDev','helpdesk@x-cart.com',0,0,0,0,0.0000,0,10318,0.00,'USD','5.3',1,0,0,1398693928,133120,0,'FedEx','X-Cart team','Gets shipping quotes for FedEx delivery methods.','http://my.x-cart.com/sites/default/files/addons/CDev/FedEx/iconAlt.png','https://market.x-cart.com/addons/fedex.html','','a:0:{}','a:2:{i:0;s:11:\"Fulfillment\";i:1;s:8:\"Shipping\";}',1,0,0,0,0,0,'a:0:{}',0,0,0),(108,'CanadaPost','XC','helpdesk@x-cart.com',0,0,0,0,0.0000,0,8928,0.00,'USD','5.3',1,2,0,1400605539,860160,0,'Canada Post','X-Cart team','Gets shipping quotes for Canada Post delivery methods.','http://my.x-cart.com/sites/default/files/addons/XC/CanadaPost/icon.png','https://market.x-cart.com/addons/canadapost.html','','a:0:{}','a:2:{i:0;s:11:\"Fulfillment\";i:1;s:8:\"Shipping\";}',1,0,0,0,0,0,'a:0:{}',0,0,0),(109,'ColorSchemes','XC','helpdesk@x-cart.com',0,0,0,0,0.0000,0,13030,0.00,'USD','5.3',2,0,0,1400529600,1474560,0,'Color Schemes','X-Cart team','This module adds three new color schemes to the base X-Cart design theme.','http://my.x-cart.com/sites/default/files/addons/XC/ColorSchemes/icon.png','https://market.x-cart.com/addons/color-schemes.html','','a:0:{}','a:1:{i:0;s:9:\"Templates\";}',1,0,0,0,0,0,'a:0:{}',0,0,0),(110,'UPS','XC','helpdesk@x-cart.com',0,0,0,0,0.0000,0,11733,0.00,'USD','5.3',1,2,0,1398693934,143360,0,'UPS','X-Cart team','Gets shipping quotes for UPS delivery methods.','http://my.x-cart.com/sites/default/files/addons/XC/UPS/icon.png','https://market.x-cart.com/addons/ups.html','','a:0:{}','a:2:{i:0;s:11:\"Fulfillment\";i:1;s:8:\"Shipping\";}',1,0,0,0,0,0,'a:0:{}',0,0,0),(111,'GiftCertificates','RedSqui','redsqui@gmail.com',0,0,0,0,0.0000,0,950,75.00,'USD','5.3',7,0,2,1395259200,710656,0,'GiftCertificates','Vladimir Serov','Enables customers to buy and use gift certificates.','http://my.x-cart.com/sites/default/files/addons/RedSqui/GiftCertificates/icon.png','https://market.x-cart.com/addons/gift-certificates.html','','a:0:{}','a:1:{i:0;s:18:\"Payment processing\";}',1,0,0,0,0,0,'a:0:{}',536881108,0,0),(112,'Justuno','Justuno','help@justuno.com',0,0,0,0,0.0000,0,37,0.00,'USD','5.1',0,0,0,1378713159,44544,0,'Justuno','Justuno','The Social Incentive Platform','http://my.x-cart.com/sites/default/files/addons/Justuno/Justuno/iconAlt.png','https://market.x-cart.com/addons/justuno-for-xcart.html','','a:0:{}','a:2:{i:0;s:9:\"Marketing\";i:1;s:6:\"Social\";}',1,0,0,0,0,0,'a:0:{}',0,0,0),(113,'PINCodes','CDev','helpdesk@x-cart.com',0,0,0,0,0.0000,0,6452,0.00,'USD','5.3',1,1,0,1400529600,225280,1,'PIN Codes','X-Cart team','Allows to sell PIN codes attached to products.','http://my.x-cart.com/sites/default/files/addons/CDev/PINCodes/icon.png','https://market.x-cart.com/addons/pin-codes.html','','a:0:{}','a:2:{i:0;s:11:\"Fulfillment\";i:1;s:18:\"Catalog Management\";}',1,0,0,0,0,2,'a:3:{i:0;s:12:\"391_Business\";i:1;s:18:\"20598_Multi-vendor\";i:2;s:18:\"536881125_Ultimate\";}',0,0,0),(114,'Mobile','XC','helpdesk@x-cart.com',0,0,0,0,0.0000,0,2435,249.00,'USD','5.2',20,0,10,1400529600,2503680,0,'Mobile skin','X-Cart team','This module enables the mobile view for your store.','http://my.x-cart.com/sites/default/files/addons/XC/Mobile/iconAlt.png','https://market.x-cart.com/addons/mobile.html','','a:0:{}','a:2:{i:0;s:15:\"Mobile Commerce\";i:1;s:9:\"Templates\";}',1,0,0,0,0,0,'a:0:{}',536881124,0,0),(115,'ProductVariants','XC','helpdesk@x-cart.com',0,0,0,0,0.0000,0,13024,0.00,'USD','5.3',2,1,2,1400529600,402432,1,'Product Variants','X-Cart team','Allows to manage products variants.','http://my.x-cart.com/sites/default/files/addons/XC/ProductVariants/icon.png','https://market.x-cart.com/addons/product-variants.html','','a:0:{}','a:2:{i:0;s:11:\"Fulfillment\";i:1;s:18:\"Catalog Management\";}',1,0,0,0,0,2,'a:3:{i:0;s:12:\"391_Business\";i:1;s:18:\"20598_Multi-vendor\";i:2;s:18:\"536881125_Ultimate\";}',0,0,0),(116,'YandexMetrika','STaM','support@buyyy.ru',0,0,0,0,0.0000,0,117,10.00,'USD','5.3',0,0,0,1393617600,36864,0,'Yandex Metrika','STaM LLC','Enables tracking and analyzing your X-Cart website e-commerce statistics with Yandex Metrika.','http://my.x-cart.com/sites/default/files/addons/STaM/YandexMetrika/icon.png','https://market.x-cart.com/addons/yandex-metrics-by-stamllc.html','','a:0:{}','a:2:{i:0;s:3:\"SEO\";i:1;s:10:\"Statistics\";}',1,0,0,0,0,0,'a:0:{}',20604,0,0),(117,'Pay2Pay','STaM','support@buyyy.ru',0,0,0,0,0.0000,0,7,79.00,'USD','5.3',0,0,0,1393617600,45056,0,'Pay2Pay','STaM LLC','Enables taking credit card payments for your online store via Pay2Pay payment gateway.','http://my.x-cart.com/sites/default/files/addons/STaM/Pay2Pay/icon.png','https://market.x-cart.com/addons/pay2pay-payment-module-by-stamllc.html','','a:0:{}','a:1:{i:0;s:18:\"Payment processing\";}',1,0,0,0,0,0,'a:0:{}',536881120,0,0),(118,'PartnerProgram','STaM','support@buyyy.ru',0,0,0,0,0.0000,0,72,250.00,'USD','5.3',0,0,0,1412798400,855040,0,'Partner Program','STaM LLC','Module allows you to add an Affiliate program to your store.','http://my.x-cart.com/sites/default/files/addons/STaM/PartnerProgram/icon.png','https://market.x-cart.com/addons/partner-program-by-stamllc.html','','a:0:{}','a:1:{i:0;s:9:\"Marketing\";}',1,0,2,0,0,0,'a:0:{}',20588,0,0),(119,'GoogleExperiments','STaM','support@buyyy.ru',0,0,0,0,0.0000,0,6,45.00,'USD','5.3',0,0,0,1393617600,27136,0,'Google Experiments','STaM LLC','Enables content experiments support with Google Analytics.','http://my.x-cart.com/sites/default/files/addons/STaM/GoogleExperiments/icon.png','https://market.x-cart.com/addons/google-experiment-module-by-stamllc.html','','a:2:{i:0;s:20:\"CDev\\GoogleAnalytics\";i:1;s:14:\"CDev\\SimpleCMS\";}','a:2:{i:0;s:9:\"Marketing\";i:1;s:3:\"SEO\";}',1,0,0,0,0,0,'a:0:{}',536881119,0,0),(120,'Qiwi','XC','helpdesk@x-cart.com',0,0,0,0,0.0000,0,820,0.00,'USD','5.3',1,0,0,1397073600,71680,0,'Qiwi','X-Cart team','Enables receiving payments for your online store via Qiwi payment system.','http://my.x-cart.com/sites/default/files/addons/XC/Qiwi/iconAlt.png','https://market.x-cart.com/addons/qiwi-payment-module.html','','a:0:{}','a:1:{i:0;s:18:\"Payment processing\";}',1,0,0,0,0,0,'a:0:{}',0,0,0),(121,'Webmoney','XC','helpdesk@x-cart.com',0,0,0,0,0.0000,0,485,0.00,'USD','5.3',1,0,0,1397073600,61440,0,'WebMoney','X-Cart team','Enables receiving payments for your online store via WebMoney payment system','http://my.x-cart.com/sites/default/files/addons/XC/Webmoney/iconAlt.png','https://market.x-cart.com/addons/webmoney-payment-module.html','','a:0:{}','a:1:{i:0;s:18:\"Payment processing\";}',1,0,0,0,0,0,'a:0:{}',0,0,0),(122,'Cart2cart','MagneticOne','marketing@magneticone.com',0,0,0,0,0.0000,0,157,0.00,'USD','5.3',0,2,0,1390248000,133632,0,'Migrate Data to X-Cart','MagneticOne','Allows you to use the Cart2Cart service right out of your store admin panel and install Connection Bridge to transfer your products, orders, customers information and other data from your current shopping cart to X-Cart.','http://my.x-cart.com/sites/default/files/addons/MagneticOne/Cart2cart/iconAlt.png','https://market.x-cart.com/addons/migrate-data-to-x-cart.html','','a:0:{}','a:0:{}',1,0,0,0,1,0,'a:0:{}',0,0,0),(123,'AbandonedCartReminder','QSL','helpdesk@x-cart.com',0,0,0,0,0.0000,0,1328,165.00,'USD','5.3',3,0,2,1401086589,396288,0,'Abandoned Cart Reminder','Qualiteam','This module gives unfinished orders a second chance and allows you to remind customers of their abandoned carts by sending an e-mail notification manually or automatically.','http://my.x-cart.com/sites/default/files/addons/QSL/AbandonedCartReminder/icon.png','https://market.x-cart.com/addons/abandoned-cart-reminder.html','','a:0:{}','a:1:{i:0;s:9:\"Marketing\";}',1,1,3,0,1,0,'a:0:{}',536881107,0,0),(124,'Banner','QSL','helpdesk@x-cart.com',0,0,0,0,0.0000,0,3677,49.00,'USD','5.3',3,0,0,1401048000,342016,0,'Banner System','Qualiteam','It allows admin to place both images and HTML-code banners anywhere in X-Cart via the special interface in admin area. This module is useful for promoting products, events, offers, etc.','http://my.x-cart.com/sites/default/files/addons/QSL/Banner/iconAlt.png','https://market.x-cart.com/addons/banner-system.html','','a:0:{}','a:2:{i:0;s:13:\"Design tweaks\";i:1;s:9:\"Marketing\";}',1,0,0,0,1,0,'a:0:{}',536881105,0,0),(125,'ProductFeeds','QSL','helpdesk@x-cart.com',0,0,0,0,0.0000,0,964,99.00,'USD','5.3',2,0,2,1400616000,1436160,0,'Product Feeds','Qualiteam','Product Feeds module allows you to export your products into popular comparison shopping websites: Nextag, Pricegrabber, Shopzilla, eBay Commerce Network (shopping.com) and Google Shopping.','http://my.x-cart.com/sites/default/files/addons/QSL/ProductFeeds/icon.png','https://market.x-cart.com/addons/product-feeds.html','','a:0:{}','a:2:{i:0;s:18:\"Catalog Management\";i:1;s:9:\"Marketing\";}',1,0,0,0,1,0,'a:0:{}',536881106,0,0),(126,'FreshGreenTheme','PerceptionSystemPvtLtd','xcart@perceptionsystem.com',0,0,0,0,0.0000,0,419,0.00,'USD','5.2',0,0,0,1401307200,1229824,0,'Fresh Green','Perception System Pvt. Ltd.','Fresh-Green theme suitable for every type of store. This theme utilizes the power of x-cart next simplicity.','http://my.x-cart.com/sites/default/files/addons/PerceptionSystemPvtLtd/FreshGreenTheme/iconAlt.png','https://market.x-cart.com/addons/fresh-green-theme.html','','a:0:{}','a:1:{i:0;s:9:\"Templates\";}',1,0,0,0,0,0,'a:0:{}',0,0,0),(127,'Add2CartPopup','XC','helpdesk@x-cart.com',0,0,0,0,0.0000,0,13547,0.00,'USD','5.3',1,4,0,1400529600,122880,0,'Add to Cart Popup','X-Cart team','Adds a promotional popup dialog that is displayed after a customer adds a product to cart.','http://my.x-cart.com/sites/default/files/addons/XC/Add2CartPopup/icon.png','https://market.x-cart.com/addons/add-to-cart-popup.html','','a:0:{}','a:2:{i:0;s:9:\"Marketing\";i:1;s:18:\"Catalog Management\";}',1,0,2,0,0,0,'a:0:{}',0,0,0),(128,'Reviews','XC','helpdesk@x-cart.com',0,0,0,0,0.0000,0,10761,0.00,'USD','5.3',2,0,0,1400529600,522240,1,'Product reviews','X-Cart team','Adds an ability to add products reviews and manage them in admin area','http://my.x-cart.com/sites/default/files/addons/XC/Reviews/icon.png','https://market.x-cart.com/addons/product-reviews.html','','a:0:{}','a:2:{i:0;s:15:\"User experience\";i:1;s:6:\"Social\";}',1,0,0,0,0,2,'a:3:{i:0;s:12:\"391_Business\";i:1;s:18:\"20598_Multi-vendor\";i:2;s:18:\"536881125_Ultimate\";}',0,0,0),(129,'SagePay','XC','helpdesk@x-cart.com',0,0,0,0,0.0000,0,10648,0.00,'USD','5.3',2,0,0,1397159237,71680,0,'Sage Pay (Form)','X-Cart team','Enables taking credit card payments for your online store via SagePay payment gateway (Form protocol method).','http://my.x-cart.com/sites/default/files/addons/XC/SagePay/icon.png','https://market.x-cart.com/addons/sagepay-payment-module.html','','a:0:{}','a:1:{i:0;s:18:\"Payment processing\";}',1,0,0,0,0,0,'a:0:{}',0,0,0),(130,'Stripe','XC','helpdesk@x-cart.com',0,0,0,0,0.0000,0,9766,0.00,'USD','5.3',1,0,0,1400583259,471040,0,'Stripe','X-Cart team','Enables taking credit card payments for your online store via Stripe','http://my.x-cart.com/sites/default/files/addons/XC/Stripe/iconAlt.png','https://market.x-cart.com/addons/stripe-payment-module.html','','a:0:{}','a:1:{i:0;s:18:\"Payment processing\";}',1,0,0,0,0,0,'a:0:{}',0,0,0),(131,'Upselling','XC','helpdesk@x-cart.com',0,0,0,0,0.0000,0,6227,0.00,'USD','5.3',2,0,0,1397073600,143360,1,'Related Products','X-Cart team','This module gives you the ability to add a list of products which will be offered along with the product being viewed. You may use this feature to promote products, e.g. making them related or recommended.','http://my.x-cart.com/sites/default/files/addons/XC/Upselling/icon.png','https://market.x-cart.com/addons/related-products.html','','a:0:{}','a:3:{i:0;s:9:\"Marketing\";i:1;s:15:\"User experience\";i:2;s:21:\"Search and Navigation\";}',1,0,0,0,0,2,'a:3:{i:0;s:12:\"391_Business\";i:1;s:18:\"20598_Multi-vendor\";i:2;s:18:\"536881125_Ultimate\";}',0,0,0),(132,'Wishlist','SpurIT','contact@spur-i-t.com',0,0,0,0,0.0000,0,231,99.00,'USD','5.2',1,0,0,1401307200,244736,0,'Wishlist','SpurIT','The Wishlist module allows your customers to create a list of products which they want to purchase. All products for convenience can be placed to various categories lists. It is a great tool for your customers to plan their shopping.','http://my.x-cart.com/sites/default/files/addons/SpurIT/Wishlist/icon.png','https://market.x-cart.com/addons/wishlist-by-spurit.html','','a:0:{}','a:2:{i:0;s:9:\"Marketing\";i:1;s:15:\"User experience\";}',1,0,0,0,0,0,'a:0:{}',536881118,0,0),(133,'WhoPurchased','SpurIT','contact@spur-i-t.com',0,0,0,0,0.0000,0,123,49.00,'USD','5.2',3,0,0,1401307200,49664,0,'Customers Who Purchased','SpurIT','This plugin shows a list of products which were purchased by other buyers along with the product being viewed. The administrator has an ability to disable the plugin, limit the list to current category of products and products in stock only, limit a number of products in the list. This solution is widely used on other eCommerce platforms and has been acknowledged by significant increase of sales.','http://my.x-cart.com/sites/default/files/addons/SpurIT/WhoPurchased/icon.png','https://market.x-cart.com/addons/customers-who-purchased-by-spurit.html','','a:0:{}','a:1:{i:0;s:9:\"Marketing\";}',1,0,0,0,0,0,'a:0:{}',536881117,0,0),(134,'StockChart','SpurIT','contact@spur-i-t.com',0,0,0,0,0.0000,0,2,49.00,'USD','5.2',1,0,0,1400788800,65536,0,'Stock Chart','SpurIT','This extension indicates the availability of your product variations. It displays your current inventory available for customers.','http://my.x-cart.com/sites/default/files/addons/SpurIT/StockChart/icon.png','https://market.x-cart.com/addons/stock-chart-by-spurit.html','','a:0:{}','a:1:{i:0;s:18:\"Catalog Management\";}',1,0,0,0,0,0,'a:0:{}',536881116,0,0),(135,'AbandonedOrdersRecovering','SpurIT','contact@spur-i-t.com',0,0,0,0,0.0000,0,8,200.00,'USD','5.2',1,0,0,1401307200,408064,0,'Abandoned Orders Recovering','SpurIT','This extension recoups lost revenue by reminding customers about their abandoned cart and offering a deal or promotion to encourage them to complete their orders.','http://my.x-cart.com/sites/default/files/addons/SpurIT/AbandonedOrdersRecovering/icon.png','https://market.x-cart.com/addons/abandoned-orders-recovering-by-spurit.html','','a:0:{}','a:1:{i:0;s:9:\"Marketing\";}',1,0,0,0,0,0,'a:0:{}',536881114,0,0),(136,'SEConnector','SpurIT','contact@spur-i-t.com',0,0,0,0,0.0000,0,2,149.00,'USD','5.2',0,0,0,1400788800,49664,0,'Socialengine Connector','SpurIT','Integration with the SocialEngine community CMS.','http://my.x-cart.com/sites/default/files/addons/SpurIT/SEConnector/icon.png','https://market.x-cart.com/addons/social-engine-connector-by-spurit.html','','a:0:{}','a:1:{i:0;s:6:\"Social\";}',1,0,0,0,0,0,'a:0:{}',536881115,0,0),(137,'ProductVideo','PerceptionSystemPvtLtd','xcart@perceptionsystem.com',0,0,0,0,0.0000,0,521,5.00,'USD','5.3',1,0,0,1400702400,37888,0,'X-Cart Product Video','Perception System Pvt. Ltd.','Allows you to add youtube video to your product on product-details page.','http://my.x-cart.com/sites/default/files/addons/PerceptionSystemPvtLtd/ProductVideo/icon.png','https://market.x-cart.com/addons/product-video.html','','a:0:{}','a:1:{i:0;s:18:\"Catalog Management\";}',1,0,0,0,0,0,'a:0:{}',20615,0,0),(138,'BannerPro','PerceptionSystemPvtLtd','xcart@perceptionsystem.com',0,0,0,0,0.0000,0,200,29.00,'USD','5.3',1,0,0,1401544882,290304,0,'Banner Pro : With Multiple Animation Effect.','Perception System Pvt. Ltd.','Banner Pro x-cart Module allows to upload picture banners to display on store front-end with amazing animated jQuery effects.','http://my.x-cart.com/sites/default/files/addons/PerceptionSystemPvtLtd/BannerPro/icon.png','https://market.x-cart.com/addons/banner-pro-by-perception-system.html','','a:0:{}','a:4:{i:0;s:6:\"Design\";i:1;s:13:\"Design tweaks\";i:2;s:9:\"Marketing\";i:3;s:15:\"User experience\";}',1,0,0,0,0,0,'a:0:{}',536881126,0,0),(139,'Ecc','Webgility','sales@webgility.com',0,0,0,0,0.0000,0,1181,0.00,'USD','5.3',1,0,0,1401457707,244224,0,'Unify for Quickbooks','Webgility','Unify for QuickBooks - Simplify your e-commerce business by integrating X-Cart with QuickBooks.  Works with QuickBooks Online, Pro, Premier, Enterprise and Point of Sale.','http://my.x-cart.com/sites/default/files/addons/Webgility/Ecc/iconAlt.png','https://market.x-cart.com/addons/unify-for-quickbooks-by-webgility.html','','a:0:{}','a:1:{i:0;s:10:\"Accounting\";}',1,0,4,0,0,0,'a:0:{}',0,0,0),(140,'Robokassa','XC','helpdesk@x-cart.com',0,0,0,0,0.0000,0,756,0.00,'USD','5.3',1,0,0,1400583771,51200,0,'Robokassa','X-Cart team','Robokassa allows all types of payments \"in the single window\": Credit Cards, SMS payments aka \"Mobile Commerce\", e-currencies (WebMoney, Yandex.Money), Instant payment terminals, Internet-Banking, iPhone application payments. Coupon decreasing the processing fee from 5% down to 2.9% within first 3 months is available. Contact us to get your promo-code!','http://my.x-cart.com/sites/default/files/addons/XC/Robokassa/iconAlt.png','https://market.x-cart.com/addons/robokassa-payment-module.html','','a:0:{}','a:1:{i:0;s:18:\"Payment processing\";}',1,0,0,0,0,0,'a:0:{}',0,0,0),(141,'LoyaltyProgram','QSL','helpdesk@x-cart.com',0,0,0,0,0.0000,0,815,99.00,'USD','5.3',4,0,0,1401652800,475648,0,'Loyalty Program','Qualiteam','Increase customer loyalty and turn your visitors into returning customers by giving them reward points for purchases made in your store and letting them cash the points in for discounts on future orders.','http://my.x-cart.com/sites/default/files/addons/QSL/LoyaltyProgram/icon.png','https://market.x-cart.com/addons/loyalty-program.html','','a:0:{}','a:1:{i:0;s:9:\"Marketing\";}',1,0,0,0,1,0,'a:0:{}',536881111,0,0),(142,'MyBestDressSkin','QSL','helpdesk@x-cart.com',0,0,0,0,0.0000,0,112,99.00,'USD','5.3',1,0,2,1396468800,820736,0,'My Best Dress','Qualiteam','The \"My Best Dress\" X-Cart Design Template (#38). This template is good for the following themes: Accessories, Beauty, Clothing, Jewelry, Medical, Wedding.','http://my.x-cart.com/sites/default/files/addons/QSL/MyBestDressSkin/icon.png','https://market.x-cart.com/xcart-templates/mybestdress.html','','a:0:{}','a:1:{i:0;s:9:\"Templates\";}',1,0,0,0,1,0,'a:0:{}',442,0,0),(143,'CustomSkin','XC','helpdesk@x-cart.com',0,0,0,0,0.0000,0,6323,0.00,'USD','5.3',1,1,0,1397141928,40960,0,'Custom skin','X-Cart team','Development module that simplifies the process of implementing design changes.','http://my.x-cart.com/sites/default/files/addons/XC/CustomSkin/icon.png','https://market.x-cart.com/addons/custom-skin.html','','a:0:{}','a:1:{i:0;s:11:\"Development\";}',1,0,0,0,0,0,'a:0:{}',0,0,0),(144,'DisqusComments','XC','helpdesk@x-cart.com',0,0,0,0,0.0000,0,771,0.00,'USD','5.3',1,0,0,1400529600,40960,0,'Disqus comments','X-Cart team','Make commenting easier and more interactive with Disqus. Replies, subscriptions and email notifications. Sharing in Twitter and Facebook. Moderation of posts within Disqus admin area. Simple yet powerful.','http://my.x-cart.com/sites/default/files/addons/XC/DisqusComments/iconAlt.png','https://market.x-cart.com/addons/disqus-comments.html','','a:0:{}','a:1:{i:0;s:6:\"Social\";}',1,0,0,0,0,0,'a:0:{}',0,0,0),(145,'EMS','XC','helpdesk@x-cart.com',0,0,0,0,0.0000,0,618,0.00,'USD','5.3',1,0,0,1400529600,92160,0,'EMS Russian Post','X-Cart team','Gets shipping quotes for EMS delivery methods.','http://my.x-cart.com/sites/default/files/addons/XC/EMS/iconAlt.png','https://market.x-cart.com/addons/ems-russian-post.html','','a:0:{}','a:2:{i:0;s:11:\"Fulfillment\";i:1;s:8:\"Shipping\";}',1,0,0,0,0,0,'a:0:{}',0,0,0),(146,'Olark','XC','helpdesk@x-cart.com',0,0,0,0,0.0000,0,2005,0.00,'USD','5.3',1,0,0,1398628800,40960,0,'Livechat - Olark','X-Cart team','The module adds Olark Live Chat to your website: neat in customer area, powerful and informative in admin back-end. Understand who\'s on your website, see where your customers are and co-browse with them, chat with the visitors proactively, help them solve the concerns and see how your sales grow.','http://my.x-cart.com/sites/default/files/addons/XC/Olark/iconAlt.png','https://market.x-cart.com/addons/olark-live-chat.html','','a:0:{}','a:2:{i:0;s:15:\"User experience\";i:1;s:14:\"Administration\";}',1,0,0,0,0,0,'a:0:{}',0,0,0),(147,'WebmasterKit','XC','helpdesk@x-cart.com',0,0,0,0,0.0000,0,10060,0.00,'USD','5.3',2,0,0,1398628800,3256320,0,'Webmaster Kit','X-Cart team','This module helps web developers. It is used to find specific templates (the same as Webmaster mode functionality in X-Cart 4), SQL logging, benchmarking.','http://my.x-cart.com/sites/default/files/addons/XC/WebmasterKit/icon.png','https://market.x-cart.com/addons/webmaster-kit.html','','a:0:{}','a:1:{i:0;s:11:\"Development\";}',1,0,0,0,0,0,'a:0:{}',0,0,0),(148,'Napoleon','Edessertnet','x-cart@edessert.net',0,0,0,0,0.0000,0,229,0.00,'USD','5.1',4,0,0,1400268422,93184,0,'Napoleon Recommendation Service','Edessertnet','Amazon quality product recommender. It boosts sales, increases average order value, conversion and loyalty. Suggest products that will get your visitors to respond!','http://my.x-cart.com/sites/default/files/addons/Edessertnet/Napoleon/iconAlt.png','https://market.x-cart.com/addons/edessertnet-product-recommendations.html','','a:0:{}','a:2:{i:0;s:9:\"Marketing\";i:1;s:21:\"Search and Navigation\";}',1,0,0,0,0,0,'a:0:{}',0,0,0),(149,'ShopGate','QSL','helpdesk@x-cart.com',0,0,0,0,0.0000,0,683,0.00,'USD','5.3',1,1,0,1400702400,2048000,0,'Shopgate - Mobile Commerce','Qualiteam','Boost your mobile sales with your individual mobile website or native Shopping app for iPhone, iPad and Android!\nSign up URL: http://www.shopgate.com/en/partner/x-cart/\';','http://my.x-cart.com/sites/default/files/addons/QSL/ShopGate/icon.png','https://market.x-cart.com/addons/shopgate-mobile-commerce.html','','a:0:{}','a:3:{i:0;s:9:\"Marketing\";i:1;s:15:\"User experience\";i:2;s:15:\"Mobile Commerce\";}',1,0,5,0,1,0,'a:0:{}',0,0,0),(150,'ShopByBrand','QSL','helpdesk@x-cart.com',0,0,0,0,0.0000,0,1869,49.00,'USD','5.3',3,0,0,1400568778,310272,0,'Shop By Brand','Qualiteam','Allows customers to navigate and search products by brands / manufacturers / vendors.','http://my.x-cart.com/sites/default/files/addons/QSL/ShopByBrand/icon.png','https://market.x-cart.com/addons/shop-by-brand.html','','a:0:{}','a:2:{i:0;s:18:\"Catalog Management\";i:1;s:21:\"Search and Navigation\";}',1,0,0,0,1,0,'a:0:{}',536881121,0,0),(151,'OneCIntegration','XC','helpdesk@x-cart.com',0,0,0,0,0.0000,0,41,399.00,'USD','5.3',1,0,0,1400582667,163840,0,'1C integration','X-Cart team','Upload the products from \"1C\" database and publish them in your online store. Import categories, products (inlcuding images and properties) and product variants. Upload orders from your online store into \"1C\". Update the order statuses in the online store, based on order statuses changes in \"1C\".','http://my.x-cart.com/sites/default/files/addons/XC/OneCIntegration/icon.png','https://market.x-cart.com/addons/1c-integraciya.html','','a:0:{}','a:2:{i:0;s:10:\"Accounting\";i:1;s:11:\"Fulfillment\";}',1,0,0,0,0,0,'a:0:{}',20603,0,0),(152,'PosSystem','XC','helpdesk@x-cart.com',0,0,0,0,0.0000,0,208,499.00,'USD','5.3',3,0,2,1400767927,708096,0,'POS System','X-Cart team','Turn your X-cart store into a retail Point of Sale. Note: a java virtual machine is required to use \"jZebra\" applet.','http://my.x-cart.com/sites/default/files/addons/XC/PosSystem/icon.png','https://market.x-cart.com/addons/point-of-sale.html','','a:1:{i:0;s:15:\"XC\\SystemFields\";}','a:2:{i:0;s:14:\"Administration\";i:1;s:18:\"Payment processing\";}',1,0,0,0,0,0,'a:0:{}',536881104,0,0),(153,'SystemFields','XC','helpdesk@x-cart.com',0,0,0,0,0.0000,0,2553,0.00,'USD','5.3',1,1,0,1400702400,153600,0,'UPC/ISBN and Mnf#/Vendor# fields','X-Cart team','The module adds 2 system fields - UPC/ISBN and Manufacturer/Vendor to products and variants. Admin selects whether to display the fields nowhere, in admin area only or both in admin and customer area.','http://my.x-cart.com/sites/default/files/addons/XC/SystemFields/icon.png','https://market.x-cart.com/addons/system-fields.html','','a:0:{}','a:2:{i:0;s:14:\"Administration\";i:1;s:18:\"Catalog Management\";}',1,0,0,0,0,0,'a:0:{}',0,0,0),(154,'RichGoogleSearchResults','QSL','helpdesk@x-cart.com',0,0,0,0,0.0000,0,670,79.00,'USD','5.3',3,0,0,1401134400,35328,0,'Rich google search results','Qualiteam','This module allows search engines to display information about yourproducts and reviews in well-structured format','http://my.x-cart.com/sites/default/files/addons/QSL/RichGoogleSearchResults/icon.png','https://market.x-cart.com/addons/rich-google-search-results.html','','a:0:{}','a:2:{i:0;s:9:\"Marketing\";i:1;s:3:\"SEO\";}',1,0,0,0,0,0,'a:0:{}',536881127,0,0),(155,'PayWithAmazon','Amazon','vendor+Amazon@x-cart.com',0,0,0,0,0.0000,0,6968,0.00,'USD','5.3',3,0,0,1401742368,215040,0,'Pay with Amazon','Amazon Payments','This module enables Pay with Amazon functionality','http://my.x-cart.com/sites/default/files/addons/Amazon/PayWithAmazon/icon.png','https://market.x-cart.com/addons/pay-with-amazon-payment-module.html','','a:0:{}','a:1:{i:0;s:18:\"Payment processing\";}',1,0,0,0,0,0,'a:0:{}',0,0,0),(156,'CustomerSatisfaction','QSL','helpdesk@x-cart.com',0,0,0,0,0.0000,0,296,99.00,'USD','5.3',6,0,0,1401912000,334336,0,'Customer Satisfaction','Qualiteam','Module allows store administrator to know as soon as possible if customer is satisfied with the purchase and to prevent any negative customer reviews by resolving their issues.','http://my.x-cart.com/sites/default/files/addons/QSL/CustomerSatisfaction/icon.png','https://market.x-cart.com/addons/customer-satisfaction.html','','a:0:{}','a:2:{i:0;s:10:\"Statistics\";i:1;s:15:\"User experience\";}',1,0,5,0,0,0,'a:0:{}',536881131,0,0),(157,'Eccxero','Webgility','sales@webgility.com',0,0,0,0,0.0000,0,192,0.00,'USD','5.3',1,0,0,-10800,274944,0,'Unify for Xero','Webgility','Unfiy for Xero - Automate your e-commerce accounting by integrating X-Cart with Xero.','http://my.x-cart.com/sites/default/files/addons/Webgility/Eccxero/iconAlt.png','https://market.x-cart.com/addons/unify-for-xero-by-webgility.html','','a:0:{}','a:2:{i:0;s:14:\"Administration\";i:1;s:10:\"Accounting\";}',1,0,4,0,0,0,'a:0:{}',0,0,0),(158,'Eccpos','Webgility','brajkishors@webgility.com',0,0,0,0,0.0000,0,176,0.00,'USD','5.2',4,0,0,-10800,244224,0,'Highlight','Webgility','Highlight connects your X-Cart store. The easy-to-use business intelligence tool designed specifically for online retailers.','http://my.x-cart.com/sites/default/files/addons/Webgility/Eccpos/iconAlt.png','https://www.x-cart.com/extensions/addons/quickBooks-pos-integration-by-webgility.html','','a:0:{}','a:3:{i:0;s:14:\"Administration\";i:1;s:11:\"Fulfillment\";i:2;s:10:\"Accounting\";}',1,0,0,0,0,0,'a:0:{}',0,0,0),(159,'SportLifeSkin','QSL','helpdesk@x-cart.com',0,0,0,0,0.0000,0,175,99.00,'USD','5.3',1,0,2,-10800,1756160,0,'Sport Life','Qualiteam','The \"Sport Life\" X-Cart Design Template (#39). This template is good for the following themes: Clothing, Entertainment, Jewelry, Sport, Tools &amp; Equipment.','http://my.x-cart.com/sites/default/files/addons/QSL/SportLifeSkin/icon.png','https://market.x-cart.com/xcart-templates/sport-life.html','','a:0:{}','a:1:{i:0;s:9:\"Templates\";}',1,0,0,0,1,0,'a:0:{}',441,0,0),(160,'CallForPrice','QSL','helpdesk@x-cart.com',0,0,0,0,0.0000,0,686,35.00,'USD','5.3',5,0,2,-10800,143872,0,'Call For Price','Qualiteam','With this module you can hide price and \"Add to cart\" button for particular products and show a \"Call For Price\" message instead.','http://my.x-cart.com/sites/default/files/addons/QSL/CallForPrice/icon.png','https://market.x-cart.com/addons/call-for-price.html','','a:0:{}','a:1:{i:0;s:18:\"Catalog Management\";}',1,0,6,0,0,0,'a:0:{}',536881132,0,0),(161,'AppleShop','QSL','helpdesk@x-cart.com',0,0,0,0,0.0000,0,184,99.00,'USD','5.3',1,1,2,1404158400,579584,0,'Apple Shop','Qualiteam','The \"Apple Shop\" X-Cart Design Template (#37). This template is good for the following themes:  Business, Computers, Electronics, Tools & Equipment','http://my.x-cart.com/sites/default/files/addons/QSL/AppleShop/icon.png','https://market.x-cart.com/xcart-templates/apple-shop.html','','a:0:{}','a:1:{i:0;s:9:\"Templates\";}',1,0,0,0,1,0,'a:0:{}',443,0,0),(162,'HiTech_14','QSL','qualiteam-modules@x-cart.com',0,0,0,0,0.0000,0,81,99.00,'USD','5.3',0,0,1,-10800,369664,0,'Template #14 \"Hi-tech\"','Qualiteam','The \"Hi-tech\" X-Cart Design Template (#14). This template is good for the following themes: Computers, Electronics, Tools & Equipment','http://my.x-cart.com/sites/default/files/addons/QSL/HiTech_14/icon.png','http://www.x-cart.com/extensions/xcart-templates/hi-tech.html','','a:0:{}','a:1:{i:0;s:9:\"Templates\";}',1,0,0,0,1,0,'a:0:{}',536881072,0,0),(163,'CloudSearch','QSL','helpdesk@x-cart.com',0,0,0,0,0.0000,0,11729,0.00,'USD','5.3',3,0,1,-10800,269312,0,'CloudSearch','Qualiteam','CloudSearch is a SaaS solution that integrates with X-Cart 5 to enable dynamic, real-time product search with highly relevant search results. Power up your store with enterprise-class search technologies for better conversion!','http://my.x-cart.com/sites/default/files/addons/QSL/CloudSearch/iconAlt.png','https://market.x-cart.com/addons/cloudsearch.html','','a:0:{}','a:3:{i:0;s:9:\"Marketing\";i:1;s:21:\"Search and Navigation\";i:2;s:15:\"User experience\";}',1,0,5,0,1,0,'a:0:{}',0,0,0),(164,'Magic360','MagicToolbox','support@magictoolbox.com',0,0,0,0,0.0000,0,404,159.00,'USD','5.2',5,0,0,1473282000,453120,0,'Magic 360 for XC 5','Magic Toolbox','Spin products round in 360 degrees and zoom them.','http://my.x-cart.com/sites/default/files/addons/MagicToolbox/Magic360/icon.png','https://market.x-cart.com/addons/magic-360-for-xc-5.html','','a:0:{}','a:4:{i:0;s:15:\"User experience\";i:1;s:13:\"Design tweaks\";i:2;s:11:\"Development\";i:3;s:8:\"Products\";}',1,0,5,0,0,0,'a:0:{}',21087,0,0),(165,'MagicScroll','MagicToolbox','support@magictoolbox.com',0,0,0,0,0.0000,0,398,0.00,'USD','5.2',5,0,0,-10800,495104,0,'Magic Scroll for XC 5','Magic Toolbox','Effortlessly scroll through images and/or text on your web pages.','http://my.x-cart.com/sites/default/files/addons/MagicToolbox/MagicScroll/iconAlt.png','https://market.x-cart.com/magic-scroll-for-xc-5.html','','a:0:{}','a:3:{i:0;s:15:\"User experience\";i:1;s:13:\"Design tweaks\";i:2;s:11:\"Development\";}',1,0,0,0,0,0,'a:0:{}',21056,0,0),(166,'MagicSlideshow','MagicToolbox','support@magictoolbox.com',0,0,0,0,0.0000,0,839,0.00,'USD','5.2',5,0,0,-10800,395264,0,'Magic Slideshow for XC 5','Magic Toolbox','Display one image after another. Fade or slide, fast or slow, text or just images. It\'s your choice!','http://my.x-cart.com/sites/default/files/addons/MagicToolbox/MagicSlideshow/iconAlt.png','https://market.x-cart.com/magic-slideshow-for-xc-5.html','','a:0:{}','a:3:{i:0;s:15:\"User experience\";i:1;s:13:\"Design tweaks\";i:2;s:11:\"Development\";}',1,0,0,0,0,0,'a:0:{}',21058,0,0),(167,'MagicZoom','MagicToolbox','support@magictoolbox.com',0,0,0,0,0.0000,0,397,0.00,'USD','5.2',6,0,0,1412798400,636928,0,'Magic Zoom for XC 5','Magic Toolbox','Zoom into images when you hover over an image. A beautiful effect.','http://my.x-cart.com/sites/default/files/addons/MagicToolbox/MagicZoom/iconAlt.png','https://market.x-cart.com/magic-zoom-for-xc-5.html','','a:0:{}','a:3:{i:0;s:15:\"User experience\";i:1;s:13:\"Design tweaks\";i:2;s:11:\"Development\";}',1,0,0,0,0,0,'a:0:{}',21055,0,0),(168,'FbWall','Webkulsoftware','support@webkul.com',0,0,0,0,0.0000,0,43,29.00,'USD','5.3',0,0,0,1407764555,158720,0,'Facebook Wall Feed','Webkul Software Pvt. Ltd.','Facebook Wall Feed will grab your Facebook wall post automatically in your website as a module, You can display feed of the posts on your Facebook page or profile or group on your website by just put your Facebook Account ID or Facebook account name with access token. Requires to have the Facebook Wall Feed module properly installed and enabled.','http://my.x-cart.com/sites/default/files/addons/Webkulsoftware/FbWall/icon.png','https://market.x-cart.com/addons/facebook-wall-by-webkulsoftware.html','','a:0:{}','a:1:{i:0;s:6:\"Social\";}',1,0,0,0,0,0,'a:0:{}',536881135,0,0),(169,'FifthDimension','FiveDimLog','support@x-cart.com',0,0,0,0,0.0000,0,61,0.00,'USD','5.2',1,0,0,1404417600,67072,0,'5th Dimension','5th Dimension Logistics ','Enables taking payments for your online store via 5th Dimension payment gateway (Payment Redirect Method).','http://my.x-cart.com/sites/default/files/addons/FiveDimLog/FifthDimension/iconAlt.png','https://market.x-cart.com/addons/5th-dimension-logistics-payment-module.html','','a:0:{}','a:1:{i:0;s:18:\"Payment processing\";}',1,0,0,0,0,0,'a:0:{}',0,0,0),(170,'AudioBooks','QSL','helpdesk@x-cart.com',0,0,0,0,0.0000,0,27,99.00,'USD','5.3',0,1,2,-10800,948736,0,'AudioBooks','Qualiteam','This template is good for the following themes: Books, Education, Gifts, Media, Music','http://my.x-cart.com/sites/default/files/addons/QSL/AudioBooks/icon.png','https://market.x-cart.com/xcart-templates/audiobooks.html','','a:0:{}','a:1:{i:0;s:9:\"Templates\";}',1,0,0,0,1,0,'a:0:{}',449,0,0),(171,'WordPress','QSL','helpdesk@x-cart.com',0,0,0,0,0.0000,0,673,249.00,'USD','5.3',4,0,0,1404849600,1017344,0,'Blog System in X-Cart 5','Qualiteam','This module extends your X-Cart store with a fully functional blog using the most popular blogging software in the world. It allows you to add WordPress features to your existing X-Cart store.','http://my.x-cart.com/sites/default/files/addons/QSL/WordPress/icon.png','https://market.x-cart.com/addons/blog-system-in-xcart-5.html','','a:0:{}','a:3:{i:0;s:4:\"Blog\";i:1;s:13:\"Design tweaks\";i:2;s:9:\"Marketing\";}',1,0,0,0,1,0,'a:0:{}',536881133,0,0),(172,'VitalitySkin','QSL','helpdesk@x-cart.com',0,0,0,0,0.0000,0,33,99.00,'USD','5.3',3,0,0,1404849600,432640,0,'Vitality','Qualiteam','The \"Vitality\" X-Cart Design Template (#13). This template is good for the following themes: Exterior design, Medical, Nature, Nutritional supplements.','http://my.x-cart.com/sites/default/files/addons/QSL/VitalitySkin/icon.png','https://market.x-cart.com/xcart-templates/vitality.html','','a:0:{}','a:1:{i:0;s:9:\"Templates\";}',1,0,0,0,1,0,'a:0:{}',536881073,0,0),(173,'IGmodule','Ingroove','support@diib.com',0,0,0,0,0.0000,0,41,0.00,'USD','5.1',1,0,0,1414440000,738816,0,'Diib Analytics','InGroove Inc.','Effortlessly add easy to use predictive analytics to your X-Cart store.','http://my.x-cart.com/sites/default/files/addons/Ingroove/IGmodule/iconAlt.png','https://market.x-cart.com/addons/diib-analytics-by-diib.html','','a:0:{}','a:2:{i:0;s:14:\"Administration\";i:1;s:10:\"Statistics\";}',1,0,0,0,0,0,'a:0:{}',0,0,0),(174,'MeritusPayment','MPS','support@x-cart.com',0,0,0,0,0.0000,0,64,0.00,'USD','5.3',0,0,0,1405540800,40960,0,'Meritus: Payment XP','MPS','Developed with card-not-present transactions in mind, Payment XP provides merchants with the ability to process credit and debit card, all in a PCI compliant solution loaded with tools to manage fraud and fight chargebacks.','http://my.x-cart.com/sites/default/files/addons/MPS/MeritusPayment/icon.png','https://market.x-cart.com/addons/meritus-XP-payment-module.html','','a:0:{}','a:1:{i:0;s:18:\"Payment processing\";}',1,0,0,0,0,0,'a:0:{}',0,0,0),(175,'WatchWorld','QSL','helpdesk@x-cart.com',0,0,0,0,0.0000,0,45,99.00,'USD','5.3',0,1,2,1406059200,658944,0,'WatchWorld','Qualiteam','The \"Watch world\" X-Cart Design Template (#40). This template is good for the following themes:  Accessories, Clothing, Gifts, Hotels, Jewelry, Watches','http://my.x-cart.com/sites/default/files/addons/QSL/WatchWorld/icon.png','https://market.x-cart.com/xcart-templates/watch-world.html','','a:0:{}','a:1:{i:0;s:9:\"Templates\";}',1,0,0,0,1,0,'a:0:{}',411,0,0),(176,'CustomProductTabs','XC','helpdesk@x-cart.com',0,0,0,0,0.0000,0,3212,0.00,'USD','5.3',2,0,0,1472540197,122880,1,'Custom product tabs','X-Cart team','Add additional tabs on the product page. Custom name, custom content - html text or product videos, whatever describes your product best.','http://my.x-cart.com/sites/default/files/addons/XC/CustomProductTabs/icon.png','https://market.x-cart.com/addons/custom-product-tabs.html','','a:0:{}','a:2:{i:0;s:13:\"Design tweaks\";i:1;s:18:\"Catalog Management\";}',1,0,0,0,0,2,'a:3:{i:0;s:12:\"391_Business\";i:1;s:18:\"20598_Multi-vendor\";i:2;s:18:\"536881125_Ultimate\";}',0,0,0),(177,'EPDQ','XC','helpdesk@x-cart.com',0,0,0,0,0.0000,0,3440,0.00,'USD','5.3',1,0,0,-10800,61440,0,'Barclaycard ePDQ e-Commerce','X-Cart team','Enables taking payments for your online store via Barclaycard ePDQ e-Commerce payment system (Basic e-Commerce integration).','http://my.x-cart.com/sites/default/files/addons/XC/EPDQ/iconAlt.png','https://market.x-cart.com/addons/barclays-epdq-payment-module.html','','a:0:{}','a:1:{i:0;s:18:\"Payment processing\";}',1,0,0,0,0,0,'a:0:{}',0,0,0),(178,'IdealPayments','XC','helpdesk@x-cart.com',0,0,0,0,0.0000,0,4448,0.00,'USD','5.3',1,0,0,-10800,102400,0,'iDEAL Payments','X-Cart team','Enables taking credit card payments for your online store via iDEAL payment system.','http://my.x-cart.com/sites/default/files/addons/XC/IdealPayments/iconAlt.png','https://market.x-cart.com/addons/iDEAL-payment-module.html','','a:0:{}','a:1:{i:0;s:18:\"Payment processing\";}',1,0,0,0,0,0,'a:0:{}',0,0,0),(179,'XPaymentsSubscriptions','QSL','helpdesk@x-cart.com',0,0,0,0,0.0000,0,517,0.00,'USD','5.3',2,0,0,1406122809,429568,0,'X-Payments subscriptions','Qualiteam','This module allows to create product subscriptions and process them via X-Payments module.','http://my.x-cart.com/sites/default/files/addons/QSL/XPaymentsSubscriptions/iconAlt.png','https://market.x-cart.com/addons/x-payments-subscriptions-and-installements.html','','a:1:{i:0;s:23:\"CDev\\XPaymentsConnector\";}','a:1:{i:0;s:18:\"Payment processing\";}',1,0,0,0,0,0,'a:0:{}',0,0,0),(180,'CustomerRewards','BCSE','support@bcsengineering.com',0,0,0,0,0.0000,0,33,149.00,'USD','5.2',1,0,0,1408305600,289792,0,'Customer Rewards','BCS Engineering','Allow customers to accrue points to receive discounts','http://my.x-cart.com/sites/default/files/addons/BCSE/CustomerRewards/icon.png','https://market.x-cart.com/addons/customer-rewards-by-bcse.html','','a:0:{}','a:2:{i:0;s:9:\"Marketing\";i:1;s:15:\"User experience\";}',1,0,2,0,0,0,'a:0:{}',536881137,0,0),(181,'FacebookProducts','BCSE','support@bcsengineering.com',0,0,0,0,0.0000,0,29,50.00,'USD','5.3',0,0,0,1408564800,47104,0,'Facebook Products','BCS Engineering','Post your products to Facebook','http://my.x-cart.com/sites/default/files/addons/BCSE/FacebookProducts/icon.png','https://market.x-cart.com/addons/facebook-products-by-bcse.html','','a:0:{}','a:1:{i:0;s:6:\"Social\";}',1,0,0,0,0,0,'a:0:{}',536881138,0,0),(182,'CatalogOrderForm','BCSE','support@bcsengineering.com',0,0,0,0,0.0000,0,31,40.00,'USD','5.3',2,0,0,1408535363,31744,0,'Catalog Order Form','BCS Engineering','New page for customers to enter in multiple skus to add to their cart.','http://my.x-cart.com/sites/default/files/addons/BCSE/CatalogOrderForm/icon.png','https://market.x-cart.com/addons/catalog-order-form-by-bcse.html','','a:0:{}','a:3:{i:0;s:18:\"Catalog Management\";i:1;s:21:\"Search and Navigation\";i:2;s:15:\"User experience\";}',1,0,0,0,0,0,'a:0:{}',536881139,0,0),(183,'BuyMac','QSL','helpdesk@x-cart.com',0,0,0,0,0.0000,0,110,99.00,'USD','5.3',0,1,2,1406577600,437248,0,'Buy Mac','Qualiteam','The \"Buy Mac\" X-Cart Design Template (#32). This template is good for the following themes:  Books, Cars, Computers, Electronics, Gifts, Music','http://my.x-cart.com/sites/default/files/addons/QSL/BuyMac/icon.png','https://market.x-cart.com/xcart-templates/buymac.html','','a:0:{}','a:1:{i:0;s:9:\"Templates\";}',1,0,0,0,1,0,'a:0:{}',448,0,0),(184,'ExitOffers','QSL','helpdesk@x-cart.com',0,0,0,0,0.0000,0,215,49.00,'USD','5.3',0,0,0,-10800,116736,0,'Exit Offers','Qualiteam','Allows you to recover orders by showing a special popup offer to customers before they leave your web site.','http://my.x-cart.com/sites/default/files/addons/QSL/ExitOffers/icon.png','https://market.x-cart.com/addons/exit-offers.html','','a:0:{}','a:2:{i:0;s:9:\"Marketing\";i:1;s:15:\"User experience\";}',1,0,4,0,0,0,'a:0:{}',536881134,0,0),(185,'Socialtab','Webkulsoftware','support@webkul.com',0,0,0,0,0.0000,0,184,29.00,'USD','5.3',0,0,0,1407700800,186368,0,'Social Tab','Webkul Software Pvt. Ltd.','Social Tabs is a brilliant sliding social media tab module and super useful for your social media feeds and it is very slick in design. Purpose of this addon to embed the social media post like Facebook, Twitter, LinkedIn etc on your website. This module can be applied at both side of web page (right and left)','http://my.x-cart.com/sites/default/files/addons/Webkulsoftware/Socialtab/icon.png','https://market.x-cart.com/addons/social-tab-by-webkulsoftware.html','','a:0:{}','a:1:{i:0;s:6:\"Social\";}',1,0,0,0,0,0,'a:0:{}',536881136,0,0),(186,'Fitness','QSL','helpdesk@x-cart.com',0,0,0,0,0.0000,0,60,99.00,'USD','5.3',0,1,1,1407355200,274944,0,'Fitness','Qualiteam','The \"Fitness\" X-Cart Design Template (#16). This template is good for the following themes: Cars, Fitness, Interior &amp; Furniture, Sport, Tools &amp; Equipment','http://my.x-cart.com/sites/default/files/addons/QSL/Fitness/icon.png','https://market.x-cart.com/xcart-templates/sport-fitness.html','','a:0:{}','a:1:{i:0;s:9:\"Templates\";}',1,0,0,0,1,0,'a:0:{}',536881071,0,0),(187,'FlyoutCategoriesMenu','QSL','helpdesk@x-cart.com',0,0,0,0,0.0000,0,4384,0.00,'USD','5.3',1,2,0,1407873600,71680,0,'Flyout Categories Menu','Qualiteam','The module changes the default categories menu in the Customer area by introducing a flyout expanding menu style','http://my.x-cart.com/sites/default/files/addons/QSL/FlyoutCategoriesMenu/icon.png','https://market.x-cart.com/addons/flyout-categories-menu.html','','a:0:{}','a:3:{i:0;s:15:\"User experience\";i:1;s:13:\"Design tweaks\";i:2;s:21:\"Search and Navigation\";}',1,0,5,0,0,0,'a:0:{}',536881140,0,0),(188,'Integration','UnisenderInc','plugins@unisender.com',0,0,0,0,0.0000,0,604,0.00,'USD','5.2',1,0,0,1408910400,79360,0,'Unisender Integration','Unisender Inc','Create and send professional newsletters! The module integrates your store with UniSender, a popular service for mailing and bulk SMS messaging.','http://my.x-cart.com/sites/default/files/addons/UnisenderInc/Integration/iconAlt.png','https://market.x-cart.com/addons/unisender-integration-by-unisender.html','','a:0:{}','a:1:{i:0;s:9:\"Marketing\";}',1,0,0,0,0,0,'a:0:{}',0,0,0),(189,'Storelocator','PerceptionSystemPvtLtd','xcart@perceptionsystem.com',0,0,0,0,0.0000,0,114,29.99,'USD','5.3',2,0,0,1412280000,1348096,0,'Storelocator','Perception System Pvt. Ltd.','Fetch Your Store With Store Locator','http://my.x-cart.com/sites/default/files/addons/PerceptionSystemPvtLtd/Storelocator/icon.png','https://market.x-cart.com/addons/store-locator-by-perception-system.html','','a:0:{}','a:1:{i:0;s:9:\"Marketing\";}',1,0,2,0,0,0,'a:0:{}',20582,0,0),(190,'AutoParts','QSL','helpdesk@x-cart.com',0,0,0,0,0.0000,0,196,99.00,'USD','5.3',0,1,2,1409083200,448000,0,'AutoParts','Qualiteam','This template is good for the following themes: Cars, Electronics, Tools & Equipment','http://my.x-cart.com/sites/default/files/addons/QSL/AutoParts/icon.png','https://market.x-cart.com/xcart-templates/autoparts.html','','a:0:{}','a:1:{i:0;s:9:\"Templates\";}',1,0,0,0,1,0,'a:0:{}',447,0,0),(191,'PayU','PayU','integration@payu.ru',0,0,0,0,0.0000,0,518,0.00,'USD','5.2',1,0,0,1409688000,43008,0,'PayU Russia','PayU Russia','Enables taking payments for your online store via PayU system.','http://my.x-cart.com/sites/default/files/addons/PayU/PayU/iconAlt.png','https://market.x-cart.com/addons/payU-Russia-payment-module-by-PayU.html','','a:0:{}','a:1:{i:0;s:18:\"Payment processing\";}',1,0,0,0,0,0,'a:0:{}',0,0,0),(192,'BooksStoreSkin','QSL','helpdesk@x-cart.com',0,0,0,0,0.0000,0,20,99.00,'USD','5.3',2,0,0,1409601600,312320,0,'Books Store','Qualiteam','The \"Books Store\" X-Cart Design Template (#30). This template is good for the following themes: Books, Clothing, Education, Flowers, Gifts, Hotels, Media.','http://my.x-cart.com/sites/default/files/addons/QSL/BooksStoreSkin/icon.png','https://market.x-cart.com/xcart-templates/books-store.html','','a:0:{}','a:1:{i:0;s:9:\"Templates\";}',1,0,0,0,1,0,'a:0:{}',450,0,0),(193,'FAQ','Guru','mike@babymonkeystudios.com',0,0,0,0,0.0000,0,342,15.00,'USD','5.3',1,0,0,1410120000,87040,0,'FAQ','X-Cart Guru','Enables FAQ page','http://my.x-cart.com/sites/default/files/addons/Guru/FAQ/icon.png','https://market.x-cart.com/addons/FAQ-module-by-XcartGuru.html','','a:0:{}','a:3:{i:0;s:14:\"Administration\";i:1;s:9:\"Marketing\";i:2;s:15:\"User experience\";}',1,0,3,0,0,0,'a:0:{}',536881157,0,0),(194,'InfiniteScroll','QSL','helpdesk@x-cart.com',0,0,0,0,0.0000,0,708,79.00,'USD','5.3',0,0,0,33583,81920,0,'Infinite Scroll','Qualiteam','This module allows you to replace the pager in product lists with the infinite scroll that adds more results to the list when the customer scrolls the page down.','http://my.x-cart.com/sites/default/files/addons/QSL/InfiniteScroll/icon.png','https://market.x-cart.com/addons/infinite-scroll.html','','a:0:{}','a:3:{i:0;s:13:\"Design tweaks\";i:1;s:21:\"Search and Navigation\";i:2;s:15:\"User experience\";}',1,1,3,0,0,0,'a:0:{}',536881159,0,0),(195,'DetailedImagesSlider','Guru','mike@babymonkeystudios.com',0,0,0,0,0.0000,0,138,35.00,'USD','5.2',1,0,0,1411070400,178176,0,'Detailed images slider','X-Cart Guru','Display your detailed product images in a responsive slider directly on the product page.','http://my.x-cart.com/sites/default/files/addons/Guru/DetailedImagesSlider/icon.png','https://market.x-cart.com/addons/detailed-images-slider-by-XcartGuru.html','','a:0:{}','a:3:{i:0;s:13:\"Design tweaks\";i:1;s:9:\"Marketing\";i:2;s:15:\"User experience\";}',1,0,4,0,0,0,'a:0:{}',20578,0,0),(196,'Mandrill','XC','helpdesk@x-cart.com',0,0,0,0,0.0000,0,316,0.00,'USD','5.3',1,1,0,1411416000,296960,0,'Mandrill Integration (for transactional emails)','X-Cart team','Mandrill is a scalable and affordable email infrastructure service, with the powerful marketing-friendly analytics tools.','http://my.x-cart.com/sites/default/files/addons/XC/Mandrill/icon.png','https://market.x-cart.com/addons/mandrill-transactional-emails-integration.html','','a:0:{}','a:2:{i:0;s:14:\"Administration\";i:1;s:10:\"Statistics\";}',1,0,0,0,0,0,'a:0:{}',0,0,0),(197,'MailChimp','XC','helpdesk@x-cart.com',0,0,0,0,0.0000,0,2676,0.00,'USD','5.3',2,1,2,1411418909,542720,0,'MailChimp Integration with E-commerce support','X-Cart team','MailChimp is an email marketing service with powerful tools to manage your email campaigns and subscribers while gathering advanced analytics information on your campaign performance.','http://my.x-cart.com/sites/default/files/addons/XC/MailChimp/icon.png','https://market.x-cart.com/addons/mailchimp-integration-with-e-commerce-360.html','','a:0:{}','a:2:{i:0;s:9:\"Marketing\";i:1;s:10:\"Statistics\";}',1,0,0,0,0,0,'a:0:{}',0,0,0),(198,'HorizontalCategoriesMenu','QSL','helpdesk@x-cart.com',0,0,0,0,0.0000,0,949,19.95,'USD','5.3',2,2,0,1411631989,140800,0,'Horizontal Flyout Categories Menu','Qualiteam','The module changes the default categories menu to the horizontal flyout expanding menu','http://my.x-cart.com/sites/default/files/addons/QSL/HorizontalCategoriesMenu/icon.png','https://market.x-cart.com/addons/horizontal-flyout-categories-menu.html','','a:0:{}','a:3:{i:0;s:13:\"Design tweaks\";i:1;s:21:\"Search and Navigation\";i:2;s:15:\"User experience\";}',1,0,0,0,1,0,'a:0:{}',20579,0,0),(199,'YandexMoney','XC','helpdesk@x-cart.com',0,0,0,0,0.0000,0,553,0.00,'USD','5.3',1,0,0,1412020800,92160,0,'Yandex Payment Solution','X-Cart team','The means of accepting all payment options popular in Russia - bank cards, Yandex Payment Solution and Webmoney, mobile payments and cash.','http://my.x-cart.com/sites/default/files/addons/XC/YandexMoney/iconAlt.png','https://market.x-cart.com/addons/yandex-money.html','','a:0:{}','a:1:{i:0;s:18:\"Payment processing\";}',1,0,0,0,0,0,'a:0:{}',0,0,0),(200,'Electronics','QSL','helpdesk@x-cart.com',0,0,0,0,0.0000,0,18,99.00,'USD','5.3',0,1,2,1413230400,504320,0,'Electronics','Qualiteam','The \"Electronics\" X-Cart Design Template (#19). This template is good for the following themes:  Books, Computers, Education, Electronics','http://my.x-cart.com/sites/default/files/addons/QSL/Electronics/icon.png','https://market.x-cart.com/xcart-templates/electronics.html','','a:0:{}','a:1:{i:0;s:9:\"Templates\";}',1,0,0,0,1,0,'a:0:{}',536881069,0,0),(201,'iGoods','QSL','helpdesk@x-cart.com',0,0,0,0,0.0000,0,84,99.00,'USD','5.3',0,0,0,1413316800,233984,0,'iGoods','Qualiteam','The \"iGoods\" X-Cart Design Template (#28). This template is good for the following themes:  Business, Computers, Electronics, Tools & Equipment','http://my.x-cart.com/sites/default/files/addons/QSL/iGoods/icon.png','https://market.x-cart.com/xcart-templates/igoods.html','','a:0:{}','a:1:{i:0;s:9:\"Templates\";}',1,0,0,0,1,0,'a:0:{}',452,0,0),(202,'PaymentWall','Webkulsoftware','support@webkul.com',0,0,0,0,0.0000,0,0,49.00,'USD','5.3',0,0,0,1414616400,107520,0,'PaymentWall Payment Gateway','Webkul Software Pvt. Ltd.','Paymentwall Payment Gateway is a payment addons work with checkout for payment in X-Cart X-Cart. It will work live as well as Debugging mode. It Accept global payments by integrating Paymentwall Gateway.','http://my.x-cart.com/sites/default/files/addons/Webkulsoftware/PaymentWall/icon.png','https://market.x-cart.com/addons/paymentwall-integration-by-webkulsoftware.html','','a:0:{}','a:1:{i:0;s:18:\"Payment processing\";}',1,0,0,0,0,0,'a:0:{}',20596,0,0),(203,'Health','QSL','helpdesk@x-cart.com',0,0,0,0,0.0000,0,38,99.00,'USD','5.3',0,1,2,1413403200,360960,0,'Health','Qualiteam','This template is good for the following themes: Beauty, Garden, Interior & Furniture, Medical, Nutritional supplements','http://my.x-cart.com/sites/default/files/addons/QSL/Health/icon.png','https://market.x-cart.com/xcart-templates/health.html','','a:0:{}','a:1:{i:0;s:9:\"Templates\";}',1,0,0,0,1,0,'a:0:{}',465,0,0),(204,'Akismet','XC','helpdesk@x-cart.com',0,0,0,0,0.0000,0,610,0.00,'USD','5.3',0,0,0,1413748800,40960,0,'Akismet - the Spam Filter','X-Cart team','Filter out the spam on the Contact Us form and in the Product Reviews. A hosted web service that saves you time by automatically detecting comment and trackback spam.','http://my.x-cart.com/sites/default/files/addons/XC/Akismet/iconAlt.png','https://market.x-cart.com/addons/akismet-the-spam-filter.html','','a:0:{}','a:1:{i:0;s:14:\"Administration\";}',1,0,0,0,0,0,'a:0:{}',0,0,0),(205,'ESelectHPP','XC','helpdesk@x-cart.com',0,0,0,0,0.0000,0,2182,0.00,'USD','5.3',1,0,0,1413748800,51200,0,'Moneris (eSELECTplus- Hosted Pay Page)','X-Cart team','Accept credit and debit cards via an online transaction processing engine. USA and Canada','http://my.x-cart.com/sites/default/files/addons/XC/ESelectHPP/iconAlt.png','https://market.x-cart.com/addons/moneris-eselect-plus-hosted-pay-page.html','','a:0:{}','a:1:{i:0;s:18:\"Payment processing\";}',1,0,0,0,0,0,'a:0:{}',0,0,0),(206,'FreeShipping','XC','helpdesk@x-cart.com',0,0,0,0,0.0000,0,6754,0.00,'USD','5.3',1,3,0,-10800,133120,1,'Free Shipping and Shipping freights','X-Cart team','Attract more customers by offering Free Shipping. Mark the products that are shipped for free. Add a possibility to specify shipping freight to products.','http://my.x-cart.com/sites/default/files/addons/XC/FreeShipping/icon.png','https://market.x-cart.com/addons/free-shipping.html','','a:0:{}','a:1:{i:0;s:8:\"Shipping\";}',1,0,0,0,0,2,'a:3:{i:0;s:12:\"391_Business\";i:1;s:18:\"20598_Multi-vendor\";i:2;s:18:\"536881125_Ultimate\";}',0,0,0),(207,'InternetSecure','XC','helpdesk@x-cart.com',0,0,0,0,0.0000,0,158,0.00,'USD','5.3',1,0,0,1413748800,40960,0,'InternetSecure','X-Cart team','The complete solution to accept credit cards, including Visa, MasterCard, American Express and Discover in two currencies (Canadian and US dollars).','http://my.x-cart.com/sites/default/files/addons/XC/InternetSecure/iconAlt.png','https://market.x-cart.com/addons/internet-secure-merchant-link-payment-module.html','','a:0:{}','a:1:{i:0;s:18:\"Payment processing\";}',1,0,0,0,0,0,'a:0:{}',0,0,0),(208,'MightyCallReact','XC','helpdesk@x-cart.com',0,0,0,0,0.0000,0,1062,0.00,'USD','5.3',1,1,0,1413800433,40960,0,'Contact Us Page by MightyCall','X-Cart team','Create a snazzy-looking Contact Us page in just minutes that you can customize to blend in with your current business website. Includes special features like ClickToCall, Contact Form, Business Hours and more. Allow customers to request a call back or e-mail from you with a click of a button.','http://my.x-cart.com/sites/default/files/addons/XC/MightyCallReact/icon.png','https://market.x-cart.com/addons/contact-us-page-by-mightycall.html','','a:1:{i:0;s:14:\"CDev\\ContactUs\";}','a:3:{i:0;s:14:\"Administration\";i:1;s:13:\"Design tweaks\";i:2;s:15:\"User experience\";}',1,0,0,0,0,0,'a:0:{}',0,0,0),(209,'News','XC','helpdesk@x-cart.com',0,0,0,0,0.0000,0,5992,0.00,'USD','5.3',1,1,0,1413748800,163840,1,'News','X-Cart team','Share the company and products news and updates with your community.','http://my.x-cart.com/sites/default/files/addons/XC/News/icon.png','https://market.x-cart.com/addons/news-module.html','','a:0:{}','a:2:{i:0;s:9:\"Marketing\";i:1;s:15:\"User experience\";}',1,0,0,0,0,2,'a:3:{i:0;s:12:\"391_Business\";i:1;s:18:\"20598_Multi-vendor\";i:2;s:18:\"536881125_Ultimate\";}',0,0,0),(210,'NlTranslation','XC','helpdesk@x-cart.com',0,0,0,0,0.0000,0,661,0.00,'USD','5.3',2,0,0,-10800,348160,0,'Translation: Dutch','X-Cart team','Dutch translation pack. This translation is a contribution of X-Cart community. Kindly shared by one of X-Cart merchants for free, this translation may contain some non-translated labels which appeared in later versions of X-Cart 5 or which were added by custom modules you installed.','http://my.x-cart.com/sites/default/files/addons/XC/NlTranslation/icon.png','https://market.x-cart.com/addons/dutch-translation-by-community-members.html','','a:0:{}','a:1:{i:0;s:11:\"Translation\";}',1,0,0,0,0,0,'a:0:{}',0,0,0),(211,'OgoneEcommerce','XC','helpdesk@x-cart.com',0,0,0,0,0.0000,0,1284,0.00,'USD','5.3',1,0,0,1413748800,51200,0,'Ingenico Payment Services (Ogone)','X-Cart team','Enable online payment processing with a level-1 PCI DSS compliant provider based in Europe.','http://my.x-cart.com/sites/default/files/addons/XC/OgoneEcommerce/iconAlt.png','https://market.x-cart.com/addons/ogone-ingenico-payment-module.html','','a:0:{}','a:1:{i:0;s:18:\"Payment processing\";}',1,0,0,0,0,0,'a:0:{}',0,0,0),(212,'PayUIndia','XC','helpdesk@x-cart.com',0,0,0,0,0.0000,0,402,0.00,'USD','5.3',1,0,0,-10800,40960,0,'PayU India','X-Cart team','Accept Credit cards and Debit cards of Indian Banks, enable Net banking options. The customer is redirected to a payment page hosted by PayU. Mobile optimized, PCI compliant, with intelligent retry framework.','http://my.x-cart.com/sites/default/files/addons/XC/PayUIndia/iconAlt.png','https://market.x-cart.com/addons/payu-india-payment-module.html','','a:0:{}','a:1:{i:0;s:18:\"Payment processing\";}',1,0,0,0,0,0,'a:0:{}',0,0,0),(213,'TwoFactorAuthentication','XC','helpdesk@x-cart.com',0,0,0,0,0.0000,0,1863,0.00,'USD','5.3',1,0,0,1413748800,153600,1,'Two factor authentication','X-Cart team','The module integrates your store with Authy.com to protect your accounts with Two-Factor Authentication system. You can enable it for each type of accounts: admin, supplier or customer.','http://my.x-cart.com/sites/default/files/addons/XC/TwoFactorAuthentication/iconAlt.png','https://market.x-cart.com/addons/two-factor-authorization.html','','a:0:{}','a:2:{i:0;s:15:\"User experience\";i:1;s:14:\"Administration\";}',1,0,0,0,0,2,'a:3:{i:0;s:12:\"391_Business\";i:1;s:18:\"20598_Multi-vendor\";i:2;s:18:\"536881125_Ultimate\";}',0,0,0),(214,'VKComments','XC','helpdesk@x-cart.com',0,0,0,0,0.0000,0,251,0.00,'USD','5.3',1,0,0,-10800,51200,0,'VKComments','X-Cart team','Enable comments for the users of popular social network Vkontakte.Each comment posted via the widget will be automatically transferred to the comment contributor\'s page.The record includes a link to the product in your store. Posted on the contributor\'s \"wall\",it will also appear in the Newsfeed of his/her Friends and followers.','http://my.x-cart.com/sites/default/files/addons/XC/VKComments/iconAlt.png','https://market.x-cart.com/addons/vk-comments.html','','a:0:{}','a:1:{i:0;s:6:\"Social\";}',1,0,0,0,0,0,'a:0:{}',0,0,0),(215,'AntiSpam','QSL','helpdesk@x-cart.com',0,0,0,0,0.0000,0,288,69.00,'USD','5.3',1,0,0,-10800,145408,0,'AntiSpam','Qualiteam','Uses Honeypot, reCaptcha and other methods to block SPAM bots creating fake user accounts and mass-submitting forms on your website.','http://my.x-cart.com/sites/default/files/addons/QSL/AntiSpam/icon.png','https://market.x-cart.com/addons/antispam.html','','a:0:{}','a:1:{i:0;s:14:\"Administration\";}',1,0,1,0,0,0,'a:0:{}',20592,0,0),(216,'ProductVideos','CSI','support@cflsystems.com',0,0,0,0,0.0000,0,90,65.00,'USD','5.3',1,0,0,1414050470,120832,0,'Product Videos','CFL Systems, Inc.','Add unlimited number of videos to product details pages. Reference videos uploaded to Youtube, Metacafe, Vimeo, DailyMotion or self-hosted.','http://my.x-cart.com/sites/default/files/addons/CSI/ProductVideos/icon.png','https://market.x-cart.com/addons/product-videos-by-cfl-systems.html','','a:0:{}','a:1:{i:0;s:15:\"User experience\";}',1,0,7,0,0,0,'a:0:{}',21108,0,0),(217,'XCDN','CSI','support@cflsystems.com',0,0,0,0,0.0000,0,42,45.00,'USD','5.3',0,0,0,1414659837,40960,0,'XCDN','CFL Systems, Inc.','This module allows you to setup your store to use CDN for images, css and js files.','http://my.x-cart.com/sites/default/files/addons/CSI/XCDN/icon.png','https://market.x-cart.com/addons/xcdn-by-cfl-systems.html','','a:0:{}','a:3:{i:0;s:18:\"Catalog Management\";i:1;s:3:\"SEO\";i:2;s:15:\"User experience\";}',1,0,0,0,0,0,'a:0:{}',21098,0,0),(218,'AntiFraud','QSL','helpdesk@x-cart.com',0,0,0,0,0.0000,0,566,0.00,'USD','5.3',0,0,0,1414935960,184832,0,'AntiFraud Service Connector','Qualiteam','AntiFraud service reduces chargebacks by identifying online fraud using sophisticated checking algorithm. It is best for merchants selling e-goods with immediate electronic delivery (like software, music, content, etc.) and for merchants trading overseas.','http://my.x-cart.com/sites/default/files/addons/QSL/AntiFraud/iconAlt.png','https://market.x-cart.com/addons/antifraud.html','','a:0:{}','a:3:{i:0;s:14:\"Administration\";i:1;s:18:\"Payment processing\";i:2;s:16:\"Fraud prevention\";}',1,0,0,0,0,0,'a:0:{}',0,0,0),(219,'Clothing','QSL','helpdesk@x-cart.com',0,0,0,0,0.0000,0,847,149.00,'USD','5.3',0,3,0,1415781937,1626624,0,'Clothing','Qualiteam','The \"Clothing\" X-Cart Design Template (#42). This template is good for the following themes:  Accessories, Clothing, Jewelry, Watches, Wedding','http://my.x-cart.com/sites/default/files/addons/QSL/Clothing/icon.png','https://market.x-cart.com/xcart-templates/clothing.html','','a:0:{}','a:1:{i:0;s:9:\"Templates\";}',1,0,7,0,1,0,'a:0:{}',20597,0,0),(220,'ShippingEasy','Qualiteam','sarah@shippingeasy.com',0,0,0,0,0.0000,0,558,0.00,'USD','5.3',1,0,2,1415197885,125952,0,'ShippingEasy','Qualiteam','Save time and money with the shipping solution built for eCommerce retailers! ShippingEasy downloads orders in real-time and automates your shipping based on carrier, service, package and more','http://my.x-cart.com/sites/default/files/addons/Qualiteam/ShippingEasy/iconAlt.png','https://market.x-cart.com/addons/shipping-easy-shipping-automation.html','','a:0:{}','a:2:{i:0;s:11:\"Fulfillment\";i:1;s:8:\"Shipping\";}',1,0,0,0,0,0,'a:0:{}',0,0,0),(221,'MultiVendor','XC','helpdesk@x-cart.com',0,0,0,0,0.0000,0,1174,0.00,'USD','5.3',2,2,0,1416862800,1505280,1,'Multi-vendor','X-Cart team','Create an online mall where multiple vendors can sell their own products and manage their orders through a single marketplace.','http://my.x-cart.com/sites/default/files/addons/XC/MultiVendor/icon.png','https://market.x-cart.com/addons/suppliers-multivendors.html','','a:0:{}','a:3:{i:0;s:14:\"Administration\";i:1;s:11:\"Fulfillment\";i:2;s:18:\"Catalog Management\";}',1,0,4,0,0,2,'a:2:{i:0;s:18:\"20598_Multi-vendor\";i:1;s:18:\"536881125_Ultimate\";}',0,0,0),(222,'NextPreviousProduct','XC','helpdesk@x-cart.com',0,0,0,0,0.0000,0,6484,0.00,'USD','5.3',2,2,0,1416862800,92160,1,'Previous and Next product','X-Cart team','Display \"Previous\" and \"Next product\" links on your product sheets, be it a category page, a search results page or products of a particular brand.','http://my.x-cart.com/sites/default/files/addons/XC/NextPreviousProduct/icon.png','https://market.x-cart.com/addons/next-previous-product.html','','a:0:{}','a:2:{i:0;s:15:\"User experience\";i:1;s:21:\"Search and Navigation\";}',1,0,0,0,0,2,'a:3:{i:0;s:12:\"391_Business\";i:1;s:18:\"20598_Multi-vendor\";i:2;s:18:\"536881125_Ultimate\";}',0,0,0),(223,'SimplifyCommerce','XC','helpdesk@x-cart.com',0,0,0,0,0.0000,0,497,0.00,'USD','5.3',1,0,0,1416862800,317440,0,'Simplify Commerce by MasterCard','X-Cart team','Accept all major card brands for payments in your store with Simplify Commerce by MasterCard. Easy set up with a low, flat rate; no monthly fees and no extra fees. Level 1 PCI certified.','http://my.x-cart.com/sites/default/files/addons/XC/SimplifyCommerce/iconAlt.png','https://market.x-cart.com/addons/simplify-commerce-by-mastercard-payment-module.html','','a:0:{}','a:1:{i:0;s:18:\"Payment processing\";}',1,0,0,0,0,0,'a:0:{}',0,0,0),(224,'VirtualMerchant','XC','helpdesk@x-cart.com',0,0,0,0,0.0000,0,250,0.00,'USD','5.3',1,0,0,1416862800,51200,0,'Converge (formerly Virtual Merchant by Elavon)','X-Cart team','A secure server-based system. Accept Visa, JCB, MasterCard, American Express, Discover, Diners and UnionPay in the United States, Canada and Puerto Rico.','http://my.x-cart.com/sites/default/files/addons/XC/VirtualMerchant/iconAlt.png','https://market.x-cart.com/addons/converge-virtual-merchant-payment-module.html','','a:0:{}','a:1:{i:0;s:18:\"Payment processing\";}',1,0,0,0,0,0,'a:0:{}',0,0,0),(225,'AlternativeClothes','QSL','helpdesk@x-cart.com',0,0,0,0,0.0000,0,51,99.00,'USD','5.3',0,1,1,1417035600,1018368,0,'Alternative clothes','Qualiteam','The \"Alternative clothes\" X-Cart Design Template (#43). This template is good for the following themes:  Accessories, Clothing, Jewelry, Watches','http://my.x-cart.com/sites/default/files/addons/QSL/AlternativeClothes/icon.png','https://market.x-cart.com/xcart-templates/alternative-clothes.html','','a:0:{}','a:1:{i:0;s:9:\"Templates\";}',1,0,0,0,1,0,'a:0:{}',20605,0,0),(226,'HouseholdSkin','QSL','qualiteam-modules@x-cart.com',0,0,0,0,0.0000,0,21,99.00,'USD','5.3',0,0,1,1417035600,269312,0,'Household Equipment Skin','Qualiteam','The \"Household Equipment\" X-Cart Design Template (#11). This template is good for the following themes: Flowers, Food & Drink, Gifts, Hobbies & Crafts, Interior & Furniture','http://my.x-cart.com/sites/default/files/addons/QSL/HouseholdSkin/icon.png','https://www.x-cart.com/extensions/xcart-templates/household-equipment.html','','a:0:{}','a:1:{i:0;s:9:\"Templates\";}',1,0,0,0,1,0,'a:0:{}',536881075,0,0),(227,'HidePrices','QSL','helpdesk@x-cart.com',0,0,0,0,0.0000,0,133,35.00,'USD','5.3',2,0,0,1417593089,85504,0,'Hide Prices','Qualiteam','This module hides prices and disables checkout for non-registered customers.','http://my.x-cart.com/sites/default/files/addons/QSL/HidePrices/icon.png','https://market.x-cart.com/addons/hide-prices.html','','a:0:{}','a:1:{i:0;s:18:\"Catalog Management\";}',1,0,3,0,0,0,'a:0:{}',20606,0,0),(228,'MobileAdmin','QSL','helpdesk@x-cart.com',0,0,0,0,0.0000,0,1840,0.00,'USD','5.3',2,0,0,1417986000,178688,0,'X-Cart Mobile Admin','Qualiteam','Manage your X-Cart store easily right from your Android-based smartphone. Download and install FREE X-Cart Mobile Admin application from AppStore or Google play, connect it with your store and get a complete control over the store at your fingertips!','http://my.x-cart.com/sites/default/files/addons/QSL/MobileAdmin/iconAlt.png','https://market.x-cart.com/addons/mobile-admin.html','','a:2:{i:0;s:11:\"QSL\\JsonApi\";i:1;s:19:\"QSL\\QRCodeGenerator\";}','a:3:{i:0;s:14:\"Administration\";i:1;s:18:\"Catalog Management\";i:2;s:15:\"Mobile Commerce\";}',1,0,0,0,0,0,'a:0:{}',0,0,0),(229,'PayPalHere','QSL','helpdesk@x-cart.com',0,0,0,0,0.0000,0,457,0.00,'USD','5.3',0,0,0,1417986000,192000,0,'PayPal Here','Qualiteam','The easiest way to accept any form of payment. Wherever your business goes, your sales can go too. Available on iOS and Android.','http://my.x-cart.com/sites/default/files/addons/QSL/PayPalHere/iconAlt.png','https://market.x-cart.com/addons/PayPal-Here-payment-module.html','','a:0:{}','a:2:{i:0;s:18:\"Payment processing\";i:1;s:15:\"Mobile Commerce\";}',1,0,0,0,0,0,'a:0:{}',0,0,0),(230,'ProductQuestions','QSL','helpdesk@x-cart.com',0,0,0,0,0.0000,0,504,69.00,'USD','5.3',2,0,0,1418072400,274432,0,'Product Questions','Qualiteam','This module allows visitors to ask questions on your products and receive answers from your staff.','http://my.x-cart.com/sites/default/files/addons/QSL/ProductQuestions/icon.png','https://market.x-cart.com/addons/product-questions.html','','a:0:{}','a:1:{i:0;s:15:\"User experience\";}',1,0,3,0,0,0,'a:0:{}',20608,0,0),(231,'MultilevelMenu','QSL','helpdesk@x-cart.com',0,0,0,0,0.0000,0,518,39.00,'USD','5.3',0,4,1,1418158800,92672,0,'Multilevel Primary Menu','Qualiteam','This module allow admin to add advanced multilevel top menu','http://my.x-cart.com/sites/default/files/addons/QSL/MultilevelMenu/icon.png','https://market.x-cart.com/addons/multilevel-primary-menu.html','','a:1:{i:0;s:14:\"CDev\\SimpleCMS\";}','a:3:{i:0;s:13:\"Design tweaks\";i:1;s:21:\"Search and Navigation\";i:2;s:15:\"User experience\";}',1,0,6,0,1,0,'a:0:{}',20609,0,0),(232,'Auction','QSL','helpdesk@x-cart.com',0,0,0,0,0.0000,0,102,499.00,'USD','5.3',0,0,0,1418158800,575488,0,'Auction in X-Cart 5','Qualiteam','Turn your X-Cart store into a classic auction site with contemporary design. Create auction listings based on regular products and have full control over each listing for the entire auction duration.','http://my.x-cart.com/sites/default/files/addons/QSL/Auction/icon.png','https://market.x-cart.com/addons/auction-in-xcart-5.html','','a:0:{}','a:1:{i:0;s:7:\"Auction\";}',1,0,5,0,1,0,'a:0:{}',20610,0,0),(233,'PDFInvoice','QSL','helpdesk@x-cart.com',0,0,0,0,0.0000,0,229,99.00,'USD','5.3',0,2,2,1418158800,70656,0,'PDF Invoice','Qualiteam','Makes PDF invoice','http://my.x-cart.com/sites/default/files/addons/QSL/PDFInvoice/icon.png','https://market.x-cart.com/addons/PDF-Invoice.html','','a:0:{}','a:2:{i:0;s:10:\"Accounting\";i:1;s:15:\"User experience\";}',1,0,4,0,1,0,'a:0:{}',20611,0,0),(234,'Braintree','QSL','helpdesk@x-cart.com',0,0,0,0,0.0000,0,301,0.00,'USD','5.3',2,0,2,1418850000,888832,0,'Braintree payment gateway','Qualiteam','Braintree is a full-stack payments platform that makes it easy to accept payments in your app or website. The service replaces the traditional model of sourcing a payment gateway and merchant account from different providers.','http://my.x-cart.com/sites/default/files/addons/QSL/Braintree/iconAlt.png','https://market.x-cart.com/addons/braintree-for-xcart5.html','','a:0:{}','a:1:{i:0;s:18:\"Payment processing\";}',1,0,2,0,0,0,'a:0:{}',20614,0,0),(235,'CustomerAttachments','XC','helpdesk@x-cart.com',0,0,0,0,0.0000,0,506,0.00,'USD','5.3',1,2,0,1421787600,163840,1,'Customer Files Uploads & Product Attachments','X-Cart team','Allow your customers to attach files to a product before purchasing so that the store administrator could download those files when processing the order','http://my.x-cart.com/sites/default/files/addons/XC/CustomerAttachments/icon.png','https://market.x-cart.com/addons/files-uploads-product-attachments.html','','a:0:{}','a:2:{i:0;s:15:\"User experience\";i:1;s:18:\"Catalog Management\";}',1,0,1,0,0,2,'a:3:{i:0;s:12:\"391_Business\";i:1;s:18:\"20598_Multi-vendor\";i:2;s:18:\"536881125_Ultimate\";}',0,0,0),(236,'Parcels','VIPparcel','support@vipparcel.com',0,0,0,0,0.0000,0,0,10.00,'USD','5.2',2,0,0,1432715505,3221504,0,'VIPparcel','VIPparcel','VIPparcel is a service designed to help businesses like yours save on both international and domestic shipping cost by using USPS.','http://my.x-cart.com/sites/default/files/addons/VIPparcel/Parcels/icon.png','https://market.x-cart.com/addons/vipparcel.html','','a:0:{}','a:0:{}',1,0,0,0,0,0,'a:0:{}',20693,0,0),(237,'VariantsTableView','QSL','helpdesk@x-cart.com',0,0,0,0,0.0000,0,242,35.00,'USD','5.3',2,0,0,1422565200,58880,0,'Variants Table View','Qualiteam','Show all possible product variants as a table on the product page to enable bulk adding to cart of different variants','http://my.x-cart.com/sites/default/files/addons/QSL/VariantsTableView/icon.png','https://market.x-cart.com/addons/variants-table-view.html','','a:1:{i:0;s:18:\"XC\\ProductVariants\";}','a:3:{i:0;s:13:\"Design tweaks\";i:1;s:21:\"Search and Navigation\";i:2;s:15:\"User experience\";}',1,0,0,0,0,0,'a:0:{}',20624,0,0),(238,'GTS','CSI','support@cflsystems.com',0,0,0,0,0.0000,0,158,55.00,'USD','5.3',0,0,0,1423818042,55296,0,'Google Trusted Stores Integration','CFL Systems, Inc.','Integrate your store with Google Trusted Stores.','http://my.x-cart.com/sites/default/files/addons/CSI/GTS/icon.png','https://market.x-cart.com/addons/google-trusted-stores-integration-by-cfl-systems.html','','a:0:{}','a:2:{i:0;s:9:\"Marketing\";i:1;s:15:\"User experience\";}',1,1,4,0,0,0,'a:0:{}',21100,0,0),(239,'MultiCurrency','XC','helpdesk@x-cart.com',0,0,0,0,0.0000,0,2439,0.00,'USD','5.3',2,1,1,1423039914,296960,1,'Multicurrency','X-Cart team','Show product prices in multiple currencies for your customers around the world.','http://my.x-cart.com/sites/default/files/addons/XC/MultiCurrency/icon.png','https://market.x-cart.com/addons/multicurrency-for-xcart5.html','','a:0:{}','a:2:{i:0;s:15:\"User experience\";i:1;s:11:\"Translation\";}',1,0,0,0,0,2,'a:3:{i:0;s:12:\"391_Business\";i:1;s:18:\"20598_Multi-vendor\";i:2;s:18:\"536881125_Ultimate\";}',0,0,0),(240,'VePlatform','VeInteractive','xcart@veinteractive.com',0,0,0,0,0.0000,0,116,0.00,'USD','5.2',2,0,0,-10800,1899520,0,'VePlatform','Ve Interactive LTD','Instantly increase your sales by adding the VePlatform\'s integrated remarketing and\r\n            re-engagement apps that convert customers who abandon your site.','http://my.x-cart.com/sites/default/files/addons/VeInteractive/VePlatform/iconAlt.png','https://market.x-cart.com/addons/VePlatform.html','','a:0:{}','a:1:{i:0;s:9:\"Marketing\";}',1,0,0,0,0,0,'a:0:{}',0,0,0),(241,'Banner','Get4click','info@get4click.com',0,0,0,0,0.0000,0,115,0.00,'USD','5.2',0,0,0,1424206800,16896,0,'Get4click','Get4click LLC','Increase your sales through Get4click. Get4click brings additional customers to your store through our partner network of selected online merchants.','http://my.x-cart.com/sites/default/files/addons/Get4click/Banner/iconAlt.png','https://market.x-cart.com/addons/Get4click.html','','a:0:{}','a:1:{i:0;s:9:\"Marketing\";}',1,0,0,0,0,0,'a:0:{}',0,0,0),(242,'ProductsMapPricing','CSI','support@cflsystems.com',0,0,0,0,0.0000,0,46,45.00,'USD','5.3',0,0,0,1425545788,66048,0,'Products MAP Pricing','CFL Systems, Inc.','Show MAP pricing to customers to satisfy manufacturer requirements while at the same time products can be purchased at a lower price.','http://my.x-cart.com/sites/default/files/addons/CSI/ProductsMapPricing/icon.png','https://market.x-cart.com/addons/products-map-pricing-by-cfl-systems.html','','a:0:{}','a:1:{i:0;s:15:\"User experience\";}',1,0,0,0,0,0,'a:0:{}',21109,0,0),(243,'EBay','QSL','helpdesk@x-cart.com',0,0,0,0,0.0000,0,1315,0.00,'USD','5.3',2,0,0,1422828646,448512,0,'X-Cart eBay Integration','Qualiteam','Connect your store in minutes and manage your eBay listings in seconds. One by one or in bulk, manually or automatically: send and update products, variants, images, descriptions and prices. Import orders back to X-Cart and manage them in the X-Cart admin area.','http://my.x-cart.com/sites/default/files/addons/QSL/EBay/iconAlt.png','https://market.x-cart.com/addons/ebay-integration.html','','a:0:{}','a:3:{i:0;s:14:\"Administration\";i:1;s:11:\"Fulfillment\";i:2;s:9:\"Marketing\";}',1,0,0,0,0,0,'a:0:{}',0,0,0),(244,'Beanstream','XC','helpdesk@x-cart.com',0,0,0,0,0.0000,0,158,0.00,'USD','5.3',1,0,0,1425243600,51200,0,'Beanstream / Digital River (Hosted Payment Form)','X-Cart team','When your customers enter their card number on the payment page, they are seamlessly transferred from your website domain and are temporarily \"hosted\" on Beanstream\'s PCI level one compliant servers. For the merchants in Canada, the UK and the USA.','http://my.x-cart.com/sites/default/files/addons/XC/Beanstream/iconAlt.png','https://market.x-cart.com/addons/beanstream.html','','a:0:{}','a:1:{i:0;s:18:\"Payment processing\";}',1,0,0,0,0,0,'a:0:{}',0,0,0),(245,'NetbanxHostedPayment','XC','helpdesk@x-cart.com',0,0,0,0,0.0000,0,114,0.00,'USD','5.3',1,0,0,1425243600,61440,0,'Netbanx (Optimal Payments)','X-Cart team','Available in the US, Canada, UK, Europe and many other countries.Process all major credit and debit cards including Visa, MasterCard, AMEX, Discover, JCB and Carta Si. PCI compliant, with the support of 3d secure and advanced fraud-screening tools.','http://my.x-cart.com/sites/default/files/addons/XC/NetbanxHostedPayment/iconAlt.png','https://market.x-cart.com/addons/netbanx-payment-module.html','','a:0:{}','a:1:{i:0;s:18:\"Payment processing\";}',1,0,0,0,0,0,'a:0:{}',0,0,0),(246,'ExtendedSimpleCMS','QSL','helpdesk@x-cart.com',0,0,0,0,0.0000,0,246,0.00,'USD','5.3',0,0,0,1426576102,10240,0,'Extended Simple CMS [DEPRECATED]','Qualiteam','This module allows you to create awesome multilevel primary and footer menus.','http://my.x-cart.com/sites/default/files/addons/QSL/ExtendedSimpleCMS/icon.png','https://market.x-cart.com/addons/extended-simple-cms.html','','a:0:{}','a:3:{i:0;s:21:\"Search and Navigation\";i:1;s:13:\"Design tweaks\";i:2;s:15:\"User experience\";}',1,0,4,0,1,0,'a:0:{}',0,0,0),(247,'MyWishlist','QSL','helpdesk@x-cart.com',0,0,0,0,0.0000,0,865,99.00,'USD','5.3',0,10,2,1425544139,182272,0,'My Wishlist','Qualiteam','My Wishlist allows your customer to collect the favorited products into one wishlist in which the customer can buy them, track them in the catalog and send the list to friends as desired shopping list','http://my.x-cart.com/sites/default/files/addons/QSL/MyWishlist/icon.png','https://market.x-cart.com/addons/my-wishlist.html','','a:0:{}','a:1:{i:0;s:9:\"Marketing\";}',1,0,0,0,1,0,'a:0:{}',20650,0,0),(248,'Api','ShipStation','Integrations@ShipStation.com',0,0,0,0,0.0000,0,356,0.00,'USD','5.3',0,0,0,1426595200,32256,0,'ShipStation','ShipStation','Wherever you sell, however you ship, ShipStation helps you create shipping labels easily and efficiently.','http://my.x-cart.com/sites/default/files/addons/ShipStation/Api/iconAlt.png','https://market.x-cart.com/addons/ShipStation-app-for-xcart.html','','a:0:{}','a:1:{i:0;s:8:\"Shipping\";}',1,0,0,0,0,0,'a:0:{}',0,0,0),(249,'SeventyOnePounds','AutomatedShippingRefunds71LBS','support@71lbs.com',0,0,0,0,0.0000,0,147,0.00,'USD','5.3',0,0,0,1426540577,21504,0,'71Lbs Automated Shipping Refunds','71 LBS','71Lbs audits FedEx & UPS shipping accounts and automatically claims refunds for any\n                late deliveries - even by 60 seconds. It is a \"Set it & Forget it\" system.','http://my.x-cart.com/sites/default/files/addons/AutomatedShippingRefunds71LBS/SeventyOnePounds/iconAlt.png','https://market.x-cart.com/addons/71Lbs.html','','a:0:{}','a:1:{i:0;s:8:\"Shipping\";}',1,0,0,0,0,0,'a:0:{}',0,0,0),(250,'Arabic','XcartLanguagePacks','support@xcart-language-packs.com',0,0,0,0,0.0000,0,37,159.99,'USD','5.3',1,0,0,1427925357,578048,0,'Translation: Arabic','Xcart Language Packs','Translates your shop interface to Arabic language. Includes the translation of both the Storefront and Administrator zone.','http://my.x-cart.com/sites/default/files/addons/XcartLanguagePacks/Arabic/icon.png','https://market.x-cart.com/addons/translation-arabic.html','','a:0:{}','a:1:{i:0;s:11:\"Translation\";}',1,0,0,0,0,0,'a:0:{}',20656,0,0),(251,'Urdu','XcartLanguagePacks','support@xcart-language-packs.com',0,0,0,0,0.0000,0,1,159.99,'USD','5.3',1,0,0,1427926166,608768,0,'Translation: Urdu','Xcart Language Packs','Translate your X-Cart store interface to Urdu with this module. Both the Customer Storefront and the Administrator Area are covered.','http://my.x-cart.com/sites/default/files/addons/XcartLanguagePacks/Urdu/icon.png','https://market.x-cart.com/addons/translation-urdu.html','','a:0:{}','a:1:{i:0;s:11:\"Translation\";}',1,0,0,0,0,0,'a:0:{}',20683,0,0),(252,'Turkish','XcartLanguagePacks','support@xcart-language-packs.com',0,0,0,0,0.0000,0,14,159.99,'USD','5.3',1,0,0,1427926142,516096,0,'Translation: Turkish','Xcart Language Packs','Use this language pack to translate your X-Cart online store (both Admin Area and Storefront) to Turkish.','http://my.x-cart.com/sites/default/files/addons/XcartLanguagePacks/Turkish/icon.png','https://market.x-cart.com/addons/translation-turkish.html','','a:0:{}','a:1:{i:0;s:11:\"Translation\";}',1,0,0,0,0,0,'a:0:{}',20682,0,0),(253,'Thai','XcartLanguagePacks','support@xcart-language-packs.com',0,0,0,0,0.0000,0,2,159.99,'USD','5.3',1,0,0,1427926124,711680,0,'Translation: Thai','Xcart Language Packs','Translate your X-Cart shop Customer and Administrator Zones interface into the Thai language with the help of this module.','http://my.x-cart.com/sites/default/files/addons/XcartLanguagePacks/Thai/icon.png','https://market.x-cart.com/addons/translation-thai.html','','a:0:{}','a:1:{i:0;s:11:\"Translation\";}',1,0,0,0,0,0,'a:0:{}',20681,0,0),(254,'Swedish','XcartLanguagePacks','support@xcart-language-packs.com',0,0,0,0,0.0000,0,3,159.99,'USD','5.3',1,0,0,1427926099,510464,0,'Translation: Swedish','Xcart Language Packs','This language pack translates your shop interface to Swedish. Both the customer area and the admin interface are translated.','http://my.x-cart.com/sites/default/files/addons/XcartLanguagePacks/Swedish/icon.png','https://market.x-cart.com/addons/translation-swedish.html','','a:0:{}','a:1:{i:0;s:11:\"Translation\";}',1,0,0,0,0,0,'a:0:{}',20680,0,0),(255,'Romanian','XcartLanguagePacks','support@xcart-language-packs.com',0,0,0,0,0.0000,0,5,159.99,'USD','5.3',1,0,0,1427926043,532992,0,'Translation: Romanian','Xcart Language Packs','This language pack translates your store to Romanian. Includes both the Customer and Administrator area translation.','http://my.x-cart.com/sites/default/files/addons/XcartLanguagePacks/Romanian/icon.png','https://market.x-cart.com/addons/translation-romanian.html','','a:0:{}','a:1:{i:0;s:11:\"Translation\";}',1,0,0,0,0,0,'a:0:{}',20679,0,0),(256,'Portuguese','XcartLanguagePacks','support@xcart-language-packs.com',0,0,0,0,0.0000,0,2,159.99,'USD','5.3',1,0,0,1427926018,524800,0,'Translation: Portuguese','Xcart Language Packs','The module translates your shop interface to the Portuguese language. It includes the translation of both the Customer front-end and Administrator back-end.','http://my.x-cart.com/sites/default/files/addons/XcartLanguagePacks/Portuguese/icon.png','https://market.x-cart.com/addons/translation-portuguese.html','','a:0:{}','a:1:{i:0;s:11:\"Translation\";}',1,0,0,0,0,0,'a:0:{}',20678,0,0),(257,'Polish','XcartLanguagePacks','support@xcart-language-packs.com',0,0,0,0,0.0000,0,2,159.99,'USD','5.3',1,0,0,1427925995,521728,0,'Translation: Polish','Xcart Language Packs','Translate your shop interface to Polish with this module, which contains the translation for both the Front-end and Administrator area.','http://my.x-cart.com/sites/default/files/addons/XcartLanguagePacks/Polish/icon.png','https://market.x-cart.com/addons/translation-polish.html','','a:0:{}','a:1:{i:0;s:11:\"Translation\";}',1,0,0,0,0,0,'a:0:{}',20677,0,0),(258,'Persian','XcartLanguagePacks','support@xcart-language-packs.com',0,0,0,0,0.0000,0,1,159.99,'USD','5.3',1,0,0,1427925977,593408,0,'Translation: Persian','Xcart Language Packs','Use this language pack to translate your X-Cart based store to Persian. Translation of both interfaces, the Customer Storefront and the Administrator Backend, are included in the module.','http://my.x-cart.com/sites/default/files/addons/XcartLanguagePacks/Persian/icon.png','https://market.x-cart.com/addons/translation-persian.html','','a:0:{}','a:1:{i:0;s:11:\"Translation\";}',1,0,0,0,0,0,'a:0:{}',20676,0,0),(259,'Norwegian','XcartLanguagePacks','support@xcart-language-packs.com',0,0,0,0,0.0000,0,4,159.99,'USD','5.3',1,0,0,1427925947,507392,0,'Translation: Norwegian','Xcart Language Packs','The module translates your shop interface to the Norwegian language. It includes the translation of both the Customer Storefront and the Administrator Zone.','http://my.x-cart.com/sites/default/files/addons/XcartLanguagePacks/Norwegian/icon.png','https://market.x-cart.com/addons/translation-norwegian.html','','a:0:{}','a:1:{i:0;s:11:\"Translation\";}',1,0,0,0,0,0,'a:0:{}',20675,0,0),(260,'Malay','XcartLanguagePacks','support@xcart-language-packs.com',0,0,0,0,0.0000,0,2,159.99,'USD','5.3',1,0,0,1427925923,514560,0,'Translation: Malay','Xcart Language Packs','The module translates your shop interface to Malay. It includes text entities for both the Customer Storefront and the Administrator Backend.','http://my.x-cart.com/sites/default/files/addons/XcartLanguagePacks/Malay/icon.png','https://market.x-cart.com/addons/translation-malay.html','','a:0:{}','a:1:{i:0;s:11:\"Translation\";}',1,0,0,0,0,0,'a:0:{}',20674,0,0),(261,'Korean','XcartLanguagePacks','support@xcart-language-packs.com',0,0,0,0,0.0000,0,4,159.99,'USD','5.3',1,0,0,1427925901,530944,0,'Translation: Korean','Xcart Language Packs','Your X-Cart shop interface will be translated to Korean by this module. Both the customer area and the admin zone are modified.','http://my.x-cart.com/sites/default/files/addons/XcartLanguagePacks/Korean/icon.png','https://market.x-cart.com/addons/translation-korean.html','','a:0:{}','a:1:{i:0;s:11:\"Translation\";}',1,0,0,0,0,0,'a:0:{}',20673,0,0),(262,'Japanese','XcartLanguagePacks','support@xcart-language-packs.com',0,0,0,0,0.0000,0,24,159.99,'USD','5.3',1,0,0,1427925877,561152,0,'Translation: Japanese','Xcart Language Packs','This language pack will translate your X-Cart store interface to Japanese. Both the Customer Storefront and the Administrator Backend are converted.','http://my.x-cart.com/sites/default/files/addons/XcartLanguagePacks/Japanese/icon.png','https://market.x-cart.com/addons/translation-japanese.html','','a:0:{}','a:1:{i:0;s:11:\"Translation\";}',1,0,0,0,0,0,'a:0:{}',20672,0,0),(263,'Italian','XcartLanguagePacks','support@xcart-language-packs.com',0,0,0,0,0.0000,0,21,159.99,'USD','5.3',1,0,0,1427925848,528384,0,'Translation: Italian','Xcart Language Packs','Use this module to translate your online store (both Admin interface and Storefront) to the Italian language.','http://my.x-cart.com/sites/default/files/addons/XcartLanguagePacks/Italian/icon.png','https://market.x-cart.com/addons/translation-italian.html','','a:0:{}','a:1:{i:0;s:11:\"Translation\";}',1,0,0,0,0,0,'a:0:{}',20671,0,0),(264,'Indonesian','XcartLanguagePacks','support@xcart-language-packs.com',0,0,0,0,0.0000,0,2,159.99,'USD','5.3',1,0,0,1427925824,510976,0,'Translation: Indonesian','Xcart Language Packs','This language module translates your X-Cart shop interface to Indonesian. The package includes translation of both the Storefront and the Administrator Area.','http://my.x-cart.com/sites/default/files/addons/XcartLanguagePacks/Indonesian/icon.png','https://market.x-cart.com/addons/translation-indonesian.html','','a:0:{}','a:1:{i:0;s:11:\"Translation\";}',1,0,0,0,0,0,'a:0:{}',20670,0,0),(265,'Icelandic','XcartLanguagePacks','support@xcart-language-packs.com',0,0,0,0,0.0000,0,1,159.99,'USD','5.3',1,0,0,1427925798,517120,0,'Translation: Icelandic','Xcart Language Packs','Translate your shop interface to Icelandic with this module, which contains the translation for both the Front-end and the Administrator area.','http://my.x-cart.com/sites/default/files/addons/XcartLanguagePacks/Icelandic/icon.png','https://market.x-cart.com/addons/translation-icelandic.html','','a:0:{}','a:1:{i:0;s:11:\"Translation\";}',1,0,0,0,0,0,'a:0:{}',20669,0,0),(266,'Hungarian','XcartLanguagePacks','support@xcart-language-packs.com',0,0,0,0,0.0000,0,1,159.99,'USD','5.3',1,0,0,1427925766,522240,0,'Translation: Hungarian','Xcart Language Packs','Translate your X-Cart Customer and Administrator Interface to Hungarian with this pack.','http://my.x-cart.com/sites/default/files/addons/XcartLanguagePacks/Hungarian/icon.png','https://market.x-cart.com/addons/translation-hungarian.html','','a:0:{}','a:1:{i:0;s:11:\"Translation\";}',1,0,0,0,0,0,'a:0:{}',20668,0,0),(267,'Hindi','XcartLanguagePacks','support@xcart-language-packs.com',0,0,0,0,0.0000,0,1,159.99,'USD','5.3',1,0,0,1427925722,716800,0,'Translation: Hindi','Xcart Language Packs','This language pack translates your X-Cart online store to Hindi. Both the customer area and the admin interface are translated.','http://my.x-cart.com/sites/default/files/addons/XcartLanguagePacks/Hindi/icon.png','https://market.x-cart.com/addons/translation-hindi.html','','a:0:{}','a:1:{i:0;s:11:\"Translation\";}',1,0,0,0,0,0,'a:0:{}',20667,0,0),(268,'Hebrew','XcartLanguagePacks','support@xcart-language-packs.com',0,0,0,0,0.0000,0,4,159.99,'USD','5.3',1,0,0,1427925693,553472,0,'Translation: Hebrew','Xcart Language Packs','Translates your X-Cart based store to Hebrew. It includes the translation of both the Customer and Administrator interfaces.','http://my.x-cart.com/sites/default/files/addons/XcartLanguagePacks/Hebrew/icon.png','https://market.x-cart.com/addons/translation-hebrew.html','','a:0:{}','a:1:{i:0;s:11:\"Translation\";}',1,0,0,0,0,0,'a:0:{}',20666,0,0),(269,'Greek','XcartLanguagePacks','support@xcart-language-packs.com',0,0,0,0,0.0000,0,6,159.99,'USD','5.3',1,0,0,1427922000,668672,0,'Translation: Greek','Xcart Language Packs','Translates your shop interface to the Greek language. The pack translates both the Customer front-end and Administrator area.','http://my.x-cart.com/sites/default/files/addons/XcartLanguagePacks/Greek/icon.png','https://market.x-cart.com/addons/translation-greek.html','','a:0:{}','a:1:{i:0;s:11:\"Translation\";}',1,0,0,0,0,0,'a:0:{}',20665,0,0),(270,'German','XcartLanguagePacks','support@xcart-language-packs.com',0,0,0,0,0.0000,0,11,159.99,'USD','5.3',1,0,0,1427922000,530432,0,'Translation: German','Xcart Language Packs','Translates your shop interface to German. Includes the translation of both the Storefront and Administrator back-end.','http://my.x-cart.com/sites/default/files/addons/XcartLanguagePacks/German/icon.png','https://market.x-cart.com/addons/translation-german.html','','a:0:{}','a:1:{i:0;s:11:\"Translation\";}',1,0,0,0,0,0,'a:0:{}',20664,0,0),(271,'French','XcartLanguagePacks','support@xcart-language-packs.com',0,0,0,0,0.0000,0,22,159.99,'USD','5.3',1,0,0,1427922000,537600,0,'Translation: French','Xcart Language Packs','The module translates your shop interface to French. It includes the translation for both the Customer front-end and Administrator back-end.','http://my.x-cart.com/sites/default/files/addons/XcartLanguagePacks/French/icon.png','https://market.x-cart.com/addons/translation-french.html','','a:0:{}','a:1:{i:0;s:11:\"Translation\";}',1,0,0,0,0,0,'a:0:{}',20663,0,0),(272,'Finnish','XcartLanguagePacks','support@xcart-language-packs.com',0,0,0,0,0.0000,0,6,159.99,'USD','5.3',1,0,0,1427925626,506880,0,'Translation: Finnish','Xcart Language Packs','Translates your X-Cart store interface to Finnish. Both the Customer front-end and Administrator back-end are covered.','http://my.x-cart.com/sites/default/files/addons/XcartLanguagePacks/Finnish/icon.png','https://market.x-cart.com/addons/translation-finnish.html','','a:0:{}','a:1:{i:0;s:11:\"Translation\";}',1,0,0,0,0,0,'a:0:{}',20662,0,0),(273,'Danish','XcartLanguagePacks','support@xcart-language-packs.com',0,0,0,0,0.0000,0,11,159.99,'USD','5.3',1,0,0,1427925523,509440,0,'Translation: Danish','Xcart Language Packs','The module translates your X-Cart store interface to Danish. The package includes both the Customer and Administrator areas translation.','http://my.x-cart.com/sites/default/files/addons/XcartLanguagePacks/Danish/icon.png','https://market.x-cart.com/addons/translation-danish.html','','a:0:{}','a:1:{i:0;s:11:\"Translation\";}',1,0,0,0,0,0,'a:0:{}',20660,0,0),(274,'Czech','XcartLanguagePacks','support@xcart-language-packs.com',0,0,0,0,0.0000,0,1,159.99,'USD','5.3',1,0,0,1427925493,519680,0,'Translation: Czech','Xcart Language Packs','Translates your shop interface to Czech. Includes translation for both the Customer front-end and the Administrator back-end','http://my.x-cart.com/sites/default/files/addons/XcartLanguagePacks/Czech/icon.png','https://market.x-cart.com/addons/translation-czech.html','','a:0:{}','a:1:{i:0;s:11:\"Translation\";}',1,0,0,0,0,0,'a:0:{}',20659,0,0),(275,'Bulgarian','XcartLanguagePacks','support@xcart-language-packs.com',0,0,0,0,0.0000,0,2,159.99,'USD','5.3',1,0,0,1427925392,633344,0,'Translation: Bulgarian','Xcart Language Packs','Translate your X-Cart interface to the Bulgarian language. The package includes the translation for both the Storefront and the Administrator zone.','http://my.x-cart.com/sites/default/files/addons/XcartLanguagePacks/Bulgarian/icon.png','https://market.x-cart.com/addons/translation-bulgarian.html','','a:0:{}','a:1:{i:0;s:11:\"Translation\";}',1,0,0,0,0,0,'a:0:{}',20658,0,0),(276,'Bengali','XcartLanguagePacks','support@xcart-language-packs.com',0,0,0,0,0.0000,0,0,159.99,'USD','5.3',1,0,0,1427922000,718336,0,'Translation: Bengali','Xcart Language Packs','Translate your X-Cart shop interface to Bengali with this module. It contains the translation for both the Storefront and the Administrator Zone','http://my.x-cart.com/sites/default/files/addons/XcartLanguagePacks/Bengali/icon.png','https://market.x-cart.com/addons/translation-bengali.html','','a:0:{}','a:1:{i:0;s:11:\"Translation\";}',1,0,0,0,0,0,'a:0:{}',20657,0,0),(277,'Spanish','XcartLanguagePacks','support@xcart-language-packs.com',0,0,0,0,0.0000,0,44,159.99,'USD','5.3',1,0,0,1427926074,532992,0,'Translation: Spanish','Xcart Language Packs','Translate your X-Cart based online store to Spanish. The package includes the translation for both the Customer front-end and Administrator back-end.','http://my.x-cart.com/sites/default/files/addons/XcartLanguagePacks/Spanish/icon.png','https://market.x-cart.com/addons/translation-spanish.html','','a:0:{}','a:1:{i:0;s:11:\"Translation\";}',1,0,0,0,0,0,'a:0:{}',20651,0,0),(278,'Dutch','XcartLanguagePacks','support@xcart-language-packs.com',0,0,0,0,0.0000,0,0,159.99,'USD','5.3',1,0,0,1427839175,518656,0,'Translation: Dutch','Xcart Language Packs','This module translates your shop interface (Admin and Customer area) to Dutch.','http://my.x-cart.com/sites/default/files/addons/XcartLanguagePacks/Dutch/icon.png','https://market.x-cart.com/addons/translation-dutch.html','','a:0:{}','a:1:{i:0;s:11:\"Translation\";}',1,1,11,0,0,0,'a:0:{}',20661,0,0),(279,'Sitemap','XC','helpdesk@x-cart.com',0,0,0,0,0.0000,0,2619,0.00,'USD','5.3',1,1,0,1427144400,71680,1,'Site Map','X-Cart team','Enable a sitemap on your site for easier customers\' navigation.The sitemap can include categories and static pages.','http://my.x-cart.com/sites/default/files/addons/XC/Sitemap/icon.png','https://market.x-cart.com/addons/site_map.html','','a:0:{}','a:2:{i:0;s:15:\"User experience\";i:1;s:21:\"Search and Navigation\";}',1,0,0,0,0,2,'a:3:{i:0;s:12:\"391_Business\";i:1;s:18:\"20598_Multi-vendor\";i:2;s:18:\"536881125_Ultimate\";}',0,0,0),(280,'Curtains_n_Blinds','QSL','helpdesk@x-cart.com',0,0,0,0,0.0000,0,116,99.00,'USD','5.3',0,2,1,1427749200,1071616,0,'Curtains &amp; Blinds','Qualiteam','The \"Curtains & Blinds\" X-Cart Design Template (#44). This template is good for the following themes: Interior & Furniture, Accessories, Books, Clothing, Fashion','http://my.x-cart.com/sites/default/files/addons/QSL/Curtains_n_Blinds/icon.png','https://market.x-cart.com/xcart-templates/curtains-n-blinds.html','','a:0:{}','a:1:{i:0;s:9:\"Templates\";}',1,0,0,0,1,0,'a:0:{}',20655,0,0),(281,'Bulk_Order','Ship200','support@ship200.com',0,0,0,0,0.0000,0,39,0.00,'USD','5.2',2,0,0,1442782800,31744,0,'Ship200 Bulk Order','Ship200','This addon will integrate all shipping carriers: UPS, Fedex, USPS (Stamps.com and Endicia.com) into your backend/admin. It will connect your store to Ship200, and add the ability to download orders to Ship200 for creating shipping labels in bulk.','http://my.x-cart.com/sites/default/files/addons/Ship200/Bulk_Order/iconAlt.png','https://market.x-cart.com/addons/Ship200_Bulk_Order.html','','a:0:{}','a:1:{i:0;s:8:\"Shipping\";}',1,0,0,0,0,0,'a:0:{}',0,0,0),(282,'Onebyone','Ship200','support@ship200.com',0,0,0,0,0.0000,0,57,0.00,'USD','5.2',2,0,0,1442866735,37888,0,'Ship200 OneByOne','Ship200','This addon will integrate all shipping carriers: UPS, Fedex, USPS (Stamps.com and Endicia.com) into your backed/admin. It will add \"Create Shipping Label\" and \"Make Return Label\" to order detail page.','http://my.x-cart.com/sites/default/files/addons/Ship200/Onebyone/iconAlt.png','https://market.x-cart.com/addons/Ship200_OneByOne.html','','a:0:{}','a:1:{i:0;s:8:\"Shipping\";}',1,0,0,0,0,0,'a:0:{}',0,0,0),(283,'Testimonial','PerceptionSystemPvtLtd','xcart@perceptionsystem.com',0,0,0,0,0.0000,0,83,29.99,'USD','5.3',2,0,0,1429563600,713728,0,'Video and Content Testimonial','Perception System Pvt. Ltd.','Testimonial Module is a reliable and full-featured module that enables your clients to share their views about your products/services. This module supports text as well as video testimonials through which you can convince your visitors to become your customers.','http://my.x-cart.com/sites/default/files/addons/PerceptionSystemPvtLtd/Testimonial/icon.png','https://market.x-cart.com/addons/testimonial-module-by-perception-system.html','','a:0:{}','a:2:{i:0;s:9:\"Marketing\";i:1;s:15:\"User experience\";}',1,0,0,0,0,0,'a:0:{}',20686,0,0),(284,'LinkedinGroupFeed','Webkulsoftware','prakash.sahu@webkul.com',0,0,0,0,0.0000,0,0,29.00,'USD','5.2',0,0,0,1430082000,123392,0,'Linkedin Group Feed','Webkul Software Pvt. Ltd.','This is the best Linkedin group feed Plugin in Xcart. This brilliant module show your Linkedin group post in awesome manner. Xcart Linkedin Group Feed loads all your Linkedin group feed automatically by provide some required information.','http://my.x-cart.com/sites/default/files/addons/Webkulsoftware/LinkedinGroupFeed/iconAlt.png','https://market.x-cart.com/addons/Linkedin-Group-Feed-by-webkulsoftware.html','','a:0:{}','a:2:{i:0;s:9:\"Marketing\";i:1;s:15:\"User experience\";}',1,0,0,0,0,0,'a:0:{}',20687,0,0),(285,'AuctionInc','XC','helpdesk@x-cart.com',0,0,0,0,0.0000,0,4620,0.00,'USD','5.3',1,3,0,1430082000,327680,0,'AuctionInc ShippingCalc','X-Cart team','Provide your customers with accurate \"real-time\" comparative domestic or international shipping rates from\nyour choice of services from Fedex, UPS, USPS and DHL. No carrier accounts required. Full support for your\nitem dimensions and dimensional rates. Shipping origins from any country supported. A host of advanced\nfeatures include: shipping promotions, bundled handling fees, drop-shipping from multiple origins, and a\npackaging engine that accurately predicts appropriate packaging for multiple items and quantities. Free\nmonth-long trial, then subscription to AuctionInc required.','http://my.x-cart.com/sites/default/files/addons/XC/AuctionInc/icon.png','https://market.x-cart.com/addons/shipping-calc-by-auction-inc.html','','a:0:{}','a:3:{i:0;s:14:\"Administration\";i:1;s:11:\"Fulfillment\";i:2;s:8:\"Shipping\";}',1,0,5,0,0,0,'a:0:{}',0,0,0),(286,'HiddenProducts','CSI','support@cflsystems.com',0,0,0,0,0.0000,0,77,40.00,'USD','5.3',0,0,0,1430344006,58368,0,'Hidden Products','CFL Systems, Inc.','This module adds \'Hidden but available for sale\' functionality for products.','http://my.x-cart.com/sites/default/files/addons/CSI/HiddenProducts/icon.png','https://market.x-cart.com/addons/hidden-products-by-cfl-systems.html','','a:0:{}','a:3:{i:0;s:18:\"Catalog Management\";i:1;s:9:\"Marketing\";i:2;s:15:\"User experience\";}',1,0,0,0,0,0,'a:0:{}',21103,0,0),(287,'MinimumOrderFee','CSI','support@cflsystems.com',0,0,0,0,0.0000,0,17,45.00,'USD','5.3',0,1,0,1431035360,62976,0,'Minimum Order Fee','CFL Systems, Inc.','The Minimum Order Fee module allows admin to set minimum purchase on orders and charge a fee if this limit is not reached. The fee can be set as percentage of the order subtotal or fixed amount and can be restricted to certain memberships only.','http://my.x-cart.com/sites/default/files/addons/CSI/MinimumOrderFee/iconAlt.png','https://market.x-cart.com/addons/minimum-order-fee-by-cfl-systems.html','','a:0:{}','a:1:{i:0;s:15:\"User experience\";}',1,0,0,0,0,0,'a:0:{}',21105,0,0),(288,'Dresscode','QSL','helpdesk@x-cart.com',0,0,0,0,0.0000,0,29,99.00,'USD','5.3',0,1,2,1434229200,601600,0,'DressCode with Xmas','Qualiteam','The \"DressCode with Xmas\" X-Cart Design Template (#27). This template is good for the following themes: Accessories, Clothing, Jewelry, Watches, Wedding','http://my.x-cart.com/sites/default/files/addons/QSL/Dresscode/icon.png','https://market.x-cart.com/xcart-templates/dresscode.html','','a:0:{}','a:1:{i:0;s:9:\"Templates\";}',1,0,0,0,1,0,'a:0:{}',453,0,0),(289,'OrderPrefixSuffix','CSI','support@cflsystems.com',0,0,0,0,0.0000,0,25,45.00,'USD','5.3',0,0,0,1431985877,37888,0,'Order Prefix/Suffix','CFL Systems, Inc.','Add Prefix and/or Suffix to store\'s orders numbers.','http://my.x-cart.com/sites/default/files/addons/CSI/OrderPrefixSuffix/icon.png','https://market.x-cart.com/addons/order-prefix-suffix-by-cfl-systems.html','','a:0:{}','a:3:{i:0;s:10:\"Accounting\";i:1;s:11:\"Fulfillment\";i:2;s:15:\"User experience\";}',1,0,0,0,0,0,'a:0:{}',21106,0,0),(290,'Chinese','XcartLanguagePacks','support@xcart-language-packs.com',0,0,0,0,0.0000,0,19,159.99,'USD','5.3',1,0,0,1432245466,477184,0,'Translation: Chinese','Xcart Language Packs','Translates your shop interface to Chinese Traditional. Includes translation for both the Customer front-end and Administrator back-end.\nWarning! Installing this module will overwrite any existing label translations for this language.\n','http://my.x-cart.com/sites/default/files/addons/XcartLanguagePacks/Chinese/icon.png','https://market.x-cart.com/addons/translation-chinese-alternative.html','','a:0:{}','a:1:{i:0;s:11:\"Translation\";}',1,1,12,0,0,0,'a:0:{}',20691,0,0),(291,'FreshModernFlatTheme','PerceptionSystemPvtLtd','xcart@perceptionsystem.com',0,0,0,0,0.0000,0,6,49.00,'USD','5.2',1,0,5,1432501200,4828160,0,'Fresh Modern Flat Theme','Perception System Pvt. Ltd.','Fresh Modern Flat is a unique and colorful theme that enables to make your store better among other eCommerce stores available on the web.','http://my.x-cart.com/sites/default/files/addons/PerceptionSystemPvtLtd/FreshModernFlatTheme/icon.png','https://market.x-cart.com/addons/Fresh-Modern-Flat-Theme.html','','a:0:{}','a:1:{i:0;s:9:\"Templates\";}',1,0,0,0,0,0,'a:0:{}',20692,0,0),(292,'Coinzone','Coinzone','redcarpet@coinzone.com',0,0,0,0,0.0000,0,0,0.00,'USD','5.1',10,0,0,1432674000,29696,0,'Coinzone','Coinzone B.V.','Bitcoin Payments powered by Coinzone','http://my.x-cart.com/sites/default/files/addons/Coinzone/Coinzone/iconAlt.png','https://market.x-cart.com/addons/Bitcoin-Payments-by-Coinzone.html','','a:0:{}','a:1:{i:0;s:18:\"Payment processing\";}',1,0,0,0,0,0,'a:0:{}',0,0,0),(293,'EBSIndia','XC','helpdesk@x-cart.com',0,0,0,0,0.0000,0,124,0.00,'USD','5.3',1,1,0,1433106000,92160,0,'EBS India','X-Cart team','Accept Visa, MasterCard, Maestro, AMEX, JCB, Diners. Offer international payments and multi-currency services. Payment processing provider in India with PCI DSS Level 1 since 2010.','http://my.x-cart.com/sites/default/files/addons/XC/EBSIndia/icon.png','https://market.x-cart.com/addons/ebs-india-payment-method.html','','a:0:{}','a:1:{i:0;s:18:\"Payment processing\";}',1,0,0,0,0,0,'a:0:{}',0,0,0),(294,'PoliPayment','XC','helpdesk@x-cart.com',0,0,0,0,0.0000,0,177,0.00,'USD','5.3',1,0,0,1433106000,51200,0,'Poli Payment','X-Cart team','Easy payments. POLi enables your customers to pay via their internet banking. Our software populates the payment details and tells you as soon as the payment is complete.','http://my.x-cart.com/sites/default/files/addons/XC/PoliPayment/iconAlt.png','https://market.x-cart.com/addons/poli-payment-method.html','','a:0:{}','a:1:{i:0;s:18:\"Payment processing\";}',1,0,0,0,0,0,'a:0:{}',0,0,0),(295,'SofortBanking','XC','helpdesk@x-cart.com',0,0,0,0,0.0000,0,128,0.00,'USD','5.3',2,0,0,1433106000,174080,0,'SOFORT Banking','X-Cart team','Enables receiving payments for your online store via SOFORT Banking payment system.','http://my.x-cart.com/sites/default/files/addons/XC/SofortBanking/icon.png','https://market.x-cart.com/addons/sofort-banking.html','','a:0:{}','a:1:{i:0;s:18:\"Payment processing\";}',1,0,0,0,0,0,'a:0:{}',0,0,0),(296,'Booking','QSL','helpdesk@x-cart.com',0,0,0,0,0.0000,0,34,495.00,'USD','5.2',3,0,0,1433970000,265728,0,'Booking','Qualiteam','Allows your customers to book, rent or make reservations.','http://my.x-cart.com/sites/default/files/addons/QSL/Booking/icon.png','https://market.x-cart.com/addons/booking.html','','a:0:{}','a:1:{i:0;s:7:\"Booking\";}',1,0,1,0,0,0,'a:0:{}',20698,0,0),(297,'AvaTax','XC','helpdesk@x-cart.com',0,0,0,0,0.0000,0,386,0.00,'USD','5.3',1,3,0,1433797200,143360,0,'AvaTax Sales Tax Automation','X-Cart team','The fastest, easiest, most accurate and affordable way to calculate sales tax, manage tax exemptions and file returns. Avalara determines the tax rates automatically based on 100,000+ taxability rules in 11,000+ taxing jurisdictions.','http://my.x-cart.com/sites/default/files/addons/XC/AvaTax/icon.png','https://market.x-cart.com/addons/avatax-sales-tax-automation.html','','a:0:{}','a:1:{i:0;s:5:\"Taxes\";}',1,0,0,0,0,0,'a:0:{}',0,0,0),(298,'HiddenCoupons','CSI','support@cflsystems.com',0,0,0,0,0.0000,0,2,40.00,'USD','5.3',0,0,0,1434318293,38912,0,'Hidden Coupons','CFL Systems, Inc.','This module hides the coupon code on checkout, order confirmation and invoice pages.','http://my.x-cart.com/sites/default/files/addons/CSI/HiddenCoupons/icon.png','https://market.x-cart.com/addons/hidden-coupons-by-cfl-systems.html','','a:1:{i:0;s:12:\"CDev\\Coupons\";}','a:2:{i:0;s:9:\"Marketing\";i:1;s:15:\"User experience\";}',1,0,0,0,0,0,'a:0:{}',21102,0,0),(299,'TaxExempt','QSL','helpdesk@x-cart.com',0,0,0,0,0.0000,0,42,99.00,'USD','5.3',2,0,0,1435784400,60416,0,'Tax Exempt','Qualiteam','Enable tax exemption for particular customers or for selected products.','http://my.x-cart.com/sites/default/files/addons/QSL/TaxExempt/icon.png','https://market.x-cart.com/addons/tax-exemption.html','','a:0:{}','a:2:{i:0;s:10:\"Accounting\";i:1;s:5:\"Taxes\";}',1,0,2,0,1,0,'a:0:{}',20701,0,0),(300,'Intimates','QSL','helpdesk@x-cart.com',0,0,0,0,0.0000,0,158,99.00,'USD','5.3',0,1,2,1435784400,1126912,0,'Intimates','Qualiteam','The \"Intimates\" X-Cart Design Template (#45). This template is good for the following themes:  Accessories, Clothing, Jewelry, Watches, Wedding','http://my.x-cart.com/sites/default/files/addons/QSL/Intimates/icon.png','https://market.x-cart.com/xcart-templates/intimates.html','','a:0:{}','a:1:{i:0;s:9:\"Templates\";}',1,0,0,0,1,0,'a:0:{}',20702,0,0),(301,'Genesis','EMerchantPay','shopping_carts@emerchantpay.com',0,0,0,0,0.0000,0,36,0.00,'USD','5.3',2,0,0,-10800,927744,0,'eMerchantPay Payment Gateway','eMerchantPay','Accept payments through eMerchantPay\'s Payment Gateway - Genesis','http://my.x-cart.com/sites/default/files/addons/EMerchantPay/Genesis/iconAlt.png','https://market.x-cart.com/addons/emerchantpay.html','','a:0:{}','a:1:{i:0;s:18:\"Payment processing\";}',1,0,0,0,0,0,'a:0:{}',0,0,0),(302,'AccountNotes','CSI','support@cflsystems.com',0,0,0,0,0.0000,0,19,50.00,'USD','5.3',1,0,0,1437034313,162304,0,'Account Notes','CFL Systems, Inc.','Account Notes module allows admin to add notes to profiles. Add records about phone calls, shopping behavior, restrictions, etc.','http://my.x-cart.com/sites/default/files/addons/CSI/AccountNotes/icon.png','https://market.x-cart.com/addons/account-notes-by-cfl-systems.html','','a:0:{}','a:3:{i:0;s:14:\"Administration\";i:1;s:11:\"Fulfillment\";i:2;s:15:\"User experience\";}',1,0,3,0,0,0,'a:0:{}',21099,0,0),(303,'PopupAnywhere','QSL','helpdesk@x-cart.com',0,0,0,0,0.0000,0,171,99.00,'USD','5.3',2,0,0,1439921783,220672,0,'Pop-up Anywhere','Qualiteam','Create unlimited number of attractive and informative popup messages for your customers regardless of the page they land on when arriving on your site.','http://my.x-cart.com/sites/default/files/addons/QSL/PopupAnywhere/icon.png','https://market.x-cart.com/addons/popup-anywhere.html','','a:0:{}','a:1:{i:0;s:9:\"Marketing\";}',1,0,0,0,1,0,'a:0:{}',20705,0,0),(304,'GbTranslation','XC','helpdesk@x-cart.com',0,0,0,0,0.0000,0,200,0.00,'USD','5.3',2,0,0,0,92160,0,'Translation: British English','X-Cart team','British english translation pack','http://my.x-cart.com/sites/default/files/addons/XC/GbTranslation/icon.png','https://market.x-cart.com/addons/translation-british-english.html','','a:0:{}','a:0:{}',1,0,0,0,0,0,'a:0:{}',0,0,0),(305,'EProcessingNetwork','QSL','helpdesk@x-cart.com',0,0,0,0,0.0000,0,5,39.00,'USD','5.3',0,0,0,1440363600,30208,0,'eProcessing Network - Database Engine','Qualiteam','Accepting credit and debit cards, checks, gift cards via an online secure real-time transaction processing engine. This payment extension uses the Database Engine Template (DBE).','http://my.x-cart.com/sites/default/files/addons/QSL/EProcessingNetwork/icon.png','https://market.x-cart.com/addons/eprocessing-network-database-engine.html','','a:0:{}','a:1:{i:0;s:18:\"Payment processing\";}',1,0,1,0,1,0,'a:0:{}',20706,0,0),(306,'CCBill','QSL','helpdesk@x-cart.com',0,0,0,0,0.0000,0,4,39.00,'USD','5.3',0,0,0,1440429545,32768,0,'CCBill','Qualiteam','Accept payments online via CCBill in your X-Cart store.','http://my.x-cart.com/sites/default/files/addons/QSL/CCBill/icon.png','https://market.x-cart.com/addons/ccbill-payment-module.html','','a:0:{}','a:1:{i:0;s:18:\"Payment processing\";}',1,0,3,0,1,0,'a:0:{}',20707,0,0),(307,'FirstDataPayeezyGatewayHP','QSL','helpdesk@x-cart.com',0,0,0,0,0.0000,0,55,39.00,'USD','5.3',0,0,0,1440363600,86016,0,'First Data Payeezy Gateway','Qualiteam','Accepting payments via First Data Payeezy Gateway - Hosted Payment Pages (formerly FirstData Global Gateway e4).','http://my.x-cart.com/sites/default/files/addons/QSL/FirstDataPayeezyGatewayHP/icon.png','https://market.x-cart.com/addons/payeeze-by-firstdata.html','','a:0:{}','a:1:{i:0;s:18:\"Payment processing\";}',1,0,5,0,1,0,'a:0:{}',20708,0,0),(308,'Dark','QSL','helpdesk@x-cart.com',0,0,0,0,0.0000,0,10,49.00,'USD','5.2',4,0,14,1440593681,522240,0,'Dark','Qualiteam','The \"Dark\" X-Cart Design Template (#46). This template is good for the following themes: Baby, Beauty, Books, Business, Clothing, Cars, Computers, Education, Electronics, Fashion, Hobbies & Crafts, Hotels, Interior & Furniture, Medical, Music, Nature, Nutritional supplements, Wedding, Wine, Winter.','http://my.x-cart.com/sites/default/files/addons/QSL/Dark/icon.png','https://market.x-cart.com/xcart-templates/dark.html','','a:0:{}','a:1:{i:0;s:9:\"Templates\";}',1,0,0,0,1,0,'a:0:{}',20959,0,0),(309,'Light','QSL','helpdesk@x-cart.com',0,0,0,0,0.0000,0,20,49.00,'USD','5.3',0,0,1,1440593918,413184,0,'Light','Qualiteam','The \"Light\" X-Cart Design Template (#47). This template is good for the following themes: Baby, Beauty, Books, Business, Clothing, Computers, Education, Electronics, Fashion, Hobbies & Crafts, Hotels, Interior & Furniture, Medical, Music, Nature, Nutritional supplements, Wedding, Wine, Winter.','http://my.x-cart.com/sites/default/files/addons/QSL/Light/icon.png','https://market.x-cart.com/xcart-templates/light.html','','a:0:{}','a:1:{i:0;s:9:\"Templates\";}',1,0,0,0,1,0,'a:0:{}',20960,0,0),(310,'GraphicStock','QSL','helpdesk@x-cart.com',0,0,0,0,0.0000,0,102,149.00,'USD','5.3',1,2,1,1440593990,957952,0,'Graphic Stock','Qualiteam','The \"Graphic Stock\" X-Cart Design Template (#48). This template is good for the following themes: Graphics, cars, books, accessories, equipment','http://my.x-cart.com/sites/default/files/addons/QSL/GraphicStock/icon.png','https://market.x-cart.com/xcart-templates/graphicstock.html','','a:0:{}','a:1:{i:0;s:9:\"Templates\";}',1,0,0,0,1,0,'a:0:{}',20961,0,0),(311,'CartIcons','QSL','helpdesk@x-cart.com',0,0,0,0,0.0000,0,120,14.95,'USD','5.3',1,0,2,1441573200,113664,0,'Cart Icons','Qualiteam','Decorate cart buttons and icons in your online store.','http://my.x-cart.com/sites/default/files/addons/QSL/CartIcons/icon.png','https://market.x-cart.com/addons/cart-icons.html','','a:0:{}','a:1:{i:0;s:13:\"Design tweaks\";}',1,0,4,0,1,0,'a:0:{}',20962,0,0),(312,'WordPressIntegration','QSL','helpdesk@x-cart.com',0,0,0,0,0.0000,0,296,0.00,'USD','5.3',0,0,0,1439067600,463360,0,'X-Cart 5 to WordPress Integration','Qualiteam','Sell and promote your products by embedding X-Cart products and categories directly in your WordPress blog posts','http://my.x-cart.com/sites/default/files/addons/QSL/WordPressIntegration/icon.png','https://market.x-cart.com/addons/xcart-in-wordpress.html','','a:1:{i:0;s:10:\"XC\\RESTAPI\";}','a:3:{i:0;s:9:\"Marketing\";i:1;s:13:\"Design tweaks\";i:2;s:4:\"Blog\";}',1,0,6,0,1,0,'a:0:{}',0,0,0),(313,'FashionAccessories','QSL','helpdesk@x-cart.com',0,0,0,0,0.0000,0,16,99.00,'USD','5.3',0,0,1,1442350800,872448,0,'Fashion Accessories','Qualiteam','The \"Fashion Accessories\" X-Cart Design Template (#21). This template is good for the following themes: Accessories, Beauty, Clothing, Fashion, Jewelry, Wedding','http://my.x-cart.com/sites/default/files/addons/QSL/FashionAccessories/icon.png','https://market.x-cart.com/xcart-templates/fashion-accessories.html','','a:0:{}','a:1:{i:0;s:9:\"Templates\";}',1,0,0,0,1,0,'a:0:{}',457,0,0),(314,'EGateway','QSL','helpdesk@x-cart.com',0,0,0,0,0.0000,0,1,39.00,'USD','5.3',0,0,0,1443128400,35840,0,'E-Gateway','Qualiteam','Accepting Visa, Amex, Mastercard, Diners Club and JCB in the Australia, US, Canada, Europe, Europe, UK and most other regions.','http://my.x-cart.com/sites/default/files/addons/QSL/EGateway/icon.png','https://market.x-cart.com/addons/e-gateway-payment-module.html','','a:0:{}','a:1:{i:0;s:18:\"Payment processing\";}',1,0,7,0,1,0,'a:0:{}',20964,0,0),(315,'GlobalTransport','QSL','helpdesk@x-cart.com',0,0,0,0,0.0000,0,0,39.00,'USD','5.3',0,0,0,1443128400,62976,0,'Global Transport Secure eCommerce','Qualiteam','Accepting Visa, MasterCard, American Express, Discover, JCB, Diners Club, China Union Pay.','http://my.x-cart.com/sites/default/files/addons/QSL/GlobalTransport/icon.png','https://market.x-cart.com/addons/global-transport-secure-ecommerce-payment-module.html','','a:0:{}','a:1:{i:0;s:18:\"Payment processing\";}',1,0,0,0,1,0,'a:0:{}',20965,0,0),(316,'BackInStock','QSL','helpdesk@x-cart.com',0,0,0,0,0.0000,0,228,69.00,'USD','5.3',0,0,1,1443183084,210944,0,'Back in Stock Notifications','Qualiteam','Drive more sales by making it easy for your customers to sign up for Back in Stock email notifications for the products they wanted to buy, but missed out. Send an automatic message once the product is available again!','http://my.x-cart.com/sites/default/files/addons/QSL/BackInStock/icon.png','https://market.x-cart.com/addons/back-in-stock-notifications.html','','a:0:{}','a:3:{i:0;s:18:\"Catalog Management\";i:1;s:9:\"Marketing\";i:2;s:15:\"User experience\";}',1,0,0,0,1,0,'a:0:{}',20966,0,0),(317,'MembershipProducts','QSL','helpdesk@x-cart.com',0,0,0,0,0.0000,0,11,69.00,'USD','5.3',0,0,1,1444078800,68608,0,'Paid memberships','Qualiteam','Sell premium memberships in your store. The module expands the \"Memberships\" feature of X-Cart, enabling the ability to sell paid memberships as regular products.','http://my.x-cart.com/sites/default/files/addons/QSL/MembershipProducts/icon.png','https://market.x-cart.com/addons/paid-memberships.html','','a:0:{}','a:2:{i:0;s:9:\"Marketing\";i:1;s:10:\"Accounting\";}',1,0,0,0,1,0,'a:0:{}',20967,0,0),(318,'ChronoPay','XC','helpdesk@x-cart.com',0,0,0,0,0.0000,0,1,39.00,'USD','5.3',1,0,0,1444683600,51200,0,'ChronoPay','X-Cart team','Accept payments for any goods and services in the internet by bank cards (VISA, MasterCard, Maestro, American Express, Diners, JCB) and the most popular payment systems (Yandex.Money, Qiwi, Webmoney) all over the world: in America, Russia, Europe and Asia','http://my.x-cart.com/sites/default/files/addons/XC/ChronoPay/icon.png','https://market.x-cart.com/addons/chronopay.html','','a:0:{}','a:1:{i:0;s:18:\"Payment processing\";}',1,0,0,0,1,0,'a:0:{}',20971,0,0),(319,'CustomOrderStatuses','XC','helpdesk@x-cart.com',0,0,0,0,0.0000,0,511,0.00,'USD','5.3',2,0,0,-10800,71680,1,'Custom Order Statuses','X-Cart team','This module allows you to edit the existing order statuses and add new statuses.','http://my.x-cart.com/sites/default/files/addons/XC/CustomOrderStatuses/icon.png','https://market.x-cart.com/addons/custom-order-statuses.html','','a:0:{}','a:2:{i:0;s:14:\"Administration\";i:1;s:11:\"Fulfillment\";}',1,0,0,0,0,2,'a:3:{i:0;s:12:\"391_Business\";i:1;s:18:\"20598_Multi-vendor\";i:2;s:18:\"536881125_Ultimate\";}',0,0,0),(320,'DIBSFlexWin','XC','helpdesk@x-cart.com',0,0,0,0,0.0000,0,0,39.00,'USD','5.3',1,0,0,1444683600,51200,0,'DIBS FlexWin','X-Cart team','FlexWin is the most frequently used payment window for DIBS, and is the most extended payment service provided. Released in 2007, the FlexWin layout is well known to shoppers all around Scandinavia.','http://my.x-cart.com/sites/default/files/addons/XC/DIBSFlexWin/icon.png','https://market.x-cart.com/addons/hosted-dibs-flexwin.html','','a:0:{}','a:1:{i:0;s:18:\"Payment processing\";}',1,0,0,0,1,0,'a:0:{}',20972,0,0),(321,'DatatransUPP','XC','helpdesk@x-cart.com',0,0,0,0,0.0000,0,8,39.00,'USD','5.3',1,1,0,1444683600,51200,0,'Datatrans (Universal payment page)','X-Cart team','The leading Payment Service Provider in Switzerland. It works together with a large number of Swiss acquirers/finance companies. All finance companies and methods of payment are automatically open to Datatrans customers.','http://my.x-cart.com/sites/default/files/addons/XC/DatatransUPP/icon.png','https://market.x-cart.com/addons/datatrans-universal-payment-page.html','','a:0:{}','a:1:{i:0;s:18:\"Payment processing\";}',1,0,0,0,1,0,'a:0:{}',20969,0,0),(322,'DisableDragNDrop','XC','helpdesk@x-cart.com',0,0,0,0,0.0000,0,392,0.00,'USD','5.3',0,0,0,1445202000,20480,0,'Disable drag\'n\'drop add to cart','X-Cart team','Disables the default drag-n-drop adding products to cart to replace it with the \'add to cart\' button on the product list pages (category, search results)','http://my.x-cart.com/sites/default/files/addons/XC/DisableDragNDrop/iconAlt.png','https://market.x-cart.com/addons/disable-drag-n-drop.html','','a:0:{}','a:1:{i:0;s:15:\"User experience\";}',1,0,0,0,0,0,'a:0:{}',0,0,0),(323,'EWAYStoredShared','XC','helpdesk@x-cart.com',0,0,0,0,0.0000,0,103,0.00,'USD','5.3',1,0,0,1444683600,81920,0,'eWAY Responsive Shared Page','X-Cart team','Integration with eWAY using Responsive Shared Page method.  It also comes with the built-in integration with 3D Secure, PayPal, MasterPass and Visa Checkout. Once this payment method is selected on  checkout page, your customer is redirectedto a form hosted by eWay to enter payment information.','http://my.x-cart.com/sites/default/files/addons/XC/EWAYStoredShared/iconAlt.png','https://market.x-cart.com/addons/eway-responsive-shared-page.html','','a:0:{}','a:1:{i:0;s:18:\"Payment processing\";}',1,0,0,0,1,0,'a:0:{}',0,0,0),(324,'Geolocation','XC','helpdesk@x-cart.com',0,0,0,0,0.0000,0,659,0.00,'USD','5.3',1,1,0,1445202000,2426880,1,'Geolocation','X-Cart team','Use free IP geolocation database GeoLite by Maxmind to improve the user experience of non-logged in customers - \"guess\" their country and address for more precise pre-login shipping cost estimation','http://my.x-cart.com/sites/default/files/addons/XC/Geolocation/icon.png','https://market.x-cart.com/addons/geolocation.html','','a:0:{}','a:1:{i:0;s:15:\"User experience\";}',1,0,0,0,0,2,'a:3:{i:0;s:12:\"391_Business\";i:1;s:18:\"20598_Multi-vendor\";i:2;s:18:\"536881125_Ultimate\";}',0,0,0),(325,'PitneyBowes','XC','helpdesk@x-cart.com',0,0,0,0,0.0000,0,1677,0.00,'USD','5.3',2,1,0,1444683600,1832960,0,'Pitney Bowes International','X-Cart team','PB\'s International Shipping service provides: guaranteed fully landed costs (duties, taxes, & tariffs) in the checkout, simple international parcel fulfilment, prohibited goods screening & export compliance, end to end parcel tracking, and insurance.','http://my.x-cart.com/sites/default/files/addons/XC/PitneyBowes/icon.png','','','a:0:{}','a:2:{i:0;s:11:\"Fulfillment\";i:1;s:8:\"Shipping\";}',1,0,0,0,0,0,'a:0:{}',0,0,0),(326,'ProductTags','XC','helpdesk@x-cart.com',0,0,0,0,0.0000,0,910,0.00,'USD','5.3',2,0,0,1445202000,174080,1,'Product Tags','X-Cart team','Assign one or multiple tags to your products and improve the navigation for your customers, who can narrow the search results by tags in the Product Filters or, vice versa, see all products with the same tag.','http://my.x-cart.com/sites/default/files/addons/XC/ProductTags/icon.png','https://market.x-cart.com/addons/product-tags.html','','a:0:{}','a:2:{i:0;s:15:\"User experience\";i:1;s:21:\"Search and Navigation\";}',1,0,0,0,0,2,'a:3:{i:0;s:12:\"391_Business\";i:1;s:18:\"20598_Multi-vendor\";i:2;s:18:\"536881125_Ultimate\";}',0,0,0),(327,'WorldpayHPP','XC','helpdesk@x-cart.com',0,0,0,0,0.0000,0,16,39.00,'USD','5.3',1,0,0,1444683600,51200,0,'Worldpay Pay Page','X-Cart team','The card payment processing is managed by Worldpay, so you and your customers can be confident that payment details are safe and secure. Some elements of the payment page are customizable to fit your brand','http://my.x-cart.com/sites/default/files/addons/XC/WorldpayHPP/icon.png','https://market.x-cart.com/addons/worldpay-hosted-payment-page.html','','a:0:{}','a:1:{i:0;s:18:\"Payment processing\";}',1,0,0,0,0,0,'a:0:{}',20973,0,0),(328,'ImageWatermark','CSI','support@cflsystems.com',0,0,0,0,0.0000,0,47,69.00,'USD','5.3',0,1,0,1444727108,4056064,0,'Image Watermark','CFL Systems, Inc.','This module allows you to watermark products and categories images with text and/or image.','http://my.x-cart.com/sites/default/files/addons/CSI/ImageWatermark/iconAlt.png','https://market.x-cart.com/addons/image-watermark-by-cfl-systems.html','','a:0:{}','a:1:{i:0;s:18:\"Catalog Management\";}',1,0,0,0,0,0,'a:0:{}',21104,0,0),(329,'PaymentMethodFees','QSL','helpdesk@x-cart.com',0,0,0,0,0.0000,0,88,49.00,'USD','5.3',1,0,0,-10800,95232,0,'Payment Method Fees','Qualiteam','This module allows you to configure discounts and extra fees for particular payment methods.','http://my.x-cart.com/sites/default/files/addons/QSL/PaymentMethodFees/icon.png','https://market.x-cart.com/addons/payment-method-fees.html','','a:0:{}','a:1:{i:0;s:18:\"Payment processing\";}',1,0,0,0,1,0,'a:0:{}',20974,0,0),(330,'Paysafecard','QSL','helpdesk@x-cart.com',0,0,0,0,0.0000,0,3,39.00,'USD','5.3',0,0,1,1444856400,49152,0,'Paysafecard','Qualiteam','Europe\'s leading prepaid solution for paying online, it enables your customers to pay online without a credit card. They purchase paysafecard at the nearest sales outlet ( $10, $25, $50, or $100) and pay with it at webshops by entering the 16-digit paysafecard PIN','http://my.x-cart.com/sites/default/files/addons/QSL/Paysafecard/icon.png','https://market.x-cart.com/addons/paysafecard.html','','a:0:{}','a:1:{i:0;s:18:\"Payment processing\";}',1,0,0,0,1,0,'a:0:{}',20975,0,0),(331,'TenPay','QSL','helpdesk@x-cart.com',0,0,0,0,0.0000,0,0,39.00,'USD','5.3',0,0,1,1444856400,73216,0,'TenPay','Qualiteam','The extension integrates your store with a major Chinese payments solution enabling Chinese consumers to pay online and cross-border. Tenpay wallets can be topped up with cash, (e-)bank transfers and stored credit or debit cards.','http://my.x-cart.com/sites/default/files/addons/QSL/TenPay/icon.png','https://market.x-cart.com/addons/tenpay-china.html','','a:0:{}','a:1:{i:0;s:18:\"Payment processing\";}',1,0,0,0,1,0,'a:0:{}',20976,0,0),(332,'Pagseguro','QSL','helpdesk@x-cart.com',0,0,0,0,0.0000,0,0,39.00,'USD','5.3',0,0,1,1444856400,599552,0,'PagSeguro - Padrao','Qualiteam','A Brazilian payment gateway supporting more than 25 payment methods with just one contract: credit and debit cards, bank deposits and more. To make payment, the customers are directed to PagSeguro page, and after that they\'re returned back to your store','http://my.x-cart.com/sites/default/files/addons/QSL/Pagseguro/icon.png','https://market.x-cart.com/addons/pagseguro-padrao.html','','a:0:{}','a:1:{i:0;s:18:\"Payment processing\";}',1,0,0,0,1,0,'a:0:{}',20977,0,0),(333,'HiddenCategories','CSI','support@cflsystems.com',0,0,0,0,0.0000,0,32,50.00,'USD','5.3',0,0,0,1445204641,51712,0,'Hidden Categories','CFL Systems, Inc.','This module adds \'Hidden but available for sale\' functionality for categories.','http://my.x-cart.com/sites/default/files/addons/CSI/HiddenCategories/icon.png','https://market.x-cart.com/addons/hidden-categories-by-cfl-systems.html','','a:0:{}','a:3:{i:0;s:18:\"Catalog Management\";i:1;s:9:\"Marketing\";i:2;s:15:\"User experience\";}',1,0,0,0,0,0,'a:0:{}',21101,0,0),(334,'Giropay','QSL','helpdesk@x-cart.com',0,0,0,0,0.0000,0,0,39.00,'USD','5.3',0,0,1,1445288400,421376,0,'Giropay','Qualiteam','GiroCheckout is a simple, fast and secure solution for the integration of several payment methods - both national and international - in your online store. The highest safety standards and a transparent fee model distinguish GiroCheckout.','http://my.x-cart.com/sites/default/files/addons/QSL/Giropay/icon.png','https://market.x-cart.com/addons/giropay.html','','a:0:{}','a:1:{i:0;s:18:\"Payment processing\";}',1,0,0,0,1,0,'a:0:{}',20979,0,0),(335,'Candles','TemplateMonster','support@x-cart.com',0,0,0,0,0.0000,0,119,139.00,'USD','5.3',2,4,2,1445957024,1994240,0,'Candles','TemplateMonster.com','Warm, cozy and relaxing - all the atmosphere the candles create. Banner carousel, built-in multilevel menu and other tools to attract customers attention. Fully responsive, SEO friendly and crossbrowser compatible.','http://my.x-cart.com/sites/default/files/addons/TemplateMonster/Candles/icon.png','https://market.x-cart.com/xcart-templates/candles.html','','a:0:{}','a:1:{i:0;s:9:\"Templates\";}',1,0,0,0,1,0,'a:0:{}',20980,0,0),(336,'CoffeeShop','TemplateMonster','support@x-cart.com',0,0,0,0,0.0000,0,11,139.00,'USD','5.3',1,1,1,1446043418,1529856,0,'Coffee Shop','TemplateMonster.com','Unique atmosphere of elegance, serenity and comfort. Animated banner, new tabs,  multilevel menu, optimized both for mobile navigation and desktops. Fully responsive, SEO friendly and crossbrowser compatible.','http://my.x-cart.com/sites/default/files/addons/TemplateMonster/CoffeeShop/icon.png','https://market.x-cart.com/xcart-templates/coffee-shop.html','','a:0:{}','a:1:{i:0;s:9:\"Templates\";}',1,0,0,0,1,0,'a:0:{}',20981,0,0),(337,'OrganicCosmetics','TemplateMonster','support@x-cart.com',0,0,0,0,0.0000,0,13,139.00,'USD','5.3',1,2,0,1446039505,1381888,0,'Organic Cosmetics','TemplateMonster.com','Green pastel colors and subtle paper background lay stress on the natural origin of the products you sell. Beautiful banners,  sticky multilevel categories menu, convenient navigation, etc. Fully responsive, SEO friendly and crossbrowser compatible.','http://my.x-cart.com/sites/default/files/addons/TemplateMonster/OrganicCosmetics/icon.png','https://market.x-cart.com/xcart-templates/organic-cosmetics.html','','a:0:{}','a:1:{i:0;s:9:\"Templates\";}',1,0,0,0,1,0,'a:0:{}',20982,0,0),(338,'Localizer','Localizer','support@localizer.co',0,0,0,0,0.0000,0,161,0.00,'USD','5.2',0,0,0,1450774394,18944,0,'Localizer','Localizer','Localize your website in just 3 easy steps with Localizer!','http://my.x-cart.com/sites/default/files/addons/Localizer/Localizer/iconAlt.png','https://market.x-cart.com/addons/localizer-for-xcart.html','','a:0:{}','a:4:{i:0;s:9:\"Marketing\";i:1;s:11:\"Translation\";i:2;s:3:\"SEO\";i:3;s:21:\"Search and Navigation\";}',1,0,0,0,0,0,'a:0:{}',0,0,0),(339,'FastSpring','QSL','helpdesk@x-cart.com',0,0,0,0,0.0000,0,15,39.00,'USD','5.3',0,0,1,1446066000,205824,0,'FastSpring - Popup Storefronts','Qualiteam','Integrate your website with FastSpring, using the \"Popup Storefronts\" method. It creates a pop up (a lightbox area) over the checkout page of your online store, allowing a customer to pay for the order quickly without going to a different web page','http://my.x-cart.com/sites/default/files/addons/QSL/FastSpring/icon.png','https://market.x-cart.com/addons/fastspring.html','','a:0:{}','a:1:{i:0;s:18:\"Payment processing\";}',1,0,0,0,1,0,'a:0:{}',20983,0,0),(340,'OrderStatus','CSI','support@cflsystems.com',0,0,0,0,0.0000,0,106,45.00,'USD','5.3',1,0,0,1446673934,62976,0,'Order Status','CFL Systems, Inc.','Customers can check order status without being logged in or having an account.','http://my.x-cart.com/sites/default/files/addons/CSI/OrderStatus/icon.png','https://market.x-cart.com/addons/order-status-by-cfl-systems.html','','a:0:{}','a:3:{i:0;s:11:\"Fulfillment\";i:1;s:8:\"Shipping\";i:2;s:15:\"User experience\";}',1,0,0,0,0,0,'a:0:{}',21107,0,0),(341,'ProductStickers','QSL','helpdesk@x-cart.com',0,0,0,0,0.0000,0,224,49.00,'USD','5.3',1,1,0,1447275600,97280,0,'Product stickers','Qualiteam','This module will allow you to add custom stickers to your products','http://my.x-cart.com/sites/default/files/addons/QSL/ProductStickers/icon.png','https://market.x-cart.com/addons/product-stickers.html','','a:0:{}','a:2:{i:0;s:13:\"Design tweaks\";i:1;s:9:\"Marketing\";}',1,0,8,0,1,0,'a:0:{}',20985,0,0),(342,'MobilePhones','TemplateMonster','support@x-cart.com',0,0,0,0,0.0000,0,67,139.00,'USD','5.3',1,1,1,1447339407,1763840,0,'MobilePhones','TemplateMonster.com','Stylish minimalistic design in white, black and coral. Sticky multilevel categories menu, banners, info blocks, google map, convenient and clear navigation. Fully responsive, SEO friendly and crossbrowser compatible.','http://my.x-cart.com/sites/default/files/addons/TemplateMonster/MobilePhones/icon.png','https://market.x-cart.com/xcart-templates/mobile-phones.html','','a:0:{}','a:1:{i:0;s:9:\"Templates\";}',1,0,0,0,1,0,'a:0:{}',20987,0,0),(343,'ProductsCarousel','QSL','helpdesk@x-cart.com',0,0,0,0,0.0000,0,126,49.00,'USD','5.3',1,2,0,1447275600,168448,0,'Products carousel','Qualiteam','Enable responsive and user-friendly product carousel for  Bestsellers, Featured Products, New Arrivals, Product Recommendations, Cooming Soon and Products on Sale.','http://my.x-cart.com/sites/default/files/addons/QSL/ProductsCarousel/icon.png','https://market.x-cart.com/addons/products-carousel.html','','a:0:{}','a:3:{i:0;s:13:\"Design tweaks\";i:1;s:21:\"Search and Navigation\";i:2;s:18:\"Catalog Management\";}',1,0,0,0,1,0,'a:0:{}',20986,0,0),(344,'WebmasterSiteVerification','CSI','support@cflsystems.com',0,0,0,0,0.0000,0,22,35.00,'USD','5.3',0,0,0,1447837545,26112,0,'Webmaster Site Verification','CFL Systems, Inc.','Verify your site with 3rd party services including Google, Bing, Pinterest and Yandex.','http://my.x-cart.com/sites/default/files/addons/CSI/WebmasterSiteVerification/icon.png','https://market.x-cart.com/addons/webmaster-site-verification-by-cfl-systems.html','','a:0:{}','a:4:{i:0;s:9:\"Marketing\";i:1;s:3:\"SEO\";i:2;s:6:\"Social\";i:3;s:15:\"User experience\";}',1,0,0,0,0,0,'a:0:{}',21111,0,0),(345,'GroceryStore','TemplateMonster','support@x-cart.com',0,0,0,0,0.0000,0,13,139.00,'USD','5.3',1,1,1,1447966800,3250688,0,'Grocery Store','TemplateMonster.com','Basil green and grey colors arise sensation of naturality and healthy lifestyle. Full width slider, banners, info blocks, animated elements, google map, etc. Fully responsive, SEO friendly and crossbrowser compatible.','http://my.x-cart.com/sites/default/files/addons/TemplateMonster/GroceryStore/icon.png','https://market.x-cart.com/xcart-templates/grocery-store.html','','a:0:{}','a:1:{i:0;s:9:\"Templates\";}',1,0,0,0,1,0,'a:0:{}',20989,0,0),(346,'HolidayDecoration','QSL','helpdesk@x-cart.com',0,0,0,0,0.0000,0,83,39.00,'USD','5.3',1,0,0,1448444332,267264,0,'Holiday Decoration','Qualiteam','The module adds holiday decoration to the store front.','http://my.x-cart.com/sites/default/files/addons/QSL/HolidayDecoration/icon.png','https://market.x-cart.com/addons/holiday-decoration.html','','a:0:{}','a:1:{i:0;s:13:\"Design tweaks\";}',1,1,1,0,0,0,'a:0:{}',20990,0,0),(347,'NaturalCosmetics','TemplateMonster','support@x-cart.com',0,0,0,0,0.0000,0,168,139.00,'USD','5.3',3,1,1,-10800,2685952,0,'Natural Cosmetics','TemplateMonster.com','The template is designed in white, green and black colors to lay emphasis on the idea of naturalness of your products. Animated elements, banners, dropdown categories menu, menu in the footer, etc. Responsive, SEO friendly and crossbrowser compatible.','http://my.x-cart.com/sites/default/files/addons/TemplateMonster/NaturalCosmetics/icon.png','https://market.x-cart.com/xcart-templates/natural-cosmetics.html','','a:0:{}','a:1:{i:0;s:9:\"Templates\";}',1,0,0,0,1,0,'a:0:{}',20993,0,0),(348,'AdvancedSecurity','QSL','helpdesk@x-cart.com',0,0,0,0,0.0000,0,38,199.00,'USD','5.3',2,0,2,1449176400,8296448,0,'Block Users by IP / Country / User agent','Qualiteam','The module protects your store from bots and fraud customers, by limiting or restricting access to it with the help of flexible settings and filters, taking into account IP, address and user behaviour.','http://my.x-cart.com/sites/default/files/addons/QSL/AdvancedSecurity/icon.png','https://market.x-cart.com/addons/block-users-by-IP-country-user-agent.html','','a:0:{}','a:1:{i:0;s:14:\"Administration\";}',1,0,7,0,1,0,'a:0:{}',20994,0,0),(349,'DHL','XC','helpdesk@x-cart.com',0,0,0,0,0.0000,0,407,0.00,'USD','5.3',1,1,0,1449435600,1105920,0,'DHL Shipping','X-Cart team','Get real-time shipping quotes for DHL delivery methods. The integration supports COD (cash on delivery) and insurance.','http://my.x-cart.com/sites/default/files/addons/XC/DHL/icon.png','https://market.x-cart.com/addons/DHL-shipping.html','','a:0:{}','a:1:{i:0;s:8:\"Shipping\";}',1,0,9,0,0,0,'a:0:{}',0,0,0),(350,'SkuVault','SkuVault','support@skuvault.com',0,0,0,0,0.0000,0,32,0.00,'USD','5.2',0,0,0,1480337586,105472,0,'SkuVault','Danny Shaw','Integrates your store with SkuVault.','http://my.x-cart.com/sites/default/files/addons/SkuVault/SkuVault/iconAlt.png','https://market.x-cart.com/addons/SkuVault.html','','a:0:{}','a:2:{i:0;s:11:\"Fulfillment\";i:1;s:14:\"Administration\";}',1,0,0,0,0,0,'a:0:{}',0,0,0),(351,'OutdoorFurniture','TemplateMonster','support@x-cart.com',0,0,0,0,0.0000,0,60,139.00,'USD','5.3',1,1,1,-10800,1472512,0,'Outdoor Furniture','TemplateMonster.com','Very clear and pleasant theme in white, black and spring green will enhance your store\'s visitors experience. Big slider, banners, animated blocks, intuitive navigation, info blocks, etc. Responsive, SEO friendly and crossbrowser compatible.','http://my.x-cart.com/sites/default/files/addons/TemplateMonster/OutdoorFurniture/icon.png','https://market.x-cart.com/xcart-templates/outdoor-furniture.html','','a:0:{}','a:1:{i:0;s:9:\"Templates\";}',1,0,0,0,1,0,'a:0:{}',20995,0,0),(352,'Blog','PerceptionSystemPvtLtd','xcart@perceptionsystem.com',0,0,0,0,0.0000,0,144,29.00,'USD','5.3',2,1,0,1450040400,684544,0,'Easy Blog in x-cart 5','Perception System Pvt. Ltd.','Blog Module for x-cart aimed to share engaging information related to your store products/services to enable business to get advantage like google SEO, Brand recognition, increase website traffic, better conversion, more leads and ultimately, sales.','http://my.x-cart.com/sites/default/files/addons/PerceptionSystemPvtLtd/Blog/icon.png','https://market.x-cart.com/addons/blog-by-perception-system.html','','a:0:{}','a:6:{i:0;s:4:\"Blog\";i:1;s:11:\"Development\";i:2;s:9:\"Marketing\";i:3;s:3:\"SEO\";i:4;s:6:\"Social\";i:5;s:15:\"User experience\";}',1,0,0,0,0,0,'a:0:{}',21080,0,0),(353,'AggregionIntegration','AggregionLtd','vendor+AggregionLtd@x-cart.com',0,0,0,0,0.0000,0,22,0.00,'USD','5.2',1,0,0,1450126800,137216,0,'Aggregion integration','Aggregion Ltd.','Module for integration with Aggregion','http://my.x-cart.com/sites/default/files/addons/AggregionLtd/AggregionIntegration/iconAlt.png','https://market.x-cart.com/addons/Aggregion-Integration.html','','a:0:{}','a:0:{}',1,0,0,0,0,0,'a:0:{}',0,0,0),(354,'Segment','QSL','helpdesk@x-cart.com',0,0,0,0,0.0000,0,116,0.00,'USD','5.3',2,0,2,0,146944,0,'Segment Integration','Qualiteam','Segment is a powerful data aggregator, it tracks e-commerce events and sends this info to such apps as Mixpanel, Google Analytics, Localytics, RJ Metrics, SalesForce, HubSpot, Optimizely, Clicky and other data processing tools.','http://my.x-cart.com/sites/default/files/addons/QSL/Segment/iconAlt.png','https://market.x-cart.com/addons/segment-integration.html','','a:0:{}','a:0:{}',1,0,0,0,0,0,'a:0:{}',0,0,0),(355,'FatouratiPayment','QSL','helpdesk@x-cart.com',0,0,0,0,0.0000,0,0,39.00,'USD','5.2',0,0,0,1451250000,33792,0,'Fatourati Payments','Qualiteam','Enables taking credit card payments for your online store via FATOURATI payment gateway (Maroc Telecommerce).','http://my.x-cart.com/sites/default/files/addons/QSL/FatouratiPayment/icon.png','https://market.x-cart.com/addons/fatourati-payments.html','','a:0:{}','a:1:{i:0;s:18:\"Payment processing\";}',1,0,0,0,1,0,'a:0:{}',20998,0,0),(356,'MTCPayment','QSL','helpdesk@x-cart.com',0,0,0,0,0.0000,0,0,39.00,'USD','5.2',0,0,0,-10800,34816,0,'MTC Payments','Qualiteam','Enables taking credit card payments for your online store via MTCPayment payment gateway (Maroc Telecommerce).','http://my.x-cart.com/sites/default/files/addons/QSL/MTCPayment/icon.png','https://market.x-cart.com/addons/MTC-Payments.html','','a:0:{}','a:1:{i:0;s:18:\"Payment processing\";}',1,0,0,0,0,0,'a:0:{}',20999,0,0),(357,'SecurePay','QSL','helpdesk@x-cart.com',0,0,0,0,0.0000,0,0,39.00,'USD','5.3',0,0,1,1451250000,40448,0,'SecurePay (SecureFrame)','Qualiteam','Secure Pay module integrates your store with SecurePay\'s SecureFrame, a simple and flexible method of accepting payments in your store seamlessly via an iFrame.','http://my.x-cart.com/sites/default/files/addons/QSL/SecurePay/icon.png','https://market.x-cart.com/addons/secure-pay.html','','a:0:{}','a:1:{i:0;s:18:\"Payment processing\";}',1,0,0,0,0,0,'a:0:{}',21000,0,0),(358,'Dwolla','QSL','helpdesk@x-cart.com',0,0,0,0,0.0000,0,2,69.00,'USD','5.3',0,0,1,-10800,960000,0,'Dwolla','Qualiteam','Dwolla network connects with U.S. banks and credit unions to provide safe, fast, account-to-account transfers at low costs. The integration uses Dwolla Direct option.','http://my.x-cart.com/sites/default/files/addons/QSL/Dwolla/icon.png','https://market.x-cart.com/addons/dwolla.html','','a:0:{}','a:1:{i:0;s:18:\"Payment processing\";}',1,0,7,0,0,0,'a:0:{}',21001,0,0),(359,'RealexHostedPayment','QSL','helpdesk@x-cart.com',0,0,0,0,0.0000,0,27,39.00,'USD','5.3',0,0,0,1451336400,32256,0,'Realex Hosted payments','Qualiteam','Integration with Global Iris/Realex payment gateway - Hosted Payment Page API','http://my.x-cart.com/sites/default/files/addons/QSL/RealexHostedPayment/icon.png','https://market.x-cart.com/addons/realex-hosted-payments.html','','a:0:{}','a:1:{i:0;s:18:\"Payment processing\";}',1,0,0,0,0,0,'a:0:{}',21002,0,0),(360,'ShippingPerProduct','BCSE','support@bcsengineering.com',0,0,0,0,0.0000,0,8,99.95,'USD','5.3',1,0,0,1460467095,43520,0,'Shipping Per Product','BCS Engineering','Choose shipping per product.','http://my.x-cart.com/sites/default/files/addons/BCSE/ShippingPerProduct/iconAlt.png','https://market.x-cart.com/addons/shipping-per-product.html','','a:0:{}','a:1:{i:0;s:8:\"Shipping\";}',1,0,0,0,0,0,'a:0:{}',21030,0,0),(361,'TwoCheckoutInline','QSL','helpdesk@x-cart.com',0,0,0,0,0.0000,0,8,39.00,'USD','5.3',0,0,0,1452080511,81920,0,'2Checkout - Inline Checkout','Qualiteam','Integration with 2Checkout payment gateway - Inline Checkout API. User stays on your site during the payment.','http://my.x-cart.com/sites/default/files/addons/QSL/TwoCheckoutInline/icon.png','https://market.x-cart.com/addons/2checkout-Inline-Checkout.html','','a:0:{}','a:1:{i:0;s:18:\"Payment processing\";}',1,0,0,0,1,0,'a:0:{}',21003,0,0),(362,'PagaMasTarde','DigitalOrigin','afatsini@digitalorigin.com',0,0,0,0,0.0000,0,0,0.00,'USD','5.2',10,0,0,1481620751,43520,0,'Paga+Tarde','DigitalOrigin','Paga+Tarde is a payment method that allows online shops to offer customers to buy with monthly installments.','http://my.x-cart.com/sites/default/files/addons/DigitalOrigin/PagaMasTarde/iconAlt.png','https://market.x-cart.com/addons/paga-tarde.html','','a:0:{}','a:0:{}',1,0,0,0,0,0,'a:0:{}',0,0,0),(363,'Redirects','NovaHorizons','xcart@novahorizons.io',0,0,0,0,0.0000,0,145,34.99,'USD','5.3',2,0,0,1471550400,53248,0,'Redirects','Nova Horizons, LLC','This module allows you to easily set up redirects within your store.','http://my.x-cart.com/sites/default/files/addons/NovaHorizons/Redirects/icon.png','https://market.x-cart.com/addons/redirects-by-Nova-Horizons.html','','a:0:{}','a:2:{i:0;s:14:\"Administration\";i:1;s:3:\"SEO\";}',1,0,0,0,1,0,'a:0:{}',21016,0,0),(364,'FinpayPayment','QSL','helpdesk@x-cart.com',0,0,0,0,0.0000,0,0,39.00,'USD','5.3',0,0,0,1452718800,34816,0,'Finpay','Qualiteam','The module integrates your website with indonesian payment gateway: Finpay.','http://my.x-cart.com/sites/default/files/addons/QSL/FinpayPayment/icon.png','https://market.x-cart.com/addons/finpay.html','','a:0:{}','a:1:{i:0;s:18:\"Payment processing\";}',1,0,0,0,1,0,'a:0:{}',21007,0,0),(365,'OrderReports','QSL','helpdesk@x-cart.com',0,0,0,0,0.0000,0,42,249.00,'USD','5.3',1,0,0,1453064400,59392,0,'Order reports','Qualiteam','Get statistics about what are your bestselling products and categories, what countries and states you get the most orders from, what marketing campaign drove the most revenue to you.','http://my.x-cart.com/sites/default/files/addons/QSL/OrderReports/icon.png','https://market.x-cart.com/addons/order-reports.html','','a:0:{}','a:3:{i:0;s:14:\"Administration\";i:1;s:9:\"Marketing\";i:2;s:10:\"Statistics\";}',1,0,6,0,0,0,'a:0:{}',21008,0,0),(366,'NotFinishedOrders','XC','helpdesk@x-cart.com',0,0,0,0,0.0000,0,777,0.00,'USD','5.3',2,0,0,1471465327,102400,1,'Not Finished Orders','X-Cart team','This addon allows you to track not finished orders and contact customers, who have failed to proceed through the payment process.','http://my.x-cart.com/sites/default/files/addons/XC/NotFinishedOrders/icon.png','https://market.x-cart.com/addons/not-finished-orders.html','','a:0:{}','a:1:{i:0;s:11:\"Fulfillment\";}',1,1,10,0,0,2,'a:3:{i:0;s:12:\"391_Business\";i:1;s:18:\"20598_Multi-vendor\";i:2;s:18:\"536881125_Ultimate\";}',0,0,0),(367,'UpdateInventory','XC','helpdesk@x-cart.com',0,0,0,0,0.0000,0,1605,0.00,'USD','5.3',1,1,0,1474574400,61440,1,'Update Inventory','X-Cart team','Allows to update products quantity via CSV simple file.','http://my.x-cart.com/sites/default/files/addons/XC/UpdateInventory/icon.png','https://market.x-cart.com/addons/update-inventory.html','','a:0:{}','a:1:{i:0;s:18:\"Catalog Management\";}',1,1,12,0,0,2,'a:3:{i:0;s:12:\"391_Business\";i:1;s:18:\"20598_Multi-vendor\";i:2;s:18:\"536881125_Ultimate\";}',0,0,0),(368,'SiteStructuredData','CSI','support@cflsystems.com',0,0,0,0,0.0000,0,24,85.00,'USD','5.3',0,0,0,-10800,200704,0,'Site Structured Data','CFL Systems, Inc.','Site Structured Data module is an X-Cart 5 add-on which allows webmasters to easily add Structured Data Markup to the website - Logo, Company Info, Breadcrumbs, Rich Snippets, etc.','http://my.x-cart.com/sites/default/files/addons/CSI/SiteStructuredData/icon.png','https://market.x-cart.com/addons/site-structured-data-by-cfl-systems.html','','a:0:{}','a:4:{i:0;s:9:\"Marketing\";i:1;s:3:\"SEO\";i:2;s:6:\"Social\";i:3;s:15:\"User experience\";}',1,0,0,0,0,0,'a:0:{}',21096,0,0),(369,'AdvancedQuantity','QSL','helpdesk@x-cart.com',0,0,0,0,0.0000,0,93,79.00,'USD','5.3',4,0,2,1453755600,233472,0,'Fractional and Fixed quantities','Qualiteam','Sell products with quantity represented in fractional numbers, products available in packages containing fixed quantity of items, and set allowed quantities to be added to cart at a time.','http://my.x-cart.com/sites/default/files/addons/QSL/AdvancedQuantity/icon.png','https://market.x-cart.com/addons/fractional-and-fixed-quantities.html','','a:0:{}','a:2:{i:0;s:10:\"Accounting\";i:1;s:18:\"Catalog Management\";}',1,0,5,0,0,0,'a:0:{}',21010,0,0),(370,'ShoppingDaySkin','QSL','helpdesk@x-cart.com',0,0,0,0,0.0000,0,46,99.00,'USD','5.3',0,0,1,1453842000,946176,0,'Shopping Day','Qualiteam','The \"Shopping Day\" X-Cart Design Template (#23). This template is good for the following themes: Accessories, Books, Clothing, Food &amp; Drink, Supermarket.','http://my.x-cart.com/sites/default/files/addons/QSL/ShoppingDaySkin/icon.png','https://market.x-cart.com/xcart-templates/shopping-day.html','','a:0:{}','a:1:{i:0;s:9:\"Templates\";}',1,0,0,0,1,0,'a:0:{}',456,0,0),(371,'ExridPayment','QSL','helpdesk@x-cart.com',0,0,0,0,0.0000,0,0,39.00,'USD','5.3',0,0,0,1453928400,37376,0,'Exrid','Qualiteam','Enables taking credit card payments for your online store via EXRID payment gateway (Iran).','http://my.x-cart.com/sites/default/files/addons/QSL/ExridPayment/icon.png','https://market.x-cart.com/addons/exrid.html','','a:0:{}','a:1:{i:0;s:18:\"Payment processing\";}',1,0,0,0,1,0,'a:0:{}',21011,0,0),(372,'QuickPayLinkPayment','QSL','helpdesk@x-cart.com',0,0,0,0,0.0000,0,0,39.00,'USD','5.3',0,0,0,1453928400,70656,0,'QuickPay Link','Qualiteam','Integration with QuickPay Link payment gateway.','http://my.x-cart.com/sites/default/files/addons/QSL/QuickPayLinkPayment/icon.png','https://market.x-cart.com/addons/quickpay-link.html','','a:0:{}','a:1:{i:0;s:18:\"Payment processing\";}',1,0,0,0,1,0,'a:0:{}',21012,0,0),(373,'PayWayPayment','QSL','helpdesk@x-cart.com',0,0,0,0,0.0000,0,9,39.00,'USD','5.3',0,0,0,1453928400,47104,0,'PayWay Net','Qualiteam','Integration with PayWay Net payment gateway. PayWay Net is a secure, flexible online payment system. You can offer your customers credit card payments and PayPal payments.','http://my.x-cart.com/sites/default/files/addons/QSL/PayWayPayment/icon.png','https://market.x-cart.com/addons/payway-net.html','','a:0:{}','a:1:{i:0;s:18:\"Payment processing\";}',1,0,0,0,1,0,'a:0:{}',21013,0,0),(374,'AlipayPayment','QSL','helpdesk@x-cart.com',0,0,0,0,0.0000,0,1,39.00,'USD','5.3',0,0,0,1454014683,35840,0,'Alipay','Qualiteam','Enables taking credit card payments for your online store via Alipay payment gateway (Alibaba Corporation).','http://my.x-cart.com/sites/default/files/addons/QSL/AlipayPayment/icon.png','https://market.x-cart.com/addons/alipay.html','','a:0:{}','a:1:{i:0;s:18:\"Payment processing\";}',1,0,0,0,1,0,'a:0:{}',21014,0,0),(375,'SpecialOffersBase','QSL','helpdesk@x-cart.com',0,0,0,0,0.0000,0,873,0.00,'USD','5.3',2,0,0,1454446800,218112,0,'Special Offers (base)','Qualiteam','This is the base module that allows other modules to add different types of special offers.','http://my.x-cart.com/sites/default/files/addons/QSL/SpecialOffersBase/iconAlt.png','https://market.x-cart.com/addons/special-offers-base.html','','a:0:{}','a:0:{}',1,0,0,0,0,0,'a:0:{}',0,0,0),(376,'SpecialOffersBuyXGetY','QSL','helpdesk@x-cart.com',0,0,0,0,0.0000,0,89,99.00,'USD','5.3',0,0,0,1454446800,76288,0,'Special Offers: Buy X Get Y','Qualiteam','This module adds variations of the \"Buy X Get Y\" special offer type. Requires the base Special Offers module.','http://my.x-cart.com/sites/default/files/addons/QSL/SpecialOffersBuyXGetY/icon.png','https://market.x-cart.com/addons/buy-x-get-y.html','','a:1:{i:0;s:21:\"QSL\\SpecialOffersBase\";}','a:1:{i:0;s:9:\"Marketing\";}',1,0,0,0,1,0,'a:0:{}',21015,0,0),(377,'FashionHouse','QSL','helpdesk@x-cart.com',0,0,0,0,0.0000,0,188,149.00,'USD','5.3',1,7,1,1454965200,1051648,0,'Fashion House','Qualiteam','The \"Fashion House\" X-Cart Design Template (#49). Stylish and clear template in light pastel pallet and straight cornered modern flat design, presented in three color schemes: pink, blue and teal. Full-width slider, banners, product carousels, etc. Fully responsive, SEO friendly and cross-browser compatible.','http://my.x-cart.com/sites/default/files/addons/QSL/FashionHouse/icon.png','https://market.x-cart.com/xcart-templates/fashion-house.html','','a:0:{}','a:1:{i:0;s:9:\"Templates\";}',1,0,0,0,1,0,'a:0:{}',20997,0,0),(378,'ToolsStore','QSL','helpdesk@x-cart.com',0,0,0,0,0.0000,0,35,99.00,'USD','5.3',2,0,0,1455570000,372736,0,'Tools Store','Qualiteam','The \"Tools Store\" X-Cart Design Template (#50). This template is good for the following themes:  Tools, Industry','http://my.x-cart.com/sites/default/files/addons/QSL/ToolsStore/icon.png','https://market.x-cart.com/xcart-templates/tools-store.html','','a:0:{}','a:1:{i:0;s:9:\"Templates\";}',1,0,0,0,1,0,'a:0:{}',21017,0,0),(379,'PostAffiliatePro','QualityUnit','support@ladesk.com',0,0,0,0,0.0000,0,34,0.00,'USD','5.3',1,0,0,1475784000,59904,0,'Post Affiliate Pro integration','QualityUnit','Track clicks and sales to your Post Affiliate Pro or Porst Affiliate Network easily! When configured, the module will automatically track all the needed data to your Post Affiliate Pro or Porst Affiliate Network. You can track total cost, order ID , product ID and lifetime commissions.','http://my.x-cart.com/sites/default/files/addons/QualityUnit/PostAffiliatePro/iconAlt.png','https://market.x-cart.com/addons/post-affiliate-pro-integration.html','','a:0:{}','a:1:{i:0;s:9:\"Marketing\";}',1,0,0,0,1,0,'a:0:{}',0,0,0),(380,'V12Payment','QSL','helpdesk@x-cart.com',0,0,0,0,0.0000,0,1,39.00,'USD','5.3',0,0,0,1457643600,60416,0,'V12 Retail Finance - Take 5','Qualiteam','Integration with V12 Retail Finance payment gateway (\"Take 5\" payment method)','http://my.x-cart.com/sites/default/files/addons/QSL/V12Payment/icon.png','https://market.x-cart.com/addons/V12-retail-finance-take-5.html','','a:0:{}','a:1:{i:0;s:18:\"Payment processing\";}',1,0,0,0,1,0,'a:0:{}',21022,0,0),(381,'TwitterUserTimeline','Tienda','xcartpartner@firemouth.net',0,0,0,0,0.0000,0,5,10.00,'USD','5.3',0,0,0,1460408400,17920,0,'Twitter User Timeline','Tienda','Show your Tweets in the left hand menu','http://my.x-cart.com/sites/default/files/addons/Tienda/TwitterUserTimeline/icon.png','https://market.x-cart.com/addons/twitter-user-timeline.html','','a:0:{}','a:1:{i:0;s:6:\"Social\";}',1,0,0,0,0,0,'a:0:{}',21027,0,0),(382,'PayProCloud','QSL','helpdesk@x-cart.com',0,0,0,0,0.0000,0,21,39.00,'USD','5.3',3,0,1,1459112400,156672,0,'PayPro Cloud','Qualiteam','The module integrates your store with secure PayPro Global online payment processing method - PayPro Cloud.','http://my.x-cart.com/sites/default/files/addons/QSL/PayProCloud/icon.png','https://market.x-cart.com/addons/paypro-cloud.html','','a:0:{}','a:1:{i:0;s:18:\"Payment processing\";}',1,0,0,0,1,0,'a:0:{}',21023,0,0),(383,'SpecialOffersSpendXGetY','QSL','helpdesk@x-cart.com',0,0,0,0,0.0000,0,31,99.00,'USD','5.3',0,0,0,1459198800,77312,0,'Special Offers: Spend X Get Y','Qualiteam','This module adds variations of the \"Spend X Get Y\" special offer type. Requires the base Special Offers module.','http://my.x-cart.com/sites/default/files/addons/QSL/SpecialOffersSpendXGetY/icon.png','https://market.x-cart.com/addons/spend-x-get-y.html','','a:1:{i:0;s:21:\"QSL\\SpecialOffersBase\";}','a:1:{i:0;s:9:\"Marketing\";}',1,0,0,0,1,0,'a:0:{}',21024,0,0),(384,'NewRelic','QSL','helpdesk@x-cart.com',0,0,0,0,0.0000,0,27,0.00,'USD','5.2',0,0,0,1459922806,23552,0,'New Relic','Qualiteam','This module provides an integration with New Relic. New Relic is an analytics tool suite that provides a deep visibility into how your applications are performing in development and production.','http://my.x-cart.com/sites/default/files/addons/QSL/NewRelic/iconAlt.png','https://market.x-cart.com/addons/new-relic.html','','a:0:{}','a:2:{i:0;s:14:\"Administration\";i:1;s:10:\"Statistics\";}',1,0,0,0,0,0,'a:0:{}',0,0,0),(385,'LiveAgent','QualityUnit','support@ladesk.com',0,0,0,0,0.0000,0,103,0.00,'USD','5.3',1,0,0,1475784000,47616,0,'LiveAgent helpdesk setup','QualityUnit','Easily connect your LiveAgent account with your store and choose which chat button will be used for it. If you do not have an account yet, you can create one really quickly','http://my.x-cart.com/sites/default/files/addons/QualityUnit/LiveAgent/iconAlt.png','https://market.x-cart.com/addons/liveagent.html','','a:0:{}','a:1:{i:0;s:6:\"Social\";}',1,0,0,0,1,0,'a:0:{}',0,0,0),(386,'RegisterOnCheckout','QSL','helpdesk@x-cart.com',0,0,0,0,0.0000,0,76,25.00,'USD','5.3',0,0,0,1460322000,38912,0,'Register on Checkout','Qualiteam','Disable checkout from not authorised customers and allows them to register on checkout','http://my.x-cart.com/sites/default/files/addons/QSL/RegisterOnCheckout/icon.png','https://market.x-cart.com/addons/register-on-checkout.html','','a:0:{}','a:1:{i:0;s:15:\"User experience\";}',1,0,0,0,0,0,'a:0:{}',21026,0,0),(387,'UltimateSkin','QSL','helpdesk@x-cart.com',0,0,0,0,0.0000,0,62,149.00,'USD','5.3',0,3,2,-10800,1293312,0,'Ultimate skin','Qualiteam','The \"Ultimate skin\" X-Cart Design Template (#51). This template is good for the following themes:  Accessories, Clothing, Jewelry, Watches, Wedding','http://my.x-cart.com/sites/default/files/addons/QSL/UltimateSkin/icon.png','https://market.x-cart.com/xcart-templates/ultimate-skin.html','','a:0:{}','a:1:{i:0;s:9:\"Templates\";}',1,0,0,0,1,0,'a:0:{}',21025,0,0),(388,'InternationalShipping','Swipezoom','vendor+Swipezoom@x-cart.com',0,0,0,0,0.0000,0,0,49.00,'USD','5.2',2,0,0,1461618000,501248,0,'SwipeZoom Global Payments and Shipping','Swipezoom','Start to welcome international customers, accept their payment and ship to their doorstep...within minutes!','http://my.x-cart.com/sites/default/files/addons/Swipezoom/InternationalShipping/icon.png','https://market.x-cart.com/addons/swipezoom-global-payments-and-shipping.html','','a:0:{}','a:2:{i:0;s:18:\"Payment processing\";i:1;s:8:\"Shipping\";}',1,0,0,0,0,0,'a:0:{}',21029,0,0),(389,'ArambaIntegration','Vendosoft','aokhrimenko@smsdelivery.ru',0,0,0,0,0.0000,0,1,15.00,'USD','5.2',0,0,0,1461099600,71168,0,'Aramba','Vendosoft LLC','Create and send professional newsletters! The module integrates your store with Aramba, a popular service for mailing and bulk SMS messaging.','http://my.x-cart.com/sites/default/files/addons/Vendosoft/ArambaIntegration/icon.png','https://market.x-cart.com/addons/Aramba.html','','a:0:{}','a:1:{i:0;s:9:\"Marketing\";}',1,0,0,0,0,0,'a:0:{}',21028,0,0),(390,'Shopify','MagneticOne','marketing@magneticone.com',0,0,0,0,0.0000,0,7,0.00,'USD','5.3',0,2,0,-10800,121856,0,'Migrate Data from Shopify to X-Cart','MagneticOne','Allows you to use the Cart2Cart service right out of your store admin panel and install Connection Bridge to transfer your products, orders, customers information and other data from your Shopify store to X-Cart.','http://my.x-cart.com/sites/default/files/addons/MagneticOne/Shopify/iconAlt.png','https://market.x-cart.com/addons/migrate-data-from-shopify-to-x-cart.html','','a:0:{}','a:0:{}',1,0,0,0,0,0,'a:0:{}',0,0,0),(391,'Interspire','MagneticOne','marketing@magneticone.com',0,0,0,0,0.0000,0,3,0.00,'USD','5.3',0,2,0,-10800,124416,0,'Migrate Data from Interspire to X-Cart','MagneticOne','Allows you to use the Cart2Cart service right out of your store admin panel and install Connection Bridge to transfer your products, orders, customers information and other data from your Interspire store to X-Cart.','http://my.x-cart.com/sites/default/files/addons/MagneticOne/Interspire/iconAlt.png','https://market.x-cart.com/addons/migrate-data-from-interspire-to-x-cart.html','','a:0:{}','a:0:{}',1,0,0,0,0,0,'a:0:{}',0,0,0),(392,'Bigcommerce','MagneticOne','marketing@magneticone.com',0,0,0,0,0.0000,0,5,0.00,'USD','5.3',0,2,0,-10800,122368,0,'Migrate Data from Bigcommerce to X-Cart','MagneticOne','Allows you to use the Cart2Cart service right out of your store admin panel to transfer your products, orders, customers information and other data from your Bigcommerce store to X-Cart.','http://my.x-cart.com/sites/default/files/addons/MagneticOne/Bigcommerce/iconAlt.png','https://market.x-cart.com/addons/migrate-data-from-Bigcommerce-to-X-Cart.html','','a:0:{}','a:0:{}',1,0,0,0,0,0,'a:0:{}',0,0,0),(393,'Zencart','MagneticOne','marketing@magneticone.com',0,0,0,0,0.0000,0,4,0.00,'USD','5.3',0,2,0,-10800,259072,0,'Migrate Data from Zen Cart to X-Cart','MagneticOne','Allows you to use the Cart2Cart service right out of your store admin panel and install Connection Bridge to transfer your products, orders, customers information and other data from your Zen Cart store to X-Cart.','http://my.x-cart.com/sites/default/files/addons/MagneticOne/Zencart/iconAlt.png','https://market.x-cart.com/addons/migrate-data-from-zencart-to-x-cart.html','','a:0:{}','a:0:{}',1,0,0,0,0,0,'a:0:{}',0,0,0),(394,'Oscommerce','MagneticOne','marketing@magneticone.com',0,0,0,0,0.0000,0,4,0.00,'USD','5.3',0,2,0,-10800,124416,0,'Migrate Data from osCommerce to X-Cart','MagneticOne','Allows you to use the Cart2Cart service right out of your store admin panel and install Connection Bridge to transfer your products, orders, customers information and other data from your osCommerce store to X-Cart.','http://my.x-cart.com/sites/default/files/addons/MagneticOne/Oscommerce/iconAlt.png','https://market.x-cart.com/addons/migrate-data-from-oscommerce-to-x-cart.html','','a:0:{}','a:0:{}',1,0,0,0,0,0,'a:0:{}',0,0,0),(395,'Woocommerce','MagneticOne','marketing@magneticone.com',0,0,0,0,0.0000,0,10,0.00,'USD','5.3',0,2,0,-10800,124416,0,'Migrate Data from WooCommerce to X-Cart','MagneticOne','Allows you to use the Cart2Cart service right out of your store admin panel to transfer your products, orders, customers information and other data from your WooCommerce store to X-Cart.','http://my.x-cart.com/sites/default/files/addons/MagneticOne/Woocommerce/iconAlt.png','https://market.x-cart.com/addons/migrate-data-from-WooCommerce-to-X-Cart.html','','a:0:{}','a:0:{}',1,0,0,0,0,0,'a:0:{}',0,0,0),(396,'Prestashop','MagneticOne','marketing@magneticone.com',0,0,0,0,0.0000,0,13,0.00,'USD','5.3',0,2,0,-10800,124416,0,'Migrate Data from PrestaShop to X-Cart','MagneticOne','Allows you to use the Cart2Cart service right out of your store admin panel and install Connection Bridge to transfer your products, orders, customers information and other data from your PrestaShop store to X-Cart.','http://my.x-cart.com/sites/default/files/addons/MagneticOne/Prestashop/iconAlt.png','https://market.x-cart.com/addons/migrate-data-from-prestashop-to-x-cart.html','','a:0:{}','a:0:{}',1,0,0,0,0,0,'a:0:{}',0,0,0),(397,'Magento','MagneticOne','marketing@magneticone.com',0,0,0,0,0.0000,0,6,0.00,'USD','5.3',0,2,0,-10800,123904,0,'Migrate Data from Magento to X-Cart','MagneticOne','Allows you to use the Cart2Cart service right out of your store admin panel and install Connection Bridge to transfer your products, orders, customers information and other data from your Magento store to X-Cart.','http://my.x-cart.com/sites/default/files/addons/MagneticOne/Magento/iconAlt.png','https://market.x-cart.com/addons/migrate-data-from-magento-to-x-cart.html','','a:0:{}','a:0:{}',1,0,0,0,0,0,'a:0:{}',0,0,0),(398,'Pilibaba','XC','helpdesk@x-cart.com',0,0,0,0,0.0000,0,809,0.00,'USD','5.3',2,1,0,1461531201,245760,0,'Pilibaba Chinese Checkout','X-Cart team','Start accepting CNY payment and take orders from 1.3 Billion shoppers in China. Support all Chinese debit/credit cards and give merchants the flexibility to convert CNY payment into either USD,EUR or 12 supported currencies.','http://my.x-cart.com/sites/default/files/addons/XC/Pilibaba/icon.png','https://market.x-cart.com/addons/pilibaba.html','','a:0:{}','a:2:{i:0;s:18:\"Payment processing\";i:1;s:8:\"Shipping\";}',1,0,0,0,0,0,'a:0:{}',0,0,0),(399,'VendorMessages','XC','helpdesk@x-cart.com',0,0,0,0,0.0000,0,357,0.00,'USD','5.3',2,0,0,1461531600,409600,1,'Order messages (Beta)','X-Cart team','The module enhances communication system in your store providing an opportunity for customers, administrator and vendors to start conversation or dispute about an order right on the Order details page.','http://my.x-cart.com/sites/default/files/addons/XC/VendorMessages/icon.png','https://market.x-cart.com/addons/order-messages.html','','a:0:{}','a:2:{i:0;s:15:\"User experience\";i:1;s:14:\"Administration\";}',1,1,11,0,0,2,'a:3:{i:0;s:12:\"391_Business\";i:1;s:18:\"20598_Multi-vendor\";i:2;s:18:\"536881125_Ultimate\";}',0,0,0),(400,'Netsuite','Webgility','sales@webgility.com',0,0,0,0,0.0000,0,10,0.00,'USD','5.3',1,0,0,1474574400,296960,0,'Unify for NetSuite','Webgility','Unify for NetSuite - Manage your e-commerce business from one place.  Unify easily integrates X-Cart with NetSuite.','http://my.x-cart.com/sites/default/files/addons/Webgility/Netsuite/iconAlt.png','https://market.x-cart.com/addons/unify-for-netsuite.html','','a:0:{}','a:0:{}',1,0,0,0,0,0,'a:0:{}',0,0,0),(401,'AmazonFeeds','QSL','helpdesk@x-cart.com',0,0,0,0,0.0000,0,39,255.00,'USD','5.3',4,0,2,1461790800,2750976,0,'Amazon Feeds','Qualiteam','The module allows to upload products from your X-Cart store to Amazon one-by-one or in bulk, exporting product details, inventory, pricing and images.','http://my.x-cart.com/sites/default/files/addons/QSL/AmazonFeeds/icon.png','https://market.x-cart.com/addons/amazon-feeds.html','','a:0:{}','a:2:{i:0;s:14:\"Administration\";i:1;s:18:\"Catalog Management\";}',1,0,0,0,1,0,'a:0:{}',21033,0,0),(402,'EPL','QSL','helpdesk@x-cart.com',0,0,0,0,0.0000,0,19,355.00,'USD','5.3',2,0,2,1461877200,140288,0,'Lookup product details by UPC and name','Qualiteam','Get ready product data from external product libraries providing high quality product specifications, descriptions and images from official sources.','http://my.x-cart.com/sites/default/files/addons/QSL/EPL/icon.png','https://market.x-cart.com/addons/lookup-product-details-by-UPC-and-name.html','','a:0:{}','a:1:{i:0;s:18:\"Catalog Management\";}',1,0,0,0,1,0,'a:0:{}',21032,0,0),(403,'ZhTranslation','XC','helpdesk@x-cart.com',0,0,0,0,0.0000,0,74,0.00,'USD','5.3',2,0,0,0,573440,0,'Translation: Chinese','X-Cart team','Chinese translation pack','http://my.x-cart.com/sites/default/files/addons/XC/ZhTranslation/icon.png','https://market.x-cart.com/addons/translation-chinese.html','','a:0:{}','a:0:{}',1,0,0,0,0,0,'a:0:{}',0,0,0),(404,'Testimonials','CSI','support@cflsystems.com',0,0,0,0,0.0000,0,96,50.00,'USD','5.3',0,2,0,1462262780,298496,0,'Testimonials','CFL Systems, Inc.','This easy to use and powerful module allows your customers to leave testimonials about your store, products and/or services.','http://my.x-cart.com/sites/default/files/addons/CSI/Testimonials/icon.png','https://market.x-cart.com/addons/testimonials-by-cfl-systems.html','','a:0:{}','a:1:{i:0;s:15:\"User experience\";}',1,0,0,0,0,0,'a:0:{}',21110,0,0),(405,'RaboOmniKassaPayment','QSL','helpdesk@x-cart.com',0,0,0,0,0.0000,0,3,39.00,'USD','5.3',0,0,0,1465246800,59392,0,'Rabo OmniKassa','Qualiteam','Integration with Rabo OmniKassa payment gateway. Rabo OmniKassa is a secure, flexible online payment system. You can offer your customers various ways to pay for their orders.','http://my.x-cart.com/sites/default/files/addons/QSL/RaboOmniKassaPayment/icon.png','https://market.x-cart.com/addons/rabo-omnikassa.html','','a:0:{}','a:1:{i:0;s:18:\"Payment processing\";}',1,0,0,0,0,0,'a:0:{}',21035,0,0),(406,'Backup','QSL','helpdesk@x-cart.com',0,0,0,0,0.0000,0,417,49.00,'USD','5.3',4,0,2,1463554063,340992,0,'Backup Master','Qualiteam','Allows you to create full backups of your X-Cart 5 store.','http://my.x-cart.com/sites/default/files/addons/QSL/Backup/icon.png','https://market.x-cart.com/addons/backup-master.html','','a:0:{}','a:2:{i:0;s:14:\"Administration\";i:1;s:11:\"Development\";}',1,1,8,0,1,0,'a:0:{}',21036,0,0),(407,'BackgroundVideo','PerceptionSystemPvtLtd','xcart@perceptionsystem.com',0,0,0,0,0.0000,0,26,19.00,'USD','5.3',1,0,0,1464183079,1500160,0,'Background Video Banner','Perception System Pvt. Ltd.','New design trend to display Video at home page banner. Upload video or add You-tube Video as background with amazing Parallax effect. Best way to create trendy eCommerce Store.','http://my.x-cart.com/sites/default/files/addons/PerceptionSystemPvtLtd/BackgroundVideo/icon.png','https://market.x-cart.com/addons/background-video-banner-by-perception-system.html','','a:0:{}','a:4:{i:0;s:6:\"Design\";i:1;s:13:\"Design tweaks\";i:2;s:9:\"Marketing\";i:3;s:15:\"User experience\";}',1,0,0,0,0,0,'a:0:{}',21044,0,0),(408,'BulkEditing','XC','helpdesk@x-cart.com',0,0,0,0,0.0000,0,626,0.00,'USD','5.3',2,0,0,1464728400,225280,1,'Bulk Editing','X-Cart team','The module allows to edit products in bulk. Choose products for editing and select the parameter that needs to be updated for them.','http://my.x-cart.com/sites/default/files/addons/XC/BulkEditing/icon.png','https://market.x-cart.com/addons/bulk-editing.html','','a:0:{}','a:2:{i:0;s:14:\"Administration\";i:1;s:18:\"Catalog Management\";}',1,1,9,0,0,2,'a:3:{i:0;s:12:\"391_Business\";i:1;s:18:\"20598_Multi-vendor\";i:2;s:18:\"536881125_Ultimate\";}',0,0,0),(409,'CrispWhiteSkin','XC','helpdesk@x-cart.com',0,0,0,0,0.0000,0,1546,0.00,'USD','5.3',2,1,2,1464859695,1792000,0,'Crisp White skin','X-Cart team','Light and clean skin developed in minimalist style and combining flat and material design will make your store look clean and modern.','http://my.x-cart.com/sites/default/files/addons/XC/CrispWhiteSkin/icon.png','https://market.x-cart.com/xcart-templates/crisp-white-skin.html','','a:0:{}','a:1:{i:0;s:9:\"Templates\";}',1,0,0,0,0,0,'a:0:{}',0,0,0),(410,'FastLaneCheckout','XC','helpdesk@x-cart.com',0,0,0,0,0.0000,0,1100,0.00,'USD','5.3',2,1,2,1464814800,368640,0,'Fast Lane Checkout','X-Cart team','Modern multi-step checkout asks for a separate piece of information at a separate step. As a result, it looks looks clean for customers and seems secure and easy to fill in.','http://my.x-cart.com/sites/default/files/addons/XC/FastLaneCheckout/icon.png','https://market.x-cart.com/addons/fast-lane-checkout.html','','a:0:{}','a:2:{i:0;s:15:\"User experience\";i:1;s:18:\"Payment processing\";}',1,0,0,0,0,0,'a:0:{}',0,0,0),(411,'NewsletterSubscriptions','XC','helpdesk@x-cart.com',0,0,0,0,0.0000,0,888,0.00,'USD','5.3',1,3,0,1464814800,102400,0,'Newsletter subscriptions','X-Cart team','The module adds a sign up form into your site footer inviting your customers to subscribe for your company newsletters. The list of subscribers is stored in the admin back-end and can also be forwarded to Mailchimp.','http://my.x-cart.com/sites/default/files/addons/XC/NewsletterSubscriptions/icon.png','https://market.x-cart.com/addons/newsletter-subscriptions.html','','a:0:{}','a:2:{i:0;s:9:\"Marketing\";i:1;s:15:\"User experience\";}',1,0,0,0,0,0,'a:0:{}',0,0,0),(412,'TreeLikeCategoriesMenu','QSL','helpdesk@x-cart.com',0,0,0,0,0.0000,0,47,19.95,'USD','5.3',2,0,0,1465246800,32768,0,'Tree-like Categories Menu','Qualiteam','The module changes the default flyout categories menu in the Customer area by introducing a tree-like menu style. Requires Flyout Categories Menu module to be enabled','http://my.x-cart.com/sites/default/files/addons/QSL/TreeLikeCategoriesMenu/icon.png','https://market.x-cart.com/addons/tree-like-categories-menu.html','','a:1:{i:0;s:24:\"QSL\\FlyoutCategoriesMenu\";}','a:1:{i:0;s:13:\"Design tweaks\";}',1,0,0,0,1,0,'a:0:{}',21040,0,0),(413,'Returns','QSL','helpdesk@x-cart.com',0,0,0,0,0.0000,0,50,149.00,'USD','5.3',1,0,0,1465542101,326144,0,'Order returns','Qualiteam','Enable your customers to issue returns for their orders. Return requests are put into a queue, so they can be conveniently processed.','http://my.x-cart.com/sites/default/files/addons/QSL/Returns/icon.png','https://market.x-cart.com/addons/order-returns.html','','a:0:{}','a:2:{i:0;s:14:\"Administration\";i:1;s:11:\"Fulfillment\";}',1,1,7,0,0,0,'a:0:{}',21041,0,0),(414,'ColorSwatches','QSL','helpdesk@x-cart.com',0,0,0,0,0.0000,0,56,125.00,'USD','5.3',1,0,1,1466021870,166400,0,'Color swatches','Qualiteam','The module displays product options, such as color, fabric or design as clickable color swatches or small images on the product page.','http://my.x-cart.com/sites/default/files/addons/QSL/ColorSwatches/iconAlt.png','https://market.x-cart.com/addons/color-swatches.html','','a:0:{}','a:2:{i:0;s:18:\"Catalog Management\";i:1;s:13:\"Design tweaks\";}',1,1,6,0,1,0,'a:0:{}',21042,0,0),(415,'PriceCountdown','QSL','helpdesk@x-cart.com',0,0,0,0,0.0000,0,50,85.00,'USD','5.3',4,0,2,1466370000,162304,0,'Price countdown','Qualiteam','The module adds countdown widget to the product page, category page or cart page showing the number of days and hours/minutes/seconds left to the end of the offer.','http://my.x-cart.com/sites/default/files/addons/QSL/PriceCountdown/icon.png','https://market.x-cart.com/addons/price-countdown.html','','a:0:{}','a:1:{i:0;s:9:\"Marketing\";}',1,0,0,0,0,0,'a:0:{}',21043,0,0),(416,'XLSExportImport','QSL','helpdesk@x-cart.com',0,0,0,0,0.0000,0,46,85.00,'USD','5.3',1,0,2,1466021956,4841472,0,'Excel export / import','Qualiteam','The module adds an opportunity to export and import data in .xls (Excel 5), .xlsx (Excel 2007), .ods (OpenDocument) formats.','http://my.x-cart.com/sites/default/files/addons/QSL/XLSExportImport/icon.png','https://market.x-cart.com/addons/excel-export-import.html','','a:0:{}','a:1:{i:0;s:18:\"Catalog Management\";}',1,0,0,0,1,0,'a:0:{}',21045,0,0),(417,'Wufoo','QSL','helpdesk@x-cart.com',0,0,0,0,0.0000,0,8,39.00,'USD','5.3',1,0,1,1466024400,75776,0,'Wufoo','Qualiteam','Design forms in Wufoo and add them to your store static pages to collect various data from your customers.','http://my.x-cart.com/sites/default/files/addons/QSL/Wufoo/icon.png','https://market.x-cart.com/addons/wufoo.html','','a:1:{i:0;s:14:\"CDev\\SimpleCMS\";}','a:1:{i:0;s:18:\"Payment processing\";}',1,0,0,0,1,0,'a:0:{}',21046,0,0),(418,'MonkeyData','MonkeyData','partners@monkeydata.com',0,0,0,0,0.0000,0,48,0.00,'USD','5.3',0,0,0,1471208400,304128,0,'MonkeyData','MonkeyData','MonkeyData is the best analytics solution for your online store. Get the statistics of all your sales channels in one place! Metrics from X-Cart, Adwords, Amazon, eBay, Facebook and more in clear dashboards. ','http://my.x-cart.com/sites/default/files/addons/MonkeyData/MonkeyData/icon.png','','','a:0:{}','a:0:{}',1,0,0,0,1,0,'a:0:{}',0,0,0),(419,'Muut','QSL','helpdesk@x-cart.com',0,0,0,0,0.0000,0,0,39.00,'USD','5.3',1,0,1,1469566800,44544,0,'Muut','Qualiteam','Add comment and forum widgets to your site product and static pages, build your community and gain more returning customers.','http://my.x-cart.com/sites/default/files/addons/QSL/Muut/icon.png','https://market.x-cart.com/addons/muut.html','','a:1:{i:0;s:14:\"CDev\\SimpleCMS\";}','a:2:{i:0;s:15:\"User experience\";i:1;s:6:\"Social\";}',1,0,0,0,1,0,'a:0:{}',21053,0,0),(420,'Pnyxe','QSL','helpdesk@x-cart.com',0,0,0,0,0.0000,0,0,39.00,'USD','5.3',1,0,1,1469566800,47616,0,'Pnyxe','Qualiteam','Increase user engagement with Pnyxe which allows you to add forum widgets to static pages and comment widgets to product pages.','http://my.x-cart.com/sites/default/files/addons/QSL/Pnyxe/icon.png','https://market.x-cart.com/addons/pnyxe.html','','a:1:{i:0;s:14:\"CDev\\SimpleCMS\";}','a:2:{i:0;s:15:\"User experience\";i:1;s:6:\"Social\";}',1,0,0,0,1,0,'a:0:{}',21052,0,0),(421,'OneCategory','QSL','helpdesk@x-cart.com',0,0,0,0,0.0000,0,5,45.00,'USD','5.3',0,0,1,1469652645,24576,0,'One category','Qualiteam','The module disables categories functionality in the storefront, and all products from the store catalog are displayed on the homepage.','http://my.x-cart.com/sites/default/files/addons/QSL/OneCategory/icon.png','https://market.x-cart.com/addons/one-category.html','','a:0:{}','a:1:{i:0;s:18:\"Catalog Management\";}',1,0,0,0,0,0,'a:0:{}',21050,0,0),(422,'OneProduct','QSL','helpdesk@x-cart.com',0,0,0,0,0.0000,0,2,45.00,'USD','5.3',0,0,1,1469653200,47104,0,'One product','Qualiteam','This module changes the store to fit businesses selling one product only. It disables categories block, search block, breadcrumbs, and turns homepage into the product page.','http://my.x-cart.com/sites/default/files/addons/QSL/OneProduct/icon.png','https://market.x-cart.com/addons/one-product.html','','a:0:{}','a:1:{i:0;s:18:\"Catalog Management\";}',1,0,0,0,0,0,'a:0:{}',21051,0,0),(423,'MigrationWizard','XC','helpdesk@x-cart.com',0,0,0,0,0.0000,0,287,0.00,'USD','5.3',5,1,2,1469566800,787456,0,'Migration wizard (Beta)','X-Cart team','The module guarantees trouble-free migration from X-Cart 4 to X-Cart 5. It transfers data and settings, and as a result, you get a working store on a new platform within a few minutes.','http://my.x-cart.com/sites/default/files/addons/XC/MigrationWizard/icon.png','https://market.x-cart.com/addons/migration-wizard.html','','a:0:{}','a:2:{i:0;s:14:\"Administration\";i:1;s:18:\"Catalog Management\";}',1,1,4,0,0,0,'a:0:{}',0,0,0),(424,'Highlight','Webgility','sales@webgility.com',0,0,0,0,0.0000,0,25,0.00,'USD','5.3',1,0,0,1471809600,294400,0,'Highlight','Webgility','Highlight - Consolidate your multi-channel data and get a holistic view of your e-commerce business. See what matters to your business.','http://my.x-cart.com/sites/default/files/addons/Webgility/Highlight/iconAlt.png','https://market.x-cart.com/addons/quickBooks-pos-integration-by-webgility.html','','a:0:{}','a:0:{}',1,0,0,0,0,0,'a:0:{}',0,0,0),(425,'HoverImage','QSL','helpdesk@x-cart.com',0,0,0,0,0.0000,0,15,19.95,'USD','5.3',0,1,1,1471467600,45056,0,'Hover Image','Qualiteam','This module shows next product image on hover in a product list','http://my.x-cart.com/sites/default/files/addons/QSL/HoverImage/icon.png','https://market.x-cart.com/addons/hover-image.html','','a:0:{}','a:2:{i:0;s:13:\"Design tweaks\";i:1;s:15:\"User experience\";}',1,1,5,0,0,0,'a:0:{}',21070,0,0),(426,'CategoryDescription','CSI','support@cflsystems.com',0,0,0,0,0.0000,0,16,35.00,'USD','5.3',1,0,0,1473672439,47616,0,'Category Second Description','CFL Systems, Inc.','Category Second Description module adds an additional description field for categories.','http://my.x-cart.com/sites/default/files/addons/CSI/CategoryDescription/icon.png','https://market.x-cart.com/addons/category-second-description-by-cfl-systems.html','','a:0:{}','a:4:{i:0;s:18:\"Catalog Management\";i:1;s:9:\"Marketing\";i:2;s:3:\"SEO\";i:3;s:15:\"User experience\";}',1,0,3,0,0,0,'a:0:{}',21088,0,0),(427,'StandardRTLSkin','QSL','helpdesk@x-cart.com',0,0,0,0,0.0000,0,29,149.00,'USD','5.3',0,1,0,1473695087,38912,0,'RTL languages support','Qualiteam','The module adds RTL-languages support into the standard X-Cart skin.','http://my.x-cart.com/sites/default/files/addons/QSL/StandardRTLSkin/icon.png','https://market.x-cart.com/addons/standard-rtl-skin.html','','a:0:{}','a:1:{i:0;s:9:\"Templates\";}',1,0,2,0,0,0,'a:0:{}',21089,0,0),(428,'G2APay','G2APay','pay@g2a.com',0,0,0,0,0.0000,0,127,0.00,'USD','5.3',0,0,1,1474578000,53248,0,'G2A Pay','G2A Pay','G2A Pay is a global payment gateway providing a solution to accept 150+ payment methods to grow your sales. Your customers can use the checkout they trust and pay with the payment method they know. Connect to international customers by localizing their buying experience wherever they pay.','http://my.x-cart.com/sites/default/files/addons/G2APay/G2APay/icon.png','https://market.x-cart.com/addons/g2a-pay.html','','a:0:{}','a:1:{i:0;s:18:\"Payment processing\";}',1,1,1,0,0,0,'a:0:{}',0,0,0),(429,'Onehop','ScreenMagic','devinder@screen-magic.com',0,0,0,0,0.0000,0,47,0.00,'USD','5.3',0,0,0,1475179200,2236928,0,'Onehop SMS','Screenmagic','Onehop SMS extension offers features to engage with your customers at the crucial stages of purchase cycle. Users can configure automated SMS-based notifications to their customers during every step of your e-commerce purchase and fulfillment processes. \n\nOnehop SMS gives users the ability to send best quality of SMS via world’s best and leading SMS service providers. User will be able to send SMS globally via multiple gateways with a single API.   \n','http://my.x-cart.com/sites/default/files/addons/ScreenMagic/Onehop/iconAlt.png','https://market.x-cart.com/addons/onehop-sms.html','','a:0:{}','a:5:{i:0;s:11:\"Fulfillment\";i:1;s:9:\"Marketing\";i:2;s:14:\"Administration\";i:3;s:15:\"Mobile Commerce\";i:4;s:6:\"Orders\";}',1,0,0,0,0,0,'a:0:{}',0,0,0),(430,'OkpayPayment','OKPAY','mikhail.yakovenko@okpay.com',0,0,0,0,0.0000,0,8,49.00,'USD','5.3',2,0,0,1476158324,40960,0,'OKPAY Payment Gateway','OKPAY Dev team','OKPAY allows all types of payments \"in the single window\": Credit Cards, SMS payments aka \"Mobile Commerce\", e-currencies (WebMoney, Yandex.Money, WalletOne), Instant payment terminals, Internet-Banking, Cryptocurrencies.','http://my.x-cart.com/sites/default/files/addons/OKPAY/OkpayPayment/icon.png','https://market.x-cart.com/addons/okpay-payment-gateway.html','','a:0:{}','a:1:{i:0;s:18:\"Payment processing\";}',1,0,0,0,0,0,'a:0:{}',21117,0,0),(431,'AuthorizenetAcceptjs','QSL','helpdesk@x-cart.com',0,0,0,0,0.0000,0,73,39.00,'USD','5.3',7,0,0,1476976103,84480,0,'Authorize.Net Accept.js','Qualiteam','The module integrates your store with Authorize.Net Accept.js to accept payments in a PCI-DSS compliant way.','http://my.x-cart.com/sites/default/files/addons/QSL/AuthorizenetAcceptjs/icon.png','https://market.x-cart.com/addons/authorize-net-accept-js.html','','a:0:{}','a:1:{i:0;s:18:\"Payment processing\";}',1,0,0,0,0,0,'a:0:{}',21120,0,0),(432,'PaymentMemberships','QSL','helpdesk@x-cart.com',0,0,0,0,0.0000,0,3,99.00,'USD','5.3',0,0,0,1479148608,48128,0,'Memberships for payment methods','Qualiteam','Limit access to payment methods for your customers according to the membership levels the customers belong to.','http://my.x-cart.com/sites/default/files/addons/QSL/PaymentMemberships/icon.png','https://market.x-cart.com/addons/memberships-for-payment-methods.html','','a:0:{}','a:1:{i:0;s:18:\"Payment processing\";}',1,0,0,0,0,0,'a:0:{}',21121,0,0),(433,'AllForHome','QSL','helpdesk@x-cart.com',0,0,0,0,0.0000,0,12,149.00,'USD','5.3',0,4,0,1480066045,2123776,0,'All for Home','Qualiteam','Minimalist and neutral, this skin is perfect for any design you embark upon. And a wide variety of marketing options will impact your customers satisfaction.','http://my.x-cart.com/sites/default/files/addons/QSL/AllForHome/icon.png','https://market.x-cart.com/xcart-templates/all-for-home.html','','a:0:{}','a:1:{i:0;s:9:\"Templates\";}',1,0,0,0,0,0,'a:0:{}',21130,0,0),(434,'BlueSnap','XC','helpdesk@x-cart.com',0,0,0,0,0.0000,0,1,0.00,'USD','5.3',0,0,0,1480491060,133120,0,'BlueSnap','X-Cart team','The module integrates your X-Cart store with BlueSnap, a payment gateway providing a merchant account all in one solution. ','http://my.x-cart.com/sites/default/files/addons/XC/BlueSnap/iconAlt.png','https://market.x-cart.com/addons/blue-snap.html','','a:0:{}','a:1:{i:0;s:18:\"Payment processing\";}',1,0,0,0,0,0,'a:0:{}',0,0,0),(435,'CanadianTaxes','XC','helpdesk@x-cart.com',0,0,0,0,0.0000,0,12,0.00,'USD','5.3',0,1,2,1480104000,163840,0,'Canadian Taxes','X-Cart team','This module has been developed specially for calculating taxes in Canada (GST,PST,HST,QST). Once the module is enabled, you have all destination zones set up as well as provincial rates accordingly assigned.','http://my.x-cart.com/sites/default/files/addons/XC/CanadianTaxes/icon.png','https://market.x-cart.com/addons/canadian-taxes.html','','a:0:{}','a:1:{i:0;s:5:\"Taxes\";}',1,0,0,0,0,0,'a:0:{}',0,0,0),(436,'FroalaEditor','XC','helpdesk@x-cart.com',0,0,0,0,0.0000,0,129,0.00,'USD','5.3',0,1,2,1480104000,51200,0,'Froala WYSIWYG editor integration','X-Cart team','The new clean lightweight editor offers rich text editing capabilities. It’s fully compatible with X-Cart built-in Inline Editing tool.','http://my.x-cart.com/sites/default/files/addons/XC/FroalaEditor/icon.png','https://market.x-cart.com/addons/froala-wysiwyg-editor-integration.html','','a:0:{}','a:1:{i:0;s:14:\"Administration\";}',1,0,0,0,0,0,'a:0:{}',0,0,0),(437,'OrdersImport','XC','helpdesk@x-cart.com',0,0,0,0,0.0000,0,37,0.00,'USD','5.3',0,0,0,1480104000,71680,0,'Order import','X-Cart team','The module extends default import functionality and adds an opportunity to add new orders or edit existing orders using the import tool.','http://my.x-cart.com/sites/default/files/addons/XC/OrdersImport/icon.png','https://market.x-cart.com/addons/orders-import.html','','a:0:{}','a:1:{i:0;s:6:\"Orders\";}',1,0,0,0,0,0,'a:0:{}',0,0,0),(438,'AlcoholicBeverage','TemplateMonster','support@x-cart.com',0,0,0,0,0.0000,0,1,139.00,'USD','5.3',0,0,1,1480685893,3051008,0,'Alcoholic Beverage','TemplateMonster.com','This dark color scheme is a perfect choice for an alcoholic beverage store. Banner slides and drop-down menus are here to make your website even more appealing.','http://my.x-cart.com/sites/default/files/addons/TemplateMonster/AlcoholicBeverage/icon.png','https://market.x-cart.com/xcart-templates/alcoholic-beverage.html','','a:0:{}','a:1:{i:0;s:9:\"Templates\";}',1,0,0,0,0,0,'a:0:{}',21131,0,0),(439,'SportsClothesEquipment','TemplateMonster','support@x-cart.com',0,0,0,0,0.0000,0,1,139.00,'USD','5.3',1,0,2,1480680041,3473408,0,'Sports Clothes Equipment','TemplateMonster.com','Clean and modern, this theme is perfect for stores selling sports clothing & equipment. A full-width slider, a parallax banner and other animated elements are here to retain your customers’ attention.','http://my.x-cart.com/sites/default/files/addons/TemplateMonster/SportsClothesEquipment/icon.png','https://market.x-cart.com/xcart-templates/sports-clothes-equipment.html','','a:0:{}','a:1:{i:0;s:9:\"Templates\";}',1,0,0,0,0,0,'a:0:{}',21132,0,0),(440,'TrustedVendors','XC','helpdesk@x-cart.com',0,0,0,0,0.0000,0,5,0.00,'USD','5.3',0,0,2,1480531200,143360,1,'Trusted/Non-trusted vendors','X-Cart team','The module allows the admin to mark vendors as trusted and non-trusted.  Products added by the trusted vendors will be visible to your store visitors right away, those of non-trusted vendors will appear on the storefront only after the approval.','http://my.x-cart.com/sites/default/files/addons/XC/TrustedVendors/icon.png','https://market.x-cart.com/addons/trusted-vendors.html','','a:1:{i:0;s:14:\"XC\\MultiVendor\";}','a:2:{i:0;s:14:\"Administration\";i:1;s:18:\"Catalog Management\";}',1,0,0,0,0,2,'a:2:{i:0;s:18:\"20598_Multi-vendor\";i:1;s:18:\"536881125_Ultimate\";}',0,0,0),(441,'Fireworks','TemplateMonster','support@x-cart.com',0,0,0,0,0.0000,0,1,139.00,'USD','5.3',0,0,1,1480686423,1870848,0,'Fireworks','TemplateMonster.com','This flat high-contrast theme is a perfect fit for stores selling fireworks and car accessories. A full-width slider, semi-transparent bars and bright colors showcase your products in the most enticing way.','http://my.x-cart.com/sites/default/files/addons/TemplateMonster/Fireworks/icon.png','https://market.x-cart.com/xcart-templates/fireworks.html','','a:0:{}','a:1:{i:0;s:9:\"Templates\";}',1,0,0,0,0,0,'a:0:{}',21135,0,0),(442,'ScubaDivingEquipment','TemplateMonster','support@x-cart.com',0,0,0,0,0.0000,0,1,139.00,'USD','5.3',1,0,2,1480686451,5294080,0,'Scuba Diving Equipment','TemplateMonster.com','Clean and modern, Scuba Diving Equipment theme is the right choice for stores selling scuba diving gear other sporting goods. Animated elements, cloud zoom and full-width slider are here to grab your users’ attention.','http://my.x-cart.com/sites/default/files/addons/TemplateMonster/ScubaDivingEquipment/icon.png','https://market.x-cart.com/xcart-templates/scuba-diving-equipment.html','','a:0:{}','a:1:{i:0;s:9:\"Templates\";}',1,0,0,0,0,0,'a:0:{}',21133,0,0),(443,'ShowRoom','QSL','helpdesk@x-cart.com',0,0,0,0,0.0000,0,0,225.00,'USD','5.3',0,0,0,1480599350,475648,0,'Show Room','Qualiteam','Turn any category into a showroom: add an image demonstrating your products, define products’ areas on the image, add pricing, titles and links to each area. Upon click on the area a customer is redirected to the product or category page.','http://my.x-cart.com/sites/default/files/addons/QSL/ShowRoom/icon.png','https://market.x-cart.com/addons/showroom.html','','a:0:{}','a:1:{i:0;s:9:\"Marketing\";}',1,0,0,0,0,0,'a:0:{}',21134,0,0),(444,'FbMessengerBot','QSL','helpdesk@x-cart.com',0,0,0,0,0.0000,0,16,0.00,'USD','5.3',0,0,0,1481039516,74752,0,'Djinni – e-commerce chatbot','Qualiteam','Set up Facebook Messenger chat-bot that answers questions of your customers and sells them products through chat','http://my.x-cart.com/sites/default/files/addons/QSL/FbMessengerBot/iconAlt.png','https://market.x-cart.com/addons/djinni-e-commerce-chatbot.html','','a:0:{}','a:0:{}',1,0,0,0,0,0,'a:0:{}',0,0,0),(445,'ChristmasDecor','PerceptionSystemPvtLtd','xcart@perceptionsystem.com',0,0,0,0,0.0000,0,0,19.90,'USD','5.3',0,0,0,1480945021,91136,0,'X-Cart Christmas Decoration','Perception System Pvt. Ltd.','Our Christmas Decoration x-cart Module provide facility to introduce festival christmas look for your x-cart store. This Christmas decoration module provide three layers of Snow Flake effects with body and header background images which you can upload it from back-end and also many more different admin manageable configurations available.','http://my.x-cart.com/sites/default/files/addons/PerceptionSystemPvtLtd/ChristmasDecor/iconAlt.png','https://market.x-cart.com/addons/x-cart-christmas-decoration.html','','a:0:{}','a:4:{i:0;s:6:\"Design\";i:1;s:13:\"Design tweaks\";i:2;s:9:\"Templates\";i:3;s:15:\"User experience\";}',1,0,0,0,0,0,'a:0:{}',21137,0,0),(446,'XCartCDN','CSI','support@cflsystems.com',0,0,0,0,0.0000,0,5,45.00,'USD','5.3',0,0,0,1481277752,41984,0,'XCartCDN','CFL Systems, Inc.','This module allows you to setup your store to use CDN for images, css and js files.','http://my.x-cart.com/sites/default/files/addons/CSI/XCartCDN/icon.png','https://market.x-cart.com/addons/xcartcdn-by-cfl-systems.html','','a:0:{}','a:3:{i:0;s:18:\"Catalog Management\";i:1;s:3:\"SEO\";i:2;s:15:\"User experience\";}',1,0,0,0,0,0,'a:0:{}',21138,0,0),(447,'SocialLogin','STaM','support@buyyy.ru',0,0,0,0,0.0000,0,0,39.99,'USD','5.3',0,0,0,1481308063,38400,0,'Login with Vk.com / Ok.ru','STaM LLC','The module allows your customers to sign in with their Odnoklassniki and VKontakte accounts.','http://my.x-cart.com/sites/default/files/addons/STaM/SocialLogin/iconAlt.png','https://market.x-cart.com/addons/login-social-odnoklassniki-vkontakte.html','','a:1:{i:0;s:16:\"CDev\\SocialLogin\";}','a:2:{i:0;s:10:\"Accounting\";i:1;s:6:\"Social\";}',1,0,0,0,0,0,'a:0:{}',21136,0,0),(448,'QRCodeGenerator','QSL','helpdesk@x-cart.com',0,0,0,0,0.0000,0,52,0.00,'USD','5.3',0,0,0,1481614430,150016,0,'QR Code Generator','Qualiteam','Generate and display QR codes.','http://my.x-cart.com/sites/default/files/addons/QSL/QRCodeGenerator/iconAlt.png','https://market.x-cart.com/addons/qr-code-generator.html','','a:0:{}','a:0:{}',1,0,0,0,0,0,'a:0:{}',0,0,0),(449,'JsonApi','QSL','helpdesk@x-cart.com',0,0,0,0,0.0000,0,34,0.00,'USD','5.3',1,0,0,1481614830,303616,0,'JSON API','Qualiteam','Allows external services to access your shop data using popular JSON format.','http://my.x-cart.com/sites/default/files/addons/QSL/JsonApi/iconAlt.png','https://market.x-cart.com/addons/json-api.html','','a:0:{}','a:0:{}',1,0,0,0,0,0,'a:0:{}',0,0,0),(450,'Malabi','Camera51','info@malabi.co',0,0,0,0,0.0000,0,36,0.00,'USD','5.3',0,0,2,1481721166,78336,0,'Malabi Background Remover','Camera51','The automatic image background remover by Malabi will quickly and automatically remove the background from any product photo. Our patented technology does all the work for you.','http://my.x-cart.com/sites/default/files/addons/Camera51/Malabi/iconAlt.png','https://market.x-cart.com/addons/malabi-background-remover.html','','a:0:{}','a:4:{i:0;s:18:\"Catalog Management\";i:1;s:6:\"Design\";i:2;s:8:\"Products\";i:3;s:15:\"User experience\";}',1,0,0,0,1,0,'a:0:{}',0,0,0),(451,'TrendyFashion','TemplateMonster','support@x-cart.com',0,0,0,0,0.0000,0,3,139.00,'USD','5.3',0,0,1,1481883951,2077184,0,'Trendy Fashion','TemplateMonster.com','Stylish and neat, with neutral soft beige accents, this template is a perfect fit for fashion stores.\r\n','http://my.x-cart.com/sites/default/files/addons/TemplateMonster/TrendyFashion/icon.png','https://market.x-cart.com/xcart-templates/trendy-fashion.html','','a:0:{}','a:1:{i:0;s:9:\"Templates\";}',1,0,0,0,0,0,'a:0:{}',21145,0,0),(452,'Backorder','QSL','helpdesk@x-cart.com',0,0,0,0,0.0000,0,2,139.00,'USD','5.3',0,0,0,1482410551,80384,0,'Backorder / Preorder','Qualiteam','Allow customers to purchase products that are not in stock at the moment and ship these goods to them upon arrival.','http://my.x-cart.com/sites/default/files/addons/QSL/Backorder/iconAlt.png','https://market.x-cart.com/addons/backorder-preorder.html','','a:0:{}','a:0:{}',1,0,0,0,0,0,'a:0:{}',21165,0,0),(453,'MakeAnOffer','CSI','support@cflsystems.com',0,0,0,0,0.0000,0,0,65.00,'USD','5.3',0,1,0,1483435162,241664,0,'Make an Offer','CFL Systems, Inc.','Make an Offer module allows customers to submit an offer to purchase listed products and services.','http://my.x-cart.com/sites/default/files/addons/CSI/MakeAnOffer/iconAlt.png','https://market.x-cart.com/addons/make-an-offer-by-cfl-systems.html','','a:0:{}','a:3:{i:0;s:18:\"Catalog Management\";i:1;s:8:\"Products\";i:2;s:15:\"User experience\";}',1,0,0,0,0,0,'a:0:{}',21166,0,0),(454,'PriceMatchRequest','CSI','support@cflsystems.com',0,0,0,0,0.0000,0,0,65.00,'USD','5.3',0,1,0,1483435108,244736,0,'Price Match Request','CFL Systems, Inc.','Price Match Request add-on allows customers to submit a request for price match based on competitor\'s product price.','http://my.x-cart.com/sites/default/files/addons/CSI/PriceMatchRequest/iconAlt.png','https://market.x-cart.com/addons/price-match-request-by-cfl-systems.html','','a:0:{}','a:3:{i:0;s:18:\"Catalog Management\";i:1;s:8:\"Products\";i:2;s:15:\"User experience\";}',1,0,0,0,0,0,'a:0:{}',21167,0,0);
CREATE TABLE `xlite_money_modificators` (
  `id` int(10) unsigned NOT NULL AUTO_INCREMENT,
  `class` varchar(255) COLLATE utf8_unicode_ci NOT NULL,
  `modificator` varchar(64) COLLATE utf8_unicode_ci NOT NULL,
  `validator` varchar(64) COLLATE utf8_unicode_ci NOT NULL,
  `position` int(11) NOT NULL,
  `behavior` varchar(64) COLLATE utf8_unicode_ci NOT NULL,
  `purpose` varchar(64) COLLATE utf8_unicode_ci NOT NULL,
  PRIMARY KEY (`id`)
) ENGINE=InnoDB DEFAULT CHARSET=utf8 COLLATE=utf8_unicode_ci;
INSERT INTO `xlite_money_modificators` VALUES (1,'XLite\\Logic\\AttributeSurcharge','modifyMoney','isApply',10,'','net'),(2,'XLite\\Module\\CDev\\Sale\\Logic\\SalePrice','modifyMoney','isApply',5,'','net'),(3,'XLite\\Module\\CDev\\Sale\\Logic\\PercentOff','modifyMoney','isApply',500,'','net');
CREATE TABLE `xlite_news` (
  `id` int(10) unsigned NOT NULL AUTO_INCREMENT,
  `enabled` tinyint(1) NOT NULL,
  `date` int(11) NOT NULL,
  `metaDescType` varchar(1) COLLATE utf8_unicode_ci NOT NULL,
  PRIMARY KEY (`id`),
  KEY `enabled` (`enabled`)
) ENGINE=InnoDB DEFAULT CHARSET=utf8 COLLATE=utf8_unicode_ci;
CREATE TABLE `xlite_news_message_translations` (
  `label_id` int(11) NOT NULL AUTO_INCREMENT,
  `id` int(10) unsigned DEFAULT NULL,
  `name` varchar(255) COLLATE utf8_unicode_ci NOT NULL,
  `body` longtext COLLATE utf8_unicode_ci NOT NULL,
  `brief_description` longtext COLLATE utf8_unicode_ci NOT NULL,
  `metaTags` varchar(255) COLLATE utf8_unicode_ci NOT NULL,
  `metaDesc` longtext COLLATE utf8_unicode_ci NOT NULL,
  `metaTitle` varchar(255) COLLATE utf8_unicode_ci NOT NULL,
  `code` char(2) COLLATE utf8_unicode_ci NOT NULL,
  PRIMARY KEY (`label_id`),
  KEY `ci` (`code`,`id`),
  KEY `id` (`id`),
  CONSTRAINT `FK_31246BD0BF396750` FOREIGN KEY (`id`) REFERENCES `xlite_news` (`id`) ON DELETE CASCADE
) ENGINE=InnoDB DEFAULT CHARSET=utf8 COLLATE=utf8_unicode_ci;
CREATE TABLE `xlite_newsletter_subscriptions_subscribers` (
  `id` int(10) unsigned NOT NULL AUTO_INCREMENT,
  `profile_id` int(11) DEFAULT NULL,
  `email` varchar(255) COLLATE utf8_unicode_ci NOT NULL,
  PRIMARY KEY (`id`),
  UNIQUE KEY `email` (`email`),
  KEY `IDX_D0911E5FCCFA12B8` (`profile_id`),
  CONSTRAINT `FK_D0911E5FCCFA12B8` FOREIGN KEY (`profile_id`) REFERENCES `xlite_profiles` (`profile_id`) ON DELETE SET NULL
) ENGINE=InnoDB DEFAULT CHARSET=utf8 COLLATE=utf8_unicode_ci;
CREATE TABLE `xlite_notification_translations` (
  `label_id` int(11) NOT NULL AUTO_INCREMENT,
  `id` varchar(255) COLLATE utf8_unicode_ci DEFAULT NULL,
  `name` varchar(128) COLLATE utf8_unicode_ci NOT NULL,
  `description` longtext COLLATE utf8_unicode_ci NOT NULL,
  `customerSubject` varchar(255) COLLATE utf8_unicode_ci NOT NULL,
  `customerText` longtext COLLATE utf8_unicode_ci NOT NULL,
  `adminSubject` varchar(255) COLLATE utf8_unicode_ci NOT NULL,
  `adminText` longtext COLLATE utf8_unicode_ci NOT NULL,
  `code` char(2) COLLATE utf8_unicode_ci NOT NULL,
  PRIMARY KEY (`label_id`),
  KEY `ci` (`code`,`id`),
  KEY `id` (`id`),
  CONSTRAINT `FK_3F6179FEBF396750` FOREIGN KEY (`id`) REFERENCES `xlite_notifications` (`templatesDirectory`) ON DELETE CASCADE
) ENGINE=InnoDB DEFAULT CHARSET=utf8 COLLATE=utf8_unicode_ci;
INSERT INTO `xlite_notification_translations` VALUES (1,'failed_admin_login','Failed admin login','The notification is sent to the email address of the admin user for whose account failed login attempts have been detected several times in a row. A copy of the message is also sent to the store’s super admin user.','','','WARNING! Administrator login failure','Failed administrator login detected.','en'),(2,'low_limit_warning','Low limit warning','This message is used to notify the administrator when the stock level of a product reaches the low stock limit as specified in the product details.','','','Low stock warning','The inventory level of a product in your store has reached the low limit.','en'),(3,'order_advanced_changed','Order changed with advanced order management','This message is sent to notify the customer of any changes made to their order by an administrator using the advanced order management feature.','Your order has been changed','Your order has been changed by customer service. Here are the details of your order:','','','en'),(4,'order_canceled','Order canceled','This notification is sent to both the administrator and customer when an order gets the status Canceled.','Your order has been canceled','Your order has been canceled.','Order has been canceled','Order has been canceled.','en'),(5,'order_changed','Order changed','This notification is sent to both the administrator and customer when the status of an order is updated - in the event that no other type of notification is sent.','Your order has been changed','Your order has been changed. Here are the details of your order:','Order has been changed','Order has been changed.','en'),(6,'order_created','Order created','This notification is sent to both the administrator and customer when a new order is created (Disabled by default).','Order has been created','Thank you for shopping with us! We received your order.<br />You will receive an order confirmation once your order is processed.','Order has been created','Order has been created.','en'),(7,'order_failed','Order declined','This notification is sent to both the administrator and customer when an order gets the status Declined.','Your order has been declined','The status of your order has been changed to \"Declined\". This could be for one of the following reasons:<br />1) The order was declined by the store administrator.<br />2) The payment could not be processed at the time of order placement.<br />For more information, please contact the store administrator.','Order has been declined','Order has been declined.','en'),(8,'order_processed','Order processed','This notification is sent to both the administrator and customer when an order gets the status Paid.','Order confirmation','Your order has been processed. Thank you for your business.<br />We will notify you by email of any further order status updates.','Order has been processed','Order has been processed.','en'),(9,'order_shipped','Order shipped','This notification is sent to both the administrator and customer when an order gets the status Shipped.','Your order has been shipped','Your order has been shipped. Thank you for your business.<br />Please come back soon!','','','en'),(10,'order_tracking_information','Order tracking information','This notification is sent to the customer when an administrator clicks the \"Send tracking information to customer\" button.','Your order tracking information','Here are the tracking details for your order','','','en'),(11,'profile_created','User profile created','This notification is sent to both the administrator and customer when a new customer profile is created.','Welcome!','Thank you for registering with us.','New user registration','A new user profile has been registered:','en'),(12,'profile_deleted','User profile deleted','This notification is sent to the administrator when a customer profile is deleted.','','','User profile has been deleted','The following user profile has been deleted:','en'),(13,'profile_modified','User profile modified','This notification is sent to both the administrator and customer when a user profile is updated.','Your profile has been modified','Your profile has been modified. To view your profile information, log in at our site.','User profile has been modified','The user profile has been modified.','en'),(14,'recover_password_request','Password reset request','This notification is sent to the user when a password reset is requested for their account.','Confirm password reset request','<p>You have received this message because you requested to reset your forgotten password.<br />If you did not submit such a request, it might mean that somebody was trying to gain access to your account.</p><p>To confirm that this request was submitted by you, click on the link below<br/>(If the link does not work, please copy and paste the entire URL into your browser\'s address bar and press Enter).</p>','Confirm password reset request','<p>You have received this message because you requested to reset your forgotten password.<br />If you did not submit such a request, it might mean that somebody was trying to gain access to your account.</p><p>To confirm that this request was submitted by you, click on the link below<br/>(If the link does not work, please copy and paste the entire URL into your browser\'s address bar and press Enter).</p>','en'),(15,'register_anonymous','User account created for guest buyer based on order info','This notification is sent to the customer when a customer profile is created for them by the store administrator based on a previously created order.','User account created','<p>Thank you for shopping with us! We noticed that one or more orders you made at our store were placed using guest checkout. We appreciate your business and look forward to continue serving you in the future. For your convenience, we created an account for you at our store. The account stores all the information about your previous orders with us.</p><p>To log in to your account, please use the following credentials:<br />(The password can be changed in your account profile.)</p>','','','en'),(16,'failed_transaction','Failed transaction','This notification is sent to the administrator if payment transaction was failed','','','Failed transaction','','en'),(17,'modules/CDev/ContactUs/message','Contact us form submitted (Contact us module)','This notification is sent to the administrator when someone submits a request via the \"Contact us\" form.','','','Someone has used the Contact us form','','en'),(18,'modules/CDev/ContactUs/message','Заполнена форма для связи с администрацией магазина (модуль Contact us)','Данное сообщение используется для оповещения администратора в случае поступления в адрес магазина обращения через форму для связи с администрацией.','','','Поступило обращение через форму для связи с администрацией магазина','','ru'),(19,'modules/XC/Reviews/new_review','New product review submitted - (Product Reviews module)','This message is used to notify the administrator when a customer submits a new product review.','','','A new review has been submitted','','en'),(20,'modules/XC/Reviews/new_review','Получен новый отзыв о товаре - (модуль Product Reviews)','Данное сообщение используется для уведомления администратора о том, что клиент оставил отзыв о каком-либо товаре.','','','Получен новый отзыв о товаре','','ru'),(21,'modules/XC/CanadaPost/return_approved','Return request approved (Canada Post module)','This notification is sent to the customer if their request to return a product via Canada Post is approved by the administrator.','Your return request has been approved','Your return request has been approved','','','en'),(22,'modules/XC/CanadaPost/return_approved','Запрос на возврат товара одобрен (модуль Canada Post)','Данное сообщение отправляется покупателю в случае, если его запрос на возврат товара с пересылкой службой Canada Post получает одобрение администратора.','Ваш запрос на возврат товара одобрен','Ваш запрос на возврат товара одобрен','','','ru'),(23,'modules/XC/CanadaPost/return_rejected','Return request rejected (Canada Post module)','This notification is sent to the customer if their request to return a product via Canada Post is rejected by the administrator.','Your return request has been rejected','Your return request has been rejected','','','en'),(24,'modules/XC/CanadaPost/return_rejected','Запрос на возврат товара отклонен (модуль Canada Post)','Данное сообщение отправляется покупателю в случае, если его запрос на возврат товара с пересылкой службой Canada Post отклоняется администратором.','Ваш запрос на возврат товара отклонен','Ваш запрос на возврат товара отклонен','','','ru');
CREATE TABLE `xlite_notifications` (
  `templatesDirectory` varchar(255) COLLATE utf8_unicode_ci NOT NULL,
  `availableForAdmin` tinyint(1) NOT NULL,
  `availableForCustomer` tinyint(1) NOT NULL,
  `enabledForAdmin` tinyint(1) NOT NULL,
  `enabledForCustomer` tinyint(1) NOT NULL,
  `adminHeaderEnabled` tinyint(1) NOT NULL,
  `adminGreetingEnabled` tinyint(1) NOT NULL,
  `adminSignatureEnabled` tinyint(1) NOT NULL,
  `customerHeaderEnabled` tinyint(1) NOT NULL,
  `customerGreetingEnabled` tinyint(1) NOT NULL,
  `customerSignatureEnabled` tinyint(1) NOT NULL,
  PRIMARY KEY (`templatesDirectory`),
  UNIQUE KEY `UNIQ_26039A9958BB5391` (`templatesDirectory`)
) ENGINE=InnoDB DEFAULT CHARSET=utf8 COLLATE=utf8_unicode_ci;
INSERT INTO `xlite_notifications` VALUES ('failed_admin_login',1,0,1,0,1,0,1,1,1,1),('failed_transaction',1,0,1,0,1,0,1,1,1,1),('low_limit_warning',0,0,1,0,1,0,1,1,1,1),('modules/CDev/ContactUs/message',0,0,1,0,1,0,1,1,1,1),('modules/XC/CanadaPost/return_approved',0,1,0,1,1,0,1,1,1,1),('modules/XC/CanadaPost/return_rejected',0,1,0,1,1,0,1,1,1,1),('modules/XC/Reviews/new_review',1,0,1,0,1,0,1,0,0,0),('order_advanced_changed',0,1,0,1,0,0,1,0,1,1),('order_canceled',1,1,1,1,0,0,1,0,1,1),('order_changed',1,1,1,1,0,0,1,0,1,1),('order_created',1,1,1,1,0,0,1,0,1,1),('order_failed',1,1,1,1,0,0,1,0,1,1),('order_processed',1,1,1,1,0,0,1,0,1,1),('order_shipped',0,1,0,1,0,0,1,0,1,1),('order_tracking_information',0,0,0,1,0,0,1,0,1,1),('profile_created',1,1,0,1,1,0,1,1,1,1),('profile_deleted',1,0,0,0,1,0,1,1,1,1),('profile_modified',1,1,0,1,1,0,1,1,1,1),('recover_password_request',0,0,1,1,1,0,1,1,1,1),('register_anonymous',0,1,0,1,1,0,1,1,1,1);
CREATE TABLE `xlite_order_capost_office` (
  `id` int(10) unsigned NOT NULL AUTO_INCREMENT,
  `officeId` char(10) COLLATE utf8_unicode_ci NOT NULL,
  `name` varchar(40) COLLATE utf8_unicode_ci NOT NULL,
  `location` varchar(40) COLLATE utf8_unicode_ci NOT NULL,
  `distance` decimal(12,2) NOT NULL,
  `bilingualDesignation` tinyint(1) NOT NULL,
  `city` varchar(40) COLLATE utf8_unicode_ci NOT NULL,
  `latitude` decimal(15,5) NOT NULL,
  `longitude` decimal(15,5) NOT NULL,
  `postalCode` varchar(20) COLLATE utf8_unicode_ci NOT NULL,
  `province` varchar(64) COLLATE utf8_unicode_ci NOT NULL,
  `officeAddress` varchar(64) COLLATE utf8_unicode_ci NOT NULL,
  `workingHours` longtext COLLATE utf8_unicode_ci NOT NULL COMMENT '(DC2Type:array)',
  `orderId` int(11) DEFAULT NULL,
  PRIMARY KEY (`id`),
  UNIQUE KEY `UNIQ_CE3DE61FFA237437` (`orderId`),
  CONSTRAINT `FK_CE3DE61FFA237437` FOREIGN KEY (`orderId`) REFERENCES `xlite_orders` (`order_id`) ON DELETE CASCADE
) ENGINE=InnoDB DEFAULT CHARSET=utf8 COLLATE=utf8_unicode_ci;
CREATE TABLE `xlite_order_capost_parcel_items` (
  `id` int(11) NOT NULL AUTO_INCREMENT,
  `amount` int(11) NOT NULL,
  `parcelId` int(11) DEFAULT NULL,
  `orderItemId` int(11) DEFAULT NULL,
  PRIMARY KEY (`id`),
  KEY `IDX_18699C805A9ACC87` (`parcelId`),
  KEY `IDX_18699C80BBF22A26` (`orderItemId`),
  CONSTRAINT `FK_18699C80BBF22A26` FOREIGN KEY (`orderItemId`) REFERENCES `xlite_order_items` (`item_id`) ON DELETE CASCADE,
  CONSTRAINT `FK_18699C805A9ACC87` FOREIGN KEY (`parcelId`) REFERENCES `xlite_order_capost_parcels` (`id`) ON DELETE CASCADE
) ENGINE=InnoDB DEFAULT CHARSET=utf8 COLLATE=utf8_unicode_ci;
CREATE TABLE `xlite_order_capost_parcel_manifest_link_storage` (
  `id` int(10) unsigned NOT NULL AUTO_INCREMENT,
  `path` varchar(512) COLLATE utf8_unicode_ci NOT NULL,
  `fileName` varchar(255) COLLATE utf8_unicode_ci NOT NULL,
  `mime` varchar(128) COLLATE utf8_unicode_ci NOT NULL,
  `storageType` varchar(1) COLLATE utf8_unicode_ci NOT NULL,
  `size` int(10) unsigned NOT NULL,
  `date` int(10) unsigned NOT NULL,
  `linkId` int(11) DEFAULT NULL,
  PRIMARY KEY (`id`),
  UNIQUE KEY `UNIQ_73059AC5AEC98E42` (`linkId`),
  CONSTRAINT `FK_73059AC5AEC98E42` FOREIGN KEY (`linkId`) REFERENCES `xlite_order_capost_parcel_manifest_links` (`id`) ON DELETE CASCADE
) ENGINE=InnoDB DEFAULT CHARSET=utf8 COLLATE=utf8_unicode_ci;
CREATE TABLE `xlite_order_capost_parcel_manifest_links` (
  `id` int(11) NOT NULL AUTO_INCREMENT,
  `rel` varchar(255) COLLATE utf8_unicode_ci NOT NULL,
  `href` varchar(255) COLLATE utf8_unicode_ci NOT NULL,
  `idx` int(11) DEFAULT NULL,
  `mediaType` varchar(255) COLLATE utf8_unicode_ci NOT NULL,
  `manifestId` int(11) DEFAULT NULL,
  PRIMARY KEY (`id`),
  KEY `IDX_7FE471EA99AD4367` (`manifestId`),
  CONSTRAINT `FK_7FE471EA99AD4367` FOREIGN KEY (`manifestId`) REFERENCES `xlite_order_capost_parcel_manifests` (`id`) ON DELETE CASCADE
) ENGINE=InnoDB DEFAULT CHARSET=utf8 COLLATE=utf8_unicode_ci;
CREATE TABLE `xlite_order_capost_parcel_manifests` (
  `id` int(11) NOT NULL AUTO_INCREMENT,
  `poNumber` varchar(255) COLLATE utf8_unicode_ci DEFAULT NULL,
  `rel` varchar(255) COLLATE utf8_unicode_ci NOT NULL,
  `href` varchar(255) COLLATE utf8_unicode_ci NOT NULL,
  `idx` int(11) DEFAULT NULL,
  `mediaType` varchar(255) COLLATE utf8_unicode_ci NOT NULL,
  PRIMARY KEY (`id`)
) ENGINE=InnoDB DEFAULT CHARSET=utf8 COLLATE=utf8_unicode_ci;
CREATE TABLE `xlite_order_capost_parcel_shipment` (
  `id` int(11) NOT NULL AUTO_INCREMENT,
  `shipmentId` varchar(32) COLLATE utf8_unicode_ci NOT NULL,
  `shipmentStatus` varchar(14) COLLATE utf8_unicode_ci DEFAULT NULL,
  `trackingPin` varchar(16) COLLATE utf8_unicode_ci DEFAULT NULL,
  `returnTrackingPin` varchar(16) COLLATE utf8_unicode_ci DEFAULT NULL,
  `poNumber` varchar(32) COLLATE utf8_unicode_ci DEFAULT NULL,
  `parcelId` int(11) DEFAULT NULL,
  PRIMARY KEY (`id`),
  UNIQUE KEY `UNIQ_7954C1A5A9ACC87` (`parcelId`),
  CONSTRAINT `FK_7954C1A5A9ACC87` FOREIGN KEY (`parcelId`) REFERENCES `xlite_order_capost_parcels` (`id`) ON DELETE CASCADE
) ENGINE=InnoDB DEFAULT CHARSET=utf8 COLLATE=utf8_unicode_ci;
CREATE TABLE `xlite_order_capost_parcel_shipment_link_storage` (
  `id` int(10) unsigned NOT NULL AUTO_INCREMENT,
  `path` varchar(512) COLLATE utf8_unicode_ci NOT NULL,
  `fileName` varchar(255) COLLATE utf8_unicode_ci NOT NULL,
  `mime` varchar(128) COLLATE utf8_unicode_ci NOT NULL,
  `storageType` varchar(1) COLLATE utf8_unicode_ci NOT NULL,
  `size` int(10) unsigned NOT NULL,
  `date` int(10) unsigned NOT NULL,
  `linkId` int(11) DEFAULT NULL,
  PRIMARY KEY (`id`),
  UNIQUE KEY `UNIQ_82EA5F8AAEC98E42` (`linkId`),
  CONSTRAINT `FK_82EA5F8AAEC98E42` FOREIGN KEY (`linkId`) REFERENCES `xlite_order_capost_parcel_shipment_links` (`id`) ON DELETE CASCADE
) ENGINE=InnoDB DEFAULT CHARSET=utf8 COLLATE=utf8_unicode_ci;
CREATE TABLE `xlite_order_capost_parcel_shipment_links` (
  `id` int(11) NOT NULL AUTO_INCREMENT,
  `rel` varchar(255) COLLATE utf8_unicode_ci NOT NULL,
  `href` varchar(255) COLLATE utf8_unicode_ci NOT NULL,
  `idx` int(11) DEFAULT NULL,
  `mediaType` varchar(255) COLLATE utf8_unicode_ci NOT NULL,
  `shipmentId` int(11) DEFAULT NULL,
  PRIMARY KEY (`id`),
  KEY `IDX_EB25DE223C5EEBE2` (`shipmentId`),
  CONSTRAINT `FK_EB25DE223C5EEBE2` FOREIGN KEY (`shipmentId`) REFERENCES `xlite_order_capost_parcel_shipment` (`id`) ON DELETE CASCADE
) ENGINE=InnoDB DEFAULT CHARSET=utf8 COLLATE=utf8_unicode_ci;
CREATE TABLE `xlite_order_capost_parcel_shipment_tracking` (
  `id` int(11) NOT NULL AUTO_INCREMENT,
  `expiry` int(10) unsigned NOT NULL,
  `pin` varchar(255) COLLATE utf8_unicode_ci DEFAULT NULL,
  `activeExists` tinyint(1) NOT NULL,
  `archiveExists` tinyint(1) NOT NULL,
  `destinationPostalId` varchar(255) COLLATE utf8_unicode_ci DEFAULT NULL,
  `expectedDeliveryDate` int(10) unsigned DEFAULT NULL,
  `changedExpectedDate` int(10) unsigned DEFAULT NULL,
  `changedExpectedDeliveryReason` varchar(255) COLLATE utf8_unicode_ci DEFAULT NULL,
  `mailedByCustomerNumber` varchar(255) COLLATE utf8_unicode_ci DEFAULT NULL,
  `mailedOnBehalfOfCustomerNumber` varchar(255) COLLATE utf8_unicode_ci DEFAULT NULL,
  `originalPin` varchar(255) COLLATE utf8_unicode_ci DEFAULT NULL,
  `serviceName` varchar(255) COLLATE utf8_unicode_ci DEFAULT NULL,
  `serviceName_2` varchar(255) COLLATE utf8_unicode_ci DEFAULT NULL,
  `customerRef_1` varchar(255) COLLATE utf8_unicode_ci DEFAULT NULL,
  `customerRef_2` varchar(255) COLLATE utf8_unicode_ci DEFAULT NULL,
  `returnPin` varchar(255) COLLATE utf8_unicode_ci DEFAULT NULL,
  `signatureImageExists` tinyint(1) NOT NULL,
  `suppressSignature` tinyint(1) NOT NULL,
  `shipmentId` int(11) DEFAULT NULL,
  PRIMARY KEY (`id`),
  UNIQUE KEY `UNIQ_619551123C5EEBE2` (`shipmentId`),
  CONSTRAINT `FK_619551123C5EEBE2` FOREIGN KEY (`shipmentId`) REFERENCES `xlite_order_capost_parcel_shipment` (`id`) ON DELETE CASCADE
) ENGINE=InnoDB DEFAULT CHARSET=utf8 COLLATE=utf8_unicode_ci;
CREATE TABLE `xlite_order_capost_parcel_shipment_tracking_events` (
  `id` int(11) NOT NULL AUTO_INCREMENT,
  `identifier` varchar(255) COLLATE utf8_unicode_ci NOT NULL,
  `date` char(10) COLLATE utf8_unicode_ci NOT NULL,
  `time` char(8) COLLATE utf8_unicode_ci NOT NULL,
  `timeZone` varchar(255) COLLATE utf8_unicode_ci NOT NULL,
  `description` varchar(255) COLLATE utf8_unicode_ci NOT NULL,
  `signatoryName` varchar(255) COLLATE utf8_unicode_ci NOT NULL,
  `site` varchar(255) COLLATE utf8_unicode_ci NOT NULL,
  `province` varchar(255) COLLATE utf8_unicode_ci NOT NULL,
  `retailLocationId` varchar(255) COLLATE utf8_unicode_ci NOT NULL,
  `retailName` varchar(255) COLLATE utf8_unicode_ci NOT NULL,
  `trackingId` int(11) DEFAULT NULL,
  PRIMARY KEY (`id`),
  KEY `IDX_75BDE7A6F76B6A7` (`trackingId`),
  CONSTRAINT `FK_75BDE7A6F76B6A7` FOREIGN KEY (`trackingId`) REFERENCES `xlite_order_capost_parcel_shipment_tracking` (`id`) ON DELETE CASCADE
) ENGINE=InnoDB DEFAULT CHARSET=utf8 COLLATE=utf8_unicode_ci;
CREATE TABLE `xlite_order_capost_parcel_shipment_tracking_files` (
  `id` int(10) unsigned NOT NULL AUTO_INCREMENT,
  `docType` char(1) COLLATE utf8_unicode_ci NOT NULL,
  `path` varchar(512) COLLATE utf8_unicode_ci NOT NULL,
  `fileName` varchar(255) COLLATE utf8_unicode_ci NOT NULL,
  `mime` varchar(128) COLLATE utf8_unicode_ci NOT NULL,
  `storageType` varchar(1) COLLATE utf8_unicode_ci NOT NULL,
  `size` int(10) unsigned NOT NULL,
  `date` int(10) unsigned NOT NULL,
  `trackingId` int(11) DEFAULT NULL,
  PRIMARY KEY (`id`),
  KEY `IDX_4EB59AF6F76B6A7` (`trackingId`),
  CONSTRAINT `FK_4EB59AF6F76B6A7` FOREIGN KEY (`trackingId`) REFERENCES `xlite_order_capost_parcel_shipment_tracking` (`id`) ON DELETE CASCADE
) ENGINE=InnoDB DEFAULT CHARSET=utf8 COLLATE=utf8_unicode_ci;
CREATE TABLE `xlite_order_capost_parcel_shipment_tracking_options` (
  `id` int(11) NOT NULL AUTO_INCREMENT,
  `name` varchar(255) COLLATE utf8_unicode_ci NOT NULL,
  `description` varchar(255) COLLATE utf8_unicode_ci NOT NULL,
  `trackingId` int(11) DEFAULT NULL,
  PRIMARY KEY (`id`),
  KEY `IDX_F6B816A26F76B6A7` (`trackingId`),
  CONSTRAINT `FK_F6B816A26F76B6A7` FOREIGN KEY (`trackingId`) REFERENCES `xlite_order_capost_parcel_shipment_tracking` (`id`) ON DELETE CASCADE
) ENGINE=InnoDB DEFAULT CHARSET=utf8 COLLATE=utf8_unicode_ci;
CREATE TABLE `xlite_order_capost_parcel_shipments_manifests` (
  `manifest_id` int(11) NOT NULL,
  `shipment_id` int(11) NOT NULL,
  PRIMARY KEY (`manifest_id`,`shipment_id`),
  KEY `IDX_8D3D4D8FE697B2FB` (`manifest_id`),
  KEY `IDX_8D3D4D8F7BE036FC` (`shipment_id`),
  CONSTRAINT `FK_8D3D4D8F7BE036FC` FOREIGN KEY (`shipment_id`) REFERENCES `xlite_order_capost_parcel_shipment` (`id`) ON DELETE CASCADE,
  CONSTRAINT `FK_8D3D4D8FE697B2FB` FOREIGN KEY (`manifest_id`) REFERENCES `xlite_order_capost_parcel_manifests` (`id`) ON DELETE CASCADE
) ENGINE=InnoDB DEFAULT CHARSET=utf8 COLLATE=utf8_unicode_ci;
CREATE TABLE `xlite_order_capost_parcels` (
  `id` int(11) NOT NULL AUTO_INCREMENT,
  `order_id` int(11) DEFAULT NULL,
  `number` int(11) NOT NULL,
  `status` char(2) COLLATE utf8_unicode_ci NOT NULL,
  `quoteType` char(2) COLLATE utf8_unicode_ci NOT NULL,
  `boxWeight` decimal(14,4) NOT NULL,
  `boxWidth` decimal(14,4) NOT NULL,
  `boxLength` decimal(14,4) NOT NULL,
  `boxHeight` decimal(14,4) NOT NULL,
  `isDocument` tinyint(1) NOT NULL,
  `isUnpackaged` tinyint(1) NOT NULL,
  `isMailingTube` tinyint(1) NOT NULL,
  `isOversized` tinyint(1) NOT NULL,
  `notifyOnShipment` tinyint(1) NOT NULL,
  `notifyOnException` tinyint(1) NOT NULL,
  `notifyOnDelivery` tinyint(1) NOT NULL,
  `optSignature` tinyint(1) NOT NULL,
  `optCoverage` decimal(14,4) NOT NULL,
  `optAgeProof` varchar(4) COLLATE utf8_unicode_ci NOT NULL,
  `optWayToDeliver` varchar(3) COLLATE utf8_unicode_ci NOT NULL,
  `optNonDelivery` varchar(4) COLLATE utf8_unicode_ci NOT NULL,
  PRIMARY KEY (`id`),
  KEY `IDX_35C9355A8D9F6D38` (`order_id`),
  KEY `status` (`status`),
  KEY `number` (`number`),
  CONSTRAINT `FK_35C9355A8D9F6D38` FOREIGN KEY (`order_id`) REFERENCES `xlite_orders` (`order_id`) ON DELETE CASCADE
) ENGINE=InnoDB DEFAULT CHARSET=utf8 COLLATE=utf8_unicode_ci;
CREATE TABLE `xlite_order_coupons` (
  `id` int(10) unsigned NOT NULL AUTO_INCREMENT,
  `order_id` int(11) DEFAULT NULL,
  `coupon_id` int(10) unsigned DEFAULT NULL,
  `code` char(16) COLLATE utf8_unicode_ci NOT NULL,
  `value` decimal(14,4) NOT NULL,
  PRIMARY KEY (`id`),
  KEY `IDX_451D92198D9F6D38` (`order_id`),
  KEY `IDX_451D921966C5951B` (`coupon_id`),
  CONSTRAINT `FK_451D921966C5951B` FOREIGN KEY (`coupon_id`) REFERENCES `xlite_coupons` (`id`) ON DELETE SET NULL,
  CONSTRAINT `FK_451D92198D9F6D38` FOREIGN KEY (`order_id`) REFERENCES `xlite_orders` (`order_id`) ON DELETE CASCADE
) ENGINE=InnoDB DEFAULT CHARSET=utf8 COLLATE=utf8_unicode_ci;
CREATE TABLE `xlite_order_details` (
  `detail_id` int(11) NOT NULL AUTO_INCREMENT,
  `order_id` int(11) DEFAULT NULL,
  `name` varchar(255) COLLATE utf8_unicode_ci NOT NULL,
  `label` varchar(255) COLLATE utf8_unicode_ci DEFAULT NULL,
  `value` longtext COLLATE utf8_unicode_ci NOT NULL,
  PRIMARY KEY (`detail_id`),
  KEY `IDX_C25F888B8D9F6D38` (`order_id`),
  KEY `oname` (`order_id`,`name`),
  CONSTRAINT `FK_C25F888B8D9F6D38` FOREIGN KEY (`order_id`) REFERENCES `xlite_orders` (`order_id`) ON DELETE CASCADE
) ENGINE=InnoDB DEFAULT CHARSET=utf8 COLLATE=utf8_unicode_ci;
CREATE TABLE `xlite_order_history_event_data` (
  `id` int(11) NOT NULL AUTO_INCREMENT,
  `event_id` int(11) DEFAULT NULL,
  `name` varchar(128) COLLATE utf8_unicode_ci NOT NULL,
  `value` longtext COLLATE utf8_unicode_ci NOT NULL,
  PRIMARY KEY (`id`),
  KEY `IDX_BAE0BB2471F7E88B` (`event_id`),
  KEY `en` (`event_id`,`name`),
  CONSTRAINT `FK_BAE0BB2471F7E88B` FOREIGN KEY (`event_id`) REFERENCES `xlite_order_history_events` (`event_id`) ON DELETE CASCADE
) ENGINE=InnoDB DEFAULT CHARSET=utf8 COLLATE=utf8_unicode_ci;

COMMIT;