START TRANSACTION;
CREATE TABLE `xlite_access_control_cells` (
  `id` int(10) unsigned NOT NULL AUTO_INCREMENT,
  `hash` varchar(255) COLLATE utf8_unicode_ci DEFAULT NULL,
  `returnData` varchar(255) COLLATE utf8_unicode_ci NOT NULL,
  `resendMethod` varchar(255) COLLATE utf8_unicode_ci DEFAULT NULL,
  `date` int(11) NOT NULL,
  PRIMARY KEY (`id`),
  UNIQUE KEY `hash` (`hash`)
) ENGINE=InnoDB DEFAULT CHARSET=utf8 COLLATE=utf8_unicode_ci;
CREATE TABLE `xlite_access_control_entities` (
  `id` int(10) unsigned NOT NULL AUTO_INCREMENT,
  `type_id` int(10) unsigned DEFAULT NULL,
  `cell_id` int(10) unsigned DEFAULT NULL,
  `uid` int(10) unsigned NOT NULL,
  PRIMARY KEY (`id`),
  KEY `IDX_A98BAB59C54C8C93` (`type_id`),
  KEY `IDX_A98BAB59CB39D93A` (`cell_id`),
  CONSTRAINT `FK_A98BAB59CB39D93A` FOREIGN KEY (`cell_id`) REFERENCES `xlite_access_control_cells` (`id`) ON DELETE CASCADE,
  CONSTRAINT `FK_A98BAB59C54C8C93` FOREIGN KEY (`type_id`) REFERENCES `xlite_access_control_entity_types` (`id`) ON DELETE CASCADE
) ENGINE=InnoDB DEFAULT CHARSET=utf8 COLLATE=utf8_unicode_ci;
CREATE TABLE `xlite_access_control_entity_types` (
  `id` int(10) unsigned NOT NULL AUTO_INCREMENT,
  `type` varchar(255) COLLATE utf8_unicode_ci NOT NULL,
  PRIMARY KEY (`id`),
  UNIQUE KEY `type` (`type`)
) ENGINE=InnoDB DEFAULT CHARSET=utf8 COLLATE=utf8_unicode_ci;
INSERT INTO `xlite_access_control_entity_types` VALUES (1,'\\XLite\\Model\\Order');
CREATE TABLE `xlite_access_control_zone_types` (
  `id` int(10) unsigned NOT NULL AUTO_INCREMENT,
  `name` varchar(255) COLLATE utf8_unicode_ci NOT NULL,
  PRIMARY KEY (`id`),
  UNIQUE KEY `name` (`name`)
) ENGINE=InnoDB DEFAULT CHARSET=utf8 COLLATE=utf8_unicode_ci;
INSERT INTO `xlite_access_control_zone_types` VALUES (1,'order');
CREATE TABLE `xlite_access_control_zones` (
  `id` int(10) unsigned NOT NULL AUTO_INCREMENT,
  `cell_id` int(10) unsigned DEFAULT NULL,
  `type_id` int(10) unsigned DEFAULT NULL,
  PRIMARY KEY (`id`),
  UNIQUE KEY `cz` (`cell_id`,`type_id`),
  KEY `IDX_19AE0547CB39D93A` (`cell_id`),
  KEY `IDX_19AE0547C54C8C93` (`type_id`),
  CONSTRAINT `FK_19AE0547C54C8C93` FOREIGN KEY (`type_id`) REFERENCES `xlite_access_control_zone_types` (`id`) ON DELETE CASCADE,
  CONSTRAINT `FK_19AE0547CB39D93A` FOREIGN KEY (`cell_id`) REFERENCES `xlite_access_control_cells` (`id`) ON DELETE CASCADE
) ENGINE=InnoDB DEFAULT CHARSET=utf8 COLLATE=utf8_unicode_ci;
CREATE TABLE `xlite_address_field` (
  `id` int(11) NOT NULL AUTO_INCREMENT,
  `serviceName` varchar(128) COLLATE utf8_unicode_ci NOT NULL,
  `viewGetterName` varchar(128) COLLATE utf8_unicode_ci NOT NULL,
  `schemaClass` varchar(256) COLLATE utf8_unicode_ci NOT NULL,
  `additional` tinyint(1) NOT NULL,
  `required` tinyint(1) NOT NULL,
  `enabled` tinyint(1) NOT NULL,
  `position` int(11) NOT NULL,
  PRIMARY KEY (`id`),
  UNIQUE KEY `UNIQ_2A531832912ABBB5` (`serviceName`)
) ENGINE=InnoDB DEFAULT CHARSET=utf8 COLLATE=utf8_unicode_ci;
INSERT INTO `xlite_address_field` VALUES (1,'title','','\\XLite\\View\\FormField\\Select\\Title',0,0,0,0),(2,'firstname','','\\XLite\\View\\FormField\\Input\\Text',0,1,1,0),(3,'lastname','','\\XLite\\View\\FormField\\Input\\Text',0,1,1,0),(4,'street','','\\XLite\\View\\FormField\\Input\\Text',0,1,1,0),(5,'city','','\\XLite\\View\\FormField\\Input\\Text',0,1,1,0),(6,'country_code','country_name','\\XLite\\View\\FormField\\Select\\Country',0,1,1,0),(7,'state_id','state_name','\\XLite\\View\\FormField\\Select\\State',0,0,1,0),(8,'custom_state','state_name','\\XLite\\View\\FormField\\Input\\Text',0,0,1,0),(9,'zipcode','','\\XLite\\View\\FormField\\Input\\Text',0,1,1,0),(10,'phone','','\\XLite\\View\\FormField\\Input\\Text',0,0,1,0),(11,'type','type_name','\\XLite\\View\\FormField\\Select\\AddressType',0,0,0,0);
CREATE TABLE `xlite_address_field_translation` (
  `label_id` int(11) NOT NULL AUTO_INCREMENT,
  `id` int(11) DEFAULT NULL,
  `name` varchar(255) COLLATE utf8_unicode_ci NOT NULL,
  `code` char(2) COLLATE utf8_unicode_ci NOT NULL,
  PRIMARY KEY (`label_id`),
  KEY `IDX_430F4FF2BF396750` (`id`),
  CONSTRAINT `FK_430F4FF2BF396750` FOREIGN KEY (`id`) REFERENCES `xlite_address_field` (`id`) ON DELETE CASCADE
) ENGINE=InnoDB DEFAULT CHARSET=utf8 COLLATE=utf8_unicode_ci;
INSERT INTO `xlite_address_field_translation` VALUES (1,1,'Title','en'),(2,2,'First name','en'),(3,3,'Last name','en'),(4,4,'Address','en'),(5,5,'City','en'),(6,6,'Country','en'),(7,7,'State','en'),(8,8,'State','en'),(9,9,'Zip code','en'),(10,10,'Phone','en'),(11,11,'Address type','en');
CREATE TABLE `xlite_address_field_value` (
  `id` int(11) NOT NULL AUTO_INCREMENT,
  `address_field_id` int(11) DEFAULT NULL,
  `address_id` int(11) DEFAULT NULL,
  `value` varchar(255) COLLATE utf8_unicode_ci DEFAULT NULL,
  PRIMARY KEY (`id`),
  KEY `IDX_620FAD37BAB8F931` (`address_field_id`),
  KEY `IDX_620FAD37F5B7AF75` (`address_id`),
  CONSTRAINT `FK_620FAD37F5B7AF75` FOREIGN KEY (`address_id`) REFERENCES `xlite_profile_addresses` (`address_id`) ON DELETE CASCADE,
  CONSTRAINT `FK_620FAD37BAB8F931` FOREIGN KEY (`address_field_id`) REFERENCES `xlite_address_field` (`id`) ON DELETE SET NULL
) ENGINE=InnoDB DEFAULT CHARSET=utf8 COLLATE=utf8_unicode_ci;
INSERT INTO `xlite_address_field_value` VALUES (1,1,1,'Mr.'),(2,6,1,'US'),(3,2,1,'Guest'),(4,3,1,'Guest'),(5,10,1,'0123456789'),(6,4,1,'51 apt, 87 street'),(7,5,1,'Edmond'),(8,7,1,'595'),(9,6,1,'US'),(10,9,1,'73003'),(11,1,2,'Mr.'),(12,6,2,'US'),(13,2,2,'Guest'),(14,3,2,'Guest'),(15,10,2,'0123456789'),(16,4,2,'51 apt, 87 street'),(17,5,2,'Edmond'),(18,7,2,'595'),(19,6,2,'US'),(20,9,2,'73003'),(21,1,3,'Mr.'),(22,6,3,'US'),(23,2,3,'Guest'),(24,3,3,'Guest'),(25,10,3,'0123456789'),(26,4,3,'51 apt, 87 street'),(27,5,3,'Edmond'),(28,7,3,'595'),(29,6,3,'US'),(30,9,3,'73003'),(31,1,4,'Mr.'),(32,6,4,'US'),(33,2,4,'Guest'),(34,3,4,'Guest'),(35,10,4,'0123456789'),(36,4,4,'51 apt, 87 street'),(37,5,4,'Edmond'),(38,7,4,'595'),(39,6,4,'US'),(40,9,4,'73003'),(41,1,5,'Mr.'),(42,6,5,'US'),(43,2,5,'Guest'),(44,3,5,'Guest'),(45,10,5,'0123456789'),(46,4,5,'51 apt, 87 street'),(47,5,5,'Edmond'),(48,7,5,'595'),(49,6,5,'US'),(50,9,5,'73003'),(51,1,6,'Mr.'),(52,6,6,'US'),(53,2,6,'Guest'),(54,3,6,'Guest'),(55,10,6,'0123456789'),(56,4,6,'51 apt, 87 street'),(57,5,6,'Edmond'),(58,7,6,'595'),(59,6,6,'US'),(60,9,6,'73003');
CREATE TABLE `xlite_attribute_group_translations` (
  `label_id` int(11) NOT NULL AUTO_INCREMENT,
  `id` int(10) unsigned DEFAULT NULL,
  `name` varchar(255) COLLATE utf8_unicode_ci NOT NULL,
  `code` char(2) COLLATE utf8_unicode_ci NOT NULL,
  PRIMARY KEY (`label_id`),
  KEY `ci` (`code`,`id`),
  KEY `id` (`id`),
  CONSTRAINT `FK_8C43909EBF396750` FOREIGN KEY (`id`) REFERENCES `xlite_attribute_groups` (`id`) ON DELETE CASCADE
) ENGINE=InnoDB DEFAULT CHARSET=utf8 COLLATE=utf8_unicode_ci;
INSERT INTO `xlite_attribute_group_translations` VALUES (1,1,'Display','en'),(2,2,'Cellular and Wireless','en'),(3,3,'Power and Battery','en'),(4,1,'Дисплей','ru'),(5,2,'Сотовая и беспроводняа связь','ru'),(6,3,'Батарея','ru');
CREATE TABLE `xlite_attribute_groups` (
  `id` int(10) unsigned NOT NULL AUTO_INCREMENT,
  `product_class_id` int(10) unsigned DEFAULT NULL,
  `position` int(11) NOT NULL,
  PRIMARY KEY (`id`),
  KEY `IDX_59E382E821B06187` (`product_class_id`),
  CONSTRAINT `FK_59E382E821B06187` FOREIGN KEY (`product_class_id`) REFERENCES `xlite_product_classes` (`id`) ON DELETE CASCADE
) ENGINE=InnoDB DEFAULT CHARSET=utf8 COLLATE=utf8_unicode_ci;
INSERT INTO `xlite_attribute_groups` VALUES (1,2,10),(2,2,20),(3,2,30);
CREATE TABLE `xlite_attribute_option_translations` (
  `label_id` int(11) NOT NULL AUTO_INCREMENT,
  `id` int(10) unsigned DEFAULT NULL,
  `name` varchar(255) COLLATE utf8_unicode_ci NOT NULL,
  `code` char(2) COLLATE utf8_unicode_ci NOT NULL,
  PRIMARY KEY (`label_id`),
  KEY `ci` (`code`,`id`),
  KEY `id` (`id`),
  CONSTRAINT `FK_31550B83BF396750` FOREIGN KEY (`id`) REFERENCES `xlite_attribute_options` (`id`) ON DELETE CASCADE
) ENGINE=InnoDB DEFAULT CHARSET=utf8 COLLATE=utf8_unicode_ci;
INSERT INTO `xlite_attribute_option_translations` VALUES (1,1,'S','en'),(2,2,'M','en'),(3,3,'L','en'),(4,4,'XL','en'),(5,5,'XXL','en'),(8,8,'XXXL','en'),(109,109,'IndependentApparel','en'),(110,110,'YourStyle','en'),(111,111,'MyBestDress','en'),(112,112,'Toyty','en'),(113,113,'FunnyChildren','en'),(114,114,'MindSet','en'),(115,115,'GoodyBrand','en'),(116,116,'iBoutique','en'),(1001,1,'S','ru'),(1002,2,'M','ru'),(1003,3,'L','ru'),(1004,4,'XL','ru'),(1005,5,'XXL','ru'),(1008,8,'XXXL','ru'),(1109,109,'IndependentApparel','ru'),(1110,110,'YourStyle','ru'),(1111,111,'MyBestDress','ru'),(1112,112,'Toyty','ru'),(1113,113,'FunnyChildren','ru'),(1114,114,'MindSet','ru'),(1115,115,'GoodyBrand','ru'),(1116,116,'iBoutique','ru'),(1134,134,'Blue','en'),(1135,135,'Gold','en'),(1136,136,'Red','en'),(1143,143,'Blue','en'),(1144,144,'Gold','en'),(1145,145,'Red','en'),(1158,158,'Dr. Peter Venkman','en'),(1159,159,'Dr. Egon Spengler','en'),(1160,160,'Dr. Raymond Stantz','en'),(1161,161,'White','en'),(1162,162,'Black','en'),(1163,163,'Black','en'),(1164,164,'White','en'),(2001,1,'S','ru'),(2002,2,'M','ru'),(2003,3,'L','ru'),(2004,4,'XL','ru'),(2005,5,'XXL','ru'),(2008,8,'XXXL','ru'),(2109,109,'IndependentApparel','ru'),(2110,110,'YourStyle','ru'),(2111,111,'MyBestDress','ru'),(2112,112,'Toyty','ru'),(2113,113,'FunnyChildren','ru'),(2114,114,'MindSet','ru'),(2115,115,'GoodyBrand','ru'),(2116,116,'iBoutique','ru'),(3001,1,'S','ru'),(3002,2,'M','ru'),(3003,3,'L','ru'),(3004,4,'XL','ru'),(3005,5,'XXL','ru'),(3008,8,'XXXL','ru'),(3109,109,'IndependentApparel','ru'),(3110,110,'YourStyle','ru'),(3111,111,'MyBestDress','ru'),(3112,112,'Toyty','ru'),(3113,113,'FunnyChildren','ru'),(3114,114,'MindSet','ru'),(3115,115,'GoodyBrand','ru'),(3116,116,'iBoutique','ru'),(3134,134,'Синий','ru'),(3135,135,'Золотой','ru'),(3136,136,'Красный','ru'),(3143,143,'Синий','ru'),(3144,144,'Золотой','ru'),(3145,145,'Красный','ru'),(3158,158,'Питер Венкман','ru'),(3159,159,'Иган Спенглер','ru'),(3160,160,'Рэймонд Стэнтс','ru'),(3161,161,'Белый','ru'),(3162,162,'Черный','ru'),(3163,163,'Черный','ru'),(3164,164,'Белый','ru'),(3165,165,'16','en'),(3166,166,'64','en'),(3167,167,'128','en'),(3168,168,'Silver','en'),(3169,169,'Space Gray','en'),(3170,170,'Gold','en'),(3171,171,'A8 chip with 64‑bit architecture','en'),(3172,172,'Nano-SIM','en'),(3173,173,'Retina HD display','en'),(3174,174,'4.7','en'),(3175,175,'1334x750','en'),(3176,176,'Built-in rechargeable lithium-ion battery','en'),(3177,177,'Up to 14 hours on 3G','en'),(3178,178,'Up to 10 days (250 hours)','en'),(3179,179,'Up to 11 hours','en'),(3180,180,'Up to 50 hours','en'),(3181,181,'GSM/EDGE/LTE','en'),(3182,182,'802.11a/b/g/n/ac','en'),(3183,183,'Bluetooth 4.2','en'),(3184,184,'5.5','en'),(3185,185,'1920x1080','en'),(3186,186,'32','en'),(3187,187,'A7 chip with 64-bit architecture','en'),(3188,188,'White','en'),(3189,189,'Black','en'),(3190,190,'4','en'),(3191,191,'1136x640','en'),(3192,192,'Up to 10 hours on 3G','en'),(3193,193,'Up to 250 hours','en'),(3194,194,'Up to 10 hours','en'),(3195,195,'Up to 40 hours','en'),(3196,196,'GSM/EDGE','en'),(3197,197,'802.11a/b/g/n','en'),(3198,198,'Up to 24 hours on 3G','en'),(3199,199,'Up to 16 days (384 hours)','en'),(3200,200,'A9 chip with 64‑bit architecture','en'),(3201,201,'Purple','en'),(3202,202,'Green','en'),(3203,203,'Orange','en'),(3204,204,'Blue','en'),(3205,201,'Фиолетовый','ru'),(3206,202,'Зеленый','ru'),(3207,203,'Оранжевый','ru'),(3208,204,'Синий','ru'),(3209,205,'Rose Gold','en'),(3210,168,'Серебристый','ru'),(3211,169,'Серый космос','ru'),(3212,170,'Золотой','ru'),(3213,188,'Белый','ru'),(3214,189,'Черный','ru'),(3215,205,'Розовое золото','ru'),(3216,165,'16','ru'),(3217,166,'64','ru'),(3218,167,'128','ru'),(3219,186,'32','ru'),(3221,207,'Nano-SIM','ru'),(3223,209,'4','ru'),(3224,210,'1136x640','ru'),(3225,211,'Built-in rechargeable lithium-ion battery','ru'),(3226,212,'Up to 14 hours on 3G','ru'),(3227,213,'Up to 10 days (250 hours)','ru'),(3228,214,'Up to 10 hours','ru'),(3229,215,'Up to 40 hours','ru'),(3231,217,'802.11a/b/g/n/ac','ru');
CREATE TABLE `xlite_attribute_options` (
  `id` int(10) unsigned NOT NULL AUTO_INCREMENT,
  `attribute_id` int(10) unsigned DEFAULT NULL,
  `addToNew` tinyint(1) NOT NULL,
  `position` int(11) NOT NULL,
  PRIMARY KEY (`id`),
  KEY `IDX_2E486F4AB6E62EFA` (`attribute_id`),
  CONSTRAINT `FK_2E486F4AB6E62EFA` FOREIGN KEY (`attribute_id`) REFERENCES `xlite_attributes` (`id`) ON DELETE CASCADE
) ENGINE=InnoDB DEFAULT CHARSET=utf8 COLLATE=utf8_unicode_ci;
INSERT INTO `xlite_attribute_options` VALUES (1,1,1,0),(2,1,1,0),(3,1,1,0),(4,1,1,0),(5,1,1,0),(8,1,1,0),(109,50,0,0),(110,50,0,0),(111,50,0,0),(112,50,0,0),(113,50,0,0),(114,50,0,0),(115,50,0,0),(116,50,0,0),(134,56,0,0),(135,56,0,0),(136,56,0,0),(143,58,0,0),(144,58,0,0),(145,58,0,0),(158,61,0,0),(159,61,0,0),(160,61,0,0),(161,69,0,0),(162,69,0,0),(163,70,0,0),(164,70,0,0),(165,71,1,0),(166,71,1,0),(167,71,0,0),(168,73,0,0),(169,73,0,0),(170,73,0,0),(171,72,0,0),(172,74,0,0),(173,75,0,0),(174,76,0,0),(175,77,0,0),(176,78,0,0),(177,79,0,0),(178,80,0,0),(179,81,0,0),(180,82,0,0),(181,83,0,0),(182,84,0,0),(183,85,0,0),(184,76,0,0),(185,77,0,0),(186,71,0,0),(187,72,0,0),(188,73,0,0),(189,73,0,0),(190,76,0,0),(191,77,0,0),(192,79,0,0),(193,80,0,0),(194,81,0,0),(195,82,0,0),(196,83,0,0),(197,84,0,0),(198,79,0,0),(199,80,0,0),(200,72,0,0),(201,87,0,0),(202,87,0,0),(203,87,0,0),(204,87,0,0),(205,73,0,0),(207,74,0,0),(209,76,0,0),(210,77,0,0),(211,78,0,0),(212,79,0,0),(213,80,0,0),(214,81,0,0),(215,82,0,0),(217,84,0,0);
CREATE TABLE `xlite_attribute_properties` (
  `id` int(10) unsigned NOT NULL AUTO_INCREMENT,
  `product_id` int(10) unsigned DEFAULT NULL,
  `attribute_id` int(10) unsigned DEFAULT NULL,
  `position` int(11) NOT NULL,
  PRIMARY KEY (`id`),
  KEY `IDX_3C3647F44584665A` (`product_id`),
  KEY `IDX_3C3647F4B6E62EFA` (`attribute_id`),
  CONSTRAINT `FK_3C3647F4B6E62EFA` FOREIGN KEY (`attribute_id`) REFERENCES `xlite_attributes` (`id`) ON DELETE CASCADE,
  CONSTRAINT `FK_3C3647F44584665A` FOREIGN KEY (`product_id`) REFERENCES `xlite_products` (`product_id`) ON DELETE CASCADE
) ENGINE=InnoDB DEFAULT CHARSET=utf8 COLLATE=utf8_unicode_ci;
CREATE TABLE `xlite_attribute_translations` (
  `label_id` int(11) NOT NULL AUTO_INCREMENT,
  `id` int(10) unsigned DEFAULT NULL,
  `name` varchar(255) COLLATE utf8_unicode_ci NOT NULL,
  `unit` varchar(255) COLLATE utf8_unicode_ci NOT NULL,
  `code` char(2) COLLATE utf8_unicode_ci NOT NULL,
  PRIMARY KEY (`label_id`),
  KEY `ci` (`code`,`id`),
  KEY `id` (`id`),
  CONSTRAINT `FK_8BBAD04BBF396750` FOREIGN KEY (`id`) REFERENCES `xlite_attributes` (`id`) ON DELETE CASCADE
) ENGINE=InnoDB DEFAULT CHARSET=utf8 COLLATE=utf8_unicode_ci;
INSERT INTO `xlite_attribute_translations` VALUES (1,1,'Size','','en'),(50,50,'Manufacturer','','en'),(51,1,'Размер','','ru'),(100,50,'Производитель','','ru'),(106,56,'Color','','en'),(108,58,'Color','','en'),(111,61,'Character','','en'),(112,62,'Captain America','','en'),(113,63,'Iron Man','','en'),(114,64,'Hulk','','en'),(115,65,'Thor','','en'),(116,66,'Black','','en'),(117,67,'Pink','','en'),(118,68,'Blue','','en'),(119,69,'Color','','en'),(120,70,'Color','','en'),(126,56,'Цвет','','ru'),(128,58,'Цвет','','ru'),(131,61,'Персонаж','','ru'),(132,62,'Капитан Америка','','ru'),(133,63,'Железный человек','','ru'),(134,64,'Халк','','ru'),(135,65,'Тор','','ru'),(136,66,'Черный','','ru'),(137,67,'Розовый','','ru'),(138,68,'Синий','','ru'),(139,69,'Цвет','','ru'),(140,70,'Цвет','','ru'),(141,71,'Capacity, GB','','en'),(142,72,'Chip','','en'),(143,73,'Color','','en'),(144,74,'Sim card','','en'),(145,75,'Display type','','en'),(146,76,'Dimension, inches','','en'),(147,77,'Resolution','','en'),(148,78,'Battery type','','en'),(149,79,'Talk time','','en'),(150,80,'Standby time','','en'),(151,81,'Video playback','','en'),(152,82,'Audio playback','','en'),(153,83,'GSM model','','en'),(154,84,'Wi-Fi','','en'),(155,85,'Bluetooth','','en'),(156,86,'GPS','','en'),(157,87,'Color','','en'),(158,87,'Цвет','','ru'),(159,73,'Цвет','','ru'),(160,71,'Объем памяти, GB','','ru'),(161,72,'Chip','','ru'),(162,74,'Sim card','','ru'),(163,75,'Display type','','ru'),(164,76,'Dimension, inches','','ru'),(165,77,'Resolution','','ru'),(166,78,'Battery type','','ru'),(167,79,'Talk time','','ru'),(168,80,'Standby time','','ru'),(169,81,'Video playback','','ru'),(170,82,'Audio playback','','ru'),(171,83,'GSM model','','ru'),(172,84,'Wi-Fi','','ru'),(173,85,'Bluetooth','','ru'),(174,86,'GPS','','ru');
CREATE TABLE `xlite_attribute_values_checkbox` (
  `id` int(10) unsigned NOT NULL AUTO_INCREMENT,
  `product_id` int(10) unsigned DEFAULT NULL,
  `attribute_id` int(10) unsigned DEFAULT NULL,
  `value` tinyint(1) NOT NULL,
  `priceModifier` decimal(14,4) NOT NULL,
  `priceModifierType` char(1) COLLATE utf8_unicode_ci NOT NULL,
  `weightModifier` decimal(14,4) NOT NULL,
  `weightModifierType` char(1) COLLATE utf8_unicode_ci NOT NULL,
  `defaultValue` tinyint(1) NOT NULL,
  PRIMARY KEY (`id`),
  KEY `product_id` (`product_id`),
  KEY `attribute_id` (`attribute_id`),
  KEY `value` (`value`),
  CONSTRAINT `FK_3CA3503BB6E62EFA` FOREIGN KEY (`attribute_id`) REFERENCES `xlite_attributes` (`id`) ON DELETE CASCADE,
  CONSTRAINT `FK_3CA3503B4584665A` FOREIGN KEY (`product_id`) REFERENCES `xlite_products` (`product_id`) ON DELETE CASCADE
) ENGINE=InnoDB DEFAULT CHARSET=utf8 COLLATE=utf8_unicode_ci;
INSERT INTO `xlite_attribute_values_checkbox` VALUES (1,16,62,0,0.0000,'a',0.0000,'a',0),(2,16,63,1,19.9900,'a',0.0000,'a',0),(3,16,64,0,0.0000,'a',0.0000,'a',0),(4,16,65,0,0.0000,'a',0.0000,'a',0),(5,16,62,1,19.9900,'a',0.0000,'a',0),(7,16,64,1,19.9900,'a',0.0000,'a',0),(8,16,65,1,19.9900,'a',0.0000,'a',0),(9,31,66,1,0.0000,'a',0.0000,'a',0),(10,31,66,0,0.0000,'a',0.0000,'a',0),(11,31,67,1,0.0000,'a',0.0000,'a',0),(12,31,67,0,0.0000,'a',0.0000,'a',0),(13,31,68,1,0.0000,'a',0.0000,'a',0),(14,31,68,0,0.0000,'a',0.0000,'a',0),(15,42,86,1,0.0000,'p',0.0000,'p',0),(18,37,86,1,0.0000,'p',0.0000,'p',0),(19,41,86,1,0.0000,'p',0.0000,'p',0),(20,16,63,0,0.0000,'a',0.0000,'a',0);
CREATE TABLE `xlite_attribute_values_checkbox_translations` (
  `label_id` int(11) NOT NULL AUTO_INCREMENT,
  `id` int(10) unsigned DEFAULT NULL,
  `code` char(2) COLLATE utf8_unicode_ci NOT NULL,
  PRIMARY KEY (`label_id`),
  KEY `ci` (`code`,`id`),
  KEY `id` (`id`),
  CONSTRAINT `FK_5A770E51BF396750` FOREIGN KEY (`id`) REFERENCES `xlite_attribute_values_checkbox` (`id`) ON DELETE CASCADE
) ENGINE=InnoDB DEFAULT CHARSET=utf8 COLLATE=utf8_unicode_ci;
CREATE TABLE `xlite_attribute_values_select` (
  `id` int(10) unsigned NOT NULL AUTO_INCREMENT,
  `attribute_option_id` int(10) unsigned DEFAULT NULL,
  `product_id` int(10) unsigned DEFAULT NULL,
  `attribute_id` int(10) unsigned DEFAULT NULL,
  `position` int(11) NOT NULL,
  `priceModifier` decimal(14,4) NOT NULL,
  `priceModifierType` char(1) COLLATE utf8_unicode_ci NOT NULL,
  `weightModifier` decimal(14,4) NOT NULL,
  `weightModifierType` char(1) COLLATE utf8_unicode_ci NOT NULL,
  `defaultValue` tinyint(1) NOT NULL,
  PRIMARY KEY (`id`),
  KEY `product_id` (`product_id`),
  KEY `attribute_id` (`attribute_id`),
  KEY `attribute_option_id` (`attribute_option_id`),
  CONSTRAINT `FK_65258CABB6E62EFA` FOREIGN KEY (`attribute_id`) REFERENCES `xlite_attributes` (`id`) ON DELETE CASCADE,
  CONSTRAINT `FK_65258CAB1AE56DE9` FOREIGN KEY (`attribute_option_id`) REFERENCES `xlite_attribute_options` (`id`) ON DELETE CASCADE,
  CONSTRAINT `FK_65258CAB4584665A` FOREIGN KEY (`product_id`) REFERENCES `xlite_products` (`product_id`) ON DELETE CASCADE
) ENGINE=InnoDB DEFAULT CHARSET=utf8 COLLATE=utf8_unicode_ci;
INSERT INTO `xlite_attribute_values_select` VALUES (202,114,1,50,0,0.0000,'a',0.0000,'a',0),(204,112,17,50,0,0.0000,'a',0.0000,'a',0),(205,112,13,50,0,0.0000,'a',0.0000,'a',0),(215,112,6,50,0,0.0000,'a',0.0000,'a',0),(219,113,18,50,0,0.0000,'a',0.0000,'a',0),(264,134,7,56,0,0.0000,'a',0.0000,'a',0),(265,135,7,56,0,0.0000,'a',0.0000,'a',0),(266,136,7,56,0,0.0000,'a',0.0000,'a',0),(273,143,9,58,0,0.0000,'a',0.0000,'a',0),(274,144,9,58,0,0.0000,'a',0.0000,'a',0),(275,145,9,58,0,0.0000,'a',0.0000,'a',0),(288,158,13,61,0,0.0000,'a',0.0000,'a',0),(289,159,13,61,0,0.0000,'a',0.0000,'a',0),(290,160,13,61,0,0.0000,'a',0.0000,'a',0),(291,161,32,69,0,0.0000,'a',0.0000,'a',0),(292,162,32,69,0,0.0000,'a',0.0000,'a',0),(293,163,40,70,0,0.0000,'a',0.0000,'a',0),(294,164,40,70,0,0.0000,'a',0.0000,'a',0),(295,165,37,71,0,0.0000,'a',0.0000,'a',0),(296,166,37,71,0,100.0000,'a',0.0000,'a',0),(297,167,37,71,0,200.0000,'a',0.0000,'a',0),(298,200,37,72,0,0.0000,'a',0.0000,'a',0),(299,169,37,73,0,0.0000,'a',0.0000,'a',0),(300,168,37,73,0,0.0000,'a',0.0000,'a',0),(301,170,37,73,0,0.0000,'a',0.0000,'a',0),(302,172,37,74,0,0.0000,'a',0.0000,'a',0),(303,173,37,75,0,0.0000,'a',0.0000,'a',0),(304,174,37,76,0,0.0000,'a',0.0000,'a',0),(305,175,37,77,0,0.0000,'a',0.0000,'a',0),(306,176,37,78,0,0.0000,'a',0.0000,'a',0),(307,177,37,79,0,0.0000,'a',0.0000,'a',0),(308,178,37,80,0,0.0000,'a',0.0000,'a',0),(309,179,37,81,0,0.0000,'a',0.0000,'a',0),(310,180,37,82,0,0.0000,'a',0.0000,'a',0),(311,181,37,83,0,0.0000,'a',0.0000,'a',0),(312,182,37,84,0,0.0000,'a',0.0000,'a',0),(313,183,37,85,0,0.0000,'a',0.0000,'a',0),(314,165,41,71,0,0.0000,'a',0.0000,'a',0),(315,166,41,71,0,100.0000,'a',0.0000,'a',0),(316,167,41,71,0,200.0000,'a',0.0000,'a',0),(317,200,41,72,0,0.0000,'a',0.0000,'a',0),(318,169,41,73,0,0.0000,'a',0.0000,'a',0),(319,168,41,73,0,0.0000,'a',0.0000,'a',0),(320,170,41,73,0,0.0000,'a',0.0000,'a',0),(321,172,41,74,0,0.0000,'a',0.0000,'a',0),(322,173,41,75,0,0.0000,'a',0.0000,'a',0),(323,184,41,76,0,0.0000,'a',0.0000,'a',0),(324,185,41,77,0,0.0000,'a',0.0000,'a',0),(325,176,41,78,0,0.0000,'a',0.0000,'a',0),(326,198,41,79,0,0.0000,'a',0.0000,'a',0),(327,199,41,80,0,0.0000,'a',0.0000,'a',0),(328,194,41,81,0,0.0000,'a',0.0000,'a',0),(329,195,41,82,0,0.0000,'a',0.0000,'a',0),(330,181,41,83,0,0.0000,'a',0.0000,'a',0),(331,182,41,84,0,0.0000,'a',0.0000,'a',0),(332,183,41,85,0,0.0000,'a',0.0000,'a',0),(333,165,42,71,0,0.0000,'a',0.0000,'a',0),(335,166,42,71,0,200.0000,'a',0.0000,'a',0),(337,169,42,73,0,0.0000,'a',0.0000,'a',0),(338,168,42,73,0,0.0000,'a',0.0000,'a',0),(339,170,42,73,0,0.0000,'a',0.0000,'a',0),(340,172,42,74,0,0.0000,'a',0.0000,'a',0),(342,190,42,76,0,0.0000,'a',0.0000,'a',0),(343,191,42,77,0,0.0000,'a',0.0000,'a',0),(344,176,42,78,0,0.0000,'a',0.0000,'a',0),(345,177,42,79,0,0.0000,'a',0.0000,'a',0),(346,178,42,80,0,0.0000,'a',0.0000,'a',0),(347,194,42,81,0,0.0000,'a',0.0000,'a',0),(348,195,42,82,0,0.0000,'a',0.0000,'a',0),(350,182,42,84,0,0.0000,'a',0.0000,'a',0),(352,1,6,1,0,0.0000,'a',0.0000,'a',0),(353,2,6,1,0,0.0000,'a',0.0000,'a',0),(354,3,6,1,0,0.0000,'a',0.0000,'a',0),(355,4,6,1,0,0.0000,'a',0.0000,'a',0),(356,5,6,1,0,0.0000,'a',0.0000,'a',0),(357,8,6,1,0,0.0000,'a',0.0000,'a',0),(360,1,10,1,0,0.0000,'a',0.0000,'a',0),(361,2,10,1,0,0.0000,'a',0.0000,'a',0),(362,3,10,1,0,0.0000,'a',0.0000,'a',0),(363,4,10,1,0,0.0000,'a',0.0000,'a',0),(368,1,8,1,0,0.0000,'a',0.0000,'a',0),(369,2,8,1,0,0.0000,'a',0.0000,'a',0),(370,3,8,1,0,0.0000,'a',0.0000,'a',0),(371,4,8,1,0,0.0000,'a',0.0000,'a',0),(372,5,8,1,0,0.0000,'a',0.0000,'a',0),(373,8,8,1,0,0.0000,'a',0.0000,'a',0),(376,1,3,1,0,0.0000,'a',0.0000,'a',0),(377,2,3,1,0,0.0000,'a',0.0000,'a',0),(378,3,3,1,0,0.0000,'a',0.0000,'a',0),(379,4,3,1,0,0.0000,'a',0.0000,'a',0),(382,1,1,1,0,0.0000,'a',0.0000,'a',0),(383,2,1,1,0,0.0000,'a',0.0000,'a',0),(384,3,1,1,0,0.0000,'a',0.0000,'a',0),(385,4,1,1,0,0.0000,'a',0.0000,'a',0),(388,1,2,1,0,0.0000,'a',0.0000,'a',0),(389,2,2,1,0,0.0000,'a',0.0000,'a',0),(390,3,2,1,0,0.0000,'a',0.0000,'a',0),(391,4,2,1,0,0.0000,'a',0.0000,'a',0),(392,5,2,1,0,0.0000,'a',0.0000,'a',0),(393,8,2,1,0,0.0000,'a',0.0000,'a',0),(394,111,2,50,0,0.0000,'a',0.0000,'a',0),(395,1,4,1,0,0.0000,'a',0.0000,'a',0),(396,2,4,1,0,0.0000,'a',0.0000,'a',0),(397,3,4,1,0,0.0000,'a',0.0000,'a',0),(398,4,4,1,0,0.0000,'a',0.0000,'a',0),(401,114,4,50,0,0.0000,'a',0.0000,'a',0),(402,1,9,1,0,0.0000,'a',0.0000,'a',0),(403,2,9,1,0,0.0000,'a',0.0000,'a',0),(404,3,9,1,0,0.0000,'a',0.0000,'a',0),(405,4,9,1,0,0.0000,'a',0.0000,'a',0),(406,5,9,1,0,0.0000,'a',0.0000,'a',0),(407,8,9,1,0,0.0000,'a',0.0000,'a',0),(408,110,9,50,0,0.0000,'a',0.0000,'a',0),(409,1,7,1,0,0.0000,'a',0.0000,'a',0),(410,2,7,1,0,0.0000,'a',0.0000,'a',0),(411,3,7,1,0,0.0000,'a',0.0000,'a',0),(412,4,7,1,0,0.0000,'a',0.0000,'a',0),(413,5,7,1,0,0.0000,'a',0.0000,'a',0),(414,8,7,1,0,0.0000,'a',0.0000,'a',0),(415,115,7,50,0,0.0000,'a',0.0000,'a',0),(416,1,5,1,0,0.0000,'a',0.0000,'a',0),(417,2,5,1,0,0.0000,'a',0.0000,'a',0),(418,3,5,1,0,0.0000,'a',0.0000,'a',0),(419,4,5,1,0,0.0000,'a',0.0000,'a',0),(422,114,5,50,0,0.0000,'a',0.0000,'a',0),(423,113,8,50,0,0.0000,'a',0.0000,'a',0),(424,114,3,50,0,0.0000,'a',0.0000,'a',0),(425,115,10,50,0,0.0000,'a',0.0000,'a',0),(426,201,4,87,0,0.0000,'a',0.0000,'a',0),(427,202,4,87,0,0.0000,'a',0.0000,'a',0),(428,203,4,87,0,0.0000,'a',0.0000,'a',0),(429,204,4,87,0,0.0000,'a',0.0000,'a',0),(430,205,42,73,0,0.0000,'a',0.0000,'a',0),(431,200,42,72,0,0.0000,'a',0.0000,'a',0),(432,173,42,75,0,0.0000,'a',0.0000,'a',0),(433,183,42,85,0,0.0000,'a',0.0000,'a',0);
CREATE TABLE `xlite_attribute_values_select_translations` (
  `label_id` int(11) NOT NULL AUTO_INCREMENT,
  `id` int(10) unsigned DEFAULT NULL,
  `code` char(2) COLLATE utf8_unicode_ci NOT NULL,
  PRIMARY KEY (`label_id`),
  KEY `ci` (`code`,`id`),
  KEY `id` (`id`),
  CONSTRAINT `FK_CDF9A7AFBF396750` FOREIGN KEY (`id`) REFERENCES `xlite_attribute_values_select` (`id`) ON DELETE CASCADE
) ENGINE=InnoDB DEFAULT CHARSET=utf8 COLLATE=utf8_unicode_ci;
CREATE TABLE `xlite_attribute_values_text` (
  `id` int(10) unsigned NOT NULL AUTO_INCREMENT,
  `product_id` int(10) unsigned DEFAULT NULL,
  `attribute_id` int(10) unsigned DEFAULT NULL,
  `editable` tinyint(1) NOT NULL,
  PRIMARY KEY (`id`),
  KEY `product_id` (`product_id`),
  KEY `attribute_id` (`attribute_id`),
  CONSTRAINT `FK_560D03DAB6E62EFA` FOREIGN KEY (`attribute_id`) REFERENCES `xlite_attributes` (`id`) ON DELETE CASCADE,
  CONSTRAINT `FK_560D03DA4584665A` FOREIGN KEY (`product_id`) REFERENCES `xlite_products` (`product_id`) ON DELETE CASCADE
) ENGINE=InnoDB DEFAULT CHARSET=utf8 COLLATE=utf8_unicode_ci;
CREATE TABLE `xlite_attribute_values_text_translations` (
  `label_id` int(11) NOT NULL AUTO_INCREMENT,
  `id` int(10) unsigned DEFAULT NULL,
  `value` longtext COLLATE utf8_unicode_ci NOT NULL,
  `code` char(2) COLLATE utf8_unicode_ci NOT NULL,
  PRIMARY KEY (`label_id`),
  KEY `ci` (`code`,`id`),
  KEY `id` (`id`),
  CONSTRAINT `FK_753A596BF396750` FOREIGN KEY (`id`) REFERENCES `xlite_attribute_values_text` (`id`) ON DELETE CASCADE
) ENGINE=InnoDB DEFAULT CHARSET=utf8 COLLATE=utf8_unicode_ci;
CREATE TABLE `xlite_attributes` (
  `id` int(10) unsigned NOT NULL AUTO_INCREMENT,
  `product_class_id` int(10) unsigned DEFAULT NULL,
  `attribute_group_id` int(10) unsigned DEFAULT NULL,
  `product_id` int(10) unsigned DEFAULT NULL,
  `visible` tinyint(1) NOT NULL DEFAULT '1',
  `position` int(11) NOT NULL,
  `decimals` int(11) NOT NULL,
  `type` char(1) COLLATE utf8_unicode_ci NOT NULL,
  `addToNew` char(1) COLLATE utf8_unicode_ci NOT NULL,
  PRIMARY KEY (`id`),
  KEY `IDX_9665298321B06187` (`product_class_id`),
  KEY `IDX_9665298362D643B7` (`attribute_group_id`),
  KEY `IDX_966529834584665A` (`product_id`),
  CONSTRAINT `FK_966529834584665A` FOREIGN KEY (`product_id`) REFERENCES `xlite_products` (`product_id`) ON DELETE CASCADE,
  CONSTRAINT `FK_9665298321B06187` FOREIGN KEY (`product_class_id`) REFERENCES `xlite_product_classes` (`id`) ON DELETE CASCADE,
  CONSTRAINT `FK_9665298362D643B7` FOREIGN KEY (`attribute_group_id`) REFERENCES `xlite_attribute_groups` (`id`) ON DELETE SET NULL
) ENGINE=InnoDB DEFAULT CHARSET=utf8 COLLATE=utf8_unicode_ci;
INSERT INTO `xlite_attributes` VALUES (1,1,NULL,NULL,1,0,0,'S',''),(50,NULL,NULL,NULL,1,0,0,'S',''),(56,NULL,NULL,7,1,0,0,'S',''),(58,NULL,NULL,9,1,0,0,'S',''),(61,NULL,NULL,13,1,0,0,'S',''),(62,NULL,NULL,16,1,0,0,'C',''),(63,NULL,NULL,16,1,0,0,'C',''),(64,NULL,NULL,16,1,0,0,'C',''),(65,NULL,NULL,16,1,0,0,'C',''),(66,NULL,NULL,31,1,0,0,'C',''),(67,NULL,NULL,31,1,0,0,'C',''),(68,NULL,NULL,31,1,0,0,'C',''),(69,NULL,NULL,32,1,0,0,'S',''),(70,NULL,NULL,40,1,0,0,'S',''),(71,2,NULL,NULL,1,0,0,'S',''),(72,2,NULL,NULL,1,0,0,'S',''),(73,2,NULL,NULL,1,0,0,'S',''),(74,2,NULL,NULL,0,0,0,'S',''),(75,2,1,NULL,1,0,0,'S',''),(76,2,1,NULL,1,0,0,'S',''),(77,2,1,NULL,1,0,0,'S',''),(78,2,3,NULL,0,0,0,'S',''),(79,2,3,NULL,0,0,0,'S',''),(80,2,3,NULL,0,0,0,'S',''),(81,2,3,NULL,0,0,0,'S',''),(82,2,3,NULL,0,0,0,'S',''),(83,2,2,NULL,1,0,0,'S',''),(84,2,2,NULL,1,0,0,'S',''),(85,2,2,NULL,0,0,0,'S',''),(86,2,2,NULL,1,0,0,'C',''),(87,NULL,NULL,4,1,0,0,'S','');
CREATE TABLE `xlite_banner_rotation_image` (
  `id` int(10) unsigned NOT NULL AUTO_INCREMENT,
  `banner_rotation_slide_id` int(10) unsigned DEFAULT NULL,
  `alt` varchar(255) COLLATE utf8_unicode_ci NOT NULL,
  `width` int(11) NOT NULL,
  `height` int(11) NOT NULL,
  `hash` char(32) COLLATE utf8_unicode_ci DEFAULT NULL,
  `needProcess` tinyint(1) NOT NULL,
  `path` varchar(512) COLLATE utf8_unicode_ci NOT NULL,
  `fileName` varchar(255) COLLATE utf8_unicode_ci NOT NULL,
  `mime` varchar(128) COLLATE utf8_unicode_ci NOT NULL,
  `storageType` varchar(1) COLLATE utf8_unicode_ci NOT NULL,
  `size` int(10) unsigned NOT NULL,
  `date` int(10) unsigned NOT NULL,
  PRIMARY KEY (`id`),
  UNIQUE KEY `UNIQ_BDC50932217A8232` (`banner_rotation_slide_id`),
  CONSTRAINT `FK_BDC50932217A8232` FOREIGN KEY (`banner_rotation_slide_id`) REFERENCES `xlite_banner_rotation_slide` (`id`) ON DELETE CASCADE
) ENGINE=InnoDB DEFAULT CHARSET=utf8 COLLATE=utf8_unicode_ci;
INSERT INTO `xlite_banner_rotation_image` VALUES (1,1,'Apparel',4000,920,NULL,1,'banner_apparel_2x.jpg','','image/jpeg','r',0,1483703408),(2,2,'Toys',4000,920,NULL,1,'banner_toys_2x.jpg','','image/jpeg','r',0,1483703408);
CREATE TABLE `xlite_banner_rotation_slide` (
  `id` int(10) unsigned NOT NULL AUTO_INCREMENT,
  `enabled` tinyint(1) NOT NULL,
  `link` varchar(255) COLLATE utf8_unicode_ci NOT NULL,
  `position` int(11) NOT NULL,
  PRIMARY KEY (`id`)
) ENGINE=InnoDB DEFAULT CHARSET=utf8 COLLATE=utf8_unicode_ci;
INSERT INTO `xlite_banner_rotation_slide` VALUES (1,1,'cart.php?target=category&category_id=4',20),(2,1,'cart.php?target=category&category_id=5',10);
CREATE TABLE `xlite_capost_delivery_service_options` (
  `id` int(10) unsigned NOT NULL AUTO_INCREMENT,
  `code` varchar(255) COLLATE utf8_unicode_ci NOT NULL,
  `name` varchar(255) COLLATE utf8_unicode_ci NOT NULL,
  `mandatory` tinyint(1) NOT NULL,
  `qualifierRequired` tinyint(1) NOT NULL,
  `qualifierMax` decimal(14,4) DEFAULT NULL,
  `serviceId` int(10) unsigned DEFAULT NULL,
  PRIMARY KEY (`id`),
  KEY `IDX_85C93F5589697FA8` (`serviceId`),
  CONSTRAINT `FK_85C93F5589697FA8` FOREIGN KEY (`serviceId`) REFERENCES `xlite_capost_delivery_services` (`id`) ON DELETE CASCADE
) ENGINE=InnoDB DEFAULT CHARSET=utf8 COLLATE=utf8_unicode_ci;
CREATE TABLE `xlite_capost_delivery_services` (
  `id` int(10) unsigned NOT NULL AUTO_INCREMENT,
  `code` varchar(32) COLLATE utf8_unicode_ci NOT NULL,
  `countryCode` varchar(2) COLLATE utf8_unicode_ci NOT NULL,
  `name` varchar(255) COLLATE utf8_unicode_ci NOT NULL,
  `expiry` int(10) unsigned NOT NULL,
  `maxWeight` int(11) NOT NULL,
  `minWeight` int(11) NOT NULL,
  `maxLength` decimal(11,1) NOT NULL,
  `minLength` decimal(11,1) NOT NULL,
  `maxWidth` decimal(11,1) NOT NULL,
  `minWidth` decimal(11,1) NOT NULL,
  `maxHeight` decimal(11,1) NOT NULL,
  `minHeight` decimal(11,1) NOT NULL,
  `lengthPlusGirthMax` decimal(11,1) DEFAULT NULL,
  `lengthHeightWidthSumMax` decimal(11,1) DEFAULT NULL,
  `oversizeLimit` decimal(11,1) DEFAULT NULL,
  `densityFactor` int(11) DEFAULT NULL,
  `canShipInMailingTube` tinyint(1) NOT NULL,
  `canShipUnpackaged` tinyint(1) NOT NULL,
  `allowedAsReturnService` tinyint(1) NOT NULL,
  PRIMARY KEY (`id`),
  UNIQUE KEY `code_country` (`code`,`countryCode`)
) ENGINE=InnoDB DEFAULT CHARSET=utf8 COLLATE=utf8_unicode_ci;
CREATE TABLE `xlite_capost_return_items` (
  `id` int(11) NOT NULL AUTO_INCREMENT,
  `amount` int(10) unsigned NOT NULL,
  `returnId` int(10) unsigned DEFAULT NULL,
  `orderItemId` int(11) DEFAULT NULL,
  PRIMARY KEY (`id`),
  KEY `IDX_32022371B43D59E` (`returnId`),
  KEY `IDX_3202237BBF22A26` (`orderItemId`),
  CONSTRAINT `FK_3202237BBF22A26` FOREIGN KEY (`orderItemId`) REFERENCES `xlite_order_items` (`item_id`) ON DELETE CASCADE,
  CONSTRAINT `FK_32022371B43D59E` FOREIGN KEY (`returnId`) REFERENCES `xlite_capost_returns` (`id`) ON DELETE CASCADE
) ENGINE=InnoDB DEFAULT CHARSET=utf8 COLLATE=utf8_unicode_ci;
CREATE TABLE `xlite_capost_return_link_storage` (
  `id` int(10) unsigned NOT NULL AUTO_INCREMENT,
  `path` varchar(512) COLLATE utf8_unicode_ci NOT NULL,
  `fileName` varchar(255) COLLATE utf8_unicode_ci NOT NULL,
  `mime` varchar(128) COLLATE utf8_unicode_ci NOT NULL,
  `storageType` varchar(1) COLLATE utf8_unicode_ci NOT NULL,
  `size` int(10) unsigned NOT NULL,
  `date` int(10) unsigned NOT NULL,
  `linkId` int(11) DEFAULT NULL,
  PRIMARY KEY (`id`),
  UNIQUE KEY `UNIQ_784CAF87AEC98E42` (`linkId`),
  CONSTRAINT `FK_784CAF87AEC98E42` FOREIGN KEY (`linkId`) REFERENCES `xlite_capost_return_links` (`id`) ON DELETE CASCADE
) ENGINE=InnoDB DEFAULT CHARSET=utf8 COLLATE=utf8_unicode_ci;
CREATE TABLE `xlite_capost_return_links` (
  `id` int(11) NOT NULL AUTO_INCREMENT,
  `rel` varchar(255) COLLATE utf8_unicode_ci NOT NULL,
  `href` varchar(255) COLLATE utf8_unicode_ci NOT NULL,
  `idx` int(11) DEFAULT NULL,
  `mediaType` varchar(255) COLLATE utf8_unicode_ci NOT NULL,
  `returnId` int(10) unsigned DEFAULT NULL,
  PRIMARY KEY (`id`),
  KEY `IDX_33BC6A621B43D59E` (`returnId`),
  CONSTRAINT `FK_33BC6A621B43D59E` FOREIGN KEY (`returnId`) REFERENCES `xlite_capost_returns` (`id`) ON DELETE CASCADE
) ENGINE=InnoDB DEFAULT CHARSET=utf8 COLLATE=utf8_unicode_ci;
CREATE TABLE `xlite_capost_returns` (
  `id` int(10) unsigned NOT NULL AUTO_INCREMENT,
  `status` char(2) COLLATE utf8_unicode_ci NOT NULL,
  `date` int(10) unsigned NOT NULL,
  `lastRenewDate` int(11) NOT NULL,
  `notes` longtext COLLATE utf8_unicode_ci NOT NULL,
  `adminNotes` longtext COLLATE utf8_unicode_ci NOT NULL,
  `trackingPin` varchar(16) COLLATE utf8_unicode_ci DEFAULT NULL,
  `orderId` int(11) DEFAULT NULL,
  PRIMARY KEY (`id`),
  KEY `IDX_A90646B3FA237437` (`orderId`),
  KEY `date` (`date`),
  KEY `status` (`status`),
  CONSTRAINT `FK_A90646B3FA237437` FOREIGN KEY (`orderId`) REFERENCES `xlite_orders` (`order_id`) ON DELETE CASCADE
) ENGINE=InnoDB DEFAULT CHARSET=utf8 COLLATE=utf8_unicode_ci;
CREATE TABLE `xlite_categories` (
  `category_id` int(10) unsigned NOT NULL AUTO_INCREMENT,
  `parent_id` int(10) unsigned DEFAULT NULL,
  `ogMeta` longtext COLLATE utf8_unicode_ci NOT NULL,
  `useCustomOG` tinyint(1) NOT NULL,
  `useClasses` char(1) COLLATE utf8_unicode_ci NOT NULL,
  `lpos` int(11) NOT NULL,
  `rpos` int(11) NOT NULL,
  `enabled` tinyint(1) NOT NULL,
  `show_title` tinyint(1) NOT NULL,
  `depth` int(11) NOT NULL,
  `pos` int(11) NOT NULL,
  `root_category_look` varchar(32) COLLATE utf8_unicode_ci DEFAULT NULL,
  `metaDescType` varchar(1) COLLATE utf8_unicode_ci NOT NULL,
  `xcPendingExport` tinyint(1) NOT NULL,
  `lastUsage` int(11) NOT NULL,
  PRIMARY KEY (`category_id`),
  KEY `IDX_9D0DF19B727ACA70` (`parent_id`),
  KEY `lpos` (`lpos`),
  KEY `rpos` (`rpos`),
  KEY `enabled` (`enabled`),
  CONSTRAINT `FK_9D0DF19B727ACA70` FOREIGN KEY (`parent_id`) REFERENCES `xlite_categories` (`category_id`) ON DELETE SET NULL
) ENGINE=InnoDB DEFAULT CHARSET=utf8 COLLATE=utf8_unicode_ci;
INSERT INTO `xlite_categories` VALUES (1,NULL,'',0,'A',1,16,1,0,-1,0,'icons','A',0,0),(2,1,'',0,'A',2,3,1,1,0,30,NULL,'A',0,0),(3,1,'',0,'A',4,5,0,1,0,20,NULL,'A',0,0),(4,1,'',0,'A',6,7,1,1,0,10,NULL,'A',0,0),(5,1,'',0,'A',8,15,1,1,0,40,NULL,'A',0,0),(6,5,'',0,'A',9,10,1,1,1,10,NULL,'A',0,0),(7,5,'',0,'A',11,12,1,1,1,20,NULL,'A',0,0),(8,5,'',0,'A',13,14,1,1,1,30,NULL,'A',0,0);
CREATE TABLE `xlite_category_banners` (
  `id` int(10) unsigned NOT NULL AUTO_INCREMENT,
  `category_id` int(10) unsigned DEFAULT NULL,
  `alt` varchar(255) COLLATE utf8_unicode_ci NOT NULL,
  `width` int(11) NOT NULL,
  `height` int(11) NOT NULL,
  `hash` char(32) COLLATE utf8_unicode_ci DEFAULT NULL,
  `needProcess` tinyint(1) NOT NULL,
  `path` varchar(512) COLLATE utf8_unicode_ci NOT NULL,
  `fileName` varchar(255) COLLATE utf8_unicode_ci NOT NULL,
  `mime` varchar(128) COLLATE utf8_unicode_ci NOT NULL,
  `storageType` varchar(1) COLLATE utf8_unicode_ci NOT NULL,
  `size` int(10) unsigned NOT NULL,
  `date` int(10) unsigned NOT NULL,
  PRIMARY KEY (`id`),
  UNIQUE KEY `UNIQ_69B8F0D412469DE2` (`category_id`),
  CONSTRAINT `FK_69B8F0D412469DE2` FOREIGN KEY (`category_id`) REFERENCES `xlite_categories` (`category_id`) ON DELETE CASCADE
) ENGINE=InnoDB DEFAULT CHARSET=utf8 COLLATE=utf8_unicode_ci;
INSERT INTO `xlite_category_banners` VALUES (1,2,'',2720,800,NULL,1,'banner_igoods_clean.jpg','','image/jpeg','r',125253,1394109447),(2,3,'',2720,800,NULL,1,'banner_igoods_clean.jpg','','image/jpeg','r',125253,1394109447),(3,4,'',2720,800,NULL,1,'banner_apparel_clean.jpg','','image/jpeg','r',122998,1394109447),(4,5,'',2720,800,NULL,1,'banner_toys_clean.jpg','','image/jpeg','r',124298,1394109447);
CREATE TABLE `xlite_category_class_links` (
  `category_id` int(10) unsigned NOT NULL,
  `class_id` int(10) unsigned NOT NULL,
  PRIMARY KEY (`category_id`,`class_id`),
  KEY `IDX_3F5DB31312469DE2` (`category_id`),
  KEY `IDX_3F5DB313EA000B10` (`class_id`),
  CONSTRAINT `FK_3F5DB313EA000B10` FOREIGN KEY (`class_id`) REFERENCES `xlite_product_classes` (`id`) ON DELETE CASCADE,
  CONSTRAINT `FK_3F5DB31312469DE2` FOREIGN KEY (`category_id`) REFERENCES `xlite_categories` (`category_id`) ON DELETE CASCADE
) ENGINE=InnoDB DEFAULT CHARSET=utf8 COLLATE=utf8_unicode_ci;
CREATE TABLE `xlite_category_images` (
  `id` int(10) unsigned NOT NULL AUTO_INCREMENT,
  `category_id` int(10) unsigned DEFAULT NULL,
  `alt` varchar(255) COLLATE utf8_unicode_ci NOT NULL,
  `width` int(11) NOT NULL,
  `height` int(11) NOT NULL,
  `hash` char(32) COLLATE utf8_unicode_ci DEFAULT NULL,
  `needProcess` tinyint(1) NOT NULL,
  `path` varchar(512) COLLATE utf8_unicode_ci NOT NULL,
  `fileName` varchar(255) COLLATE utf8_unicode_ci NOT NULL,
  `mime` varchar(128) COLLATE utf8_unicode_ci NOT NULL,
  `storageType` varchar(1) COLLATE utf8_unicode_ci NOT NULL,
  `size` int(10) unsigned NOT NULL,
  `date` int(10) unsigned NOT NULL,
  PRIMARY KEY (`id`),
  UNIQUE KEY `UNIQ_3EDA5C4B12469DE2` (`category_id`),
  CONSTRAINT `FK_3EDA5C4B12469DE2` FOREIGN KEY (`category_id`) REFERENCES `xlite_categories` (`category_id`) ON DELETE CASCADE
) ENGINE=InnoDB DEFAULT CHARSET=utf8 COLLATE=utf8_unicode_ci;
INSERT INTO `xlite_category_images` VALUES (1,2,'',434,555,NULL,1,'igoods.png','','image/png','r',265767,1394109447),(2,3,'',434,555,NULL,1,'igoods.png','','image/png','r',265767,1394109447),(3,4,'',600,640,NULL,1,'1814_star_trek_command_cycle_jersey.jpeg','','image/jpeg','r',56283,1278412215),(4,5,'',600,590,NULL,1,'ijrm_back_to_the_future_vinyl_idols.png','','image/png','r',276157,1483703408),(5,6,'',600,590,NULL,1,'ijrm_back_to_the_future_vinyl_idols.png','','image/png','r',276157,1483703408),(6,7,'',600,481,NULL,1,'ivvg_beer_briefcase_1.jpeg','','image/jpeg','r',54394,1483703408),(7,8,'',600,600,NULL,1,'17f0_3d_bmo_mug_1.jpeg','','image/jpeg','r',38929,1483703408);
CREATE TABLE `xlite_category_membership_links` (
  `category_id` int(10) unsigned NOT NULL,
  `membership_id` int(10) unsigned NOT NULL,
  PRIMARY KEY (`category_id`,`membership_id`),
  KEY `IDX_A0AA75DD12469DE2` (`category_id`),
  KEY `IDX_A0AA75DD1FB354CD` (`membership_id`),
  CONSTRAINT `FK_A0AA75DD1FB354CD` FOREIGN KEY (`membership_id`) REFERENCES `xlite_memberships` (`membership_id`) ON DELETE CASCADE,
  CONSTRAINT `FK_A0AA75DD12469DE2` FOREIGN KEY (`category_id`) REFERENCES `xlite_categories` (`category_id`) ON DELETE CASCADE
) ENGINE=InnoDB DEFAULT CHARSET=utf8 COLLATE=utf8_unicode_ci;
CREATE TABLE `xlite_category_products` (
  `id` int(10) unsigned NOT NULL AUTO_INCREMENT,
  `category_id` int(10) unsigned DEFAULT NULL,
  `product_id` int(10) unsigned DEFAULT NULL,
  `orderby` int(11) NOT NULL,
  PRIMARY KEY (`id`),
  UNIQUE KEY `pair` (`category_id`,`product_id`),
  KEY `IDX_7121122812469DE2` (`category_id`),
  KEY `IDX_712112284584665A` (`product_id`),
  KEY `orderby` (`orderby`),
  CONSTRAINT `FK_712112284584665A` FOREIGN KEY (`product_id`) REFERENCES `xlite_products` (`product_id`) ON DELETE CASCADE,
  CONSTRAINT `FK_7121122812469DE2` FOREIGN KEY (`category_id`) REFERENCES `xlite_categories` (`category_id`) ON DELETE CASCADE
) ENGINE=InnoDB DEFAULT CHARSET=utf8 COLLATE=utf8_unicode_ci;
INSERT INTO `xlite_category_products` VALUES (1,2,37,10),(2,2,41,20),(3,2,42,30),(4,3,39,10),(5,3,36,20),(6,3,34,30),(7,3,32,40),(8,3,31,50),(9,3,29,60),(10,3,28,70),(11,3,33,80),(12,3,35,90),(13,3,30,100),(14,3,40,110),(15,3,38,120),(16,4,1,0),(17,4,9,0),(18,4,8,0),(19,4,7,0),(20,4,6,0),(21,4,5,0),(22,4,4,0),(23,4,3,0),(24,4,2,0),(25,4,10,0),(26,6,11,0),(27,6,12,0),(28,6,13,0),(29,6,14,0),(30,6,15,0),(31,6,16,0),(32,6,17,0),(33,6,18,0),(34,7,19,0),(35,7,20,0),(36,7,21,0),(37,7,22,0),(38,7,23,0),(39,7,24,0),(40,8,25,0),(41,8,26,0),(42,8,27,0);
CREATE TABLE `xlite_category_quick_flags` (
  `id` int(10) unsigned NOT NULL AUTO_INCREMENT,
  `category_id` int(10) unsigned DEFAULT NULL,
  `subcategories_count_all` int(11) NOT NULL,
  `subcategories_count_enabled` int(11) NOT NULL,
  PRIMARY KEY (`id`),
  UNIQUE KEY `UNIQ_5BA9C50312469DE2` (`category_id`),
  CONSTRAINT `FK_5BA9C50312469DE2` FOREIGN KEY (`category_id`) REFERENCES `xlite_categories` (`category_id`) ON DELETE CASCADE
) ENGINE=InnoDB DEFAULT CHARSET=utf8 COLLATE=utf8_unicode_ci;
INSERT INTO `xlite_category_quick_flags` VALUES (1,1,4,3),(2,2,0,0),(3,3,0,0),(4,4,0,0),(5,5,3,3),(6,6,0,0),(7,7,0,0),(8,8,0,0);
CREATE TABLE `xlite_category_translations` (
  `label_id` int(11) NOT NULL AUTO_INCREMENT,
  `id` int(10) unsigned DEFAULT NULL,
  `name` varchar(255) COLLATE utf8_unicode_ci NOT NULL,
  `description` longtext COLLATE utf8_unicode_ci NOT NULL,
  `metaTags` varchar(255) COLLATE utf8_unicode_ci NOT NULL,
  `metaDesc` longtext COLLATE utf8_unicode_ci NOT NULL,
  `metaTitle` varchar(255) COLLATE utf8_unicode_ci NOT NULL,
  `code` char(2) COLLATE utf8_unicode_ci NOT NULL,
  PRIMARY KEY (`label_id`),
  KEY `ci` (`code`,`id`),
  KEY `id` (`id`),
  CONSTRAINT `FK_9ED79EA5BF396750` FOREIGN KEY (`id`) REFERENCES `xlite_categories` (`category_id`) ON DELETE CASCADE
) ENGINE=InnoDB DEFAULT CHARSET=utf8 COLLATE=utf8_unicode_ci;
INSERT INTO `xlite_category_translations` VALUES (1,1,'Catalog','<h1>Welcome to X-Cart Demo Store!</h1><p>It illustrates operation and features of X-Cart - all-in-one eCommerce solution for swift and easy launch of a professional online store. Orders placed here cannot be fulfilled as all the sample products listed in this store are for demonstration and testing purposes only.</p>','','','','en'),(2,2,'iGoods - Product Filter','','','','','en'),(3,3,'Electronics','','','','','en'),(4,4,'Apparel','','','','','en'),(5,5,'Toys','','','','','en'),(6,6,'Geek toys','','','','','en'),(7,7,'Office Pranks','','','','','en'),(8,8,'Home &amp; office','','','','','en');
CREATE TABLE `xlite_clean_urls` (
  `id` int(10) unsigned NOT NULL AUTO_INCREMENT,
  `page_id` int(10) unsigned DEFAULT NULL,
  `news_message_id` int(10) unsigned DEFAULT NULL,
  `product_id` int(10) unsigned DEFAULT NULL,
  `category_id` int(10) unsigned DEFAULT NULL,
  `cleanURL` varchar(255) COLLATE utf8_unicode_ci DEFAULT NULL,
  PRIMARY KEY (`id`),
  KEY `IDX_F2542545C4663E4` (`page_id`),
  KEY `IDX_F2542545BF05C450` (`news_message_id`),
  KEY `IDX_F25425454584665A` (`product_id`),
  KEY `IDX_F254254512469DE2` (`category_id`),
  KEY `cleanURL` (`cleanURL`),
  CONSTRAINT `FK_F254254512469DE2` FOREIGN KEY (`category_id`) REFERENCES `xlite_categories` (`category_id`),
  CONSTRAINT `FK_F25425454584665A` FOREIGN KEY (`product_id`) REFERENCES `xlite_products` (`product_id`),
  CONSTRAINT `FK_F2542545BF05C450` FOREIGN KEY (`news_message_id`) REFERENCES `xlite_news` (`id`),
  CONSTRAINT `FK_F2542545C4663E4` FOREIGN KEY (`page_id`) REFERENCES `xlite_pages` (`id`)
) ENGINE=InnoDB DEFAULT CHARSET=utf8 COLLATE=utf8_unicode_ci;
INSERT INTO `xlite_clean_urls` VALUES (1,1,NULL,NULL,NULL,'terms-and-conditions.html'),(2,2,NULL,NULL,NULL,'shipping.html'),(3,NULL,NULL,1,NULL,'mordorable-fitted-ladies-tee.html'),(4,NULL,NULL,2,NULL,'octopus-cardigan.html'),(5,NULL,NULL,3,NULL,'spiderman-selfie-ladies-tee.html'),(6,NULL,NULL,4,NULL,'star-wars-tissue-weight-fitted-ladies-tee.html'),(7,NULL,NULL,5,NULL,'wonder-woman-hockey-stripe-ladies-tee.html'),(8,NULL,NULL,6,NULL,'star-trek-command-cycle-jersey.html'),(9,NULL,NULL,7,NULL,'star-trek-uniform-polos.html'),(10,NULL,NULL,8,NULL,'bow-ties-are-cool.html'),(11,NULL,NULL,9,NULL,'star-trek-tng-uniform-tee.html'),(12,NULL,NULL,10,NULL,'ewok-ladies-hooded-tank-top.html'),(13,NULL,NULL,11,NULL,'dota-2-series-3-micro-plush-blind-box.html'),(14,NULL,NULL,12,NULL,'minions-pop-vinyl-figures.html'),(15,NULL,NULL,13,NULL,'vinyl-idolz-ghostbusters.html'),(16,NULL,NULL,14,NULL,'dota-2-sniper-plush.html'),(17,NULL,NULL,15,NULL,'soft-kitty-singing-plush.html'),(18,NULL,NULL,16,NULL,'avengers-age-of-ultron-fabrikations-plush.html'),(19,NULL,NULL,17,NULL,'ollie-the-app-controlled-robot.html'),(20,NULL,NULL,18,NULL,'powerup-r-3-0-smartphone-controlled-paper-airplane.html'),(21,NULL,NULL,19,NULL,'chocolate-covered-edible-bugs-gift-pack.html'),(22,NULL,NULL,20,NULL,'canned-unicorn-meat.html'),(23,NULL,NULL,21,NULL,'the-thinkgeek-annoy-a-tron.html'),(24,NULL,NULL,22,NULL,'legendary-hero-8-bit-heart-bouquet.html'),(25,NULL,NULL,23,NULL,'executive-building-brick-set-chrome-.html'),(26,NULL,NULL,24,NULL,'blizzard-diablo-goblin-bank-with-sound.html'),(27,NULL,NULL,25,NULL,'ghostbusters-stay-puft-marshmallow-face-mug.html'),(28,NULL,NULL,26,NULL,'build-on-brick-mug.html'),(29,NULL,NULL,27,NULL,'superhero-mom-mug.html'),(30,NULL,NULL,28,NULL,'olloclip-iphone-macro-3-in-1-lens-system.html'),(31,NULL,NULL,29,NULL,'gunnar-vayper-gaming-glasses.html'),(32,NULL,NULL,30,NULL,'astro-a50-halo-edition.html'),(33,NULL,NULL,31,NULL,'cup-of-mojo-bluetooth-speaker.html'),(34,NULL,NULL,32,NULL,'jbl-pebbles-pc-speakers.html'),(35,NULL,NULL,33,NULL,'bright-idea-usb-powered-light-bulb.html'),(36,NULL,NULL,34,NULL,'mj-technology-android-tablet-with-built-in-hdtv-tuner.html'),(37,NULL,NULL,35,NULL,'bactrack-vio-bluetooth-app-enabled-breathalyzer.html'),(38,NULL,NULL,36,NULL,'coffee-cup-power-inverter-v2-0.html'),(39,NULL,NULL,37,NULL,'apple-iphone-6-16gb.html'),(40,NULL,NULL,38,NULL,'canon-ef-24-105mm-f-4l-is-usm.html'),(41,NULL,NULL,39,NULL,'apple-watch-sport-42mm-with-sport-band.html'),(42,NULL,NULL,40,NULL,'astro-a30-system.html'),(43,NULL,NULL,41,NULL,'apple-iphone-6-plus-options-amp-attributes-.html'),(44,NULL,NULL,42,NULL,'apple-iphone-5s.html'),(45,NULL,NULL,NULL,2,'igoods'),(46,NULL,NULL,NULL,3,'electronics'),(47,NULL,NULL,NULL,4,'apparel'),(48,NULL,NULL,NULL,5,'toys'),(49,NULL,NULL,NULL,6,'geek-toys'),(50,NULL,NULL,NULL,7,'office-pranks-and-cube-warfare'),(51,NULL,NULL,NULL,8,'home-and-office');
CREATE TABLE `xlite_config` (
  `config_id` int(11) NOT NULL AUTO_INCREMENT,
  `name` varchar(32) COLLATE utf8_unicode_ci NOT NULL,
  `category` varchar(64) COLLATE utf8_unicode_ci NOT NULL,
  `type` varchar(128) COLLATE utf8_unicode_ci NOT NULL,
  `orderby` int(11) NOT NULL,
  `value` longtext COLLATE utf8_unicode_ci NOT NULL,
  `widgetParameters` longtext COLLATE utf8_unicode_ci COMMENT '(DC2Type:array)',
  PRIMARY KEY (`config_id`),
  UNIQUE KEY `nc` (`name`,`category`),
  KEY `orderby` (`orderby`),
  KEY `type` (`type`)
) ENGINE=InnoDB DEFAULT CHARSET=utf8 COLLATE=utf8_unicode_ci;

CREATE TABLE `xlite_config_translations` (
  `label_id` int(11) NOT NULL AUTO_INCREMENT,
  `id` int(11) DEFAULT NULL,
  `option_name` varchar(255) COLLATE utf8_unicode_ci NOT NULL,
  `option_comment` longtext COLLATE utf8_unicode_ci NOT NULL,
  `code` char(2) COLLATE utf8_unicode_ci NOT NULL,
  PRIMARY KEY (`label_id`),
  KEY `ci` (`code`,`id`),
  KEY `id` (`id`),
  CONSTRAINT `FK_56A33BC3BF396750` FOREIGN KEY (`id`) REFERENCES `xlite_config` (`config_id`) ON DELETE CASCADE
) ENGINE=InnoDB DEFAULT CHARSET=utf8 COLLATE=utf8_unicode_ci;

CREATE TABLE `xlite_content_images` (
  `id` int(10) unsigned NOT NULL AUTO_INCREMENT,
  `width` int(11) NOT NULL,
  `height` int(11) NOT NULL,
  `hash` char(32) COLLATE utf8_unicode_ci DEFAULT NULL,
  `needProcess` tinyint(1) NOT NULL,
  `path` varchar(512) COLLATE utf8_unicode_ci NOT NULL,
  `fileName` varchar(255) COLLATE utf8_unicode_ci NOT NULL,
  `mime` varchar(128) COLLATE utf8_unicode_ci NOT NULL,
  `storageType` varchar(1) COLLATE utf8_unicode_ci NOT NULL,
  `size` int(10) unsigned NOT NULL,
  `date` int(10) unsigned NOT NULL,
  PRIMARY KEY (`id`)
) ENGINE=InnoDB DEFAULT CHARSET=utf8 COLLATE=utf8_unicode_ci;
CREATE TABLE `xlite_countries` (
  `code` char(2) COLLATE utf8_unicode_ci NOT NULL,
  `currency_id` int(10) unsigned DEFAULT NULL,
  `id` int(11) NOT NULL,
  `code3` char(3) COLLATE utf8_unicode_ci NOT NULL,
  `enabled` tinyint(1) NOT NULL,
  PRIMARY KEY (`code`),
  UNIQUE KEY `UNIQ_C4F7794977153098` (`code`),
  KEY `IDX_C4F7794938248176` (`currency_id`),
  KEY `enabled` (`enabled`),
  CONSTRAINT `FK_C4F7794938248176` FOREIGN KEY (`currency_id`) REFERENCES `xlite_currencies` (`currency_id`) ON DELETE CASCADE
) ENGINE=InnoDB DEFAULT CHARSET=utf8 COLLATE=utf8_unicode_ci;
INSERT INTO `xlite_countries` VALUES ('AD',978,20,'AND',1),('AE',784,784,'ARE',1),('AF',971,4,'AFG',1),('AG',951,28,'ATG',1),('AI',951,660,'AIA',1),('AL',8,8,'ALB',1),('AM',51,51,'ARM',1),('AO',973,24,'AGO',1),('AQ',NULL,10,'ATA',1),('AR',32,32,'ARG',1),('AS',840,16,'ASM',1),('AT',978,40,'AUT',1),('AU',36,36,'AUS',1),('AW',533,533,'ABW',1),('AX',978,248,'ALA',1),('AZ',944,31,'AZE',1),('BA',977,70,'BIH',1),('BB',52,52,'BRB',1),('BD',50,50,'BGD',1),('BE',978,56,'BEL',1),('BF',952,854,'BFA',1),('BG',975,100,'BGR',1),('BH',48,48,'BHR',1),('BI',108,108,'BDI',1),('BJ',952,204,'BEN',1),('BL',978,652,'BLM',1),('BM',60,60,'BMU',1),('BN',96,96,'BRN',1),('BO',68,68,'BOL',1),('BQ',840,535,'BES',1),('BR',986,76,'BRA',1),('BS',44,44,'BHS',1),('BT',356,64,'BTN',1),('BV',578,74,'BVT',1),('BW',72,72,'BWA',1),('BY',974,112,'BLR',1),('BZ',84,84,'BLZ',1),('CA',124,124,'CAN',1),('CC',36,166,'CCK',1),('CD',976,180,'COD',1),('CF',950,140,'CAF',1),('CG',950,178,'COG',1),('CH',756,756,'CHE',1),('CI',950,384,'CIV',1),('CK',554,184,'COK',1),('CL',152,152,'CHL',1),('CM',950,120,'CMR',1),('CN',156,156,'CHN',1),('CO',170,170,'COL',1),('CR',188,188,'CRI',1),('CU',192,192,'CUB',1),('CV',132,132,'CPV',1),('CW',532,531,'CUW',1),('CX',36,162,'CXR',1),('CY',978,196,'CYP',1),('CZ',203,203,'CZE',1),('DE',978,276,'DEU',1),('DJ',262,262,'DJI',1),('DK',208,208,'DNK',1),('DM',951,212,'DMA',1),('DO',214,214,'DOM',1),('DZ',12,12,'DZA',1),('EC',840,218,'ECU',1),('EE',978,233,'EST',1),('EG',818,818,'EGY',1),('EH',504,732,'ESH',1),('ER',232,232,'ERI',1),('ES',978,724,'ESP',1),('ET',230,231,'ETH',1),('FI',978,246,'FIN',1),('FJ',242,242,'FJI',1),('FK',238,238,'FLK',1),('FM',840,583,'FSM',1),('FO',208,234,'FRO',1),('FR',978,250,'FRA',1),('GA',950,266,'GAB',1),('GB',826,826,'GBR',1),('GD',951,308,'GRD',1),('GE',981,268,'GEO',1),('GF',978,254,'GUF',1),('GG',826,831,'GGY',1),('GH',936,288,'GHA',1),('GI',292,292,'GIB',1),('GL',208,304,'GRL',1),('GM',270,270,'GMB',1),('GN',324,324,'GIN',1),('GP',978,312,'GLP',1),('GQ',950,226,'GNQ',1),('GR',978,300,'GRC',1),('GS',826,239,'SGS',1),('GT',320,320,'GTM',1),('GU',840,316,'GUM',1),('GW',952,624,'GNB',1),('GY',328,328,'GUY',1),('HK',344,344,'HKG',1),('HM',36,334,'HMD',1),('HN',340,340,'HND',1),('HR',191,191,'HRV',1),('HT',332,332,'HTI',1),('HU',348,348,'HUN',1),('ID',360,360,'IDN',1),('IE',978,372,'IRL',1),('IL',376,376,'ISR',1),('IM',826,833,'IMN',1),('IN',356,356,'IND',1),('IO',840,86,'IOT',1),('IQ',368,368,'IRQ',1),('IR',364,364,'IRN',1),('IS',352,352,'ISL',1),('IT',978,380,'ITA',1),('JE',826,832,'JEY',1),('JM',388,388,'JAM',1),('JO',400,400,'JOR',1),('JP',392,392,'JPN',1),('KE',404,404,'KEN',1),('KG',417,417,'KGZ',1),('KH',116,116,'KHM',1),('KI',36,296,'KIR',1),('KM',174,174,'COM',1),('KN',951,659,'KNA',1),('KP',408,408,'PRK',1),('KR',410,410,'KOR',1),('KW',414,414,'KWT',1),('KY',136,136,'CYM',1),('KZ',398,398,'KAZ',1),('LA',418,418,'LAO',1),('LB',422,422,'LBN',1),('LC',951,662,'LCA',1),('LI',756,438,'LIE',1),('LK',144,144,'LKA',1),('LR',430,430,'LBR',1),('LS',426,426,'LSO',1),('LT',440,440,'LTU',1),('LU',978,442,'LUX',1),('LV',428,428,'LVA',1),('LY',434,434,'LBY',1),('MA',504,504,'MAR',1),('MC',978,492,'MCO',1),('MD',498,498,'MDA',1),('ME',978,499,'MNE',1),('MF',978,663,'MAF',1),('MG',969,450,'MDG',1),('MH',840,584,'MHL',1),('MK',807,807,'MKD',1),('ML',952,466,'MLI',1),('MM',64,104,'MMR',1),('MN',496,496,'MNG',1),('MO',446,446,'MAC',1),('MP',840,580,'MNP',1),('MQ',978,474,'MTQ',1),('MR',478,478,'MRT',1),('MS',951,500,'MSR',1),('MT',978,470,'MLT',1),('MU',480,480,'MUS',1),('MV',462,462,'MDV',1),('MW',454,454,'MWI',1),('MX',484,484,'MEX',1),('MY',458,458,'MYS',1),('MZ',943,508,'MOZ',1),('NA',516,516,'NAM',1),('NC',953,540,'NCL',1),('NE',952,562,'NER',1),('NF',36,574,'NFK',1),('NG',566,566,'NGA',1),('NI',558,558,'NIC',1),('NL',978,528,'NLD',1),('NO',578,578,'NOR',1),('NP',524,524,'NPL',1),('NR',36,520,'NRU',1),('NU',554,570,'NIU',1),('NZ',554,554,'NZL',1),('OM',512,512,'OMN',1),('PA',590,591,'PAN',1),('PE',604,604,'PER',1),('PF',953,258,'PYF',1),('PG',598,598,'PNG',1),('PH',608,608,'PHL',1),('PK',586,586,'PAK',1),('PL',985,616,'POL',1),('PM',978,666,'SPM',1),('PN',554,612,'PCN',1),('PR',840,630,'PRI',1),('PS',400,275,'PSE',1),('PT',978,620,'PRT',1),('PW',840,585,'PLW',1),('PY',600,600,'PRY',1),('QA',634,634,'QAT',1),('RE',978,638,'REU',1),('RO',946,642,'ROU',1),('RS',941,688,'SRB',1),('RU',643,643,'RUS',1),('RW',646,646,'RWA',1),('SA',682,682,'SAU',1),('SB',90,90,'SLB',1),('SC',690,690,'SYC',1),('SD',938,729,'SDN',1),('SE',752,752,'SWE',1),('SG',702,702,'SGP',1),('SH',654,654,'SHN',1),('SI',978,705,'SVN',1),('SJ',978,744,'SJM',1),('SK',978,703,'SVK',1),('SL',694,694,'SLE',1),('SM',978,674,'SMR',1),('SN',952,686,'SEN',1),('SO',706,706,'SOM',1),('SR',968,740,'SUR',1),('SS',728,728,'SSD',1),('ST',678,678,'STP',1),('SV',222,222,'SLV',1),('SX',532,534,'SXM',1),('SY',760,760,'SYR',1),('SZ',748,748,'SWZ',1),('TC',840,796,'TCA',1),('TD',950,148,'TCD',1),('TF',978,260,'ATF',1),('TG',952,768,'TGO',1),('TH',764,764,'THA',1),('TJ',972,762,'TJK',1),('TK',554,772,'TKL',1),('TL',840,626,'TLS',1),('TM',934,795,'TKM',1),('TN',788,788,'TUN',1),('TO',776,776,'TON',1),('TR',949,792,'TUR',1),('TT',780,780,'TTO',1),('TV',36,798,'TUV',1),('TW',901,158,'TWN',1),('TZ',834,834,'TZA',1),('UA',980,804,'UKR',1),('UG',800,800,'UGA',1),('UM',840,581,'UMI',1),('US',840,840,'USA',1),('UY',858,858,'URY',1),('UZ',860,860,'UZB',1),('VA',978,336,'VAT',1),('VC',951,670,'VCT',1),('VE',937,862,'VEN',1),('VG',840,92,'VGB',1),('VI',840,850,'VIR',1),('VN',704,704,'VNM',1),('VU',548,548,'VUT',1),('WF',953,876,'WLF',1),('WS',882,882,'WSM',1),('YE',886,887,'YEM',1),('YT',978,175,'MYT',1),('ZA',710,710,'ZAF',1),('ZM',894,894,'ZMB',1),('ZW',932,716,'ZWE',1);
CREATE TABLE `xlite_country_translations` (
  `label_id` int(11) NOT NULL AUTO_INCREMENT,
  `id` char(2) COLLATE utf8_unicode_ci DEFAULT NULL,
  `country` varchar(64) COLLATE utf8_unicode_ci NOT NULL,
  `code` char(2) COLLATE utf8_unicode_ci NOT NULL,
  PRIMARY KEY (`label_id`),
  KEY `ci` (`code`,`id`),
  KEY `country` (`country`),
  KEY `id` (`id`),
  CONSTRAINT `FK_758727C3BF396750` FOREIGN KEY (`id`) REFERENCES `xlite_countries` (`code`) ON DELETE CASCADE
) ENGINE=InnoDB DEFAULT CHARSET=utf8 COLLATE=utf8_unicode_ci;
INSERT INTO `xlite_country_translations` VALUES (1,'AF','Afghanistan','en'),(2,'AX','Åland Islands','en'),(3,'AL','Albania','en'),(4,'DZ','Algeria','en'),(5,'AS','American Samoa','en'),(6,'AD','Andorra','en'),(7,'AO','Angola','en'),(8,'AI','Anguilla','en'),(9,'AQ','Antarctica','en'),(10,'AG','Antigua and Barbuda','en'),(11,'AR','Argentina','en'),(12,'AM','Armenia','en'),(13,'AW','Aruba','en'),(14,'AU','Australia','en'),(15,'AT','Austria','en'),(16,'AZ','Azerbaijan','en'),(17,'BS','Bahamas','en'),(18,'BH','Bahrain','en'),(19,'BD','Bangladesh','en'),(20,'BB','Barbados','en'),(21,'BY','Belarus','en'),(22,'BE','Belgium','en'),(23,'BZ','Belize','en'),(24,'BJ','Benin','en'),(25,'BM','Bermuda','en'),(26,'BT','Bhutan','en'),(27,'BO','Bolivia, Plurinational State of','en'),(28,'BQ','Bonaire, Sint Eustatius and Saba','en'),(29,'BA','Bosnia and Herzegowina','en'),(30,'BW','Botswana','en'),(31,'BV','Bouvet Island','en'),(32,'BR','Brazil','en'),(33,'IO','British Indian Ocean Territory','en'),(34,'BN','Brunei Darussalam','en'),(35,'BG','Bulgaria','en'),(36,'BF','Burkina Faso','en'),(37,'BI','Burundi','en'),(38,'KH','Cambodia','en'),(39,'CM','Cameroon','en'),(40,'CA','Canada','en'),(41,'CV','Cape Verde','en'),(42,'KY','Cayman Islands','en'),(43,'CF','Central African Republic','en'),(44,'TD','Chad','en'),(45,'CL','Chile','en'),(46,'CN','China','en'),(47,'CX','Christmas Island','en'),(48,'CC','Cocos (Keeling) Islands','en'),(49,'CO','Colombia','en'),(50,'KM','Comoros','en'),(51,'CG','Congo','en'),(52,'CD','Congo, the Democratic Republic of the','en'),(53,'CK','Cook Islands','en'),(54,'CR','Costa Rica','en'),(55,'CI','Côte d\'Ivoire','en'),(56,'HR','Croatia','en'),(57,'CU','Cuba','en'),(58,'CW','Curaçao','en'),(59,'CY','Cyprus','en'),(60,'CZ','Czech Republic','en'),(61,'DK','Denmark','en'),(62,'DJ','Djibouti','en'),(63,'DM','Dominica','en'),(64,'DO','Dominican Republic','en'),(65,'EC','Ecuador','en'),(66,'EG','Egypt','en'),(67,'SV','El Salvador','en'),(68,'GQ','Equatorial Guinea','en'),(69,'ER','Eritrea','en'),(70,'EE','Estonia','en'),(71,'ET','Ethiopia','en'),(72,'FK','Falkland Islands (Malvinas)','en'),(73,'FO','Faroe Islands','en'),(74,'FJ','Fiji','en'),(75,'FI','Finland','en'),(76,'FR','France','en'),(77,'GF','French Guiana','en'),(78,'PF','French Polynesia','en'),(79,'TF','French Southern Territories','en'),(80,'GA','Gabon','en'),(81,'GM','Gambia','en'),(82,'GE','Georgia','en'),(83,'DE','Germany','en'),(84,'GH','Ghana','en'),(85,'GI','Gibraltar','en'),(86,'GR','Greece','en'),(87,'GL','Greenland','en'),(88,'GD','Grenada','en'),(89,'GP','Guadeloupe','en'),(90,'GU','Guam','en'),(91,'GT','Guatemala','en'),(92,'GG','Guernsey','en'),(93,'GN','Guinea','en'),(94,'GW','Guinea-Bissau','en'),(95,'GY','Guyana','en'),(96,'HT','Haiti','en'),(97,'HM','Heard and McDonald Islands','en'),(98,'VA','Holy See (Vatican City State)','en'),(99,'HN','Honduras','en'),(100,'HK','Hong Kong','en'),(101,'HU','Hungary','en'),(102,'IS','Iceland','en'),(103,'IN','India','en'),(104,'ID','Indonesia','en'),(105,'IR','Iran, Islamic Republic of','en'),(106,'IQ','Iraq','en'),(107,'IE','Ireland','en'),(108,'IM','Isle of Man','en'),(109,'IL','Israel','en'),(110,'IT','Italy','en'),(111,'JM','Jamaica','en'),(112,'JP','Japan','en'),(113,'JE','Jersey','en'),(114,'JO','Jordan','en'),(115,'KZ','Kazakhstan','en'),(116,'KE','Kenya','en'),(117,'KI','Kiribati','en'),(118,'KP','Korea, Democratic People\'s Republic of','en'),(119,'KR','Korea, Republic of','en'),(120,'KW','Kuwait','en'),(121,'KG','Kyrgyzstan','en'),(122,'LA','Lao People\'s Democratic Republic','en'),(123,'LV','Latvia','en'),(124,'LB','Lebanon','en'),(125,'LS','Lesotho','en'),(126,'LR','Liberia','en'),(127,'LY','Libya','en'),(128,'LI','Liechtenstein','en'),(129,'LT','Lithuania','en'),(130,'LU','Luxembourg','en'),(131,'MO','Macao','en'),(132,'MK','Macedonia','en'),(133,'MG','Madagascar','en'),(134,'MW','Malawi','en'),(135,'MY','Malaysia','en'),(136,'MV','Maldives','en'),(137,'ML','Mali','en'),(138,'MT','Malta','en'),(139,'MH','Marshall Islands','en'),(140,'MQ','Martinique','en'),(141,'MR','Mauritania','en'),(142,'MU','Mauritius','en'),(143,'YT','Mayotte','en'),(144,'MX','Mexico','en'),(145,'FM','Micronesia, Federated States of','en'),(146,'MD','Moldova, Republic of','en'),(147,'MC','Monaco','en'),(148,'MN','Mongolia','en'),(149,'ME','Montenegro','en'),(150,'MS','Montserrat','en'),(151,'MA','Morocco','en'),(152,'MZ','Mozambique','en'),(153,'MM','Myanmar','en'),(154,'NA','Namibia','en'),(155,'NR','Nauru','en'),(156,'NP','Nepal','en'),(157,'NL','Netherlands','en'),(158,'NC','New Caledonia','en'),(159,'NZ','New Zealand','en'),(160,'NI','Nicaragua','en'),(161,'NE','Niger','en'),(162,'NG','Nigeria','en'),(163,'NU','Niue','en'),(164,'NF','Norfolk Island','en'),(165,'MP','Northern Mariana Islands','en'),(166,'NO','Norway','en'),(167,'OM','Oman','en'),(168,'PK','Pakistan','en'),(169,'PW','Palau','en'),(170,'PS','Palestinian Territory, Occupied','en'),(171,'PA','Panama','en'),(172,'PG','Papua New Guinea','en'),(173,'PY','Paraguay','en'),(174,'PE','Peru','en'),(175,'PH','Philippines','en'),(176,'PN','Pitcairn','en'),(177,'PL','Poland','en'),(178,'PT','Portugal','en'),(179,'PR','Puerto Rico','en'),(180,'QA','Qatar','en'),(181,'RE','Réunion','en'),(182,'RO','Romania','en'),(183,'RU','Russian Federation','en'),(184,'RW','Rwanda','en'),(185,'BL','Saint Barthélemy','en'),(186,'SH','Saint Helena, Ascension and Tristan da Cunha','en'),(187,'KN','Saint Kitts and Nevis','en'),(188,'LC','Saint Lucia','en'),(189,'MF','Saint Martin','en'),(190,'PM','Saint Pierre and Miquelon','en'),(191,'VC','Saint Vincent and the Grenadines','en'),(192,'WS','Samoa','en'),(193,'SM','San Marino','en'),(194,'ST','Sao Tome and Principe','en'),(195,'SA','Saudi Arabia','en'),(196,'SN','Senegal','en'),(197,'RS','Serbia','en'),(198,'SC','Seychelles','en'),(199,'SL','Sierra Leone','en'),(200,'SG','Singapore','en'),(201,'SX','Sint Maarten','en'),(202,'SK','Slovakia','en'),(203,'SI','Slovenia','en'),(204,'SB','Solomon Islands','en'),(205,'SO','Somalia','en'),(206,'ZA','South Africa','en'),(207,'GS','South Georgia and the South Sandwich Islands','en'),(208,'SS','South Sudan','en'),(209,'ES','Spain','en'),(210,'LK','Sri Lanka','en'),(211,'SD','Sudan','en'),(212,'SR','Suriname','en'),(213,'SJ','Svalbard and Jan Mayen','en'),(214,'SZ','Swaziland','en'),(215,'SE','Sweden','en'),(216,'CH','Switzerland','en'),(217,'SY','Syrian Arab Republic','en'),(218,'TW','Taiwan, Province of China','en'),(219,'TJ','Tajikistan','en'),(220,'TZ','Tanzania, United Republic of','en'),(221,'TH','Thailand','en'),(222,'TL','Timor-Leste','en'),(223,'TG','Togo','en'),(224,'TK','Tokelau','en'),(225,'TO','Tonga','en'),(226,'TT','Trinidad and Tobago','en'),(227,'TN','Tunisia','en'),(228,'TR','Turkey','en'),(229,'TM','Turkmenistan','en'),(230,'TC','Turks and Caicos Islands','en'),(231,'TV','Tuvalu','en'),(232,'UG','Uganda','en'),(233,'UA','Ukraine','en'),(234,'AE','United Arab Emirates','en'),(235,'GB','United Kingdom','en'),(236,'US','United States','en'),(237,'UM','United States Minor Outlying Islands','en'),(238,'UY','Uruguay','en'),(239,'UZ','Uzbekistan','en'),(240,'VU','Vanuatu','en'),(241,'VE','Venezuela, Bolivarian Republic of','en'),(242,'VN','Viet Nam','en'),(243,'VG','Virgin Islands, British','en'),(244,'VI','Virgin Islands, U.S.','en'),(245,'WF','Wallis And Futuna Islands','en'),(246,'EH','Western Sahara','en'),(247,'YE','Yemen','en'),(248,'ZM','Zambia','en'),(249,'ZW','Zimbabwe','en');
CREATE TABLE `xlite_coupon_categories` (
  `coupon_id` int(10) unsigned NOT NULL,
  `category_id` int(10) unsigned NOT NULL,
  PRIMARY KEY (`coupon_id`,`category_id`),
  KEY `IDX_2EB1BB6066C5951B` (`coupon_id`),
  KEY `IDX_2EB1BB6012469DE2` (`category_id`),
  CONSTRAINT `FK_2EB1BB6012469DE2` FOREIGN KEY (`category_id`) REFERENCES `xlite_categories` (`category_id`) ON DELETE CASCADE,
  CONSTRAINT `FK_2EB1BB6066C5951B` FOREIGN KEY (`coupon_id`) REFERENCES `xlite_coupons` (`id`) ON DELETE CASCADE
) ENGINE=InnoDB DEFAULT CHARSET=utf8 COLLATE=utf8_unicode_ci;
CREATE TABLE `xlite_coupons` (
  `id` int(10) unsigned NOT NULL AUTO_INCREMENT,
  `code` char(16) COLLATE utf8_unicode_ci NOT NULL,
  `enabled` tinyint(1) NOT NULL,
  `value` decimal(14,4) NOT NULL,
  `type` char(1) COLLATE utf8_unicode_ci NOT NULL,
  `comment` varchar(64) COLLATE utf8_unicode_ci NOT NULL,
  `uses` int(10) unsigned NOT NULL,
  `dateRangeBegin` int(10) unsigned NOT NULL,
  `dateRangeEnd` int(10) unsigned NOT NULL,
  `totalRangeBegin` decimal(14,4) NOT NULL,
  `totalRangeEnd` decimal(14,4) NOT NULL,
  `usesLimit` int(10) unsigned NOT NULL,
  `usesLimitPerUser` int(10) unsigned NOT NULL,
  `singleUse` tinyint(1) NOT NULL,
  PRIMARY KEY (`id`),
  KEY `ce` (`code`,`enabled`)
) ENGINE=InnoDB DEFAULT CHARSET=utf8 COLLATE=utf8_unicode_ci;
CREATE TABLE `xlite_currencies` (
  `currency_id` int(10) unsigned NOT NULL,
  `code` char(3) COLLATE utf8_unicode_ci NOT NULL,
  `symbol` varchar(16) COLLATE utf8_unicode_ci NOT NULL,
  `prefix` varchar(32) COLLATE utf8_unicode_ci NOT NULL,
  `suffix` varchar(32) COLLATE utf8_unicode_ci NOT NULL,
  `e` smallint(6) NOT NULL,
  `decimalDelimiter` varchar(8) COLLATE utf8_unicode_ci NOT NULL,
  `thousandDelimiter` varchar(8) COLLATE utf8_unicode_ci NOT NULL,
  PRIMARY KEY (`currency_id`),
  UNIQUE KEY `UNIQ_903AF16077153098` (`code`),
  KEY `code` (`code`)
) ENGINE=InnoDB DEFAULT CHARSET=utf8 COLLATE=utf8_unicode_ci;
INSERT INTO `xlite_currencies` VALUES (8,'ALL','L','L','',2,'.',''),(12,'DZD','د.ج','د.ج','',2,'.',''),(32,'ARS','$','$','',2,'.',''),(36,'AUD','$','$','',2,'.',''),(44,'BSD','$','$','',2,'.',''),(48,'BHD','.د.ب','.د.ب','',3,'.',''),(50,'BDT','৳','৳','',2,'.',''),(51,'AMD','դր.','դր.','',2,'.',''),(52,'BBD','$','$','',2,'.',''),(60,'BMD','$','$','',2,'.',''),(64,'BTN','Nu','Nu','',2,'.',''),(68,'BOB','$','$','',2,'.',''),(72,'BWP','P','P','',2,'.',''),(84,'BZD','$','$','',2,'.',''),(90,'SBD','$','$','',2,'.',''),(96,'BND','$','$','',2,'.',''),(104,'MMK','K','K','',2,'.',''),(108,'BIF','₣','₣','',0,'.',''),(116,'KHR','$','$','',2,'.',''),(124,'CAD','$','$','',2,'.',''),(132,'CVE','$','$','',2,'.',''),(136,'KYD','$','$','',2,'.',''),(144,'LKR','Re','Re','',2,'.',''),(152,'CLP','$','$','',0,'.',''),(156,'CNY','¥','¥','',2,'.',''),(170,'COP','$','$','',2,'.',''),(174,'KMF','₣','₣','',0,'.',''),(188,'CRC','₡','₡','',2,'.',''),(191,'HRK','Kn','Kn','',2,'.',''),(192,'CUP','$','$','',2,'.',''),(203,'CZK','Kč','Kč','',2,'.',''),(208,'DKK','kr','kr','',2,'.',''),(214,'DOP','$','$','',2,'.',''),(222,'SVC','₡','₡','',2,'.',''),(230,'ETB','Br','Br','',2,'.',''),(232,'ERN','Nfk','Nfk','',2,'.',''),(238,'FKP','£','£','',2,'.',''),(242,'FJD','$','$','',2,'.',''),(262,'DJF','₣','₣','',0,'.',''),(270,'GMD','D','D','',2,'.',''),(292,'GIP','£','£','',2,'.',''),(320,'GTQ','Q','Q','',2,'.',''),(324,'GNF','₣','₣','',0,'.',''),(328,'GYD','$','$','',2,'.',''),(332,'HTG','G','G','',2,'.',''),(340,'HNL','L','L','',2,'.',''),(344,'HKD','$','$','',2,'.',''),(348,'HUF','ƒ','ƒ','',2,'.',''),(352,'ISK','kr','kr','',0,'.',''),(356,'INR','₹','₹','',2,'.',''),(360,'IDR','Rp','Rp','',0,'.',''),(364,'IRR','﷼','﷼','',2,'.',''),(368,'IQD','ع.د','ع.د','',3,'.',''),(376,'ILS','₪','₪','',2,'.',''),(388,'JMD','$','$','',2,'.',''),(392,'JPY','¥','¥','',0,'.',''),(398,'KZT','₸','₸','',2,'.',''),(400,'JOD','د.ا','د.ا','',3,'.',''),(404,'KES','KSh','KSh','',2,'.',''),(408,'KPW','₩','₩','',2,'.',''),(410,'KRW','₩','₩','',0,'.',''),(414,'KWD','د.ك','د.ك','',3,'.',''),(417,'KGS','C','C','',2,'.',''),(418,'LAK','₭','₭','',2,'.',''),(422,'LBP','.ل.ل','.ل.ل','',2,'.',''),(426,'LSL','L','L','',2,'.',''),(428,'LVL','Ls','Ls','',2,'.',''),(430,'LRD','$','$','',2,'.',''),(434,'LYD','ل.د','ل.د','',3,'.',''),(440,'LTL','Lt','Lt','',2,'.',''),(446,'MOP','$','$','',2,'.',''),(454,'MWK','K','K','',2,'.',''),(458,'MYR','RM','RM','',2,'.',''),(462,'MVR','Rf','Rf','',2,'.',''),(478,'MRO','UM','UM','',0,'.',''),(480,'MUR','Re','Re','',2,'.',''),(484,'MXN','$','$','',2,'.',''),(496,'MNT','₮','₮','',2,'.',''),(498,'MDL','L','L','',2,'.',''),(504,'MAD','د. م.','د. م.','',2,'.',''),(512,'OMR','ر.ع.','ر.ع.','',3,'.',''),(516,'NAD','N$','N$','',2,'.',''),(524,'NPR','Re','Re','',2,'.',''),(532,'ANG','ƒ','ƒ','',2,'.',''),(533,'AWG','ƒ','ƒ','',2,'.',''),(548,'VUV','Vt','Vt','',0,'.',''),(554,'NZD','$','$','',2,'.',''),(558,'NIO','$','$','',2,'.',''),(566,'NGN','₦','₦','',2,'.',''),(578,'NOK','kr','kr','',2,'.',''),(586,'PKR','Re','Re','',2,'.',''),(590,'PAB','B/.','B/.','',2,'.',''),(598,'PGK','K','K','',2,'.',''),(600,'PYG','₲','₲','',0,'.',''),(604,'PEN','S/.','S/.','',2,'.',''),(608,'PHP','₱','₱','',2,'.',''),(634,'QAR','ر.ق','ر.ق','',2,'.',''),(643,'RUB','р.','','р.',2,'.',''),(646,'RWF','₣','₣','',0,'.',''),(654,'SHP','£','£','',2,'.',''),(678,'STD','Db','Db','',2,'.',''),(682,'SAR','ر.س','ر.س','',2,'.',''),(690,'SCR','Re','Re','',2,'.',''),(694,'SLL','Le','Le','',2,'.',''),(702,'SGD','$','$','',2,'.',''),(704,'VND','₫','₫','',0,'.',''),(706,'SOS','S','S','',2,'.',''),(710,'ZAR','R','R','',2,'.',''),(728,'SSP','SSP','SSP','',2,'.',''),(748,'SZL','L','L','',2,'.',''),(752,'SEK','kr','kr','',2,'.',''),(756,'CHF','₣','₣','',2,'.',''),(760,'SYP','S£','S£','',2,'.',''),(764,'THB','฿','฿','',2,'.',''),(776,'TOP','$','$','',2,'.',''),(780,'TTD','$','$','',2,'.',''),(784,'AED','د.إ','د.إ','',2,'.',''),(788,'TND','د.ت','د.ت','',3,'.',''),(800,'UGX','USh','USh','',2,'.',''),(807,'MKD','ден.','ден.','',2,'.',''),(818,'EGP','LE','LE','',2,'.',''),(826,'GBP','£','£','',2,'.',''),(834,'TZS','TSh','TSh','',2,'.',''),(840,'USD','$','$','',2,'.',''),(858,'UYU','$','$','',2,'.',''),(860,'UZS','сўм','сўм','',2,'.',''),(882,'WST','$','$','',2,'.',''),(886,'YER','﷼','﷼','',2,'.',''),(894,'ZMK','K','K','',2,'.',''),(901,'TWD','NT$','NT$','',2,'.',''),(932,'ZWL','Z$','Z$','',2,'.',''),(934,'TMT','m','m','',2,'.',''),(936,'GHS','₵','₵','',2,'.',''),(937,'VEF','Bs','Bs','',2,'.',''),(938,'SDG','£','£','',2,'.',''),(941,'RSD','дин.','дин.','',2,'.',''),(943,'MZN','MT','MT','',2,'.',''),(944,'AZN','m','m','',2,'.',''),(946,'RON','L','L','',2,'.',''),(949,'TRY','₤','₤','',2,'.',''),(950,'XAF','₣','₣','',0,'.',''),(951,'XCD','$','$','',2,'.',''),(952,'XOF','₣','₣','',0,'.',''),(953,'XPF','₣','₣','',0,'.',''),(968,'SRD','$','$','',2,'.',''),(969,'MGA','Ar.','Ar.','',0,'.',''),(971,'AFN','؋','؋','',2,'.',''),(972,'TJS','с.','с.','',2,'.',''),(973,'AOA','Kz','Kz','',2,'.',''),(974,'BYR','Br','','Br',0,'.',''),(975,'BGN','лв','лв','',2,'.',''),(976,'CDF','₣','₣','',2,'.',''),(977,'BAM','KM','KM','',2,'.',''),(978,'EUR','€','€','',2,'.',''),(980,'UAH','₴','₴','',2,'.',''),(981,'GEL','ლ.','ლ.','',2,'.',''),(985,'PLN','zł','zł','',2,'.',''),(986,'BRL','$','$','',2,'.','');
CREATE TABLE `xlite_currency_translations` (
  `label_id` int(11) NOT NULL AUTO_INCREMENT,
  `id` int(10) unsigned DEFAULT NULL,
  `name` varchar(255) COLLATE utf8_unicode_ci NOT NULL,
  `code` char(2) COLLATE utf8_unicode_ci NOT NULL,
  PRIMARY KEY (`label_id`),
  KEY `ci` (`code`,`id`),
  KEY `id` (`id`),
  CONSTRAINT `FK_E560C647BF396750` FOREIGN KEY (`id`) REFERENCES `xlite_currencies` (`currency_id`) ON DELETE CASCADE
) ENGINE=InnoDB DEFAULT CHARSET=utf8 COLLATE=utf8_unicode_ci;
INSERT INTO `xlite_currency_translations` VALUES (1,784,'UAE Dirtham','en'),(2,971,'Afghani','en'),(3,8,'Lek','en'),(4,51,'Armenian Dram','en'),(5,532,'Netherlands Antillian Guilder','en'),(6,973,'Kwanza','en'),(7,32,'Argentine Peso','en'),(8,36,'Australian Dollar','en'),(9,533,'Aruban Guilder','en'),(10,944,'Azerbaijanian Manat','en'),(11,977,'Convertible Marks','en'),(12,52,'Barbados Dollar','en'),(13,50,'Bangladesh Taka','en'),(14,975,'Bulgarian Lev','en'),(15,48,'Bahraini dinar','en'),(16,108,'Burundi Franc','en'),(17,60,'Bermudian Dollar','en'),(18,96,'Brunei Dollar','en'),(19,68,'Boliviano','en'),(20,986,'Brazilian Real','en'),(21,44,'Bahamian dollar','en'),(22,64,'Ngultrum','en'),(23,72,'Botswana Pula','en'),(24,974,'Belarussian Rouble','en'),(25,84,'Belize Dollar','en'),(26,124,'Canadian Dollar','en'),(27,976,'Franc Congolais','en'),(28,756,'Swiss Franc','en'),(29,152,'Chilean Peso','en'),(30,156,'Chinese Renminbi Yuan','en'),(31,170,'Colombian Peso','en'),(32,188,'Cost Rican Colon','en'),(33,192,'Cuban Peso','en'),(34,132,'Cape Verde Escudo','en'),(35,203,'Czech Koruna','en'),(36,262,'Djibouti Franc','en'),(37,208,'Danish Krone','en'),(38,214,'Dominican Peso','en'),(39,12,'Algerian Dinar','en'),(40,818,'Egyptian Pound','en'),(41,232,'Nakfa','en'),(42,230,'Ethiopian Birr','en'),(43,978,'Euro','en'),(44,242,'Fiji Dollar','en'),(45,238,'Falkland Islands Pound','en'),(46,826,'Pound Sterling','en'),(47,981,'Lari','en'),(48,936,'Ghana Cedi','en'),(49,292,'Gilbraltar Pound','en'),(50,270,'Dalasi','en'),(51,324,'Guinea Franc','en'),(52,320,'Quetzal','en'),(53,328,'Guyana Dollar','en'),(54,344,'Hong Kong Dollar','en'),(55,340,'Lempira','en'),(56,191,'Croatian Kuna','en'),(57,332,'Gourde','en'),(58,348,'Hungary Forint','en'),(59,360,'Indonesian Rupiah','en'),(60,376,'New Israeli Sheqel','en'),(61,356,'Indian Rupee','en'),(62,368,'Iraqi Dinar','en'),(63,364,'Iranian Rial','en'),(64,352,'Iceland Krona','en'),(65,388,'Jamaican Dollar','en'),(66,400,'Jordanian Dinar','en'),(67,392,'Japanese Yen','en'),(68,404,'Kenyan Shilling','en'),(69,417,'Son','en'),(70,116,'Cambodian riel','en'),(71,174,'Comoro Franc','en'),(72,408,'North Korean Won','en'),(73,410,'South Korean Won','en'),(74,414,'Kuwaiti Dinar','en'),(75,136,'Cayman Islands Dollar','en'),(76,398,'Tenge','en'),(77,418,'Kip','en'),(78,422,'Lebanese Pound','en'),(79,144,'Sri Lanka Rupee','en'),(80,430,'Liberian Dollar','en'),(81,426,'Loti','en'),(82,440,'Lithuanian Litus','en'),(83,428,'Latvian Lats','en'),(84,434,'Libyan Dinar','en'),(85,504,'Moroccan Dirtham','en'),(86,498,'Moldovan Leu','en'),(87,969,'Malagasy Ariary','en'),(88,807,'Denar','en'),(89,104,'Kyat','en'),(90,496,'Tugrik','en'),(91,446,'Pataca','en'),(92,478,'Ouguiya','en'),(93,480,'Mauritius Rupee','en'),(94,462,'Rufiyaa','en'),(95,454,'Malawian kwacha','en'),(96,484,'Mexican Peso','en'),(97,458,'Ringgit Malaysia','en'),(98,943,'Mozambique Metical','en'),(99,516,'Namibia Dollar','en'),(100,566,'Naira','en'),(101,558,'Cordoba Oro','en'),(102,578,'Norwegian Krone','en'),(103,524,'Nepalese Rupee','en'),(104,554,'New Zealand Dollar','en'),(105,512,'Rial Omani','en'),(106,590,'Balboa','en'),(107,604,'Nuevo Sol','en'),(108,598,'Kina','en'),(109,608,'Philippine Peso','en'),(110,586,'Pakistan Rupee','en'),(111,985,'Polish Zloty','en'),(112,600,'Guarani','en'),(113,634,'Qatari Rial','en'),(114,946,'Romanian Leu','en'),(115,941,'Serbian Dinar','en'),(116,643,'Russian Ruble','en'),(117,646,'Rwanda Franc','en'),(118,682,'Saudi Riyal','en'),(119,90,'Solomon Islands Dollar','en'),(120,690,'Seychelles Rupee','en'),(121,938,'Sudanese Pound','en'),(122,752,'Swedish Krona','en'),(123,702,'Singapore Dollar','en'),(124,654,'Saint Helena Pound','en'),(125,694,'Leone','en'),(126,706,'Somali Shilling','en'),(127,968,'Surinam Dollar','en'),(128,728,'South Sudanese Pound','en'),(129,678,'Dobra','en'),(130,222,'El Salvador Colon','en'),(131,760,'Syrian Pound','en'),(132,748,'Lilangeni','en'),(133,764,'Thailand Baht','en'),(134,972,'Somoni','en'),(135,934,'Turkmenistan New Manat','en'),(136,788,'Tunisian Dinar','en'),(137,776,'Pa\'anga','en'),(138,949,'Turkish Lira','en'),(139,780,'Trinidad and Tobago Dollar','en'),(140,901,'New Taiwan Dollar','en'),(141,834,'Tanzanian Shilling','en'),(142,980,'Hryvnia','en'),(143,800,'Uganda Shilling','en'),(144,840,'US Dollar','en'),(145,858,'Peso Uruguayo','en'),(146,860,'Uzbekistan som','en'),(147,937,'Bolivar Fuerte','en'),(148,704,'Vietnamese Dong','en'),(149,548,'Vatu','en'),(150,882,'Tala','en'),(151,950,'CFA Franc BEAC','en'),(152,951,'East Caribbean Dollar','en'),(153,952,'CFA Franc BCEAO','en'),(154,953,'CFP Franc','en'),(155,886,'Yemeni Rial','en'),(156,710,'South Africa Rand','en'),(157,894,'Zambian kwacha','en'),(158,932,'Zimbabwe Dollar','en');
CREATE TABLE `xlite_data_source_parameters` (
  `id` int(10) unsigned NOT NULL AUTO_INCREMENT,
  `data_source_id` int(10) unsigned DEFAULT NULL,
  `name` varchar(255) COLLATE utf8_unicode_ci NOT NULL,
  `value` longtext COLLATE utf8_unicode_ci NOT NULL,
  PRIMARY KEY (`id`),
  KEY `IDX_6D9196CA1A935C57` (`data_source_id`),
  CONSTRAINT `FK_6D9196CA1A935C57` FOREIGN KEY (`data_source_id`) REFERENCES `xlite_data_sources` (`id`) ON DELETE CASCADE
) ENGINE=InnoDB DEFAULT CHARSET=utf8 COLLATE=utf8_unicode_ci;
CREATE TABLE `xlite_data_sources` (
  `id` int(10) unsigned NOT NULL AUTO_INCREMENT,
  `type` varchar(255) COLLATE utf8_unicode_ci NOT NULL,
  PRIMARY KEY (`id`)
) ENGINE=InnoDB DEFAULT CHARSET=utf8 COLLATE=utf8_unicode_ci;
CREATE TABLE `xlite_entity_type_versions` (
  `id` int(11) NOT NULL AUTO_INCREMENT,
  `entityType` varchar(255) COLLATE utf8_unicode_ci NOT NULL,
  `version` char(36) COLLATE utf8_unicode_ci NOT NULL COMMENT '(DC2Type:guid)',
  PRIMARY KEY (`id`),
  UNIQUE KEY `UNIQ_4A1BBA741F08814A` (`entityType`)
) ENGINE=InnoDB DEFAULT CHARSET=utf8 COLLATE=utf8_unicode_ci;
INSERT INTO `xlite_entity_type_versions` VALUES (1,'XLite\\Model\\Config','0344b7c9-aaf5-4d8c-b509-c19db931bef3'),(2,'XLite\\Model\\ConfigTranslation','e3919fec-97a5-4c9f-a2e9-babb8e40749f'),(3,'XLite\\Model\\Category','9b510b46-f35d-46b0-b0c2-973f1b31f577'),(4,'XLite\\Model\\CategoryTranslation','e8c86dcc-67d0-4401-9933-3d893f8cafb9'),(5,'XLite\\Model\\Category\\QuickFlags','c2af1876-0924-4dc0-921c-a9c0af6bd1d0'),(6,'XLite\\Model\\Currency','87c7ed15-9471-4484-bb9b-979b176b4752'),(7,'XLite\\Model\\CurrencyTranslation','2b6da118-7771-416a-ac5d-b5c5a5d1de63'),(8,'XLite\\Model\\Membership','bca3e76d-1747-4952-9fea-f78427f3b5ed'),(9,'XLite\\Model\\MembershipTranslation','dd4eefd4-c44b-49c6-a0dc-1a9343808e79'),(10,'XLite\\Model\\Language','46ffca5c-460d-425d-b805-eba09ec60621'),(11,'XLite\\Model\\LanguageTranslation','1e48761e-8b27-4f57-8a30-2ef952a11d59'),(12,'XLite\\Model\\Payment\\Method','6001d2c0-fe76-4925-b797-c95c30481d61'),(13,'XLite\\Model\\Payment\\MethodTranslation','56eb9375-67a7-4d92-ba3a-2beb7f8170e6'),(14,'XLite\\Model\\Region','6b9a85d2-eadd-4b98-b526-83f916645a3e'),(15,'XLite\\Model\\Country','cc12809b-ab9f-4004-896e-80ae99ae1da0'),(16,'XLite\\Model\\CountryTranslation','fa990da5-e04a-47af-8f6a-8067dead50e9'),(17,'XLite\\Model\\State','3c123b1f-2ce1-403c-92cb-547c8d5b7053'),(18,'XLite\\Model\\Order\\Modifier','bbb949ab-50ba-48c1-b58e-c67c6ac7966b'),(19,'XLite\\Model\\Zone','bdf8827d-25bd-4f15-b610-f05b91d13ac4'),(20,'XLite\\Model\\Task','5bfc9bc4-5188-40ea-84ec-983b9360f05b'),(21,'XLite\\Model\\Role','426c4f9a-a7cb-4c06-bc4b-d5370a60dd7c'),(22,'XLite\\Model\\RoleTranslation','c000aee9-b560-413a-8666-4b2b83dd428b'),(23,'XLite\\Model\\Role\\Permission','e7154c37-617f-44ba-9b59-71e1c426dca3'),(24,'XLite\\Model\\Role\\PermissionTranslation','a9144a51-bc98-4936-95bb-88a04dd3f252'),(25,'XLite\\Model\\AddressField','fb3e125e-bc99-46fc-a583-9c0ffae6afae'),(26,'XLite\\Model\\AddressFieldTranslation','1b80b217-cc75-491d-bcbc-a2c21c96a050'),(27,'XLite\\Model\\MoneyModificator','734af7d9-e15f-4229-9f23-806d3f331c29'),(28,'XLite\\Model\\Order\\Status\\Payment','ff6a41fc-1e01-4a70-9708-471e47739ceb'),(29,'XLite\\Model\\Order\\Status\\PaymentTranslation','9a75741c-6fc6-48dd-a4ff-b2c4c1215e17'),(30,'XLite\\Model\\Order\\Status\\Shipping','8bed3589-abdd-4c99-84c8-34ce5637f5aa'),(31,'XLite\\Model\\Order\\Status\\ShippingTranslation','e68c1853-7f5f-4439-a6d5-c2657b21ad24'),(32,'XLite\\Model\\Order\\Status\\Property','5ea5a128-e408-4025-b555-d5a007b0ff0c'),(33,'XLite\\Model\\Notification','a45f3f4a-6c60-45c0-964d-c8d8f4078824'),(34,'XLite\\Model\\NotificationTranslation','262f32d8-a9d3-4b4c-8f47-6dc3bacea84a'),(35,'XLite\\Model\\ImageSettings','5ee7e62c-cbdb-44c0-a428-08639865cd33'),(36,'XLite\\Model\\SearchFilter','1c458280-e8f8-4d58-85aa-f6b3d79d603e'),(37,'XLite\\Model\\SearchFilterTranslation','f1be3d47-ed2b-45b9-8d4f-43e4295b4758'),(38,'XLite\\Model\\AccessControlEntityType','f4134831-e438-4689-9526-7a3ff2fe1f23'),(39,'XLite\\Model\\AccessControlZoneType','ee67f642-dbbc-4aff-8f48-644799e166a0'),(40,'XLite\\Model\\LanguageLabel','414d3c44-b96d-462e-8201-bc8e614e2b6d'),(41,'XLite\\Model\\LanguageLabelTranslation','240c749f-0120-4094-8c25-cf5d3b443c86'),(42,'XLite\\Model\\Shipping\\Method','8c853f95-8292-4a68-a9c4-2f8611cc518f'),(43,'XLite\\Model\\Shipping\\MethodTranslation','f306645c-23f8-467f-935d-9e3b89bb7e3b'),(44,'XLite\\Model\\Payment\\MethodSetting','09ec73a9-11b0-4e3d-982c-726ed304b179'),(45,'XLite\\Module\\CDev\\SimpleCMS\\Model\\Page','a11b13f7-67f0-4f94-9186-90ff06e9353c'),(46,'XLite\\Model\\CleanURL','1ab95d54-cc0f-485d-b9d6-ad9f1a01f802'),(47,'XLite\\Module\\CDev\\SimpleCMS\\Model\\PageTranslation','20e429f5-ce9c-4245-8650-ff967501047c'),(48,'XLite\\Module\\CDev\\SimpleCMS\\Model\\Menu','fdccb7d1-e13f-473b-96a7-c5f217a0c12c'),(49,'XLite\\Module\\CDev\\SimpleCMS\\Model\\MenuTranslation','94d06aaf-3404-4f9d-9f7e-cc870d84e9b2'),(50,'XLite\\Module\\CDev\\SimpleCMS\\Model\\Menu\\QuickFlags','6cead6a4-835d-4469-9398-0e0e849b5e51'),(51,'XLite\\Model\\Shipping\\Markup','0b4513bd-6c15-44fd-aad7-74efc5d63bf4'),(52,'XLite\\Model\\Product','66ba8710-bb9a-4163-82b1-d4f7dbb750b7'),(53,'XLite\\Model\\QuickData','6ff88e8e-c7ce-48e6-8511-01d55a3836ce'),(54,'XLite\\Model\\Image\\Product\\Image','ce82a4dc-0846-41b9-b778-fb5e3d1f3f70'),(55,'XLite\\Model\\ProductTranslation','759c60a2-7637-48bd-85bf-64014dfbacee'),(56,'XLite\\Model\\Image\\Category\\Image','072d6c8d-7def-4b9c-a319-8942d0b5745b'),(57,'XLite\\Model\\Image\\Category\\Banner','448b5cb6-6fdf-4948-b865-bf9dfe15f11a'),(58,'XLite\\Model\\CategoryProducts','8ed2e89f-58d2-473a-a08d-e408244ddf8e'),(59,'XLite\\Model\\ZoneElement','81cc38b2-2230-457c-9252-d25b1a35ed37'),(60,'XLite\\Model\\BannerRotationSlide','f5a0d88c-b9cc-4dd9-ada9-13dfca31f2f6'),(61,'XLite\\Model\\Image\\BannerRotationImage','9de210ab-b009-4398-ac66-41a33306dbac'),(62,'XLite\\Module\\CDev\\FeaturedProducts\\Model\\FeaturedProduct','30012341-928c-482c-9824-35368e88e522'),(63,'XLite\\Model\\Profile','1e149a63-73cc-4377-9568-3b4f9cbd607f'),(64,'XLite\\Model\\Address','bd4aadb4-a34c-4ac2-850a-6cbb44dbbf66'),(65,'XLite\\Model\\AddressFieldValue','8963024c-f746-4329-b08e-959943272158'),(66,'XLite\\Model\\Order','92139689-228b-4943-8e62-bcfe56ade20d'),(67,'XLite\\Model\\Payment\\Transaction','7858a868-3626-4bb9-9bd9-e1a8d4446857'),(68,'XLite\\Model\\OrderItem','90b8f965-1c01-442c-a96c-17edf7526304'),(69,'XLite\\Model\\Order\\Surcharge','229c7bf6-f8a5-49aa-a615-0a19d88273ca'),(70,'XLite\\Model\\OrderHistoryEvents','70f867a3-f101-467b-84df-9a8fe365f5c4'),(71,'XLite\\Model\\Payment\\TransactionData','b0f52b8a-f543-48f4-bf0c-3403a6786968'),(72,'XLite\\Model\\ViewList','81e1aac9-67d9-4fe3-8347-3773228bf556'),(73,'XLite\\Model\\TmpVar','3ddbfea1-29d2-48e8-80ea-39472c471127'),(74,'XLite\\Model\\Module','62cf1c03-67e9-457b-b5b1-5ff7bff7abab');
CREATE TABLE `xlite_event_tasks` (
  `id` int(10) unsigned NOT NULL AUTO_INCREMENT,
  `name` varchar(128) COLLATE utf8_unicode_ci NOT NULL,
  `arguments` longtext COLLATE utf8_unicode_ci NOT NULL COMMENT '(DC2Type:array)',
  PRIMARY KEY (`id`)
) ENGINE=InnoDB DEFAULT CHARSET=utf8 COLLATE=utf8_unicode_ci;
CREATE TABLE `xlite_featured_products` (
  `id` int(11) NOT NULL AUTO_INCREMENT,
  `product_id` int(10) unsigned DEFAULT NULL,
  `category_id` int(10) unsigned DEFAULT NULL,
  `orderBy` int(11) NOT NULL,
  PRIMARY KEY (`id`),
  UNIQUE KEY `pair` (`category_id`,`product_id`),
  KEY `IDX_CE976A6E4584665A` (`product_id`),
  KEY `IDX_CE976A6E12469DE2` (`category_id`),
  CONSTRAINT `FK_CE976A6E12469DE2` FOREIGN KEY (`category_id`) REFERENCES `xlite_categories` (`category_id`) ON DELETE CASCADE,
  CONSTRAINT `FK_CE976A6E4584665A` FOREIGN KEY (`product_id`) REFERENCES `xlite_products` (`product_id`) ON DELETE CASCADE
) ENGINE=InnoDB DEFAULT CHARSET=utf8 COLLATE=utf8_unicode_ci;
INSERT INTO `xlite_featured_products` VALUES (1,4,1,10),(2,14,1,20),(3,30,1,30),(4,16,1,40),(5,24,1,50),(6,37,1,60),(7,10,1,70),(8,1,1,80);
CREATE TABLE `xlite_form_ids` (
  `id` int(11) NOT NULL AUTO_INCREMENT,
  `session_id` int(11) DEFAULT NULL,
  `form_id` varchar(32) COLLATE utf8_unicode_ci NOT NULL,
  `date` int(11) NOT NULL,
  PRIMARY KEY (`id`),
  UNIQUE KEY `fs` (`form_id`,`session_id`),
  KEY `session_id` (`session_id`),
  CONSTRAINT `FK_AD266A12613FECDF` FOREIGN KEY (`session_id`) REFERENCES `xlite_sessions` (`id`) ON DELETE CASCADE
) ENGINE=InnoDB DEFAULT CHARSET=utf8 COLLATE=utf8_unicode_ci;
CREATE TABLE `xlite_iframe_contents` (
  `id` int(10) unsigned NOT NULL AUTO_INCREMENT,
  `url` varchar(255) COLLATE utf8_unicode_ci NOT NULL,
  `method` varchar(16) COLLATE utf8_unicode_ci NOT NULL,
  `data` longtext COLLATE utf8_unicode_ci NOT NULL COMMENT '(DC2Type:array)',
  PRIMARY KEY (`id`)
) ENGINE=InnoDB DEFAULT CHARSET=utf8 COLLATE=utf8_unicode_ci;
CREATE TABLE `xlite_images_settings` (
  `id` int(11) NOT NULL AUTO_INCREMENT,
  `code` varchar(64) COLLATE utf8_unicode_ci NOT NULL,
  `model` varchar(200) COLLATE utf8_unicode_ci NOT NULL,
  `moduleName` varchar(200) COLLATE utf8_unicode_ci NOT NULL,
  `width` int(11) NOT NULL,
  `height` int(11) NOT NULL,
  PRIMARY KEY (`id`),
  UNIQUE KEY `code_model_module` (`code`,`model`,`moduleName`)
) ENGINE=InnoDB DEFAULT CHARSET=utf8 COLLATE=utf8_unicode_ci;
INSERT INTO `xlite_images_settings` VALUES (1,'Default','XLite\\Model\\Image\\Product\\Image','default',300,300),(2,'LGThumbnailList','XLite\\Model\\Image\\Product\\Image','default',160,160),(3,'LGThumbnailGrid','XLite\\Model\\Image\\Product\\Image','default',160,160),(4,'Default','XLite\\Model\\Image\\Category\\Image','default',160,160),(5,'Default','XLite\\Model\\Image\\Category\\Image','XC\\CrispWhiteSkin',100,120),(6,'LGThumbnailGrid','XLite\\Model\\Image\\Product\\Image','XC\\CrispWhiteSkin',262,280),(7,'LGThumbnailList','XLite\\Model\\Image\\Product\\Image','XC\\CrispWhiteSkin',262,280),(8,'Default','XLite\\Model\\Image\\Product\\Image','XC\\CrispWhiteSkin',366,440);
CREATE TABLE `xlite_import_logs` (
  `id` int(10) unsigned NOT NULL AUTO_INCREMENT,
  `date` int(11) NOT NULL,
  `type` char(1) COLLATE utf8_unicode_ci NOT NULL,
  `code` char(32) COLLATE utf8_unicode_ci NOT NULL,
  `arguments` longtext COLLATE utf8_unicode_ci NOT NULL COMMENT '(DC2Type:array)',
  `file` varchar(255) COLLATE utf8_unicode_ci NOT NULL,
  `row` int(10) unsigned NOT NULL,
  `processor` varchar(255) COLLATE utf8_unicode_ci NOT NULL,
  PRIMARY KEY (`id`)
) ENGINE=InnoDB DEFAULT CHARSET=utf8 COLLATE=utf8_unicode_ci;
CREATE TABLE `xlite_language_label_translations` (
  `label_id` int(11) NOT NULL AUTO_INCREMENT,
  `id` int(11) DEFAULT NULL,
  `label` longtext COLLATE utf8_unicode_ci NOT NULL,
  `code` char(2) COLLATE utf8_unicode_ci NOT NULL,
  PRIMARY KEY (`label_id`),
  KEY `ci` (`code`,`id`),
  KEY `id` (`id`),
  CONSTRAINT `FK_D36B6764BF396750` FOREIGN KEY (`id`) REFERENCES `xlite_language_labels` (`label_id`) ON DELETE CASCADE
) ENGINE=InnoDB DEFAULT CHARSET=utf8 COLLATE=utf8_unicode_ci;

CREATE TABLE `xlite_language_labels` (
  `label_id` int(11) NOT NULL AUTO_INCREMENT,
  `name` varchar(255) CHARACTER SET utf8 COLLATE utf8_bin NOT NULL,
  PRIMARY KEY (`label_id`),
  UNIQUE KEY `name` (`name`)
) ENGINE=InnoDB DEFAULT CHARSET=utf8 COLLATE=utf8_unicode_ci;

CREATE TABLE `xlite_language_translations` (
  `label_id` int(11) NOT NULL AUTO_INCREMENT,
  `id` int(11) DEFAULT NULL,
  `name` varchar(64) COLLATE utf8_unicode_ci NOT NULL,
  `code` char(2) COLLATE utf8_unicode_ci NOT NULL,
  PRIMARY KEY (`label_id`),
  KEY `IDX_610C29E2BF396750` (`id`),
  KEY `ci` (`code`,`id`),
  CONSTRAINT `FK_610C29E2BF396750` FOREIGN KEY (`id`) REFERENCES `xlite_languages` (`lng_id`) ON DELETE CASCADE
) ENGINE=InnoDB DEFAULT CHARSET=utf8 COLLATE=utf8_unicode_ci;
INSERT INTO `xlite_language_translations` VALUES (1,1,'Afar','en'),(2,2,'Abkhazian','en'),(3,3,'Afrikaans','en'),(4,4,'Akan','en'),(5,5,'Albanian','en'),(6,6,'Amharic','en'),(7,7,'Arabic','en'),(8,8,'Aragonese','en'),(9,9,'Armenian','en'),(10,10,'Assamese','en'),(11,11,'Avaric','en'),(12,12,'Avestan','en'),(13,13,'Aymara','en'),(14,14,'Azerbaijani','en'),(15,15,'Bashkir','en'),(16,16,'Bambara','en'),(17,17,'Basque','en'),(18,18,'Belarusian','en'),(19,19,'Bengali','en'),(20,20,'Bihari','en'),(21,21,'Bislama','en'),(22,22,'Bosnian','en'),(23,23,'Breton','en'),(24,24,'British','en'),(25,25,'Bulgarian','en'),(26,26,'Burmese','en'),(27,27,'Catalan','en'),(28,28,'Chamorro','en'),(29,29,'Chechen','en'),(30,30,'Chinese','en'),(31,31,'Church Slavic','en'),(32,32,'Chuvash','en'),(33,33,'Cornish','en'),(34,34,'Corsican','en'),(35,35,'Cree','en'),(36,36,'Czech','en'),(37,37,'Danish','en'),(38,38,'Divehi','en'),(39,39,'Dutch','en'),(40,40,'Dzongkha','en'),(41,41,'English','en'),(42,42,'Esperanto','en'),(43,43,'Estonian','en'),(44,44,'Ewe','en'),(45,45,'Faroese','en'),(46,46,'Fijian','en'),(47,47,'Finnish','en'),(48,48,'French','en'),(49,49,'Western Frisian','en'),(50,50,'Fulah','en'),(51,51,'Georgian','en'),(52,52,'German','en'),(53,53,'Gaelic','en'),(54,54,'Irish','en'),(55,55,'Galician','en'),(56,56,'Manx','en'),(57,57,'Greek','en'),(58,58,'Guarani','en'),(59,59,'Gujarati','en'),(60,60,'Haitian','en'),(61,61,'Hausa','en'),(62,62,'Hebrew','en'),(63,63,'Herero','en'),(64,64,'Hindi','en'),(65,65,'Hiri Motu','en'),(66,66,'Croatian','en'),(67,67,'Hungarian','en'),(68,68,'Igbo','en'),(69,69,'Icelandic','en'),(70,70,'Ido','en'),(71,71,'Sichuan Yi','en'),(72,72,'Inuktitut','en'),(73,73,'Interlingue','en'),(74,74,'Interlingua','en'),(75,75,'Indonesian','en'),(76,76,'Inupiaq','en'),(77,77,'Italian','en'),(78,78,'Javanese','en'),(79,79,'Japanese','en'),(80,80,'Kalaallisut','en'),(81,81,'Kannada','en'),(82,82,'Kashmiri','en'),(83,83,'Kanuri','en'),(84,84,'Kazakh','en'),(85,85,'Khmer or Cambodian','en'),(86,86,'Kikuyu','en'),(87,87,'Kinyarwanda','en'),(88,88,'Kirghiz','en'),(89,89,'Komi','en'),(90,90,'Kongo','en'),(91,91,'Korean','en'),(92,92,'Kuanyama','en'),(93,93,'Kurdish','en'),(94,94,'Lao','en'),(95,95,'Latin','en'),(96,96,'Latvian','en'),(97,97,'Limburgan','en'),(98,98,'Lingala','en'),(99,99,'Lithuanian','en'),(100,100,'Luxembourgish','en'),(101,101,'Luba-Katanga','en'),(102,102,'Ganda','en'),(103,103,'Macedonian','en'),(104,104,'Marshallese','en'),(105,105,'Malayalam','en'),(106,106,'Maori','en'),(107,107,'Marathi','en'),(108,108,'Malay','en'),(109,109,'Malagasy','en'),(110,110,'Maltese','en'),(111,111,'Mongolian','en'),(112,112,'Nauru','en'),(113,113,'Navajo','en'),(114,114,'Ndebel','en'),(115,115,'Ndebel','en'),(116,116,'Ndonga','en'),(117,117,'Nepali','en'),(118,118,'Norwegian','en'),(119,119,'Chichewa','en'),(120,120,'Occitan','en'),(121,121,'Ojibwa','en'),(122,122,'Oriya','en'),(123,123,'Oromo','en'),(124,124,'Ossetian','en'),(125,125,'Panjabi','en'),(126,126,'Persian','en'),(127,127,'Pali','en'),(128,128,'Polish','en'),(129,129,'Portuguese','en'),(130,130,'Pushto','en'),(131,131,'Quechua','en'),(132,132,'Romansh','en'),(133,133,'Romanian','en'),(134,134,'Rundi','en'),(135,135,'Russian','en'),(136,136,'Sango','en'),(137,137,'Sanskrit','en'),(138,138,'Sinhala','en'),(139,139,'Slovak','en'),(140,140,'Slovenian','en'),(141,141,'Northern Sami','en'),(142,142,'Samoan','en'),(143,143,'Shona','en'),(144,144,'Sindhi','en'),(145,145,'Somali','en'),(146,146,'Soth','en'),(147,147,'Spanish','en'),(148,148,'Sardinian','en'),(149,149,'Serbian','en'),(150,150,'Swati','en'),(151,151,'Sundanese','en'),(152,152,'Swahili','en'),(153,153,'Swedish','en'),(154,154,'Tahitian','en'),(155,155,'Tamil','en'),(156,156,'Tatar','en'),(157,157,'Telugu','en'),(158,158,'Tajik','en'),(159,159,'Tagalog','en'),(160,160,'Thai','en'),(161,161,'Tibetan','en'),(162,162,'Tigrinya','en'),(163,163,'Tonga','en'),(164,164,'Tswana','en'),(165,165,'Tsonga','en'),(166,166,'Turkmen','en'),(167,167,'Turkish','en'),(168,168,'Twi','en'),(169,169,'Uighur','en'),(170,170,'Ukrainian','en'),(171,171,'Urdu','en'),(172,172,'Uzbek','en'),(173,173,'Venda','en'),(174,174,'Vietnamese','en'),(175,175,'Welsh','en'),(176,176,'Walloon','en'),(177,177,'Wolof','en'),(178,178,'Xhosa','en'),(179,179,'Yiddish','en'),(180,180,'Yoruba','en'),(181,181,'Zhuang','en'),(182,182,'Zulu','en');
CREATE TABLE `xlite_languages` (
  `lng_id` int(11) NOT NULL AUTO_INCREMENT,
  `code` char(2) COLLATE utf8_unicode_ci NOT NULL,
  `code3` char(3) COLLATE utf8_unicode_ci NOT NULL,
  `r2l` tinyint(1) NOT NULL,
  `added` tinyint(1) NOT NULL,
  `enabled` tinyint(1) NOT NULL,
  `module` varchar(255) COLLATE utf8_unicode_ci DEFAULT NULL,
  PRIMARY KEY (`lng_id`),
  UNIQUE KEY `UNIQ_3940C19DD7077436` (`lng_id`),
  UNIQUE KEY `code3` (`code3`),
  UNIQUE KEY `code2` (`code`),
  KEY `added` (`added`),
  KEY `enabled` (`enabled`)
) ENGINE=InnoDB DEFAULT CHARSET=utf8 COLLATE=utf8_unicode_ci;
INSERT INTO `xlite_languages` VALUES (1,'aa','aar',0,0,0,NULL),(2,'ab','abk',0,0,0,NULL),(3,'af','afr',0,0,0,NULL),(4,'ak','aka',0,0,0,NULL),(5,'sq','alb',0,0,0,NULL),(6,'am','amh',0,0,0,NULL),(7,'ar','ara',0,0,0,NULL),(8,'an','arg',0,0,0,NULL),(9,'hy','arm',0,0,0,NULL),(10,'as','asm',0,0,0,NULL),(11,'av','ava',0,0,0,NULL),(12,'ae','ave',0,0,0,NULL),(13,'ay','aym',0,0,0,NULL),(14,'az','aze',0,0,0,NULL),(15,'ba','bak',0,0,0,NULL),(16,'bm','bam',0,0,0,NULL),(17,'eu','baq',0,0,0,NULL),(18,'be','bel',0,0,0,NULL),(19,'bn','ben',0,0,0,NULL),(20,'bh','bih',0,0,0,NULL),(21,'bi','bis',0,0,0,NULL),(22,'bs','bos',0,0,0,NULL),(23,'br','bre',0,0,0,NULL),(24,'gb','gbr',0,0,0,'XC\\GbTranslation'),(25,'bg','bul',0,0,0,NULL),(26,'my','bur',0,0,0,NULL),(27,'ca','cat',0,0,0,NULL),(28,'ch','cha',0,0,0,NULL),(29,'ce','che',0,0,0,NULL),(30,'zh','chi',0,0,0,NULL),(31,'cu','chu',0,0,0,NULL),(32,'cv','chv',0,0,0,NULL),(33,'kw','cor',0,0,0,NULL),(34,'co','cos',0,0,0,NULL),(35,'cr','cre',0,0,0,NULL),(36,'cs','cze',0,0,0,NULL),(37,'da','dan',0,0,0,NULL),(38,'dv','div',0,0,0,NULL),(39,'nl','dut',0,0,0,NULL),(40,'dz','dzo',0,0,0,NULL),(41,'en','eng',0,1,1,NULL),(42,'eo','epo',0,0,0,NULL),(43,'et','est',0,0,0,NULL),(44,'ee','ewe',0,0,0,NULL),(45,'fo','fao',0,0,0,NULL),(46,'fj','fij',0,0,0,NULL),(47,'fi','fin',0,0,0,NULL),(48,'fr','fre',0,0,0,'CDev\\FrTranslation'),(49,'fy','fry',0,0,0,NULL),(50,'ff','ful',0,0,0,NULL),(51,'ka','geo',0,0,0,NULL),(52,'de','ger',0,0,0,'CDev\\DeTranslation'),(53,'gd','gla',0,0,0,NULL),(54,'ga','gle',0,0,0,NULL),(55,'gl','glg',0,0,0,NULL),(56,'gv','glv',0,0,0,NULL),(57,'el','gre',0,0,0,NULL),(58,'gn','grn',0,0,0,NULL),(59,'gu','guj',0,0,0,NULL),(60,'ht','hat',0,0,0,NULL),(61,'ha','hau',0,0,0,NULL),(62,'he','heb',0,0,0,NULL),(63,'hz','her',0,0,0,NULL),(64,'hi','hin',0,0,0,NULL),(65,'ho','hmo',0,0,0,NULL),(66,'hr','hrv',0,0,0,NULL),(67,'hu','hun',0,0,0,NULL),(68,'ig','ibo',0,0,0,NULL),(69,'is','ice',0,0,0,NULL),(70,'io','ido',0,0,0,NULL),(71,'ii','iii',0,0,0,NULL),(72,'iu','iku',0,0,0,NULL),(73,'ie','ile',0,0,0,NULL),(74,'ia','ina',0,0,0,NULL),(75,'id','ind',0,0,0,NULL),(76,'ik','ipk',0,0,0,NULL),(77,'it','ita',0,0,0,NULL),(78,'jv','jav',0,0,0,NULL),(79,'ja','jpn',0,0,0,NULL),(80,'kl','kal',0,0,0,NULL),(81,'kn','kan',0,0,0,NULL),(82,'ks','kas',0,0,0,NULL),(83,'kr','kau',0,0,0,NULL),(84,'kk','kaz',0,0,0,NULL),(85,'km','khm',0,0,0,NULL),(86,'ki','kik',0,0,0,NULL),(87,'rw','kin',0,0,0,NULL),(88,'ky','kir',0,0,0,NULL),(89,'kv','kom',0,0,0,NULL),(90,'kg','kon',0,0,0,NULL),(91,'ko','kor',0,0,0,NULL),(92,'kj','kua',0,0,0,NULL),(93,'ku','kur',0,0,0,NULL),(94,'lo','lao',0,0,0,NULL),(95,'la','lat',0,0,0,NULL),(96,'lv','lav',0,0,0,NULL),(97,'li','lim',0,0,0,NULL),(98,'ln','lin',0,0,0,NULL),(99,'lt','lit',0,0,0,NULL),(100,'lb','ltz',0,0,0,NULL),(101,'lu','lub',0,0,0,NULL),(102,'lg','lug',0,0,0,NULL),(103,'mk','mac',0,0,0,NULL),(104,'mh','mah',0,0,0,NULL),(105,'ml','mal',0,0,0,NULL),(106,'mi','mao',0,0,0,NULL),(107,'mr','mar',0,0,0,NULL),(108,'ms','may',0,0,0,NULL),(109,'mg','mlg',0,0,0,NULL),(110,'mt','mlt',0,0,0,NULL),(111,'mn','mon',0,0,0,NULL),(112,'na','nau',0,0,0,NULL),(113,'nv','nav',0,0,0,NULL),(114,'nr','nbl',0,0,0,NULL),(115,'nd','nde',0,0,0,NULL),(116,'ng','ndo',0,0,0,NULL),(117,'ne','nep',0,0,0,NULL),(118,'no','nor',0,0,0,NULL),(119,'ny','nya',0,0,0,NULL),(120,'oc','oci',0,0,0,NULL),(121,'oj','oji',0,0,0,NULL),(122,'or','ori',0,0,0,NULL),(123,'om','orm',0,0,0,NULL),(124,'os','oss',0,0,0,NULL),(125,'pa','pan',0,0,0,NULL),(126,'fa','per',0,0,0,NULL),(127,'pi','pli',0,0,0,NULL),(128,'pl','pol',0,0,0,NULL),(129,'pt','por',0,0,0,NULL),(130,'ps','pus',0,0,0,NULL),(131,'qu','que',0,0,0,NULL),(132,'rm','roh',0,0,0,NULL),(133,'ro','rum',0,0,0,NULL),(134,'rn','run',0,0,0,NULL),(135,'ru','rus',0,0,0,'CDev\\RuTranslation'),(136,'sg','sag',0,0,0,NULL),(137,'sa','san',0,0,0,NULL),(138,'si','sin',0,0,0,NULL),(139,'sk','slo',0,0,0,NULL),(140,'sl','slv',0,0,0,NULL),(141,'se','sme',0,0,0,NULL),(142,'sm','smo',0,0,0,NULL),(143,'sn','sna',0,0,0,NULL),(144,'sd','snd',0,0,0,NULL),(145,'so','som',0,0,0,NULL),(146,'st','sot',0,0,0,NULL),(147,'es','spa',0,0,0,NULL),(148,'sc','srd',0,0,0,NULL),(149,'sr','srp',0,0,0,NULL),(150,'ss','ssw',0,0,0,NULL),(151,'su','sun',0,0,0,NULL),(152,'sw','swa',0,0,0,NULL),(153,'sv','swe',0,0,0,NULL),(154,'ty','tah',0,0,0,NULL),(155,'ta','tam',0,0,0,NULL),(156,'tt','tat',0,0,0,NULL),(157,'te','tel',0,0,0,NULL),(158,'tg','tgk',0,0,0,NULL),(159,'tl','tgl',0,0,0,NULL),(160,'th','tha',0,0,0,NULL),(161,'bo','tib',0,0,0,NULL),(162,'ti','tir',0,0,0,NULL),(163,'to','ton',0,0,0,NULL),(164,'tn','tsn',0,0,0,NULL),(165,'ts','tso',0,0,0,NULL),(166,'tk','tuk',0,0,0,NULL),(167,'tr','tur',0,0,0,NULL),(168,'tw','twi',0,0,0,NULL),(169,'ug','uig',0,0,0,NULL),(170,'uk','ukr',0,0,0,NULL),(171,'ur','urd',0,0,0,NULL),(172,'uz','uzb',0,0,0,NULL),(173,'ve','ven',0,0,0,NULL),(174,'vi','vie',0,0,0,NULL),(175,'cy','wel',0,0,0,NULL),(176,'wa','wln',0,0,0,NULL),(177,'wo','wol',0,0,0,NULL),(178,'xh','xho',0,0,0,NULL),(179,'yi','yid',0,0,0,NULL),(180,'yo','yor',0,0,0,NULL),(181,'za','zha',0,0,0,NULL),(182,'zu','zul',0,0,0,NULL);
CREATE TABLE `xlite_mailchimp_list_group` (
  `id` varchar(32) COLLATE utf8_unicode_ci NOT NULL,
  `list_id` varchar(32) COLLATE utf8_unicode_ci DEFAULT NULL,
  `title` varchar(128) COLLATE utf8_unicode_ci NOT NULL,
  `type` varchar(128) COLLATE utf8_unicode_ci NOT NULL,
  `enabled` tinyint(1) NOT NULL,
  PRIMARY KEY (`id`),
  KEY `IDX_2F783133DAE168B` (`list_id`),
  CONSTRAINT `FK_2F783133DAE168B` FOREIGN KEY (`list_id`) REFERENCES `xlite_mailchimp_lists` (`id`)
) ENGINE=InnoDB DEFAULT CHARSET=utf8 COLLATE=utf8_unicode_ci;
CREATE TABLE `xlite_mailchimp_list_group_name` (
  `id` varchar(32) COLLATE utf8_unicode_ci NOT NULL,
  `group_id` varchar(32) COLLATE utf8_unicode_ci DEFAULT NULL,
  `name` varchar(128) COLLATE utf8_unicode_ci NOT NULL,
  `subscriberCount` int(10) unsigned NOT NULL,
  `subscribeByDefault` tinyint(1) NOT NULL,
  `enabled` tinyint(1) NOT NULL,
  PRIMARY KEY (`id`),
  KEY `IDX_5917FD4DFE54D947` (`group_id`),
  CONSTRAINT `FK_5917FD4DFE54D947` FOREIGN KEY (`group_id`) REFERENCES `xlite_mailchimp_list_group` (`id`)
) ENGINE=InnoDB DEFAULT CHARSET=utf8 COLLATE=utf8_unicode_ci;
CREATE TABLE `xlite_mailchimp_list_segments` (
  `id` varchar(32) COLLATE utf8_unicode_ci NOT NULL,
  `list_id` varchar(32) COLLATE utf8_unicode_ci DEFAULT NULL,
  `name` varchar(128) COLLATE utf8_unicode_ci NOT NULL,
  `created_date` varchar(128) COLLATE utf8_unicode_ci NOT NULL,
  `static` tinyint(1) NOT NULL,
  `useOrdersLastMonth` tinyint(1) NOT NULL,
  `ordersLastMonth` int(11) NOT NULL,
  `useOrderAmount` tinyint(1) NOT NULL,
  `orderAmount` decimal(14,4) NOT NULL,
  `useMemberships` tinyint(1) NOT NULL,
  `useProducts` tinyint(1) NOT NULL,
  `enabled` tinyint(1) NOT NULL,
  PRIMARY KEY (`id`),
  KEY `IDX_93CC76423DAE168B` (`list_id`),
  CONSTRAINT `FK_93CC76423DAE168B` FOREIGN KEY (`list_id`) REFERENCES `xlite_mailchimp_lists` (`id`)
) ENGINE=InnoDB DEFAULT CHARSET=utf8 COLLATE=utf8_unicode_ci;
CREATE TABLE `xlite_mailchimp_lists` (
  `id` varchar(32) COLLATE utf8_unicode_ci NOT NULL,
  `name` varchar(128) COLLATE utf8_unicode_ci NOT NULL,
  `date_created` varchar(128) COLLATE utf8_unicode_ci NOT NULL,
  `date_updated` int(11) NOT NULL,
  `list_rating` decimal(3,2) NOT NULL,
  `subscribe_url_short` varchar(128) COLLATE utf8_unicode_ci NOT NULL,
  `subscribe_url_long` varchar(128) COLLATE utf8_unicode_ci NOT NULL,
  `member_count` int(11) NOT NULL,
  `open_rate` decimal(5,2) NOT NULL,
  `click_rate` decimal(5,2) NOT NULL,
  `enabled` tinyint(1) NOT NULL,
  `subscribeByDefault` tinyint(1) NOT NULL,
  `isRemoved` tinyint(1) NOT NULL,
  PRIMARY KEY (`id`)
) ENGINE=InnoDB DEFAULT CHARSET=utf8 COLLATE=utf8_unicode_ci;
CREATE TABLE `xlite_mailchimp_profile_interests` (
  `group_name_id` varchar(32) COLLATE utf8_unicode_ci NOT NULL,
  `profile_id` int(11) NOT NULL,
  PRIMARY KEY (`group_name_id`,`profile_id`),
  KEY `IDX_BA74923AF717C8DA` (`group_name_id`),
  KEY `IDX_BA74923ACCFA12B8` (`profile_id`),
  CONSTRAINT `FK_BA74923ACCFA12B8` FOREIGN KEY (`profile_id`) REFERENCES `xlite_profiles` (`profile_id`) ON DELETE CASCADE,
  CONSTRAINT `FK_BA74923AF717C8DA` FOREIGN KEY (`group_name_id`) REFERENCES `xlite_mailchimp_list_group_name` (`id`) ON DELETE CASCADE
) ENGINE=InnoDB DEFAULT CHARSET=utf8 COLLATE=utf8_unicode_ci;
CREATE TABLE `xlite_mailchimp_segment_subscriptions` (
  `segment_id` varchar(32) COLLATE utf8_unicode_ci NOT NULL,
  `profile_id` int(11) NOT NULL,
  PRIMARY KEY (`segment_id`,`profile_id`),
  KEY `IDX_CE45B298DB296AAD` (`segment_id`),
  KEY `IDX_CE45B298CCFA12B8` (`profile_id`),
  CONSTRAINT `FK_CE45B298CCFA12B8` FOREIGN KEY (`profile_id`) REFERENCES `xlite_profiles` (`profile_id`) ON DELETE CASCADE,
  CONSTRAINT `FK_CE45B298DB296AAD` FOREIGN KEY (`segment_id`) REFERENCES `xlite_mailchimp_list_segments` (`id`) ON DELETE CASCADE
) ENGINE=InnoDB DEFAULT CHARSET=utf8 COLLATE=utf8_unicode_ci;
CREATE TABLE `xlite_mailchimp_store` (
  `id` varchar(32) COLLATE utf8_unicode_ci NOT NULL,
  `list_id` varchar(32) COLLATE utf8_unicode_ci DEFAULT NULL,
  `name` varchar(128) COLLATE utf8_unicode_ci NOT NULL,
  `main` tinyint(1) NOT NULL,
  PRIMARY KEY (`id`),
  UNIQUE KEY `UNIQ_95CF70793DAE168B` (`list_id`),
  CONSTRAINT `FK_95CF70793DAE168B` FOREIGN KEY (`list_id`) REFERENCES `xlite_mailchimp_lists` (`id`) ON DELETE CASCADE
) ENGINE=InnoDB DEFAULT CHARSET=utf8 COLLATE=utf8_unicode_ci;
CREATE TABLE `xlite_mailchimp_subscriptions` (
  `list_id` varchar(32) COLLATE utf8_unicode_ci NOT NULL,
  `profile_id` int(11) NOT NULL,
  PRIMARY KEY (`list_id`,`profile_id`),
  KEY `IDX_CF18140A3DAE168B` (`list_id`),
  KEY `IDX_CF18140ACCFA12B8` (`profile_id`),
  CONSTRAINT `FK_CF18140ACCFA12B8` FOREIGN KEY (`profile_id`) REFERENCES `xlite_profiles` (`profile_id`) ON DELETE CASCADE,
  CONSTRAINT `FK_CF18140A3DAE168B` FOREIGN KEY (`list_id`) REFERENCES `xlite_mailchimp_lists` (`id`) ON DELETE CASCADE
) ENGINE=InnoDB DEFAULT CHARSET=utf8 COLLATE=utf8_unicode_ci;
CREATE TABLE `xlite_measure_dumps` (
  `id` int(10) unsigned NOT NULL AUTO_INCREMENT,
  `data` varchar(255) COLLATE utf8_unicode_ci NOT NULL,
  `text` longtext COLLATE utf8_unicode_ci NOT NULL,
  PRIMARY KEY (`id`)
) ENGINE=InnoDB DEFAULT CHARSET=utf8 COLLATE=utf8_unicode_ci;
CREATE TABLE `xlite_measures` (
  `id` int(10) unsigned NOT NULL AUTO_INCREMENT,
  `date` int(10) unsigned NOT NULL,
  `fsTime` int(10) unsigned NOT NULL,
  `dbTime` int(10) unsigned NOT NULL,
  `cpuTime` int(10) unsigned NOT NULL,
  PRIMARY KEY (`id`)
) ENGINE=InnoDB DEFAULT CHARSET=utf8 COLLATE=utf8_unicode_ci;
CREATE TABLE `xlite_membership_coupons` (
  `coupon_id` int(10) unsigned NOT NULL,
  `membership_id` int(10) unsigned NOT NULL,
  PRIMARY KEY (`coupon_id`,`membership_id`),
  KEY `IDX_560DE2166C5951B` (`coupon_id`),
  KEY `IDX_560DE211FB354CD` (`membership_id`),
  CONSTRAINT `FK_560DE211FB354CD` FOREIGN KEY (`membership_id`) REFERENCES `xlite_memberships` (`membership_id`) ON DELETE CASCADE,
  CONSTRAINT `FK_560DE2166C5951B` FOREIGN KEY (`coupon_id`) REFERENCES `xlite_coupons` (`id`) ON DELETE CASCADE
) ENGINE=InnoDB DEFAULT CHARSET=utf8 COLLATE=utf8_unicode_ci;
CREATE TABLE `xlite_membership_translations` (
  `label_id` int(11) NOT NULL AUTO_INCREMENT,
  `id` int(10) unsigned DEFAULT NULL,
  `name` varchar(128) COLLATE utf8_unicode_ci NOT NULL,
  `code` char(2) COLLATE utf8_unicode_ci NOT NULL,
  PRIMARY KEY (`label_id`),
  KEY `ci` (`code`,`id`),
  KEY `id` (`id`),
  CONSTRAINT `FK_571DB741BF396750` FOREIGN KEY (`id`) REFERENCES `xlite_memberships` (`membership_id`) ON DELETE CASCADE
) ENGINE=InnoDB DEFAULT CHARSET=utf8 COLLATE=utf8_unicode_ci;
INSERT INTO `xlite_membership_translations` VALUES (1,1,'Wholesaler','en'),(2,1,'Оптовый покупатель','ru');
CREATE TABLE `xlite_memberships` (
  `membership_id` int(10) unsigned NOT NULL AUTO_INCREMENT,
  `position` int(11) NOT NULL,
  `enabled` tinyint(1) NOT NULL,
  PRIMARY KEY (`membership_id`)
) ENGINE=InnoDB DEFAULT CHARSET=utf8 COLLATE=utf8_unicode_ci;
INSERT INTO `xlite_memberships` VALUES (1,10,1);
CREATE TABLE `xlite_menu_quick_flags` (
  `id` int(11) NOT NULL AUTO_INCREMENT,
  `menu_id` int(10) unsigned DEFAULT NULL,
  `submenus_count_all` int(11) NOT NULL,
  `submenus_count_enabled` int(11) NOT NULL,
  PRIMARY KEY (`id`),
  UNIQUE KEY `UNIQ_B0327DB0CCD7E912` (`menu_id`),
  CONSTRAINT `FK_B0327DB0CCD7E912` FOREIGN KEY (`menu_id`) REFERENCES `xlite_menus` (`id`)
) ENGINE=InnoDB DEFAULT CHARSET=utf8 COLLATE=utf8_unicode_ci;
INSERT INTO `xlite_menu_quick_flags` VALUES (1,3,2,2),(3,1,0,0),(4,2,12,12),(5,4,0,0),(6,5,0,0),(8,6,0,0),(9,7,0,0),(10,8,0,0),(11,9,3,2),(12,10,0,0),(13,11,0,0),(14,12,0,0),(15,14,3,3),(16,13,0,0),(17,15,0,0),(18,16,0,0),(19,17,0,0),(20,18,3,3),(21,19,0,0),(22,20,0,0),(23,21,0,0),(24,22,3,3),(25,23,0,0),(26,24,0,0),(27,25,0,0),(28,26,2,2),(29,27,0,0),(30,28,0,0),(31,29,3,3),(32,30,0,0),(33,31,0,0),(34,32,0,0);
CREATE TABLE `xlite_menu_translations` (
  `label_id` int(11) NOT NULL AUTO_INCREMENT,
  `id` int(10) unsigned DEFAULT NULL,
  `name` varchar(255) COLLATE utf8_unicode_ci NOT NULL,
  `code` char(2) COLLATE utf8_unicode_ci NOT NULL,
  PRIMARY KEY (`label_id`),
  KEY `ci` (`code`,`id`),
  KEY `id` (`id`),
  CONSTRAINT `FK_CC54E72BBF396750` FOREIGN KEY (`id`) REFERENCES `xlite_menus` (`id`) ON DELETE CASCADE
) ENGINE=InnoDB DEFAULT CHARSET=utf8 COLLATE=utf8_unicode_ci;
INSERT INTO `xlite_menu_translations` VALUES (1,1,'Home','en'),(2,1,'Главная','ru'),(3,1,'主页','zh'),(4,3,'My Account','en'),(5,3,'Мой профиль','ru'),(6,3,'我的账户','zh'),(7,4,'My orders','en'),(8,4,'Мои заказы','ru'),(9,4,'订单（复数）','zh'),(10,5,'My address book','en'),(11,5,'Мои адреса','ru'),(12,5,'地址簿','zh'),(13,6,'Shipping','en'),(14,6,'Доставка','ru'),(15,7,'New!','en'),(16,7,'Новинки','ru'),(17,8,'Coming soon','en'),(18,8,'Скоро в продаже','ru'),(19,9,'Hot deals','en'),(20,9,'Акции','ru'),(21,10,'Sale','en'),(22,10,'Распродажа','ru'),(23,11,'Bestsellers','en'),(24,11,'Бестселлеры','ru'),(25,12,'Special offers','en'),(26,12,'Специальные предложения','ru'),(27,13,'Contact us','en'),(28,13,'Напишите нам','ru'),(29,14,'Categories','en'),(30,14,'Товары','ru'),(31,15,'Apparel','en'),(32,15,'Одежда','ru'),(33,16,'iGoods','en'),(34,16,'Электроника','ru'),(35,17,'Toys','en'),(36,17,'Игрушки','ru'),(37,18,'Offers','en'),(38,18,'Акции','ru'),(39,19,'Sale','en'),(40,19,'Распродажа','ru'),(41,20,'Coming soon','en'),(42,20,'Скоро в продаже','ru'),(43,21,'New!','en'),(44,21,'Новинки','ru'),(45,22,'Info links','en'),(46,22,'Информация','ru'),(47,23,'Shipping','en'),(48,23,'Правила доставки','ru'),(49,24,'Sitemap','en'),(50,24,'Карта сайта','ru'),(51,25,'Terms & Conditions','en'),(52,25,'Условия использования','ru'),(53,26,'Services','en'),(54,26,'Сервисы','ru'),(55,27,'Shipping info','en'),(56,27,'Доставка','ru'),(57,28,'Contact us','en'),(58,28,'Напишите нам','ru'),(59,29,'My X-Cart','en'),(60,29,'Мой X-Cart','ru'),(61,30,'Address book','en'),(62,30,'Мои адреса','ru'),(63,31,'Order list','en'),(64,31,'Мои заказы','ru'),(65,32,'Account details','en'),(66,32,'Личный кабинет','ru');
CREATE TABLE `xlite_menus` (
  `id` int(10) unsigned NOT NULL AUTO_INCREMENT,
  `parent_id` int(10) unsigned DEFAULT NULL,
  `link` varchar(255) COLLATE utf8_unicode_ci DEFAULT NULL,
  `lpos` int(11) NOT NULL,
  `rpos` int(11) NOT NULL,
  `depth` int(11) NOT NULL,
  `type` varchar(1) COLLATE utf8_unicode_ci NOT NULL,
  `position` int(11) NOT NULL,
  `enabled` tinyint(1) NOT NULL,
  `visibleFor` varchar(2) COLLATE utf8_unicode_ci NOT NULL,
  PRIMARY KEY (`id`),
  KEY `IDX_AC666883727ACA70` (`parent_id`),
  KEY `enabled` (`enabled`,`type`),
  KEY `position` (`position`),
  CONSTRAINT `FK_AC666883727ACA70` FOREIGN KEY (`parent_id`) REFERENCES `xlite_menus` (`id`) ON DELETE SET NULL
) ENGINE=InnoDB DEFAULT CHARSET=utf8 COLLATE=utf8_unicode_ci;
INSERT INTO `xlite_menus` VALUES (1,2,'{home}',2,3,0,'P',100,1,'AL'),(2,NULL,'link',1,64,-1,'P',0,1,'AL'),(3,2,'{my account}',4,9,0,'P',600,1,'L'),(4,3,'?target=order_list',5,6,1,'P',100,1,'L'),(5,3,'?target=address_book',7,8,1,'P',200,1,'L'),(6,2,'shipping.html',10,11,0,'P',200,1,'AL'),(7,2,'{new arrivals}',12,13,0,'P',400,1,'AL'),(8,2,'{coming soon}',14,15,0,'P',500,1,'AL'),(9,2,NULL,16,23,0,'P',150,1,'AL'),(10,9,'{sale}',17,18,1,'P',100,1,'AL'),(11,9,'{bestsellers}',19,20,1,'P',200,1,'AL'),(12,9,'{special offers}',21,22,1,'P',300,0,'AL'),(13,2,'{contact us}',24,25,0,'P',700,1,'AL'),(14,2,NULL,26,33,0,'F',100,1,'AL'),(15,14,'apparel',27,28,1,'F',100,1,'AL'),(16,14,'igoods',29,30,1,'F',200,1,'AL'),(17,14,'toys',31,32,1,'F',300,1,'AL'),(18,2,NULL,34,41,0,'F',200,1,'AL'),(19,18,'{sale}',35,36,1,'F',100,1,'AL'),(20,18,'{coming soon}',37,38,1,'F',200,1,'AL'),(21,18,'{new arrivals}',39,40,1,'F',300,1,'AL'),(22,2,NULL,42,49,0,'F',300,1,'AL'),(23,22,'shipping.html',43,44,1,'F',100,1,'AL'),(24,22,'?target=map',45,46,1,'F',200,1,'AL'),(25,22,'terms-and-conditions.html',47,48,1,'F',300,1,'AL'),(26,2,NULL,50,55,0,'F',400,1,'AL'),(27,26,'shipping.html',51,52,1,'F',100,1,'AL'),(28,26,'{contact us}',53,54,1,'F',200,1,'AL'),(29,2,NULL,56,63,0,'F',500,1,'L'),(30,29,'?target=address_book',57,58,1,'F',100,1,'L'),(31,29,'?target=order_list',59,60,1,'F',200,1,'L'),(32,29,'?target=profile',61,62,1,'F',300,1,'L');
CREATE TABLE `xlite_module_keys` (
  `keyId` int(11) NOT NULL AUTO_INCREMENT,
  `name` varchar(64) COLLATE utf8_unicode_ci NOT NULL,
  `author` varchar(64) COLLATE utf8_unicode_ci NOT NULL,
  `keyValue` char(64) COLLATE utf8_unicode_ci NOT NULL,
  `keyType` int(11) NOT NULL,
  `xcnPlan` bigint(20) NOT NULL,
  `keyData` longtext COLLATE utf8_unicode_ci NOT NULL COMMENT '(DC2Type:array)',
  `active` tinyint(1) NOT NULL,
  PRIMARY KEY (`keyId`),
  UNIQUE KEY `an` (`author`,`name`,`xcnPlan`)
) ENGINE=InnoDB DEFAULT CHARSET=utf8 COLLATE=utf8_unicode_ci;
CREATE TABLE `xlite_modules` (
  `moduleID` int(11) NOT NULL AUTO_INCREMENT,
  `name` varchar(64) COLLATE utf8_unicode_ci NOT NULL,
  `author` varchar(64) COLLATE utf8_unicode_ci NOT NULL,
  `authorEmail` varchar(255) COLLATE utf8_unicode_ci NOT NULL,
  `enabled` tinyint(1) NOT NULL,
  `installed` tinyint(1) NOT NULL,
  `yamlLoaded` tinyint(1) NOT NULL,
  `date` int(11) NOT NULL,
  `rating` decimal(14,4) NOT NULL,
  `votes` int(11) NOT NULL,
  `downloads` int(11) NOT NULL,
  `price` decimal(14,2) NOT NULL,
  `currency` varchar(3) COLLATE utf8_unicode_ci NOT NULL,
  `majorVersion` varchar(8) COLLATE utf8_unicode_ci NOT NULL,
  `minorVersion` int(11) NOT NULL,
  `build` int(11) NOT NULL,
  `minorRequiredCoreVersion` int(11) NOT NULL,
  `revisionDate` int(11) NOT NULL,
  `packSize` bigint(20) NOT NULL,
  `xcnPlan` bigint(20) NOT NULL,
  `moduleName` varchar(255) COLLATE utf8_unicode_ci NOT NULL,
  `authorName` varchar(255) COLLATE utf8_unicode_ci NOT NULL,
  `description` longtext COLLATE utf8_unicode_ci NOT NULL,
  `iconURL` varchar(255) COLLATE utf8_unicode_ci DEFAULT NULL,
  `pageURL` varchar(255) COLLATE utf8_unicode_ci NOT NULL,
  `authorPageURL` varchar(255) COLLATE utf8_unicode_ci NOT NULL,
  `dependencies` longtext COLLATE utf8_unicode_ci NOT NULL COMMENT '(DC2Type:array)',
  `tags` longtext COLLATE utf8_unicode_ci NOT NULL COMMENT '(DC2Type:array)',
  `fromMarketplace` tinyint(1) NOT NULL,
  `isLanding` tinyint(1) NOT NULL,
  `landingPosition` int(11) NOT NULL,
  `isSystem` tinyint(1) NOT NULL,
  `hasLicense` tinyint(1) NOT NULL,
  `editionState` int(11) NOT NULL,
  `editions` longtext COLLATE utf8_unicode_ci NOT NULL COMMENT '(DC2Type:array)',
  `xbProductId` int(11) NOT NULL,
  `isSkin` tinyint(1) NOT NULL,
  `private` tinyint(1) NOT NULL,
  PRIMARY KEY (`moduleID`),
  UNIQUE KEY `moduleVersion` (`author`,`name`,`majorVersion`,`minorVersion`,`fromMarketplace`),
  KEY `enabled` (`enabled`),
  KEY `date` (`date`),
  KEY `downloads` (`downloads`),
  KEY `rating` (`rating`),
  KEY `ani` (`author`,`name`,`installed`),
  KEY `anmm` (`author`,`name`,`majorVersion`,`minorVersion`),
  KEY `anf` (`author`,`name`,`fromMarketplace`)
) ENGINE=InnoDB DEFAULT CHARSET=utf8 COLLATE=utf8_unicode_ci;
INSERT INTO `xlite_modules` VALUES (1,'PayWithAmazon','Amazon','',1,1,1,1483703381,0.0000,0,0,0.00,'USD','5.3',3,0,0,0,0,0,'Pay with Amazon','Amazon Payments','This module enables Pay with Amazon functionality',NULL,'','','a:0:{}','a:0:{}',0,0,0,0,0,0,'a:0:{}',0,0,0),(2,'ESelectHPP','XC','',1,1,1,1483703381,0.0000,0,0,0.00,'USD','5.3',1,0,0,0,0,0,'Moneris (eSELECTplus- Hosted Pay Page)','X-Cart team','Accept credit and debit cards via an online transaction processing engine. USA and Canada',NULL,'','','a:0:{}','a:0:{}',0,0,0,0,0,0,'a:0:{}',0,0,0),(3,'AuctionInc','XC','',1,1,1,1483703381,0.0000,0,0,0.00,'USD','5.3',1,3,0,0,0,0,'AuctionInc ShippingCalc','X-Cart team','Provide your customers with accurate \"real-time\" comparative domestic or international shipping rates from\nyour choice of services from Fedex, UPS, USPS and DHL. No carrier accounts required. Full support for your\nitem dimensions and dimensional rates. Shipping origins from any country supported. A host of advanced\nfeatures include: shipping promotions, bundled handling fees, drop-shipping from multiple origins, and a\npackaging engine that accurately predicts appropriate packaging for multiple items and quantities. Free\nmonth-long trial, then subscription to AuctionInc required.',NULL,'','','a:0:{}','a:0:{}',0,0,0,0,0,0,'a:0:{}',0,0,0),(4,'CustomProductTabs','XC','',1,1,1,1483703381,0.0000,0,0,0.00,'USD','5.3',2,0,0,0,0,0,'Custom product tabs','X-Cart team','Add additional tabs on the product page. Custom name, custom content - html text or product videos, whatever describes your product best.',NULL,'','','a:0:{}','a:0:{}',0,0,0,0,0,0,'a:0:{}',0,0,0),(5,'UPS','XC','',1,1,1,1483703381,0.0000,0,0,0.00,'USD','5.3',1,2,0,0,0,0,'UPS','X-Cart team','Gets shipping quotes for UPS delivery methods.',NULL,'','','a:0:{}','a:0:{}',0,0,0,0,0,0,'a:0:{}',0,0,0),(6,'WebmasterKit','XC','',0,1,0,1483703381,0.0000,0,0,0.00,'USD','5.3',2,0,0,0,0,0,'Webmaster Kit','X-Cart team','This module helps web developers. It is used to find specific templates (the same as Webmaster mode functionality in X-Cart 4), SQL logging, benchmarking.',NULL,'','','a:0:{}','a:0:{}',0,0,0,0,0,0,'a:0:{}',0,0,0),(7,'NextPreviousProduct','XC','',1,1,1,1483703381,0.0000,0,0,0.00,'USD','5.3',2,2,0,0,0,0,'Previous and Next product','X-Cart team','Display \"Previous\" and \"Next product\" links on your product sheets, be it a category page, a search results page or products of a particular brand.',NULL,'','','a:0:{}','a:0:{}',0,0,0,0,0,0,'a:0:{}',0,0,0),(8,'Pilibaba','XC','',0,1,0,1483703381,0.0000,0,0,0.00,'USD','5.3',2,1,0,0,0,0,'Pilibaba Chinese Checkout','X-Cart team','Start accepting CNY payment and take orders from 1.3 Billion shoppers in China. Support all Chinese debit/credit cards and give merchants the flexibility to convert CNY payment into either USD,EUR or 12 supported currencies.',NULL,'','','a:0:{}','a:0:{}',0,0,0,0,0,0,'a:0:{}',0,0,0),(9,'SagePay','XC','',1,1,1,1483703381,0.0000,0,0,0.00,'USD','5.3',2,0,0,0,0,0,'Sage Pay (Form)','X-Cart team','Enables taking credit card payments for your online store via SagePay payment gateway (Form protocol method).',NULL,'','','a:0:{}','a:0:{}',0,0,0,0,0,0,'a:0:{}',0,0,0),(10,'MultiCurrency','XC','',0,1,0,1483703381,0.0000,0,0,0.00,'USD','5.3',2,1,1,0,0,0,'Multicurrency','X-Cart team','Show product prices in multiple currencies for your customers around the world.',NULL,'','','a:0:{}','a:0:{}',0,0,0,0,0,0,'a:0:{}',0,0,0),(11,'Geolocation','XC','',0,1,0,1483703381,0.0000,0,0,0.00,'USD','5.3',1,1,0,0,0,0,'Geolocation','X-Cart team','Use free IP geolocation database GeoLite by Maxmind to improve the user experience of non-logged in customers - \"guess\" their country and address for more precise pre-login shipping cost estimation',NULL,'','','a:0:{}','a:0:{}',0,0,0,0,0,0,'a:0:{}',0,0,0),(12,'News','XC','',1,1,1,1483703381,0.0000,0,0,0.00,'USD','5.3',1,1,0,0,0,0,'News','X-Cart team','Share the company and products news and updates with your community.',NULL,'','','a:0:{}','a:0:{}',0,0,0,0,0,0,'a:0:{}',0,0,0),(13,'OgoneEcommerce','XC','',1,1,1,1483703381,0.0000,0,0,0.00,'USD','5.3',1,0,0,0,0,0,'Ingenico Payment Services (Ogone)','X-Cart team','Enable online payment processing with a level-1 PCI DSS compliant provider based in Europe.',NULL,'','','a:0:{}','a:0:{}',0,0,0,0,0,0,'a:0:{}',0,0,0),(14,'ThemeTweaker','XC','',1,1,1,1483703381,0.0000,0,0,0.00,'USD','5.3',2,0,0,0,0,0,'Theme tweaker','X-Cart team','This extension allows you to tweak your store design by adding and editing custom CSS styles and JavaScript code directly in the store back end. Also you can upload images to link them from your CSS styles.',NULL,'','','a:0:{}','a:0:{}',0,0,0,0,0,0,'a:0:{}',0,0,0),(15,'ProductVariants','XC','',0,1,0,1483703381,0.0000,0,0,0.00,'USD','5.3',2,1,2,0,0,0,'Product Variants','X-Cart team','Allows to manage products variants.',NULL,'','','a:0:{}','a:0:{}',0,0,0,0,0,0,'a:0:{}',0,0,0),(16,'Upselling','XC','',1,1,1,1483703381,0.0000,0,0,0.00,'USD','5.3',2,0,0,0,0,0,'Related Products','X-Cart team','This module gives you the ability to add a list of products which will be offered along with the product being viewed. You may use this feature to promote products, e.g. making them related or recommended.',NULL,'','','a:0:{}','a:0:{}',0,0,0,0,0,0,'a:0:{}',0,0,0),(17,'NewsletterSubscriptions','XC','',1,1,1,1483703381,0.0000,0,0,0.00,'USD','5.3',1,3,0,0,0,0,'Newsletter subscriptions','X-Cart team','The module adds a sign up form into your site footer inviting your customers to subscribe for your company newsletters. The list of subscribers is stored in the admin back-end and can also be forwarded to Mailchimp.',NULL,'','','a:0:{}','a:0:{}',0,0,0,0,0,0,'a:0:{}',0,0,0),(18,'CrispWhiteSkin','XC','',1,1,1,1483703381,0.0000,0,0,0.00,'USD','5.3',2,1,2,0,0,0,'Crisp White skin','X-Cart team','Light and clean skin developed in minimalist style and combining flat and material design will make your store look clean and modern.',NULL,'','','a:0:{}','a:0:{}',0,0,0,0,0,0,'a:0:{}',0,1,0),(19,'Add2CartPopup','XC','',0,1,0,1483703381,0.0000,0,0,0.00,'USD','5.3',1,4,0,0,0,0,'Add to Cart Popup','X-Cart team','Adds a promotional popup dialog that is displayed after a customer adds a product to cart.',NULL,'','','a:0:{}','a:0:{}',0,0,0,0,0,0,'a:0:{}',0,0,0),(20,'Sitemap','XC','',1,1,1,1483703381,0.0000,0,0,0.00,'USD','5.3',1,1,0,0,0,0,'Site Map','X-Cart team','Enable a sitemap on your site for easier customers\' navigation.The sitemap can include categories and static pages.',NULL,'','','a:0:{}','a:0:{}',0,0,0,0,0,0,'a:0:{}',0,0,0),(21,'FroalaEditor','XC','',1,1,1,1483703381,0.0000,0,0,0.00,'USD','5.3',0,1,2,0,0,0,'Froala WYSIWYG editor integration','X-Cart team','Enables Froala WYSIWYG editor for editing product and category descriptions.',NULL,'','','a:0:{}','a:0:{}',0,0,0,0,0,0,'a:0:{}',0,0,0),(22,'EPDQ','XC','',1,1,1,1483703381,0.0000,0,0,0.00,'USD','5.3',1,0,0,0,0,0,'Barclaycard ePDQ e-Commerce','X-Cart team','Enables taking payments for your online store via Barclaycard ePDQ e-Commerce payment system (Basic e-Commerce integration).',NULL,'','','a:0:{}','a:0:{}',0,0,0,0,0,0,'a:0:{}',0,0,0),(23,'BulkEditing','XC','',1,1,1,1483703381,0.0000,0,0,0.00,'USD','5.3',2,0,0,0,0,0,'Bulk Editing','X-Cart team','The module allows to edit products in bulk. Choose products for editing and select the parameter that needs to be updated for them.',NULL,'','','a:0:{}','a:0:{}',0,0,0,0,0,0,'a:0:{}',0,0,0),(24,'FastLaneCheckout','XC','',1,1,1,1483703381,0.0000,0,0,0.00,'USD','5.3',2,1,2,0,0,0,'Fast Lane Checkout','X-Cart team','Modern multi-step checkout asks for a separate piece of information at a separate step. As a result, it looks looks clean for customers and seems secure and easy to fill in.',NULL,'','','a:0:{}','a:0:{}',0,0,0,0,0,0,'a:0:{}',0,0,0),(25,'IdealPayments','XC','',1,1,1,1483703381,0.0000,0,0,0.00,'USD','5.3',1,0,0,0,0,0,'iDEAL Payments','X-Cart team','Enables taking credit card payments for your online store via iDEAL payment system.',NULL,'','','a:0:{}','a:0:{}',0,0,0,0,0,0,'a:0:{}',0,0,0),(26,'UpdateInventory','XC','',1,1,1,1483703381,0.0000,0,0,0.00,'USD','5.3',1,1,0,0,0,0,'Update Inventory','X-Cart team','Allows to update products quantity via CSV simple file.',NULL,'','','a:0:{}','a:0:{}',0,0,0,0,0,0,'a:0:{}',0,0,0),(27,'FreeShipping','XC','',1,1,1,1483703381,0.0000,0,0,0.00,'USD','5.3',1,3,0,0,0,0,'Free Shipping and Shipping freights','X-Cart team','Attract more customers by offering Free Shipping. Mark the products that are shipped for free. Add a possibility to specify shipping freight to products.',NULL,'','','a:0:{}','a:0:{}',0,0,0,0,0,0,'a:0:{}',0,0,0),(28,'ColorSchemes','XC','',0,1,0,1483703381,0.0000,0,0,0.00,'USD','5.3',2,0,0,0,0,0,'Color Schemes','X-Cart team','This module adds three new color schemes to the base X-Cart design theme.',NULL,'','','a:0:{}','a:0:{}',0,0,0,0,0,0,'a:0:{}',0,1,0),(29,'MailChimp','XC','',1,1,1,1483703381,0.0000,0,0,0.00,'USD','5.3',2,1,2,0,0,0,'MailChimp Integration with E-commerce support','X-Cart team','MailChimp is an email marketing service with powerful tools to manage your email campaigns and subscribers while gathering advanced analytics information on your campaign performance.',NULL,'','','a:0:{}','a:0:{}',0,0,0,0,0,0,'a:0:{}',0,0,0),(30,'ProductFilter','XC','',1,1,1,1483703381,0.0000,0,0,0.00,'USD','5.3',2,0,2,0,0,0,'Product Filter','X-Cart team','Allows customers to filter products.',NULL,'','','a:0:{}','a:0:{}',0,0,0,0,0,0,'a:0:{}',0,0,0),(31,'Stripe','XC','',1,1,1,1483703381,0.0000,0,0,0.00,'USD','5.3',1,0,0,0,0,0,'Stripe','X-Cart team','Enables taking credit card payments for your online store via Stripe',NULL,'','','a:0:{}','a:0:{}',0,0,0,0,0,0,'a:0:{}',0,0,0),(32,'Reviews','XC','',1,1,1,1483703381,0.0000,0,0,0.00,'USD','5.3',2,0,0,0,0,0,'Product reviews','X-Cart team','Adds an ability to add products reviews and manage them in admin area',NULL,'','','a:0:{}','a:0:{}',0,0,0,0,0,0,'a:0:{}',0,0,0),(33,'CanadaPost','XC','',1,1,1,1483703381,0.0000,0,0,0.00,'USD','5.3',1,2,0,0,0,0,'Canada Post','X-Cart team','Gets shipping quotes for Canada Post delivery methods.',NULL,'','','a:0:{}','a:0:{}',0,0,0,0,0,0,'a:0:{}',0,0,0),(34,'Paypal','CDev','',1,1,1,1483703381,0.0000,0,0,0.00,'USD','5.3',3,1,0,0,0,0,'PayPal','X-Cart team','Enables taking payments for your online store via PayPal services.',NULL,'','','a:0:{}','a:0:{}',0,0,0,0,0,0,'a:0:{}',0,0,0),(35,'Bestsellers','CDev','',1,1,1,1483703381,0.0000,0,0,0.00,'USD','5.3',2,1,0,0,0,0,'Bestsellers','X-Cart team','Lists best-selling products at any place of the customer interface.',NULL,'','','a:0:{}','a:0:{}',0,0,0,0,0,0,'a:0:{}',0,0,0),(36,'Wholesale','CDev','',0,1,0,1483703381,0.0000,0,0,0.00,'USD','5.3',1,2,0,0,0,0,'Wholesale','X-Cart team','Enables wholesale pricing depending on product quantity and customer membership level. Also the module allows you to set the minimum purchase quantity per membership level.',NULL,'','','a:0:{}','a:0:{}',0,0,0,0,0,0,'a:0:{}',0,0,0),(37,'USPS','CDev','',1,1,1,1483703381,0.0000,0,0,0.00,'USD','5.3',1,0,0,0,0,0,'U.S.P.S.','X-Cart team','Gets shipping quotes for USPS delivery methods.',NULL,'','','a:0:{}','a:0:{}',0,0,0,0,0,0,'a:0:{}',0,0,0),(38,'UserPermissions','CDev','',1,1,1,1483703381,0.0000,0,0,0.00,'USD','5.3',1,0,0,0,0,0,'User permissions','X-Cart team','Allows you to restrict access to backend functions to only those employees who need them. You can define administrator roles and configure which groups of back-end functions are available to users having these roles.',NULL,'','','a:0:{}','a:0:{}',0,0,0,0,0,0,'a:0:{}',0,0,0),(39,'Egoods','CDev','',0,1,0,1483703381,0.0000,0,0,0.00,'USD','5.3',1,1,0,0,0,0,'E-goods','X-Cart team','Allows to sell files that customers can download after the purchase. Requires to have the FileAttachments module priorly installed and enabled.',NULL,'','','a:1:{i:0;s:20:\"CDev\\FileAttachments\";}','a:0:{}',0,0,0,0,0,0,'a:0:{}',0,0,0),(40,'GoogleAnalytics','CDev','',1,1,1,1483703381,0.0000,0,0,0.00,'USD','5.3',2,1,0,0,0,0,'Google Analytics','X-Cart team','Enables tracking and analyzing your website e-commerce statistics with Google Analytics.',NULL,'','','a:0:{}','a:0:{}',0,0,0,0,0,0,'a:0:{}',0,0,0),(41,'SocialLogin','CDev','',1,1,1,1483703381,0.0000,0,0,0.00,'USD','5.3',2,0,0,0,0,0,'Social Login','X-Cart team','Enables authentication via OAuth 2.0 providers (Google & Facebook).',NULL,'','','a:0:{}','a:0:{}',0,0,0,0,0,0,'a:0:{}',0,0,0),(42,'XPaymentsConnector','CDev','',1,1,1,1483703381,0.0000,0,0,0.00,'USD','5.3',2,0,2,0,0,0,'X-Payments connector','X-Cart team','PCI compliant credit card processing through major payment gateways without redirects that allows PCI compliant credit card storing for re-using and subscriptions. X-Payments integrates with over 40 payment providers including but not limited to: PayPal, BrainTree, Authorize.Net AIM/CIM, Chase Paymentech, CyberSource, Elavon, Moneris (former eSelect), First Data, Intuit Quickbooks, Ogone, Sage Pay, Realex, WorldPay and many others.',NULL,'','','a:0:{}','a:0:{}',0,0,0,0,0,0,'a:0:{}',0,0,0),(43,'Quantum','CDev','',1,1,1,1483703381,0.0000,0,0,0.00,'USD','5.3',1,0,0,0,0,0,'QuantumGateway','X-Cart team','Enables taking credit card payments for your online store via QuantumGateway (QGWdatabase Engine API).',NULL,'','','a:0:{}','a:0:{}',0,0,0,0,0,0,'a:0:{}',0,0,0),(44,'XMLSitemap','CDev','',1,1,1,1483703381,0.0000,0,0,0.00,'USD','5.3',2,2,0,0,0,0,'XML sitemap','X-Cart team','Module generates an XML file with information for search engines.',NULL,'','','a:0:{}','a:0:{}',0,0,0,0,0,0,'a:0:{}',0,0,0),(45,'Moneybookers','CDev','',1,1,1,1483703381,0.0000,0,0,0.00,'USD','5.3',1,2,0,0,0,0,'Skrill','X-Cart team','The module allows you to accept payments using cards, over 20 local payment methods and more than 80 banks (iframe integration method)',NULL,'','','a:0:{}','a:0:{}',0,0,0,0,0,0,'a:0:{}',0,0,0),(46,'SimpleCMS','CDev','',1,1,1,1483703381,0.0000,0,0,0.00,'USD','5.3',2,1,0,0,0,0,'Simple CMS','X-Cart team','Allows you to add a company logo and favicon, modify the primary website menu, edit the footer links and add custom website pages. When used with TinyMCE and Go Social modules, allows you to configure OpenGraph tags for your pages and edit their contents in the WYSIWYG mode. The module is incompatible with modules integrating your store with third-party CMS solutions.',NULL,'','','a:0:{}','a:0:{}',0,0,0,0,0,0,'a:0:{}',0,0,0),(47,'ContactUs','CDev','',1,1,1,1483703381,0.0000,0,0,0.00,'USD','5.3',2,0,0,0,0,0,'Contact us','X-Cart team','Enables \"Contact us\" page',NULL,'','','a:0:{}','a:0:{}',0,0,0,0,0,0,'a:0:{}',0,0,0),(48,'SalesTax','CDev','',1,1,1,1483703381,0.0000,0,0,0.00,'USD','5.3',2,0,2,0,0,0,'Sales Tax','X-Cart team','Setup the rules for calculating sales tax. The rates can depend on product classes, customer\'s membership levels and address. When several tax rates are applicable to one product, you can specify the priority of their application.',NULL,'','','a:0:{}','a:0:{}',0,0,0,0,0,0,'a:0:{}',0,0,0),(49,'VolumeDiscounts','CDev','',1,1,1,1483703381,0.0000,0,0,0.00,'USD','5.3',1,0,0,0,0,0,'Volume Discounts','X-Cart team','Enables discounts depending on the total price of ordered products and the customer membership level.',NULL,'','','a:0:{}','a:0:{}',0,0,0,0,0,0,'a:0:{}',0,0,0),(50,'TwoCheckout','CDev','',1,1,1,1483703381,0.0000,0,0,0.00,'USD','5.3',1,0,0,0,0,0,'2Checkout.com','X-Cart team','Enables taking credit card payments for your online store via 2Checkout.com payment gateway.',NULL,'','','a:0:{}','a:0:{}',0,0,0,0,0,0,'a:0:{}',0,0,0),(51,'ProductAdvisor','CDev','',1,1,1,1483703381,0.0000,0,0,0.00,'USD','5.3',2,1,0,0,0,0,'Product Advisor','X-Cart team','Adds specific products lists to the catalog: new arrivals, coming soon, recently viewed etc.',NULL,'','','a:0:{}','a:0:{}',0,0,0,0,0,0,'a:0:{}',0,0,0),(52,'PINCodes','CDev','',0,1,0,1483703381,0.0000,0,0,0.00,'USD','5.3',1,1,0,0,0,0,'PIN Codes','X-Cart team','Allows to sell PIN codes attached to products.',NULL,'','','a:0:{}','a:0:{}',0,0,0,0,0,0,'a:0:{}',0,0,0),(53,'Sale','CDev','',1,1,1,1483703381,0.0000,0,0,0.00,'USD','5.3',2,0,0,0,0,0,'Sale','X-Cart team','Module allows you set special sale prices for certain products.',NULL,'','','a:0:{}','a:0:{}',0,0,0,0,0,0,'a:0:{}',0,0,0),(54,'FeaturedProducts','CDev','',1,1,1,1483703381,0.0000,0,0,0.00,'USD','5.3',2,0,0,0,0,0,'Featured Products','X-Cart team','Shows your best and most profitable products to customers.',NULL,'','','a:0:{}','a:0:{}',0,0,0,0,0,0,'a:0:{}',0,0,0),(55,'FedEx','CDev','',1,1,1,1483703381,0.0000,0,0,0.00,'USD','5.3',1,0,0,0,0,0,'FedEx','X-Cart team','Gets shipping quotes for FedEx delivery methods.',NULL,'','','a:0:{}','a:0:{}',0,0,0,0,0,0,'a:0:{}',0,0,0),(56,'GoSocial','CDev','',1,1,1,1483703381,0.0000,0,0,0.00,'USD','5.3',2,0,0,0,0,0,'Go Social','X-Cart team','Adds social media sharing functions like Facebook comments, OpenGraph meta tags and share buttons for product pages.',NULL,'','','a:0:{}','a:0:{}',0,0,0,0,0,0,'a:0:{}',0,0,0),(57,'AustraliaPost','CDev','',1,1,1,1483703381,0.0000,0,0,0.00,'USD','5.3',1,1,0,0,0,0,'Australia Post','X-Cart team','Gets shipping quotes for Australia Post delivery methods.',NULL,'','','a:0:{}','a:0:{}',0,0,0,0,0,0,'a:0:{}',0,0,0),(58,'AuthorizeNet','CDev','',1,1,1,1483703381,0.0000,0,0,0.00,'USD','5.3',2,1,0,0,0,0,'Authorize.Net SIM','X-Cart team','Enables taking credit card payments for your online store via AuthorizeNet payment gateway (Server Integration Method).',NULL,'','','a:0:{}','a:0:{}',0,0,0,0,0,0,'a:0:{}',0,0,0),(59,'Coupons','CDev','',1,1,1,1483703381,0.0000,0,0,0.00,'USD','5.3',1,2,0,0,0,0,'Coupons','X-Cart team','Allows to configure discounts which customers can activate in your shop with a coupon code',NULL,'','','a:0:{}','a:0:{}',0,0,0,0,0,0,'a:0:{}',0,0,0),(60,'FileAttachments','CDev','',0,1,0,1483703381,0.0000,0,0,0.00,'USD','5.3',1,0,0,0,0,0,'File attachments','X-Cart team','Allows you to attach files to goods that can be downloaded from the detailed pages of this product by visitors.',NULL,'','','a:0:{}','a:0:{}',0,0,0,0,0,0,'a:0:{}',0,0,0),(61,'FlyoutCategoriesMenu','QSL','',1,1,1,1483703381,0.0000,0,0,0.00,'USD','5.3',1,2,0,0,0,0,'Flyout Categories Menu','Qualiteam Software','The module changes the default categories menu in the Customer area by introducing a flyout expanding menu style',NULL,'','','a:0:{}','a:0:{}',0,0,0,0,0,0,'a:0:{}',0,0,0),(62,'CloudSearch','QSL','',1,1,1,1483703381,0.0000,0,0,0.00,'USD','5.3',3,0,1,0,0,0,'CloudSearch & CloudFilters','Qualiteam','CloudSearch is a service that integrates with X-Cart 5 to enable dynamic, real-time product search with highly relevant search results. CloudFilters works on top of CloudSearch to enable advanced layered navigation in an X-Cart store. This module provides integration with both services. Power up your store with enterprise-class search and navigation technologies for better conversion!',NULL,'http://www.x-cart.com/extensions/addons/cloudsearch.html?sl=en','','a:0:{}','a:0:{}',0,0,0,0,0,0,'a:0:{}',0,0,0),(63,'SpecialOffersBase','QSL','',1,1,1,1483703381,0.0000,0,0,0.00,'USD','5.3',2,0,0,0,0,0,'Special Offers (base)','Qualiteam Software','This is the base module that allows other modules to add different types of special offers.',NULL,'','','a:0:{}','a:0:{}',0,0,0,0,0,0,'a:0:{}',0,0,0),(64,'AmazonS3Images','CDev','helpdesk@x-cart.com',0,0,0,0,0.0000,0,1040,0.00,'USD','5.3',2,0,0,1397073600,13189120,1,'Amazon S3 images','X-Cart team','Gives you the ability to move all your category and product images over to the \"cloud\" storage services offered by Amazon. This reduces your website\'s bandwidth and allows you to use your Amazon CloudFront CDN account to get your images loaded in customers\' browsers really fast.','http://my.x-cart.com/sites/default/files/addons/CDev/AmazonS3Images/icon.png','https://market.x-cart.com/addons/amazon-s3-images.html','','a:0:{}','a:2:{i:0;s:15:\"User experience\";i:1;s:14:\"Administration\";}',1,0,0,0,0,2,'a:3:{i:0;s:12:\"391_Business\";i:1;s:18:\"20598_Multi-vendor\";i:2;s:18:\"536881125_Ultimate\";}',0,0,0),(65,'AustraliaPost','CDev','helpdesk@x-cart.com',0,0,0,0,0.0000,0,9411,0.00,'USD','5.3',1,1,0,1398693926,102400,0,'Australia Post','X-Cart team','Gets shipping quotes for Australia Post delivery methods.','http://my.x-cart.com/sites/default/files/addons/CDev/AustraliaPost/icon.png','https://market.x-cart.com/addons/australia-post.html','','a:0:{}','a:2:{i:0;s:11:\"Fulfillment\";i:1;s:8:\"Shipping\";}',1,0,0,0,0,0,'a:0:{}',0,0,0),(66,'AuthorizeNet','CDev','helpdesk@x-cart.com',0,0,0,0,0.0000,0,11086,0.00,'USD','5.3',2,1,0,1397141922,81920,0,'Authorize.Net SIM','X-Cart team','Enables taking credit card payments for your online store via AuthorizeNet payment gateway (Server Integration Method).','http://my.x-cart.com/sites/default/files/addons/CDev/AuthorizeNet/icon.png','https://market.x-cart.com/addons/authorize-net-sim.html','','a:0:{}','a:1:{i:0;s:18:\"Payment processing\";}',1,0,0,0,0,0,'a:0:{}',0,0,0),(67,'Bestsellers','CDev','helpdesk@x-cart.com',0,0,0,0,0.0000,0,11931,0.00,'USD','5.3',2,1,0,1397141922,71680,0,'Bestsellers','X-Cart team','Lists best-selling products at any place of the customer interface.','http://my.x-cart.com/sites/default/files/addons/CDev/Bestsellers/icon.png','https://market.x-cart.com/addons/bestsellers.html','','a:0:{}','a:1:{i:0;s:9:\"Marketing\";}',1,0,0,0,0,0,'a:0:{}',0,0,0),(68,'Catalog','CDev','helpdesk@x-cart.com',0,0,0,0,0.0000,0,7413,0.00,'USD','5.3',1,0,0,1397073600,61440,0,'Catalog','X-Cart team','Disables checkout and makes your website a plain catalog of products which customers can browse but can\'t buy online.','http://my.x-cart.com/sites/default/files/addons/CDev/Catalog/iconAlt.png','https://market.x-cart.com/addons/catalog.html','','a:0:{}','a:1:{i:0;s:18:\"Catalog Management\";}',1,0,0,0,0,0,'a:0:{}',0,0,0),(69,'ContactUs','CDev','helpdesk@x-cart.com',0,0,0,0,0.0000,0,9815,0.00,'USD','5.3',2,0,0,1400529600,112640,0,'Contact us','X-Cart team','Enables \"Contact us\" page','http://my.x-cart.com/sites/default/files/addons/CDev/ContactUs/icon.png','https://market.x-cart.com/addons/contact-us.html','','a:0:{}','a:2:{i:0;s:15:\"User experience\";i:1;s:14:\"Administration\";}',1,0,0,0,0,0,'a:0:{}',0,0,0),(70,'Coupons','CDev','helpdesk@x-cart.com',0,0,0,0,0.0000,0,10307,0.00,'USD','5.3',1,2,0,1400529600,266240,1,'Coupons','X-Cart team','Allows to configure discounts which customers can activate in your shop with a coupon code','http://my.x-cart.com/sites/default/files/addons/CDev/Coupons/icon.png','https://market.x-cart.com/addons/discount-coupons.html','','a:0:{}','a:1:{i:0;s:9:\"Marketing\";}',1,0,0,0,0,2,'a:3:{i:0;s:12:\"391_Business\";i:1;s:18:\"20598_Multi-vendor\";i:2;s:18:\"536881125_Ultimate\";}',0,0,0),(71,'DeTranslation','CDev','helpdesk@x-cart.com',0,0,0,0,0.0000,0,3552,0.00,'USD','5.3',2,0,0,1398628800,235520,0,'Translation: German','X-Cart team','German translation pack. This translation is a contribution of X-Cart community. Kindly shared by one of X-Cart merchants for free, this translation may contain some non-translated labels which appeared in later versions of X-Cart 5 or which were added by custom modules you installed.','http://my.x-cart.com/sites/default/files/addons/CDev/DeTranslation/icon.png','https://market.x-cart.com/addons/german-translation.html','','a:0:{}','a:1:{i:0;s:11:\"Translation\";}',1,0,0,0,0,0,'a:0:{}',0,0,0),(72,'DrupalConnector','CDev','helpdesk@x-cart.com',0,0,0,0,0.0000,0,1583,0.00,'USD','5.2',6,0,0,1398693927,337920,0,'Drupal Connector [DEPRECATED]','X-Cart team','Exports X-Cart widgets and pages to Drupal.','http://my.x-cart.com/sites/default/files/addons/CDev/DrupalConnector/iconAlt.png','https://market.x-cart.com/addons/drupal-connector.html','','a:0:{}','a:1:{i:0;s:14:\"Administration\";}',1,0,0,0,0,0,'a:0:{}',0,0,0),(73,'Egoods','CDev','helpdesk@x-cart.com',0,0,0,0,0.0000,0,5552,0.00,'USD','5.3',1,1,0,1398628800,163840,1,'E-goods','X-Cart team','Allows to sell files that customers can download after the purchase. Requires to have the FileAttachments module priorly installed and enabled.','http://my.x-cart.com/sites/default/files/addons/CDev/Egoods/icon.png','https://market.x-cart.com/addons/e-goods.html','','a:1:{i:0;s:20:\"CDev\\FileAttachments\";}','a:3:{i:0;s:11:\"Fulfillment\";i:1;s:18:\"Catalog Management\";i:2;s:8:\"Shipping\";}',1,0,0,0,0,2,'a:3:{i:0;s:12:\"391_Business\";i:1;s:18:\"20598_Multi-vendor\";i:2;s:18:\"536881125_Ultimate\";}',0,0,0),(74,'FeaturedProducts','CDev','helpdesk@x-cart.com',0,0,0,0,0.0000,0,10115,0.00,'USD','5.3',2,0,0,1400529600,133120,0,'Featured Products','X-Cart team','Shows your best and most profitable products to customers.','http://my.x-cart.com/sites/default/files/addons/CDev/FeaturedProducts/icon.png','https://market.x-cart.com/addons/featured-products.html','','a:0:{}','a:2:{i:0;s:9:\"Marketing\";i:1;s:21:\"Search and Navigation\";}',1,0,0,0,0,0,'a:0:{}',0,0,0),(75,'FileAttachments','CDev','helpdesk@x-cart.com',0,0,0,0,0.0000,0,7260,0.00,'USD','5.3',1,0,0,1400529600,133120,1,'File attachments','X-Cart team','Allows you to attach files to goods that can be downloaded from the detailed pages of this product by visitors.','http://my.x-cart.com/sites/default/files/addons/CDev/FileAttachments/iconAlt.png','https://market.x-cart.com/addons/file-attachments.html','','a:0:{}','a:1:{i:0;s:18:\"Catalog Management\";}',1,0,0,0,0,2,'a:3:{i:0;s:12:\"391_Business\";i:1;s:18:\"20598_Multi-vendor\";i:2;s:18:\"536881125_Ultimate\";}',0,0,0),(76,'FrTranslation','CDev','helpdesk@x-cart.com',0,0,0,0,0.0000,0,4098,0.00,'USD','5.3',2,0,0,1398628800,225280,0,'Translation: French','X-Cart team','French translation pack. This translation is a contribution of X-Cart community. Kindly shared by one of X-Cart merchants for free, this translation may contain some non-translated labels which appeared in later versions of X-Cart 5 or which were added by custom modules you installed.','http://my.x-cart.com/sites/default/files/addons/CDev/FrTranslation/icon.png','https://market.x-cart.com/addons/french-translation.html','','a:0:{}','a:1:{i:0;s:11:\"Translation\";}',1,0,0,0,0,0,'a:0:{}',0,0,0),(77,'GoogleAnalytics','CDev','helpdesk@x-cart.com',0,0,0,0,0.0000,0,10020,0.00,'USD','5.3',2,1,0,1397073600,256000,0,'Google Analytics','X-Cart team','Enables tracking and analyzing your website e-commerce statistics with Google Analytics.','http://my.x-cart.com/sites/default/files/addons/CDev/GoogleAnalytics/icon.png','https://market.x-cart.com/addons/google-analytics.html','','a:0:{}','a:2:{i:0;s:10:\"Statistics\";i:1;s:3:\"SEO\";}',1,0,0,0,0,0,'a:0:{}',0,0,0),(78,'GoSocial','CDev','helpdesk@x-cart.com',0,0,0,0,0.0000,0,12804,0.00,'USD','5.3',2,0,0,1400529600,204800,0,'Go Social','X-Cart team','Adds social media sharing functions like Facebook comments, OpenGraph meta tags and share buttons for product pages.','http://my.x-cart.com/sites/default/files/addons/CDev/GoSocial/icon.png','https://market.x-cart.com/addons/go-social.html','','a:0:{}','a:2:{i:0;s:9:\"Marketing\";i:1;s:6:\"Social\";}',1,0,0,0,0,0,'a:0:{}',0,0,0),(79,'MarketPrice','CDev','helpdesk@x-cart.com',0,0,0,0,0.0000,0,8306,0.00,'USD','5.3',1,2,0,1398628800,71680,0,'Market price','X-Cart team','Adds support for the product market price.','http://my.x-cart.com/sites/default/files/addons/CDev/MarketPrice/icon.png','https://market.x-cart.com/addons/market-price.html','','a:0:{}','a:2:{i:0;s:9:\"Marketing\";i:1;s:18:\"Catalog Management\";}',1,0,0,0,0,0,'a:0:{}',0,0,0),(80,'Moneybookers','CDev','helpdesk@x-cart.com',0,0,0,0,0.0000,0,8740,0.00,'USD','5.3',1,2,0,1398685587,378880,0,'Skrill','X-Cart team','The module allows you to accept payments using cards, over 20 local payment methods and more than 80 banks (iframe integration method)','http://my.x-cart.com/sites/default/files/addons/CDev/Moneybookers/icon.png','https://market.x-cart.com/addons/skrill.html','','a:0:{}','a:1:{i:0;s:18:\"Payment processing\";}',1,0,0,0,0,0,'a:0:{}',0,0,0),(81,'PaypalWPS','CDev','helpdesk@x-cart.com',0,0,0,0,0.0000,0,2084,0.00,'USD','5.1',4,0,0,1400583771,81920,0,'PayPal (outside of the US) [DEPRECATED]','X-Cart team','Enables taking credit card payments for your online store via PayPal (Website Payments Standard).','http://my.x-cart.com/sites/default/files/addons/CDev/PaypalWPS/iconAlt.png','http://www.x-cart.com/extensions/addons/paypal-standard.html','','a:0:{}','a:1:{i:0;s:18:\"Payment processing\";}',1,0,0,0,0,0,'a:0:{}',0,0,0),(82,'ProductAdvisor','CDev','helpdesk@x-cart.com',0,0,0,0,0.0000,0,8943,0.00,'USD','5.3',2,1,0,1398628800,204800,1,'Product Advisor','X-Cart team','Adds specific products lists to the catalog: new arrivals, coming soon, recently viewed etc.','http://my.x-cart.com/sites/default/files/addons/CDev/ProductAdvisor/icon.png','https://market.x-cart.com/addons/product-advisor.html','','a:0:{}','a:2:{i:0;s:9:\"Marketing\";i:1;s:21:\"Search and Navigation\";}',1,0,0,0,0,2,'a:3:{i:0;s:12:\"391_Business\";i:1;s:18:\"20598_Multi-vendor\";i:2;s:18:\"536881125_Ultimate\";}',0,0,0),(83,'ProductOptions','CDev','helpdesk@x-cart.com',0,0,0,0,0.0000,0,486,0.00,'USD','5.0',2,0,0,1397073600,317440,0,'Product Options [DEPRECATED]','X-Cart team','In the earlier versions of X-Cart the module used to allow a customer to choose options when buying a product. Since version 5.0 it is recommended to use built-in interface for attributes configuration and the \"Product Variants\" module for this purpose.','http://my.x-cart.com/sites/default/files/addons/CDev/ProductOptions/iconAlt.png','','','a:0:{}','a:1:{i:0;s:18:\"Catalog Management\";}',1,0,0,0,0,0,'a:0:{}',0,0,0),(84,'Quantum','CDev','helpdesk@x-cart.com',0,0,0,0,0.0000,0,4917,0.00,'USD','5.3',1,0,0,1397141931,40960,0,'QuantumGateway','X-Cart team','Enables taking credit card payments for your online store via QuantumGateway (QGWdatabase Engine API).','http://my.x-cart.com/sites/default/files/addons/CDev/Quantum/iconAlt.png','https://market.x-cart.com/addons/quantum-gateway.html','','a:0:{}','a:1:{i:0;s:18:\"Payment processing\";}',1,0,0,0,0,0,'a:0:{}',0,0,0),(85,'RuTranslation','CDev','helpdesk@x-cart.com',0,0,0,0,0.0000,0,4424,0.00,'USD','5.3',2,1,0,1400529600,757760,0,'Translation: Russian','X-Cart team','Russian translation pack','http://my.x-cart.com/sites/default/files/addons/CDev/RuTranslation/icon.png','https://market.x-cart.com/addons/russian-translation.html','','a:0:{}','a:1:{i:0;s:11:\"Translation\";}',1,0,0,0,0,0,'a:0:{}',0,0,0),(86,'SalesTax','CDev','helpdesk@x-cart.com',0,0,0,0,0.0000,0,11846,0.00,'USD','5.3',2,0,2,1400529600,143360,0,'Sales Tax','X-Cart team','Setup the rules for calculating sales tax. The rates can depend on product classes, customer\'s membership levels and address. When several tax rates are applicable to one product, you can specify the priority of their application.','http://my.x-cart.com/sites/default/files/addons/CDev/SalesTax/icon.png','https://market.x-cart.com/addons/sales-tax.html','','a:0:{}','a:1:{i:0;s:5:\"Taxes\";}',1,0,0,0,0,0,'a:0:{}',0,0,0),(87,'Sale','CDev','helpdesk@x-cart.com',0,0,0,0,0.0000,0,9638,0.00,'USD','5.3',2,0,0,1400529600,194560,1,'Sale','X-Cart team','Module allows you set special sale prices for certain products.','http://my.x-cart.com/sites/default/files/addons/CDev/Sale/icon.png','https://market.x-cart.com/addons/sale.html','','a:0:{}','a:1:{i:0;s:9:\"Marketing\";}',1,0,0,0,0,2,'a:3:{i:0;s:12:\"391_Business\";i:1;s:18:\"20598_Multi-vendor\";i:2;s:18:\"536881125_Ultimate\";}',0,0,0),(88,'SimpleCMS','CDev','helpdesk@x-cart.com',0,0,0,0,0.0000,0,18751,0.00,'USD','5.3',2,1,0,1400583253,317440,0,'Simple CMS','X-Cart team','Allows you to add custom website pages and modify the primary website menu and the footer links. After installing additional TinyMCE and Go Social modules you can configure OpenGraph tags for your pages and edit their contents in the WYSIWYG mode. This module is incompatible with modules integrating your store with third-party CMS solutions.','http://my.x-cart.com/sites/default/files/addons/CDev/SimpleCMS/icon.png','https://market.x-cart.com/addons/simple-cms.html','','a:0:{}','a:3:{i:0;s:9:\"Marketing\";i:1;s:15:\"User experience\";i:2;s:14:\"Administration\";}',1,0,0,0,0,0,'a:0:{}',0,0,0),(89,'SocialLogin','CDev','helpdesk@x-cart.com',0,0,0,0,0.0000,0,6899,0.00,'USD','5.3',2,0,0,1398628800,133120,1,'Social Login','X-Cart team','Enables authentication via OAuth 2.0 providers (Google & Facebook).','http://my.x-cart.com/sites/default/files/addons/CDev/SocialLogin/icon.png','https://market.x-cart.com/addons/social-login','','a:0:{}','a:2:{i:0;s:15:\"User experience\";i:1;s:6:\"Social\";}',1,0,0,0,0,2,'a:3:{i:0;s:12:\"391_Business\";i:1;s:18:\"20598_Multi-vendor\";i:2;s:18:\"536881125_Ultimate\";}',0,0,0),(90,'System','CDev','',0,0,0,0,0.0000,0,326,0.00,'USD','5.1',7,0,0,1398694670,337920,-1,'System','X-Cart team','System module','http://my.x-cart.com/sites/default/files/addons/CDev/System/icon.png','','','a:0:{}','a:0:{}',1,0,0,1,0,0,'a:0:{}',0,0,0),(91,'TinyMCE','CDev','helpdesk@x-cart.com',0,0,0,0,0.0000,0,17927,0.00,'USD','5.3',1,3,0,1397073600,2590720,0,'TinyMCE integration','X-Cart team','Enables TinyMCE WYSIWYG editor for editing product and category descriptions.','http://my.x-cart.com/sites/default/files/addons/CDev/TinyMCE/icon.png','https://market.x-cart.com/addons/tinymce.html','','a:0:{}','a:2:{i:0;s:14:\"Administration\";i:1;s:18:\"Catalog Management\";}',1,0,0,0,0,0,'a:0:{}',0,0,0),(92,'TwoCheckout','CDev','helpdesk@x-cart.com',0,0,0,0,0.0000,0,6152,0.00,'USD','5.3',1,0,0,1397074545,51200,0,'2Checkout.com','X-Cart team','Enables taking credit card payments for your online store via 2Checkout.com payment gateway.','http://my.x-cart.com/sites/default/files/addons/CDev/TwoCheckout/iconAlt.png','https://market.x-cart.com/addons/2checkout.html','','a:0:{}','a:1:{i:0;s:18:\"Payment processing\";}',1,0,0,0,0,0,'a:0:{}',0,0,0),(93,'UserPermissions','CDev','helpdesk@x-cart.com',0,0,0,0,0.0000,0,4806,0.00,'USD','5.3',1,0,0,1397073600,81920,1,'User permissions','X-Cart team','Allows you to restrict access to backend functions to only those employees who need them. You can define administrator roles and configure which groups of back-end functions are available to users having these roles.','http://my.x-cart.com/sites/default/files/addons/CDev/UserPermissions/iconAlt.png','https://market.x-cart.com/addons/user-permissions.html','','a:0:{}','a:3:{i:0;s:14:\"Administration\";i:1;s:11:\"Fulfillment\";i:2;s:18:\"Catalog Management\";}',1,0,0,0,0,2,'a:3:{i:0;s:12:\"391_Business\";i:1;s:18:\"20598_Multi-vendor\";i:2;s:18:\"536881125_Ultimate\";}',0,0,0),(94,'USPS','CDev','helpdesk@x-cart.com',0,0,0,0,0.0000,0,12996,0.00,'USD','5.3',1,0,0,1398693931,153600,0,'U.S.P.S.','X-Cart team','Gets shipping quotes for USPS delivery methods.','http://my.x-cart.com/sites/default/files/addons/CDev/USPS/iconAlt.png','https://market.x-cart.com/addons/usps.html','','a:0:{}','a:2:{i:0;s:11:\"Fulfillment\";i:1;s:8:\"Shipping\";}',1,0,0,0,0,0,'a:0:{}',0,0,0),(95,'VAT','CDev','helpdesk@x-cart.com',0,0,0,0,0.0000,0,5304,0.00,'USD','5.3',2,1,2,1400581250,317440,0,'Value Added Tax / Goods and Services Tax','X-Cart team','Define the value added tax rates for customers (VAT, GST). Set up different rates based on customer\'s membership level and address. Tax exemption based on customer\'s VAT ID is supported.','http://my.x-cart.com/sites/default/files/addons/CDev/VAT/icon.png','https://market.x-cart.com/addons/uk-vat.html','','a:0:{}','a:1:{i:0;s:5:\"Taxes\";}',1,0,0,0,0,0,'a:0:{}',0,0,0),(96,'VolumeDiscounts','CDev','helpdesk@x-cart.com',0,0,0,0,0.0000,0,5713,0.00,'USD','5.3',1,0,0,1400529600,122880,1,'Volume Discounts','X-Cart team','Enables discounts depending on the total price of ordered products and the customer membership level.','http://my.x-cart.com/sites/default/files/addons/CDev/VolumeDiscounts/iconAlt.png','https://market.x-cart.com/addons/volume-discounts.html','','a:0:{}','a:1:{i:0;s:9:\"Marketing\";}',1,0,0,0,0,2,'a:3:{i:0;s:12:\"391_Business\";i:1;s:18:\"20598_Multi-vendor\";i:2;s:18:\"536881125_Ultimate\";}',0,0,0),(97,'Wholesale','CDev','helpdesk@x-cart.com',0,0,0,0,0.0000,0,10318,0.00,'USD','5.3',1,2,0,1400529600,276480,1,'Wholesale','X-Cart team','Enables wholesale pricing depending on product quantity and customer membership level. Also the module allows you to set the minimum purchase quantity per membership level.','http://my.x-cart.com/sites/default/files/addons/CDev/Wholesale/icon.png','https://market.x-cart.com/addons/wholesale.html','','a:0:{}','a:2:{i:0;s:9:\"Marketing\";i:1;s:18:\"Catalog Management\";}',1,0,0,0,0,2,'a:3:{i:0;s:12:\"391_Business\";i:1;s:18:\"20598_Multi-vendor\";i:2;s:18:\"536881125_Ultimate\";}',0,0,0),(98,'XMLSitemap','CDev','helpdesk@x-cart.com',0,0,0,0,0.0000,0,12225,0.00,'USD','5.3',2,2,0,1400529600,163840,0,'XML sitemap','X-Cart team','Module generates an XML file with information for search engines.','http://my.x-cart.com/sites/default/files/addons/CDev/XMLSitemap/icon.png','https://market.x-cart.com/addons/xml-sitemap.html','','a:0:{}','a:1:{i:0;s:3:\"SEO\";}',1,0,0,0,0,0,'a:0:{}',0,0,0),(99,'XMLSitemapDrupal','CDev','helpdesk@x-cart.com',0,0,0,0,0.0000,0,1219,0.00,'USD','5.2',1,0,0,1397141926,51200,0,'XML sitemap for Drupal [DEPRECATED]','X-Cart team','Module generates an XML file with information for search engines.','http://my.x-cart.com/sites/default/files/addons/CDev/XMLSitemapDrupal/iconAlt.png','http://www.x-cart.com/extensions/addons/xml-sitemap-drupal.html','','a:2:{i:0;s:20:\"CDev\\DrupalConnector\";i:1;s:15:\"CDev\\XMLSitemap\";}','a:2:{i:0;s:9:\"Marketing\";i:1;s:14:\"Administration\";}',1,0,0,0,0,0,'a:0:{}',0,0,0),(100,'Paypal','CDev','helpdesk@x-cart.com',0,0,0,0,0.0000,0,21147,0.00,'USD','5.3',3,1,0,1400529600,870400,0,'PayPal','X-Cart team','Enables taking payments for your online store via PayPal services.','http://my.x-cart.com/sites/default/files/addons/CDev/Paypal/icon.png','https://market.x-cart.com/addons/paypal.html','','a:0:{}','a:1:{i:0;s:18:\"Payment processing\";}',1,0,0,0,0,0,'a:0:{}',0,0,0),(101,'XPaymentsConnector','CDev','helpdesk@x-cart.com',0,0,0,0,0.0000,0,15352,0.00,'USD','5.3',2,0,2,1398685801,1350656,0,'X-Payments connector','X-Cart team','PCI compliant credit card processing through major payment gateways without redirects that allows PCI compliant credit card storing for re-using and subscriptions. X-Payments integrates with over 40 payment providers including but not limited to: PayPal, BrainTree, Authorize.Net AIM/CIM, Chase Paymentech, CyberSource, Elavon, Moneris (former eSelect), First Data, Intuit Quickbooks, Ogone, Sage Pay, Realex, WorldPay and many others.','http://my.x-cart.com/sites/default/files/addons/CDev/XPaymentsConnector/iconAlt.png','https://market.x-cart.com/addons/xpayments-connector.html','','a:0:{}','a:2:{i:0;s:14:\"Administration\";i:1;s:18:\"Payment processing\";}',1,0,0,0,0,0,'a:0:{}',0,0,0),(102,'ThemeTweaker','XC','helpdesk@x-cart.com',0,0,0,0,0.0000,0,14082,0.00,'USD','5.3',2,0,0,1400583254,4024320,0,'Theme tweaker','X-Cart team','This extension allows you to tweak your store design by adding and editing custom CSS styles and JavaScript code directly in the store back end. Also you can upload images to link them from your CSS styles.','http://my.x-cart.com/sites/default/files/addons/XC/ThemeTweaker/icon.png','https://market.x-cart.com/addons/theme-tweaker.html','','a:0:{}','a:2:{i:0;s:13:\"Design tweaks\";i:1;s:14:\"Administration\";}',1,0,0,0,0,0,'a:0:{}',0,0,0),(103,'InstantSearch','CDev','helpdesk@x-cart.com',0,0,0,0,0.0000,0,1384,0.00,'USD','5.1',2,0,0,1398628800,81920,1,'Instant Search [DEPRECATED]','X-Cart team','Starting from v.5.2 the module won\'t be supported. Consider the \"Cloud Search\" instead. More details: http://blog.x-cart.com/cloud-search-goes-free-to-replace-instant-search.html','http://my.x-cart.com/sites/default/files/addons/CDev/InstantSearch/iconAlt.png','http://www.x-cart.com/extensions/addons/instant-search.html','','a:0:{}','a:1:{i:0;s:21:\"Search and Navigation\";}',1,0,0,0,0,2,'a:3:{i:0;s:12:\"391_Business\";i:1;s:18:\"20598_Multi-vendor\";i:2;s:18:\"536881125_Ultimate\";}',0,0,0),(104,'ProductComparison','XC','helpdesk@x-cart.com',0,0,0,0,0.0000,0,5700,0.00,'USD','5.3',2,0,0,1400529600,143360,1,'Product Comparison','X-Cart team','Allows customers to compare products.','http://my.x-cart.com/sites/default/files/addons/XC/ProductComparison/icon.png','https://market.x-cart.com/addons/product-comparison.html','','a:0:{}','a:2:{i:0;s:15:\"User experience\";i:1;s:21:\"Search and Navigation\";}',1,0,0,0,0,2,'a:3:{i:0;s:12:\"391_Business\";i:1;s:18:\"20598_Multi-vendor\";i:2;s:18:\"536881125_Ultimate\";}',0,0,0),(105,'ProductFilter','XC','helpdesk@x-cart.com',0,0,0,0,0.0000,0,9819,0.00,'USD','5.3',2,0,2,1398691782,245760,1,'Product Filter','X-Cart team','Allows customers to filter products.','http://my.x-cart.com/sites/default/files/addons/XC/ProductFilter/icon.png','https://market.x-cart.com/addons/product-filter.html','','a:0:{}','a:2:{i:0;s:21:\"Search and Navigation\";i:1;s:15:\"User experience\";}',1,0,0,0,0,2,'a:3:{i:0;s:12:\"391_Business\";i:1;s:18:\"20598_Multi-vendor\";i:2;s:18:\"536881125_Ultimate\";}',0,0,0),(106,'RESTAPI','XC','helpdesk@x-cart.com',0,0,0,0,0.0000,0,7698,0.00,'USD','5.3',2,1,0,1397141927,163840,0,'REST API','X-Cart team','Allows external applications to work with your store data via REST API.','http://my.x-cart.com/sites/default/files/addons/XC/RESTAPI/icon.png','https://market.x-cart.com/addons/rest-api.html','','a:0:{}','a:1:{i:0;s:11:\"Development\";}',1,0,0,0,0,0,'a:0:{}',0,0,0),(107,'FedEx','CDev','helpdesk@x-cart.com',0,0,0,0,0.0000,0,10318,0.00,'USD','5.3',1,0,0,1398693928,133120,0,'FedEx','X-Cart team','Gets shipping quotes for FedEx delivery methods.','http://my.x-cart.com/sites/default/files/addons/CDev/FedEx/iconAlt.png','https://market.x-cart.com/addons/fedex.html','','a:0:{}','a:2:{i:0;s:11:\"Fulfillment\";i:1;s:8:\"Shipping\";}',1,0,0,0,0,0,'a:0:{}',0,0,0),(108,'CanadaPost','XC','helpdesk@x-cart.com',0,0,0,0,0.0000,0,8928,0.00,'USD','5.3',1,2,0,1400605539,860160,0,'Canada Post','X-Cart team','Gets shipping quotes for Canada Post delivery methods.','http://my.x-cart.com/sites/default/files/addons/XC/CanadaPost/icon.png','https://market.x-cart.com/addons/canadapost.html','','a:0:{}','a:2:{i:0;s:11:\"Fulfillment\";i:1;s:8:\"Shipping\";}',1,0,0,0,0,0,'a:0:{}',0,0,0),(109,'ColorSchemes','XC','helpdesk@x-cart.com',0,0,0,0,0.0000,0,13030,0.00,'USD','5.3',2,0,0,1400529600,1474560,0,'Color Schemes','X-Cart team','This module adds three new color schemes to the base X-Cart design theme.','http://my.x-cart.com/sites/default/files/addons/XC/ColorSchemes/icon.png','https://market.x-cart.com/addons/color-schemes.html','','a:0:{}','a:1:{i:0;s:9:\"Templates\";}',1,0,0,0,0,0,'a:0:{}',0,0,0),(110,'UPS','XC','helpdesk@x-cart.com',0,0,0,0,0.0000,0,11733,0.00,'USD','5.3',1,2,0,1398693934,143360,0,'UPS','X-Cart team','Gets shipping quotes for UPS delivery methods.','http://my.x-cart.com/sites/default/files/addons/XC/UPS/icon.png','https://market.x-cart.com/addons/ups.html','','a:0:{}','a:2:{i:0;s:11:\"Fulfillment\";i:1;s:8:\"Shipping\";}',1,0,0,0,0,0,'a:0:{}',0,0,0),(111,'GiftCertificates','RedSqui','redsqui@gmail.com',0,0,0,0,0.0000,0,950,75.00,'USD','5.3',7,0,2,1395259200,710656,0,'GiftCertificates','Vladimir Serov','Enables customers to buy and use gift certificates.','http://my.x-cart.com/sites/default/files/addons/RedSqui/GiftCertificates/icon.png','https://market.x-cart.com/addons/gift-certificates.html','','a:0:{}','a:1:{i:0;s:18:\"Payment processing\";}',1,0,0,0,0,0,'a:0:{}',536881108,0,0),(112,'Justuno','Justuno','help@justuno.com',0,0,0,0,0.0000,0,37,0.00,'USD','5.1',0,0,0,1378713159,44544,0,'Justuno','Justuno','The Social Incentive Platform','http://my.x-cart.com/sites/default/files/addons/Justuno/Justuno/iconAlt.png','https://market.x-cart.com/addons/justuno-for-xcart.html','','a:0:{}','a:2:{i:0;s:9:\"Marketing\";i:1;s:6:\"Social\";}',1,0,0,0,0,0,'a:0:{}',0,0,0),(113,'PINCodes','CDev','helpdesk@x-cart.com',0,0,0,0,0.0000,0,6452,0.00,'USD','5.3',1,1,0,1400529600,225280,1,'PIN Codes','X-Cart team','Allows to sell PIN codes attached to products.','http://my.x-cart.com/sites/default/files/addons/CDev/PINCodes/icon.png','https://market.x-cart.com/addons/pin-codes.html','','a:0:{}','a:2:{i:0;s:11:\"Fulfillment\";i:1;s:18:\"Catalog Management\";}',1,0,0,0,0,2,'a:3:{i:0;s:12:\"391_Business\";i:1;s:18:\"20598_Multi-vendor\";i:2;s:18:\"536881125_Ultimate\";}',0,0,0),(114,'Mobile','XC','helpdesk@x-cart.com',0,0,0,0,0.0000,0,2435,249.00,'USD','5.2',20,0,10,1400529600,2503680,0,'Mobile skin','X-Cart team','This module enables the mobile view for your store.','http://my.x-cart.com/sites/default/files/addons/XC/Mobile/iconAlt.png','https://market.x-cart.com/addons/mobile.html','','a:0:{}','a:2:{i:0;s:15:\"Mobile Commerce\";i:1;s:9:\"Templates\";}',1,0,0,0,0,0,'a:0:{}',536881124,0,0),(115,'ProductVariants','XC','helpdesk@x-cart.com',0,0,0,0,0.0000,0,13024,0.00,'USD','5.3',2,1,2,1400529600,402432,1,'Product Variants','X-Cart team','Allows to manage products variants.','http://my.x-cart.com/sites/default/files/addons/XC/ProductVariants/icon.png','https://market.x-cart.com/addons/product-variants.html','','a:0:{}','a:2:{i:0;s:11:\"Fulfillment\";i:1;s:18:\"Catalog Management\";}',1,0,0,0,0,2,'a:3:{i:0;s:12:\"391_Business\";i:1;s:18:\"20598_Multi-vendor\";i:2;s:18:\"536881125_Ultimate\";}',0,0,0),(116,'YandexMetrika','STaM','support@buyyy.ru',0,0,0,0,0.0000,0,117,10.00,'USD','5.3',0,0,0,1393617600,36864,0,'Yandex Metrika','STaM LLC','Enables tracking and analyzing your X-Cart website e-commerce statistics with Yandex Metrika.','http://my.x-cart.com/sites/default/files/addons/STaM/YandexMetrika/icon.png','https://market.x-cart.com/addons/yandex-metrics-by-stamllc.html','','a:0:{}','a:2:{i:0;s:3:\"SEO\";i:1;s:10:\"Statistics\";}',1,0,0,0,0,0,'a:0:{}',20604,0,0),(117,'Pay2Pay','STaM','support@buyyy.ru',0,0,0,0,0.0000,0,7,79.00,'USD','5.3',0,0,0,1393617600,45056,0,'Pay2Pay','STaM LLC','Enables taking credit card payments for your online store via Pay2Pay payment gateway.','http://my.x-cart.com/sites/default/files/addons/STaM/Pay2Pay/icon.png','https://market.x-cart.com/addons/pay2pay-payment-module-by-stamllc.html','','a:0:{}','a:1:{i:0;s:18:\"Payment processing\";}',1,0,0,0,0,0,'a:0:{}',536881120,0,0),(118,'PartnerProgram','STaM','support@buyyy.ru',0,0,0,0,0.0000,0,72,250.00,'USD','5.3',0,0,0,1412798400,855040,0,'Partner Program','STaM LLC','Module allows you to add an Affiliate program to your store.','http://my.x-cart.com/sites/default/files/addons/STaM/PartnerProgram/icon.png','https://market.x-cart.com/addons/partner-program-by-stamllc.html','','a:0:{}','a:1:{i:0;s:9:\"Marketing\";}',1,0,2,0,0,0,'a:0:{}',20588,0,0),(119,'GoogleExperiments','STaM','support@buyyy.ru',0,0,0,0,0.0000,0,6,45.00,'USD','5.3',0,0,0,1393617600,27136,0,'Google Experiments','STaM LLC','Enables content experiments support with Google Analytics.','http://my.x-cart.com/sites/default/files/addons/STaM/GoogleExperiments/icon.png','https://market.x-cart.com/addons/google-experiment-module-by-stamllc.html','','a:2:{i:0;s:20:\"CDev\\GoogleAnalytics\";i:1;s:14:\"CDev\\SimpleCMS\";}','a:2:{i:0;s:9:\"Marketing\";i:1;s:3:\"SEO\";}',1,0,0,0,0,0,'a:0:{}',536881119,0,0),(120,'Qiwi','XC','helpdesk@x-cart.com',0,0,0,0,0.0000,0,820,0.00,'USD','5.3',1,0,0,1397073600,71680,0,'Qiwi','X-Cart team','Enables receiving payments for your online store via Qiwi payment system.','http://my.x-cart.com/sites/default/files/addons/XC/Qiwi/iconAlt.png','https://market.x-cart.com/addons/qiwi-payment-module.html','','a:0:{}','a:1:{i:0;s:18:\"Payment processing\";}',1,0,0,0,0,0,'a:0:{}',0,0,0),(121,'Webmoney','XC','helpdesk@x-cart.com',0,0,0,0,0.0000,0,485,0.00,'USD','5.3',1,0,0,1397073600,61440,0,'WebMoney','X-Cart team','Enables receiving payments for your online store via WebMoney payment system','http://my.x-cart.com/sites/default/files/addons/XC/Webmoney/iconAlt.png','https://market.x-cart.com/addons/webmoney-payment-module.html','','a:0:{}','a:1:{i:0;s:18:\"Payment processing\";}',1,0,0,0,0,0,'a:0:{}',0,0,0),(122,'Cart2cart','MagneticOne','marketing@magneticone.com',0,0,0,0,0.0000,0,157,0.00,'USD','5.3',0,2,0,1390248000,133632,0,'Migrate Data to X-Cart','MagneticOne','Allows you to use the Cart2Cart service right out of your store admin panel and install Connection Bridge to transfer your products, orders, customers information and other data from your current shopping cart to X-Cart.','http://my.x-cart.com/sites/default/files/addons/MagneticOne/Cart2cart/iconAlt.png','https://market.x-cart.com/addons/migrate-data-to-x-cart.html','','a:0:{}','a:0:{}',1,0,0,0,1,0,'a:0:{}',0,0,0),(123,'AbandonedCartReminder','QSL','helpdesk@x-cart.com',0,0,0,0,0.0000,0,1328,165.00,'USD','5.3',3,0,2,1401086589,396288,0,'Abandoned Cart Reminder','Qualiteam','This module gives unfinished orders a second chance and allows you to remind customers of their abandoned carts by sending an e-mail notification manually or automatically.','http://my.x-cart.com/sites/default/files/addons/QSL/AbandonedCartReminder/icon.png','https://market.x-cart.com/addons/abandoned-cart-reminder.html','','a:0:{}','a:1:{i:0;s:9:\"Marketing\";}',1,1,3,0,1,0,'a:0:{}',536881107,0,0),(124,'Banner','QSL','helpdesk@x-cart.com',0,0,0,0,0.0000,0,3677,49.00,'USD','5.3',3,0,0,1401048000,342016,0,'Banner System','Qualiteam','It allows admin to place both images and HTML-code banners anywhere in X-Cart via the special interface in admin area. This module is useful for promoting products, events, offers, etc.','http://my.x-cart.com/sites/default/files/addons/QSL/Banner/iconAlt.png','https://market.x-cart.com/addons/banner-system.html','','a:0:{}','a:2:{i:0;s:13:\"Design tweaks\";i:1;s:9:\"Marketing\";}',1,0,0,0,1,0,'a:0:{}',536881105,0,0),(125,'ProductFeeds','QSL','helpdesk@x-cart.com',0,0,0,0,0.0000,0,964,99.00,'USD','5.3',2,0,2,1400616000,1436160,0,'Product Feeds','Qualiteam','Product Feeds module allows you to export your products into popular comparison shopping websites: Nextag, Pricegrabber, Shopzilla, eBay Commerce Network (shopping.com) and Google Shopping.','http://my.x-cart.com/sites/default/files/addons/QSL/ProductFeeds/icon.png','https://market.x-cart.com/addons/product-feeds.html','','a:0:{}','a:2:{i:0;s:18:\"Catalog Management\";i:1;s:9:\"Marketing\";}',1,0,0,0,1,0,'a:0:{}',536881106,0,0),(126,'FreshGreenTheme','PerceptionSystemPvtLtd','xcart@perceptionsystem.com',0,0,0,0,0.0000,0,419,0.00,'USD','5.2',0,0,0,1401307200,1229824,0,'Fresh Green','Perception System Pvt. Ltd.','Fresh-Green theme suitable for every type of store. This theme utilizes the power of x-cart next simplicity.','http://my.x-cart.com/sites/default/files/addons/PerceptionSystemPvtLtd/FreshGreenTheme/iconAlt.png','https://market.x-cart.com/addons/fresh-green-theme.html','','a:0:{}','a:1:{i:0;s:9:\"Templates\";}',1,0,0,0,0,0,'a:0:{}',0,0,0),(127,'Add2CartPopup','XC','helpdesk@x-cart.com',0,0,0,0,0.0000,0,13547,0.00,'USD','5.3',1,4,0,1400529600,122880,0,'Add to Cart Popup','X-Cart team','Adds a promotional popup dialog that is displayed after a customer adds a product to cart.','http://my.x-cart.com/sites/default/files/addons/XC/Add2CartPopup/icon.png','https://market.x-cart.com/addons/add-to-cart-popup.html','','a:0:{}','a:2:{i:0;s:9:\"Marketing\";i:1;s:18:\"Catalog Management\";}',1,0,2,0,0,0,'a:0:{}',0,0,0),(128,'Reviews','XC','helpdesk@x-cart.com',0,0,0,0,0.0000,0,10761,0.00,'USD','5.3',2,0,0,1400529600,522240,1,'Product reviews','X-Cart team','Adds an ability to add products reviews and manage them in admin area','http://my.x-cart.com/sites/default/files/addons/XC/Reviews/icon.png','https://market.x-cart.com/addons/product-reviews.html','','a:0:{}','a:2:{i:0;s:15:\"User experience\";i:1;s:6:\"Social\";}',1,0,0,0,0,2,'a:3:{i:0;s:12:\"391_Business\";i:1;s:18:\"20598_Multi-vendor\";i:2;s:18:\"536881125_Ultimate\";}',0,0,0),(129,'SagePay','XC','helpdesk@x-cart.com',0,0,0,0,0.0000,0,10648,0.00,'USD','5.3',2,0,0,1397159237,71680,0,'Sage Pay (Form)','X-Cart team','Enables taking credit card payments for your online store via SagePay payment gateway (Form protocol method).','http://my.x-cart.com/sites/default/files/addons/XC/SagePay/icon.png','https://market.x-cart.com/addons/sagepay-payment-module.html','','a:0:{}','a:1:{i:0;s:18:\"Payment processing\";}',1,0,0,0,0,0,'a:0:{}',0,0,0),(130,'Stripe','XC','helpdesk@x-cart.com',0,0,0,0,0.0000,0,9766,0.00,'USD','5.3',1,0,0,1400583259,471040,0,'Stripe','X-Cart team','Enables taking credit card payments for your online store via Stripe','http://my.x-cart.com/sites/default/files/addons/XC/Stripe/iconAlt.png','https://market.x-cart.com/addons/stripe-payment-module.html','','a:0:{}','a:1:{i:0;s:18:\"Payment processing\";}',1,0,0,0,0,0,'a:0:{}',0,0,0),(131,'Upselling','XC','helpdesk@x-cart.com',0,0,0,0,0.0000,0,6227,0.00,'USD','5.3',2,0,0,1397073600,143360,1,'Related Products','X-Cart team','This module gives you the ability to add a list of products which will be offered along with the product being viewed. You may use this feature to promote products, e.g. making them related or recommended.','http://my.x-cart.com/sites/default/files/addons/XC/Upselling/icon.png','https://market.x-cart.com/addons/related-products.html','','a:0:{}','a:3:{i:0;s:9:\"Marketing\";i:1;s:15:\"User experience\";i:2;s:21:\"Search and Navigation\";}',1,0,0,0,0,2,'a:3:{i:0;s:12:\"391_Business\";i:1;s:18:\"20598_Multi-vendor\";i:2;s:18:\"536881125_Ultimate\";}',0,0,0),(132,'Wishlist','SpurIT','contact@spur-i-t.com',0,0,0,0,0.0000,0,231,99.00,'USD','5.2',1,0,0,1401307200,244736,0,'Wishlist','SpurIT','The Wishlist module allows your customers to create a list of products which they want to purchase. All products for convenience can be placed to various categories lists. It is a great tool for your customers to plan their shopping.','http://my.x-cart.com/sites/default/files/addons/SpurIT/Wishlist/icon.png','https://market.x-cart.com/addons/wishlist-by-spurit.html','','a:0:{}','a:2:{i:0;s:9:\"Marketing\";i:1;s:15:\"User experience\";}',1,0,0,0,0,0,'a:0:{}',536881118,0,0),(133,'WhoPurchased','SpurIT','contact@spur-i-t.com',0,0,0,0,0.0000,0,123,49.00,'USD','5.2',3,0,0,1401307200,49664,0,'Customers Who Purchased','SpurIT','This plugin shows a list of products which were purchased by other buyers along with the product being viewed. The administrator has an ability to disable the plugin, limit the list to current category of products and products in stock only, limit a number of products in the list. This solution is widely used on other eCommerce platforms and has been acknowledged by significant increase of sales.','http://my.x-cart.com/sites/default/files/addons/SpurIT/WhoPurchased/icon.png','https://market.x-cart.com/addons/customers-who-purchased-by-spurit.html','','a:0:{}','a:1:{i:0;s:9:\"Marketing\";}',1,0,0,0,0,0,'a:0:{}',536881117,0,0),(134,'StockChart','SpurIT','contact@spur-i-t.com',0,0,0,0,0.0000,0,2,49.00,'USD','5.2',1,0,0,1400788800,65536,0,'Stock Chart','SpurIT','This extension indicates the availability of your product variations. It displays your current inventory available for customers.','http://my.x-cart.com/sites/default/files/addons/SpurIT/StockChart/icon.png','https://market.x-cart.com/addons/stock-chart-by-spurit.html','','a:0:{}','a:1:{i:0;s:18:\"Catalog Management\";}',1,0,0,0,0,0,'a:0:{}',536881116,0,0),(135,'AbandonedOrdersRecovering','SpurIT','contact@spur-i-t.com',0,0,0,0,0.0000,0,8,200.00,'USD','5.2',1,0,0,1401307200,408064,0,'Abandoned Orders Recovering','SpurIT','This extension recoups lost revenue by reminding customers about their abandoned cart and offering a deal or promotion to encourage them to complete their orders.','http://my.x-cart.com/sites/default/files/addons/SpurIT/AbandonedOrdersRecovering/icon.png','https://market.x-cart.com/addons/abandoned-orders-recovering-by-spurit.html','','a:0:{}','a:1:{i:0;s:9:\"Marketing\";}',1,0,0,0,0,0,'a:0:{}',536881114,0,0),(136,'SEConnector','SpurIT','contact@spur-i-t.com',0,0,0,0,0.0000,0,2,149.00,'USD','5.2',0,0,0,1400788800,49664,0,'Socialengine Connector','SpurIT','Integration with the SocialEngine community CMS.','http://my.x-cart.com/sites/default/files/addons/SpurIT/SEConnector/icon.png','https://market.x-cart.com/addons/social-engine-connector-by-spurit.html','','a:0:{}','a:1:{i:0;s:6:\"Social\";}',1,0,0,0,0,0,'a:0:{}',536881115,0,0),(137,'ProductVideo','PerceptionSystemPvtLtd','xcart@perceptionsystem.com',0,0,0,0,0.0000,0,521,5.00,'USD','5.3',1,0,0,1400702400,37888,0,'X-Cart Product Video','Perception System Pvt. Ltd.','Allows you to add youtube video to your product on product-details page.','http://my.x-cart.com/sites/default/files/addons/PerceptionSystemPvtLtd/ProductVideo/icon.png','https://market.x-cart.com/addons/product-video.html','','a:0:{}','a:1:{i:0;s:18:\"Catalog Management\";}',1,0,0,0,0,0,'a:0:{}',20615,0,0),(138,'BannerPro','PerceptionSystemPvtLtd','xcart@perceptionsystem.com',0,0,0,0,0.0000,0,200,29.00,'USD','5.3',1,0,0,1401544882,290304,0,'Banner Pro : With Multiple Animation Effect.','Perception System Pvt. Ltd.','Banner Pro x-cart Module allows to upload picture banners to display on store front-end with amazing animated jQuery effects.','http://my.x-cart.com/sites/default/files/addons/PerceptionSystemPvtLtd/BannerPro/icon.png','https://market.x-cart.com/addons/banner-pro-by-perception-system.html','','a:0:{}','a:4:{i:0;s:6:\"Design\";i:1;s:13:\"Design tweaks\";i:2;s:9:\"Marketing\";i:3;s:15:\"User experience\";}',1,0,0,0,0,0,'a:0:{}',536881126,0,0),(139,'Ecc','Webgility','sales@webgility.com',0,0,0,0,0.0000,0,1181,0.00,'USD','5.3',1,0,0,1401457707,244224,0,'Unify for Quickbooks','Webgility','Unify for QuickBooks - Simplify your e-commerce business by integrating X-Cart with QuickBooks.  Works with QuickBooks Online, Pro, Premier, Enterprise and Point of Sale.','http://my.x-cart.com/sites/default/files/addons/Webgility/Ecc/iconAlt.png','https://market.x-cart.com/addons/unify-for-quickbooks-by-webgility.html','','a:0:{}','a:1:{i:0;s:10:\"Accounting\";}',1,0,4,0,0,0,'a:0:{}',0,0,0),(140,'Robokassa','XC','helpdesk@x-cart.com',0,0,0,0,0.0000,0,756,0.00,'USD','5.3',1,0,0,1400583771,51200,0,'Robokassa','X-Cart team','Robokassa allows all types of payments \"in the single window\": Credit Cards, SMS payments aka \"Mobile Commerce\", e-currencies (WebMoney, Yandex.Money), Instant payment terminals, Internet-Banking, iPhone application payments. Coupon decreasing the processing fee from 5% down to 2.9% within first 3 months is available. Contact us to get your promo-code!','http://my.x-cart.com/sites/default/files/addons/XC/Robokassa/iconAlt.png','https://market.x-cart.com/addons/robokassa-payment-module.html','','a:0:{}','a:1:{i:0;s:18:\"Payment processing\";}',1,0,0,0,0,0,'a:0:{}',0,0,0),(141,'LoyaltyProgram','QSL','helpdesk@x-cart.com',0,0,0,0,0.0000,0,815,99.00,'USD','5.3',4,0,0,1401652800,475648,0,'Loyalty Program','Qualiteam','Increase customer loyalty and turn your visitors into returning customers by giving them reward points for purchases made in your store and letting them cash the points in for discounts on future orders.','http://my.x-cart.com/sites/default/files/addons/QSL/LoyaltyProgram/icon.png','https://market.x-cart.com/addons/loyalty-program.html','','a:0:{}','a:1:{i:0;s:9:\"Marketing\";}',1,0,0,0,1,0,'a:0:{}',536881111,0,0),(142,'MyBestDressSkin','QSL','helpdesk@x-cart.com',0,0,0,0,0.0000,0,112,99.00,'USD','5.3',1,0,2,1396468800,820736,0,'My Best Dress','Qualiteam','The \"My Best Dress\" X-Cart Design Template (#38). This template is good for the following themes: Accessories, Beauty, Clothing, Jewelry, Medical, Wedding.','http://my.x-cart.com/sites/default/files/addons/QSL/MyBestDressSkin/icon.png','https://market.x-cart.com/xcart-templates/mybestdress.html','','a:0:{}','a:1:{i:0;s:9:\"Templates\";}',1,0,0,0,1,0,'a:0:{}',442,0,0),(143,'CustomSkin','XC','helpdesk@x-cart.com',0,0,0,0,0.0000,0,6323,0.00,'USD','5.3',1,1,0,1397141928,40960,0,'Custom skin','X-Cart team','Development module that simplifies the process of implementing design changes.','http://my.x-cart.com/sites/default/files/addons/XC/CustomSkin/icon.png','https://market.x-cart.com/addons/custom-skin.html','','a:0:{}','a:1:{i:0;s:11:\"Development\";}',1,0,0,0,0,0,'a:0:{}',0,0,0),(144,'DisqusComments','XC','helpdesk@x-cart.com',0,0,0,0,0.0000,0,771,0.00,'USD','5.3',1,0,0,1400529600,40960,0,'Disqus comments','X-Cart team','Make commenting easier and more interactive with Disqus. Replies, subscriptions and email notifications. Sharing in Twitter and Facebook. Moderation of posts within Disqus admin area. Simple yet powerful.','http://my.x-cart.com/sites/default/files/addons/XC/DisqusComments/iconAlt.png','https://market.x-cart.com/addons/disqus-comments.html','','a:0:{}','a:1:{i:0;s:6:\"Social\";}',1,0,0,0,0,0,'a:0:{}',0,0,0),(145,'EMS','XC','helpdesk@x-cart.com',0,0,0,0,0.0000,0,618,0.00,'USD','5.3',1,0,0,1400529600,92160,0,'EMS Russian Post','X-Cart team','Gets shipping quotes for EMS delivery methods.','http://my.x-cart.com/sites/default/files/addons/XC/EMS/iconAlt.png','https://market.x-cart.com/addons/ems-russian-post.html','','a:0:{}','a:2:{i:0;s:11:\"Fulfillment\";i:1;s:8:\"Shipping\";}',1,0,0,0,0,0,'a:0:{}',0,0,0),(146,'Olark','XC','helpdesk@x-cart.com',0,0,0,0,0.0000,0,2005,0.00,'USD','5.3',1,0,0,1398628800,40960,0,'Livechat - Olark','X-Cart team','The module adds Olark Live Chat to your website: neat in customer area, powerful and informative in admin back-end. Understand who\'s on your website, see where your customers are and co-browse with them, chat with the visitors proactively, help them solve the concerns and see how your sales grow.','http://my.x-cart.com/sites/default/files/addons/XC/Olark/iconAlt.png','https://market.x-cart.com/addons/olark-live-chat.html','','a:0:{}','a:2:{i:0;s:15:\"User experience\";i:1;s:14:\"Administration\";}',1,0,0,0,0,0,'a:0:{}',0,0,0),(147,'WebmasterKit','XC','helpdesk@x-cart.com',0,0,0,0,0.0000,0,10060,0.00,'USD','5.3',2,0,0,1398628800,3256320,0,'Webmaster Kit','X-Cart team','This module helps web developers. It is used to find specific templates (the same as Webmaster mode functionality in X-Cart 4), SQL logging, benchmarking.','http://my.x-cart.com/sites/default/files/addons/XC/WebmasterKit/icon.png','https://market.x-cart.com/addons/webmaster-kit.html','','a:0:{}','a:1:{i:0;s:11:\"Development\";}',1,0,0,0,0,0,'a:0:{}',0,0,0),(148,'Napoleon','Edessertnet','x-cart@edessert.net',0,0,0,0,0.0000,0,229,0.00,'USD','5.1',4,0,0,1400268422,93184,0,'Napoleon Recommendation Service','Edessertnet','Amazon quality product recommender. It boosts sales, increases average order value, conversion and loyalty. Suggest products that will get your visitors to respond!','http://my.x-cart.com/sites/default/files/addons/Edessertnet/Napoleon/iconAlt.png','https://market.x-cart.com/addons/edessertnet-product-recommendations.html','','a:0:{}','a:2:{i:0;s:9:\"Marketing\";i:1;s:21:\"Search and Navigation\";}',1,0,0,0,0,0,'a:0:{}',0,0,0),(149,'ShopGate','QSL','helpdesk@x-cart.com',0,0,0,0,0.0000,0,683,0.00,'USD','5.3',1,1,0,1400702400,2048000,0,'Shopgate - Mobile Commerce','Qualiteam','Boost your mobile sales with your individual mobile website or native Shopping app for iPhone, iPad and Android!\nSign up URL: http://www.shopgate.com/en/partner/x-cart/\';','http://my.x-cart.com/sites/default/files/addons/QSL/ShopGate/icon.png','https://market.x-cart.com/addons/shopgate-mobile-commerce.html','','a:0:{}','a:3:{i:0;s:9:\"Marketing\";i:1;s:15:\"User experience\";i:2;s:15:\"Mobile Commerce\";}',1,0,5,0,1,0,'a:0:{}',0,0,0),(150,'ShopByBrand','QSL','helpdesk@x-cart.com',0,0,0,0,0.0000,0,1869,49.00,'USD','5.3',3,0,0,1400568778,310272,0,'Shop By Brand','Qualiteam','Allows customers to navigate and search products by brands / manufacturers / vendors.','http://my.x-cart.com/sites/default/files/addons/QSL/ShopByBrand/icon.png','https://market.x-cart.com/addons/shop-by-brand.html','','a:0:{}','a:2:{i:0;s:18:\"Catalog Management\";i:1;s:21:\"Search and Navigation\";}',1,0,0,0,1,0,'a:0:{}',536881121,0,0),(151,'OneCIntegration','XC','helpdesk@x-cart.com',0,0,0,0,0.0000,0,41,399.00,'USD','5.3',1,0,0,1400582667,163840,0,'1C integration','X-Cart team','Upload the products from \"1C\" database and publish them in your online store. Import categories, products (inlcuding images and properties) and product variants. Upload orders from your online store into \"1C\". Update the order statuses in the online store, based on order statuses changes in \"1C\".','http://my.x-cart.com/sites/default/files/addons/XC/OneCIntegration/icon.png','https://market.x-cart.com/addons/1c-integraciya.html','','a:0:{}','a:2:{i:0;s:10:\"Accounting\";i:1;s:11:\"Fulfillment\";}',1,0,0,0,0,0,'a:0:{}',20603,0,0),(152,'PosSystem','XC','helpdesk@x-cart.com',0,0,0,0,0.0000,0,208,499.00,'USD','5.3',3,0,2,1400767927,708096,0,'POS System','X-Cart team','Turn your X-cart store into a retail Point of Sale. Note: a java virtual machine is required to use \"jZebra\" applet.','http://my.x-cart.com/sites/default/files/addons/XC/PosSystem/icon.png','https://market.x-cart.com/addons/point-of-sale.html','','a:1:{i:0;s:15:\"XC\\SystemFields\";}','a:2:{i:0;s:14:\"Administration\";i:1;s:18:\"Payment processing\";}',1,0,0,0,0,0,'a:0:{}',536881104,0,0),(153,'SystemFields','XC','helpdesk@x-cart.com',0,0,0,0,0.0000,0,2553,0.00,'USD','5.3',1,1,0,1400702400,153600,0,'UPC/ISBN and Mnf#/Vendor# fields','X-Cart team','The module adds 2 system fields - UPC/ISBN and Manufacturer/Vendor to products and variants. Admin selects whether to display the fields nowhere, in admin area only or both in admin and customer area.','http://my.x-cart.com/sites/default/files/addons/XC/SystemFields/icon.png','https://market.x-cart.com/addons/system-fields.html','','a:0:{}','a:2:{i:0;s:14:\"Administration\";i:1;s:18:\"Catalog Management\";}',1,0,0,0,0,0,'a:0:{}',0,0,0),(154,'RichGoogleSearchResults','QSL','helpdesk@x-cart.com',0,0,0,0,0.0000,0,670,79.00,'USD','5.3',3,0,0,1401134400,35328,0,'Rich google search results','Qualiteam','This module allows search engines to display information about yourproducts and reviews in well-structured format','http://my.x-cart.com/sites/default/files/addons/QSL/RichGoogleSearchResults/icon.png','https://market.x-cart.com/addons/rich-google-search-results.html','','a:0:{}','a:2:{i:0;s:9:\"Marketing\";i:1;s:3:\"SEO\";}',1,0,0,0,0,0,'a:0:{}',536881127,0,0),(155,'PayWithAmazon','Amazon','vendor+Amazon@x-cart.com',0,0,0,0,0.0000,0,6968,0.00,'USD','5.3',3,0,0,1401742368,215040,0,'Pay with Amazon','Amazon Payments','This module enables Pay with Amazon functionality','http://my.x-cart.com/sites/default/files/addons/Amazon/PayWithAmazon/icon.png','https://market.x-cart.com/addons/pay-with-amazon-payment-module.html','','a:0:{}','a:1:{i:0;s:18:\"Payment processing\";}',1,0,0,0,0,0,'a:0:{}',0,0,0),(156,'CustomerSatisfaction','QSL','helpdesk@x-cart.com',0,0,0,0,0.0000,0,296,99.00,'USD','5.3',6,0,0,1401912000,334336,0,'Customer Satisfaction','Qualiteam','Module allows store administrator to know as soon as possible if customer is satisfied with the purchase and to prevent any negative customer reviews by resolving their issues.','http://my.x-cart.com/sites/default/files/addons/QSL/CustomerSatisfaction/icon.png','https://market.x-cart.com/addons/customer-satisfaction.html','','a:0:{}','a:2:{i:0;s:10:\"Statistics\";i:1;s:15:\"User experience\";}',1,0,5,0,0,0,'a:0:{}',536881131,0,0),(157,'Eccxero','Webgility','sales@webgility.com',0,0,0,0,0.0000,0,192,0.00,'USD','5.3',1,0,0,-10800,274944,0,'Unify for Xero','Webgility','Unfiy for Xero - Automate your e-commerce accounting by integrating X-Cart with Xero.','http://my.x-cart.com/sites/default/files/addons/Webgility/Eccxero/iconAlt.png','https://market.x-cart.com/addons/unify-for-xero-by-webgility.html','','a:0:{}','a:2:{i:0;s:14:\"Administration\";i:1;s:10:\"Accounting\";}',1,0,4,0,0,0,'a:0:{}',0,0,0),(158,'Eccpos','Webgility','brajkishors@webgility.com',0,0,0,0,0.0000,0,176,0.00,'USD','5.2',4,0,0,-10800,244224,0,'Highlight','Webgility','Highlight connects your X-Cart store. The easy-to-use business intelligence tool designed specifically for online retailers.','http://my.x-cart.com/sites/default/files/addons/Webgility/Eccpos/iconAlt.png','https://www.x-cart.com/extensions/addons/quickBooks-pos-integration-by-webgility.html','','a:0:{}','a:3:{i:0;s:14:\"Administration\";i:1;s:11:\"Fulfillment\";i:2;s:10:\"Accounting\";}',1,0,0,0,0,0,'a:0:{}',0,0,0),(159,'SportLifeSkin','QSL','helpdesk@x-cart.com',0,0,0,0,0.0000,0,175,99.00,'USD','5.3',1,0,2,-10800,1756160,0,'Sport Life','Qualiteam','The \"Sport Life\" X-Cart Design Template (#39). This template is good for the following themes: Clothing, Entertainment, Jewelry, Sport, Tools &amp; Equipment.','http://my.x-cart.com/sites/default/files/addons/QSL/SportLifeSkin/icon.png','https://market.x-cart.com/xcart-templates/sport-life.html','','a:0:{}','a:1:{i:0;s:9:\"Templates\";}',1,0,0,0,1,0,'a:0:{}',441,0,0),(160,'CallForPrice','QSL','helpdesk@x-cart.com',0,0,0,0,0.0000,0,686,35.00,'USD','5.3',5,0,2,-10800,143872,0,'Call For Price','Qualiteam','With this module you can hide price and \"Add to cart\" button for particular products and show a \"Call For Price\" message instead.','http://my.x-cart.com/sites/default/files/addons/QSL/CallForPrice/icon.png','https://market.x-cart.com/addons/call-for-price.html','','a:0:{}','a:1:{i:0;s:18:\"Catalog Management\";}',1,0,6,0,0,0,'a:0:{}',536881132,0,0),(161,'AppleShop','QSL','helpdesk@x-cart.com',0,0,0,0,0.0000,0,184,99.00,'USD','5.3',1,1,2,1404158400,579584,0,'Apple Shop','Qualiteam','The \"Apple Shop\" X-Cart Design Template (#37). This template is good for the following themes:  Business, Computers, Electronics, Tools & Equipment','http://my.x-cart.com/sites/default/files/addons/QSL/AppleShop/icon.png','https://market.x-cart.com/xcart-templates/apple-shop.html','','a:0:{}','a:1:{i:0;s:9:\"Templates\";}',1,0,0,0,1,0,'a:0:{}',443,0,0),(162,'HiTech_14','QSL','qualiteam-modules@x-cart.com',0,0,0,0,0.0000,0,81,99.00,'USD','5.3',0,0,1,-10800,369664,0,'Template #14 \"Hi-tech\"','Qualiteam','The \"Hi-tech\" X-Cart Design Template (#14). This template is good for the following themes: Computers, Electronics, Tools & Equipment','http://my.x-cart.com/sites/default/files/addons/QSL/HiTech_14/icon.png','http://www.x-cart.com/extensions/xcart-templates/hi-tech.html','','a:0:{}','a:1:{i:0;s:9:\"Templates\";}',1,0,0,0,1,0,'a:0:{}',536881072,0,0),(163,'CloudSearch','QSL','helpdesk@x-cart.com',0,0,0,0,0.0000,0,11729,0.00,'USD','5.3',3,0,1,-10800,269312,0,'CloudSearch','Qualiteam','CloudSearch is a SaaS solution that integrates with X-Cart 5 to enable dynamic, real-time product search with highly relevant search results. Power up your store with enterprise-class search technologies for better conversion!','http://my.x-cart.com/sites/default/files/addons/QSL/CloudSearch/iconAlt.png','https://market.x-cart.com/addons/cloudsearch.html','','a:0:{}','a:3:{i:0;s:9:\"Marketing\";i:1;s:21:\"Search and Navigation\";i:2;s:15:\"User experience\";}',1,0,5,0,1,0,'a:0:{}',0,0,0),(164,'Magic360','MagicToolbox','support@magictoolbox.com',0,0,0,0,0.0000,0,404,159.00,'USD','5.2',5,0,0,1473282000,453120,0,'Magic 360 for XC 5','Magic Toolbox','Spin products round in 360 degrees and zoom them.','http://my.x-cart.com/sites/default/files/addons/MagicToolbox/Magic360/icon.png','https://market.x-cart.com/addons/magic-360-for-xc-5.html','','a:0:{}','a:4:{i:0;s:15:\"User experience\";i:1;s:13:\"Design tweaks\";i:2;s:11:\"Development\";i:3;s:8:\"Products\";}',1,0,5,0,0,0,'a:0:{}',21087,0,0),(165,'MagicScroll','MagicToolbox','support@magictoolbox.com',0,0,0,0,0.0000,0,398,0.00,'USD','5.2',5,0,0,-10800,495104,0,'Magic Scroll for XC 5','Magic Toolbox','Effortlessly scroll through images and/or text on your web pages.','http://my.x-cart.com/sites/default/files/addons/MagicToolbox/MagicScroll/iconAlt.png','https://market.x-cart.com/magic-scroll-for-xc-5.html','','a:0:{}','a:3:{i:0;s:15:\"User experience\";i:1;s:13:\"Design tweaks\";i:2;s:11:\"Development\";}',1,0,0,0,0,0,'a:0:{}',21056,0,0),(166,'MagicSlideshow','MagicToolbox','support@magictoolbox.com',0,0,0,0,0.0000,0,839,0.00,'USD','5.2',5,0,0,-10800,395264,0,'Magic Slideshow for XC 5','Magic Toolbox','Display one image after another. Fade or slide, fast or slow, text or just images. It\'s your choice!','http://my.x-cart.com/sites/default/files/addons/MagicToolbox/MagicSlideshow/iconAlt.png','https://market.x-cart.com/magic-slideshow-for-xc-5.html','','a:0:{}','a:3:{i:0;s:15:\"User experience\";i:1;s:13:\"Design tweaks\";i:2;s:11:\"Development\";}',1,0,0,0,0,0,'a:0:{}',21058,0,0),(167,'MagicZoom','MagicToolbox','support@magictoolbox.com',0,0,0,0,0.0000,0,397,0.00,'USD','5.2',6,0,0,1412798400,636928,0,'Magic Zoom for XC 5','Magic Toolbox','Zoom into images when you hover over an image. A beautiful effect.','http://my.x-cart.com/sites/default/files/addons/MagicToolbox/MagicZoom/iconAlt.png','https://market.x-cart.com/magic-zoom-for-xc-5.html','','a:0:{}','a:3:{i:0;s:15:\"User experience\";i:1;s:13:\"Design tweaks\";i:2;s:11:\"Development\";}',1,0,0,0,0,0,'a:0:{}',21055,0,0),(168,'FbWall','Webkulsoftware','support@webkul.com',0,0,0,0,0.0000,0,43,29.00,'USD','5.3',0,0,0,1407764555,158720,0,'Facebook Wall Feed','Webkul Software Pvt. Ltd.','Facebook Wall Feed will grab your Facebook wall post automatically in your website as a module, You can display feed of the posts on your Facebook page or profile or group on your website by just put your Facebook Account ID or Facebook account name with access token. Requires to have the Facebook Wall Feed module properly installed and enabled.','http://my.x-cart.com/sites/default/files/addons/Webkulsoftware/FbWall/icon.png','https://market.x-cart.com/addons/facebook-wall-by-webkulsoftware.html','','a:0:{}','a:1:{i:0;s:6:\"Social\";}',1,0,0,0,0,0,'a:0:{}',536881135,0,0),(169,'FifthDimension','FiveDimLog','support@x-cart.com',0,0,0,0,0.0000,0,61,0.00,'USD','5.2',1,0,0,1404417600,67072,0,'5th Dimension','5th Dimension Logistics ','Enables taking payments for your online store via 5th Dimension payment gateway (Payment Redirect Method).','http://my.x-cart.com/sites/default/files/addons/FiveDimLog/FifthDimension/iconAlt.png','https://market.x-cart.com/addons/5th-dimension-logistics-payment-module.html','','a:0:{}','a:1:{i:0;s:18:\"Payment processing\";}',1,0,0,0,0,0,'a:0:{}',0,0,0),(170,'AudioBooks','QSL','helpdesk@x-cart.com',0,0,0,0,0.0000,0,27,99.00,'USD','5.3',0,1,2,-10800,948736,0,'AudioBooks','Qualiteam','This template is good for the following themes: Books, Education, Gifts, Media, Music','http://my.x-cart.com/sites/default/files/addons/QSL/AudioBooks/icon.png','https://market.x-cart.com/xcart-templates/audiobooks.html','','a:0:{}','a:1:{i:0;s:9:\"Templates\";}',1,0,0,0,1,0,'a:0:{}',449,0,0),(171,'WordPress','QSL','helpdesk@x-cart.com',0,0,0,0,0.0000,0,673,249.00,'USD','5.3',4,0,0,1404849600,1017344,0,'Blog System in X-Cart 5','Qualiteam','This module extends your X-Cart store with a fully functional blog using the most popular blogging software in the world. It allows you to add WordPress features to your existing X-Cart store.','http://my.x-cart.com/sites/default/files/addons/QSL/WordPress/icon.png','https://market.x-cart.com/addons/blog-system-in-xcart-5.html','','a:0:{}','a:3:{i:0;s:4:\"Blog\";i:1;s:13:\"Design tweaks\";i:2;s:9:\"Marketing\";}',1,0,0,0,1,0,'a:0:{}',536881133,0,0),(172,'VitalitySkin','QSL','helpdesk@x-cart.com',0,0,0,0,0.0000,0,33,99.00,'USD','5.3',3,0,0,1404849600,432640,0,'Vitality','Qualiteam','The \"Vitality\" X-Cart Design Template (#13). This template is good for the following themes: Exterior design, Medical, Nature, Nutritional supplements.','http://my.x-cart.com/sites/default/files/addons/QSL/VitalitySkin/icon.png','https://market.x-cart.com/xcart-templates/vitality.html','','a:0:{}','a:1:{i:0;s:9:\"Templates\";}',1,0,0,0,1,0,'a:0:{}',536881073,0,0),(173,'IGmodule','Ingroove','support@diib.com',0,0,0,0,0.0000,0,41,0.00,'USD','5.1',1,0,0,1414440000,738816,0,'Diib Analytics','InGroove Inc.','Effortlessly add easy to use predictive analytics to your X-Cart store.','http://my.x-cart.com/sites/default/files/addons/Ingroove/IGmodule/iconAlt.png','https://market.x-cart.com/addons/diib-analytics-by-diib.html','','a:0:{}','a:2:{i:0;s:14:\"Administration\";i:1;s:10:\"Statistics\";}',1,0,0,0,0,0,'a:0:{}',0,0,0),(174,'MeritusPayment','MPS','support@x-cart.com',0,0,0,0,0.0000,0,64,0.00,'USD','5.3',0,0,0,1405540800,40960,0,'Meritus: Payment XP','MPS','Developed with card-not-present transactions in mind, Payment XP provides merchants with the ability to process credit and debit card, all in a PCI compliant solution loaded with tools to manage fraud and fight chargebacks.','http://my.x-cart.com/sites/default/files/addons/MPS/MeritusPayment/icon.png','https://market.x-cart.com/addons/meritus-XP-payment-module.html','','a:0:{}','a:1:{i:0;s:18:\"Payment processing\";}',1,0,0,0,0,0,'a:0:{}',0,0,0),(175,'WatchWorld','QSL','helpdesk@x-cart.com',0,0,0,0,0.0000,0,45,99.00,'USD','5.3',0,1,2,1406059200,658944,0,'WatchWorld','Qualiteam','The \"Watch world\" X-Cart Design Template (#40). This template is good for the following themes:  Accessories, Clothing, Gifts, Hotels, Jewelry, Watches','http://my.x-cart.com/sites/default/files/addons/QSL/WatchWorld/icon.png','https://market.x-cart.com/xcart-templates/watch-world.html','','a:0:{}','a:1:{i:0;s:9:\"Templates\";}',1,0,0,0,1,0,'a:0:{}',411,0,0),(176,'CustomProductTabs','XC','helpdesk@x-cart.com',0,0,0,0,0.0000,0,3212,0.00,'USD','5.3',2,0,0,1472540197,122880,1,'Custom product tabs','X-Cart team','Add additional tabs on the product page. Custom name, custom content - html text or product videos, whatever describes your product best.','http://my.x-cart.com/sites/default/files/addons/XC/CustomProductTabs/icon.png','https://market.x-cart.com/addons/custom-product-tabs.html','','a:0:{}','a:2:{i:0;s:13:\"Design tweaks\";i:1;s:18:\"Catalog Management\";}',1,0,0,0,0,2,'a:3:{i:0;s:12:\"391_Business\";i:1;s:18:\"20598_Multi-vendor\";i:2;s:18:\"536881125_Ultimate\";}',0,0,0),(177,'EPDQ','XC','helpdesk@x-cart.com',0,0,0,0,0.0000,0,3440,0.00,'USD','5.3',1,0,0,-10800,61440,0,'Barclaycard ePDQ e-Commerce','X-Cart team','Enables taking payments for your online store via Barclaycard ePDQ e-Commerce payment system (Basic e-Commerce integration).','http://my.x-cart.com/sites/default/files/addons/XC/EPDQ/iconAlt.png','https://market.x-cart.com/addons/barclays-epdq-payment-module.html','','a:0:{}','a:1:{i:0;s:18:\"Payment processing\";}',1,0,0,0,0,0,'a:0:{}',0,0,0),(178,'IdealPayments','XC','helpdesk@x-cart.com',0,0,0,0,0.0000,0,4448,0.00,'USD','5.3',1,0,0,-10800,102400,0,'iDEAL Payments','X-Cart team','Enables taking credit card payments for your online store via iDEAL payment system.','http://my.x-cart.com/sites/default/files/addons/XC/IdealPayments/iconAlt.png','https://market.x-cart.com/addons/iDEAL-payment-module.html','','a:0:{}','a:1:{i:0;s:18:\"Payment processing\";}',1,0,0,0,0,0,'a:0:{}',0,0,0),(179,'XPaymentsSubscriptions','QSL','helpdesk@x-cart.com',0,0,0,0,0.0000,0,517,0.00,'USD','5.3',2,0,0,1406122809,429568,0,'X-Payments subscriptions','Qualiteam','This module allows to create product subscriptions and process them via X-Payments module.','http://my.x-cart.com/sites/default/files/addons/QSL/XPaymentsSubscriptions/iconAlt.png','https://market.x-cart.com/addons/x-payments-subscriptions-and-installements.html','','a:1:{i:0;s:23:\"CDev\\XPaymentsConnector\";}','a:1:{i:0;s:18:\"Payment processing\";}',1,0,0,0,0,0,'a:0:{}',0,0,0),(180,'CustomerRewards','BCSE','support@bcsengineering.com',0,0,0,0,0.0000,0,33,149.00,'USD','5.2',1,0,0,1408305600,289792,0,'Customer Rewards','BCS Engineering','Allow customers to accrue points to receive discounts','http://my.x-cart.com/sites/default/files/addons/BCSE/CustomerRewards/icon.png','https://market.x-cart.com/addons/customer-rewards-by-bcse.html','','a:0:{}','a:2:{i:0;s:9:\"Marketing\";i:1;s:15:\"User experience\";}',1,0,2,0,0,0,'a:0:{}',536881137,0,0),(181,'FacebookProducts','BCSE','support@bcsengineering.com',0,0,0,0,0.0000,0,29,50.00,'USD','5.3',0,0,0,1408564800,47104,0,'Facebook Products','BCS Engineering','Post your products to Facebook','http://my.x-cart.com/sites/default/files/addons/BCSE/FacebookProducts/icon.png','https://market.x-cart.com/addons/facebook-products-by-bcse.html','','a:0:{}','a:1:{i:0;s:6:\"Social\";}',1,0,0,0,0,0,'a:0:{}',536881138,0,0),(182,'CatalogOrderForm','BCSE','support@bcsengineering.com',0,0,0,0,0.0000,0,31,40.00,'USD','5.3',2,0,0,1408535363,31744,0,'Catalog Order Form','BCS Engineering','New page for customers to enter in multiple skus to add to their cart.','http://my.x-cart.com/sites/default/files/addons/BCSE/CatalogOrderForm/icon.png','https://market.x-cart.com/addons/catalog-order-form-by-bcse.html','','a:0:{}','a:3:{i:0;s:18:\"Catalog Management\";i:1;s:21:\"Search and Navigation\";i:2;s:15:\"User experience\";}',1,0,0,0,0,0,'a:0:{}',536881139,0,0),(183,'BuyMac','QSL','helpdesk@x-cart.com',0,0,0,0,0.0000,0,110,99.00,'USD','5.3',0,1,2,1406577600,437248,0,'Buy Mac','Qualiteam','The \"Buy Mac\" X-Cart Design Template (#32). This template is good for the following themes:  Books, Cars, Computers, Electronics, Gifts, Music','http://my.x-cart.com/sites/default/files/addons/QSL/BuyMac/icon.png','https://market.x-cart.com/xcart-templates/buymac.html','','a:0:{}','a:1:{i:0;s:9:\"Templates\";}',1,0,0,0,1,0,'a:0:{}',448,0,0),(184,'ExitOffers','QSL','helpdesk@x-cart.com',0,0,0,0,0.0000,0,215,49.00,'USD','5.3',0,0,0,-10800,116736,0,'Exit Offers','Qualiteam','Allows you to recover orders by showing a special popup offer to customers before they leave your web site.','http://my.x-cart.com/sites/default/files/addons/QSL/ExitOffers/icon.png','https://market.x-cart.com/addons/exit-offers.html','','a:0:{}','a:2:{i:0;s:9:\"Marketing\";i:1;s:15:\"User experience\";}',1,0,4,0,0,0,'a:0:{}',536881134,0,0),(185,'Socialtab','Webkulsoftware','support@webkul.com',0,0,0,0,0.0000,0,184,29.00,'USD','5.3',0,0,0,1407700800,186368,0,'Social Tab','Webkul Software Pvt. Ltd.','Social Tabs is a brilliant sliding social media tab module and super useful for your social media feeds and it is very slick in design. Purpose of this addon to embed the social media post like Facebook, Twitter, LinkedIn etc on your website. This module can be applied at both side of web page (right and left)','http://my.x-cart.com/sites/default/files/addons/Webkulsoftware/Socialtab/icon.png','https://market.x-cart.com/addons/social-tab-by-webkulsoftware.html','','a:0:{}','a:1:{i:0;s:6:\"Social\";}',1,0,0,0,0,0,'a:0:{}',536881136,0,0),(186,'Fitness','QSL','helpdesk@x-cart.com',0,0,0,0,0.0000,0,60,99.00,'USD','5.3',0,1,1,1407355200,274944,0,'Fitness','Qualiteam','The \"Fitness\" X-Cart Design Template (#16). This template is good for the following themes: Cars, Fitness, Interior &amp; Furniture, Sport, Tools &amp; Equipment','http://my.x-cart.com/sites/default/files/addons/QSL/Fitness/icon.png','https://market.x-cart.com/xcart-templates/sport-fitness.html','','a:0:{}','a:1:{i:0;s:9:\"Templates\";}',1,0,0,0,1,0,'a:0:{}',536881071,0,0),(187,'FlyoutCategoriesMenu','QSL','helpdesk@x-cart.com',0,0,0,0,0.0000,0,4384,0.00,'USD','5.3',1,2,0,1407873600,71680,0,'Flyout Categories Menu','Qualiteam','The module changes the default categories menu in the Customer area by introducing a flyout expanding menu style','http://my.x-cart.com/sites/default/files/addons/QSL/FlyoutCategoriesMenu/icon.png','https://market.x-cart.com/addons/flyout-categories-menu.html','','a:0:{}','a:3:{i:0;s:15:\"User experience\";i:1;s:13:\"Design tweaks\";i:2;s:21:\"Search and Navigation\";}',1,0,5,0,0,0,'a:0:{}',536881140,0,0),(188,'Integration','UnisenderInc','plugins@unisender.com',0,0,0,0,0.0000,0,604,0.00,'USD','5.2',1,0,0,1408910400,79360,0,'Unisender Integration','Unisender Inc','Create and send professional newsletters! The module integrates your store with UniSender, a popular service for mailing and bulk SMS messaging.','http://my.x-cart.com/sites/default/files/addons/UnisenderInc/Integration/iconAlt.png','https://market.x-cart.com/addons/unisender-integration-by-unisender.html','','a:0:{}','a:1:{i:0;s:9:\"Marketing\";}',1,0,0,0,0,0,'a:0:{}',0,0,0),(189,'Storelocator','PerceptionSystemPvtLtd','xcart@perceptionsystem.com',0,0,0,0,0.0000,0,114,29.99,'USD','5.3',2,0,0,1412280000,1348096,0,'Storelocator','Perception System Pvt. Ltd.','Fetch Your Store With Store Locator','http://my.x-cart.com/sites/default/files/addons/PerceptionSystemPvtLtd/Storelocator/icon.png','https://market.x-cart.com/addons/store-locator-by-perception-system.html','','a:0:{}','a:1:{i:0;s:9:\"Marketing\";}',1,0,2,0,0,0,'a:0:{}',20582,0,0),(190,'AutoParts','QSL','helpdesk@x-cart.com',0,0,0,0,0.0000,0,196,99.00,'USD','5.3',0,1,2,1409083200,448000,0,'AutoParts','Qualiteam','This template is good for the following themes: Cars, Electronics, Tools & Equipment','http://my.x-cart.com/sites/default/files/addons/QSL/AutoParts/icon.png','https://market.x-cart.com/xcart-templates/autoparts.html','','a:0:{}','a:1:{i:0;s:9:\"Templates\";}',1,0,0,0,1,0,'a:0:{}',447,0,0),(191,'PayU','PayU','integration@payu.ru',0,0,0,0,0.0000,0,518,0.00,'USD','5.2',1,0,0,1409688000,43008,0,'PayU Russia','PayU Russia','Enables taking payments for your online store via PayU system.','http://my.x-cart.com/sites/default/files/addons/PayU/PayU/iconAlt.png','https://market.x-cart.com/addons/payU-Russia-payment-module-by-PayU.html','','a:0:{}','a:1:{i:0;s:18:\"Payment processing\";}',1,0,0,0,0,0,'a:0:{}',0,0,0),(192,'BooksStoreSkin','QSL','helpdesk@x-cart.com',0,0,0,0,0.0000,0,20,99.00,'USD','5.3',2,0,0,1409601600,312320,0,'Books Store','Qualiteam','The \"Books Store\" X-Cart Design Template (#30). This template is good for the following themes: Books, Clothing, Education, Flowers, Gifts, Hotels, Media.','http://my.x-cart.com/sites/default/files/addons/QSL/BooksStoreSkin/icon.png','https://market.x-cart.com/xcart-templates/books-store.html','','a:0:{}','a:1:{i:0;s:9:\"Templates\";}',1,0,0,0,1,0,'a:0:{}',450,0,0),(193,'FAQ','Guru','mike@babymonkeystudios.com',0,0,0,0,0.0000,0,342,15.00,'USD','5.3',1,0,0,1410120000,87040,0,'FAQ','X-Cart Guru','Enables FAQ page','http://my.x-cart.com/sites/default/files/addons/Guru/FAQ/icon.png','https://market.x-cart.com/addons/FAQ-module-by-XcartGuru.html','','a:0:{}','a:3:{i:0;s:14:\"Administration\";i:1;s:9:\"Marketing\";i:2;s:15:\"User experience\";}',1,0,3,0,0,0,'a:0:{}',536881157,0,0),(194,'InfiniteScroll','QSL','helpdesk@x-cart.com',0,0,0,0,0.0000,0,708,79.00,'USD','5.3',0,0,0,33583,81920,0,'Infinite Scroll','Qualiteam','This module allows you to replace the pager in product lists with the infinite scroll that adds more results to the list when the customer scrolls the page down.','http://my.x-cart.com/sites/default/files/addons/QSL/InfiniteScroll/icon.png','https://market.x-cart.com/addons/infinite-scroll.html','','a:0:{}','a:3:{i:0;s:13:\"Design tweaks\";i:1;s:21:\"Search and Navigation\";i:2;s:15:\"User experience\";}',1,1,3,0,0,0,'a:0:{}',536881159,0,0),(195,'DetailedImagesSlider','Guru','mike@babymonkeystudios.com',0,0,0,0,0.0000,0,138,35.00,'USD','5.2',1,0,0,1411070400,178176,0,'Detailed images slider','X-Cart Guru','Display your detailed product images in a responsive slider directly on the product page.','http://my.x-cart.com/sites/default/files/addons/Guru/DetailedImagesSlider/icon.png','https://market.x-cart.com/addons/detailed-images-slider-by-XcartGuru.html','','a:0:{}','a:3:{i:0;s:13:\"Design tweaks\";i:1;s:9:\"Marketing\";i:2;s:15:\"User experience\";}',1,0,4,0,0,0,'a:0:{}',20578,0,0),(196,'Mandrill','XC','helpdesk@x-cart.com',0,0,0,0,0.0000,0,316,0.00,'USD','5.3',1,1,0,1411416000,296960,0,'Mandrill Integration (for transactional emails)','X-Cart team','Mandrill is a scalable and affordable email infrastructure service, with the powerful marketing-friendly analytics tools.','http://my.x-cart.com/sites/default/files/addons/XC/Mandrill/icon.png','https://market.x-cart.com/addons/mandrill-transactional-emails-integration.html','','a:0:{}','a:2:{i:0;s:14:\"Administration\";i:1;s:10:\"Statistics\";}',1,0,0,0,0,0,'a:0:{}',0,0,0),(197,'MailChimp','XC','helpdesk@x-cart.com',0,0,0,0,0.0000,0,2676,0.00,'USD','5.3',2,1,2,1411418909,542720,0,'MailChimp Integration with E-commerce support','X-Cart team','MailChimp is an email marketing service with powerful tools to manage your email campaigns and subscribers while gathering advanced analytics information on your campaign performance.','http://my.x-cart.com/sites/default/files/addons/XC/MailChimp/icon.png','https://market.x-cart.com/addons/mailchimp-integration-with-e-commerce-360.html','','a:0:{}','a:2:{i:0;s:9:\"Marketing\";i:1;s:10:\"Statistics\";}',1,0,0,0,0,0,'a:0:{}',0,0,0),(198,'HorizontalCategoriesMenu','QSL','helpdesk@x-cart.com',0,0,0,0,0.0000,0,949,19.95,'USD','5.3',2,2,0,1411631989,140800,0,'Horizontal Flyout Categories Menu','Qualiteam','The module changes the default categories menu to the horizontal flyout expanding menu','http://my.x-cart.com/sites/default/files/addons/QSL/HorizontalCategoriesMenu/icon.png','https://market.x-cart.com/addons/horizontal-flyout-categories-menu.html','','a:0:{}','a:3:{i:0;s:13:\"Design tweaks\";i:1;s:21:\"Search and Navigation\";i:2;s:15:\"User experience\";}',1,0,0,0,1,0,'a:0:{}',20579,0,0),(199,'YandexMoney','XC','helpdesk@x-cart.com',0,0,0,0,0.0000,0,553,0.00,'USD','5.3',1,0,0,1412020800,92160,0,'Yandex Payment Solution','X-Cart team','The means of accepting all payment options popular in Russia - bank cards, Yandex Payment Solution and Webmoney, mobile payments and cash.','http://my.x-cart.com/sites/default/files/addons/XC/YandexMoney/iconAlt.png','https://market.x-cart.com/addons/yandex-money.html','','a:0:{}','a:1:{i:0;s:18:\"Payment processing\";}',1,0,0,0,0,0,'a:0:{}',0,0,0),(200,'Electronics','QSL','helpdesk@x-cart.com',0,0,0,0,0.0000,0,18,99.00,'USD','5.3',0,1,2,1413230400,504320,0,'Electronics','Qualiteam','The \"Electronics\" X-Cart Design Template (#19). This template is good for the following themes:  Books, Computers, Education, Electronics','http://my.x-cart.com/sites/default/files/addons/QSL/Electronics/icon.png','https://market.x-cart.com/xcart-templates/electronics.html','','a:0:{}','a:1:{i:0;s:9:\"Templates\";}',1,0,0,0,1,0,'a:0:{}',536881069,0,0),(201,'iGoods','QSL','helpdesk@x-cart.com',0,0,0,0,0.0000,0,84,99.00,'USD','5.3',0,0,0,1413316800,233984,0,'iGoods','Qualiteam','The \"iGoods\" X-Cart Design Template (#28). This template is good for the following themes:  Business, Computers, Electronics, Tools & Equipment','http://my.x-cart.com/sites/default/files/addons/QSL/iGoods/icon.png','https://market.x-cart.com/xcart-templates/igoods.html','','a:0:{}','a:1:{i:0;s:9:\"Templates\";}',1,0,0,0,1,0,'a:0:{}',452,0,0),(202,'PaymentWall','Webkulsoftware','support@webkul.com',0,0,0,0,0.0000,0,0,49.00,'USD','5.3',0,0,0,1414616400,107520,0,'PaymentWall Payment Gateway','Webkul Software Pvt. Ltd.','Paymentwall Payment Gateway is a payment addons work with checkout for payment in X-Cart X-Cart. It will work live as well as Debugging mode. It Accept global payments by integrating Paymentwall Gateway.','http://my.x-cart.com/sites/default/files/addons/Webkulsoftware/PaymentWall/icon.png','https://market.x-cart.com/addons/paymentwall-integration-by-webkulsoftware.html','','a:0:{}','a:1:{i:0;s:18:\"Payment processing\";}',1,0,0,0,0,0,'a:0:{}',20596,0,0),(203,'Health','QSL','helpdesk@x-cart.com',0,0,0,0,0.0000,0,38,99.00,'USD','5.3',0,1,2,1413403200,360960,0,'Health','Qualiteam','This template is good for the following themes: Beauty, Garden, Interior & Furniture, Medical, Nutritional supplements','http://my.x-cart.com/sites/default/files/addons/QSL/Health/icon.png','https://market.x-cart.com/xcart-templates/health.html','','a:0:{}','a:1:{i:0;s:9:\"Templates\";}',1,0,0,0,1,0,'a:0:{}',465,0,0),(204,'Akismet','XC','helpdesk@x-cart.com',0,0,0,0,0.0000,0,610,0.00,'USD','5.3',0,0,0,1413748800,40960,0,'Akismet - the Spam Filter','X-Cart team','Filter out the spam on the Contact Us form and in the Product Reviews. A hosted web service that saves you time by automatically detecting comment and trackback spam.','http://my.x-cart.com/sites/default/files/addons/XC/Akismet/iconAlt.png','https://market.x-cart.com/addons/akismet-the-spam-filter.html','','a:0:{}','a:1:{i:0;s:14:\"Administration\";}',1,0,0,0,0,0,'a:0:{}',0,0,0),(205,'ESelectHPP','XC','helpdesk@x-cart.com',0,0,0,0,0.0000,0,2182,0.00,'USD','5.3',1,0,0,1413748800,51200,0,'Moneris (eSELECTplus- Hosted Pay Page)','X-Cart team','Accept credit and debit cards via an online transaction processing engine. USA and Canada','http://my.x-cart.com/sites/default/files/addons/XC/ESelectHPP/iconAlt.png','https://market.x-cart.com/addons/moneris-eselect-plus-hosted-pay-page.html','','a:0:{}','a:1:{i:0;s:18:\"Payment processing\";}',1,0,0,0,0,0,'a:0:{}',0,0,0),(206,'FreeShipping','XC','helpdesk@x-cart.com',0,0,0,0,0.0000,0,6754,0.00,'USD','5.3',1,3,0,-10800,133120,1,'Free Shipping and Shipping freights','X-Cart team','Attract more customers by offering Free Shipping. Mark the products that are shipped for free. Add a possibility to specify shipping freight to products.','http://my.x-cart.com/sites/default/files/addons/XC/FreeShipping/icon.png','https://market.x-cart.com/addons/free-shipping.html','','a:0:{}','a:1:{i:0;s:8:\"Shipping\";}',1,0,0,0,0,2,'a:3:{i:0;s:12:\"391_Business\";i:1;s:18:\"20598_Multi-vendor\";i:2;s:18:\"536881125_Ultimate\";}',0,0,0),(207,'InternetSecure','XC','helpdesk@x-cart.com',0,0,0,0,0.0000,0,158,0.00,'USD','5.3',1,0,0,1413748800,40960,0,'InternetSecure','X-Cart team','The complete solution to accept credit cards, including Visa, MasterCard, American Express and Discover in two currencies (Canadian and US dollars).','http://my.x-cart.com/sites/default/files/addons/XC/InternetSecure/iconAlt.png','https://market.x-cart.com/addons/internet-secure-merchant-link-payment-module.html','','a:0:{}','a:1:{i:0;s:18:\"Payment processing\";}',1,0,0,0,0,0,'a:0:{}',0,0,0),(208,'MightyCallReact','XC','helpdesk@x-cart.com',0,0,0,0,0.0000,0,1062,0.00,'USD','5.3',1,1,0,1413800433,40960,0,'Contact Us Page by MightyCall','X-Cart team','Create a snazzy-looking Contact Us page in just minutes that you can customize to blend in with your current business website. Includes special features like ClickToCall, Contact Form, Business Hours and more. Allow customers to request a call back or e-mail from you with a click of a button.','http://my.x-cart.com/sites/default/files/addons/XC/MightyCallReact/icon.png','https://market.x-cart.com/addons/contact-us-page-by-mightycall.html','','a:1:{i:0;s:14:\"CDev\\ContactUs\";}','a:3:{i:0;s:14:\"Administration\";i:1;s:13:\"Design tweaks\";i:2;s:15:\"User experience\";}',1,0,0,0,0,0,'a:0:{}',0,0,0),(209,'News','XC','helpdesk@x-cart.com',0,0,0,0,0.0000,0,5992,0.00,'USD','5.3',1,1,0,1413748800,163840,1,'News','X-Cart team','Share the company and products news and updates with your community.','http://my.x-cart.com/sites/default/files/addons/XC/News/icon.png','https://market.x-cart.com/addons/news-module.html','','a:0:{}','a:2:{i:0;s:9:\"Marketing\";i:1;s:15:\"User experience\";}',1,0,0,0,0,2,'a:3:{i:0;s:12:\"391_Business\";i:1;s:18:\"20598_Multi-vendor\";i:2;s:18:\"536881125_Ultimate\";}',0,0,0),(210,'NlTranslation','XC','helpdesk@x-cart.com',0,0,0,0,0.0000,0,661,0.00,'USD','5.3',2,0,0,-10800,348160,0,'Translation: Dutch','X-Cart team','Dutch translation pack. This translation is a contribution of X-Cart community. Kindly shared by one of X-Cart merchants for free, this translation may contain some non-translated labels which appeared in later versions of X-Cart 5 or which were added by custom modules you installed.','http://my.x-cart.com/sites/default/files/addons/XC/NlTranslation/icon.png','https://market.x-cart.com/addons/dutch-translation-by-community-members.html','','a:0:{}','a:1:{i:0;s:11:\"Translation\";}',1,0,0,0,0,0,'a:0:{}',0,0,0),(211,'OgoneEcommerce','XC','helpdesk@x-cart.com',0,0,0,0,0.0000,0,1284,0.00,'USD','5.3',1,0,0,1413748800,51200,0,'Ingenico Payment Services (Ogone)','X-Cart team','Enable online payment processing with a level-1 PCI DSS compliant provider based in Europe.','http://my.x-cart.com/sites/default/files/addons/XC/OgoneEcommerce/iconAlt.png','https://market.x-cart.com/addons/ogone-ingenico-payment-module.html','','a:0:{}','a:1:{i:0;s:18:\"Payment processing\";}',1,0,0,0,0,0,'a:0:{}',0,0,0),(212,'PayUIndia','XC','helpdesk@x-cart.com',0,0,0,0,0.0000,0,402,0.00,'USD','5.3',1,0,0,-10800,40960,0,'PayU India','X-Cart team','Accept Credit cards and Debit cards of Indian Banks, enable Net banking options. The customer is redirected to a payment page hosted by PayU. Mobile optimized, PCI compliant, with intelligent retry framework.','http://my.x-cart.com/sites/default/files/addons/XC/PayUIndia/iconAlt.png','https://market.x-cart.com/addons/payu-india-payment-module.html','','a:0:{}','a:1:{i:0;s:18:\"Payment processing\";}',1,0,0,0,0,0,'a:0:{}',0,0,0),(213,'TwoFactorAuthentication','XC','helpdesk@x-cart.com',0,0,0,0,0.0000,0,1863,0.00,'USD','5.3',1,0,0,1413748800,153600,1,'Two factor authentication','X-Cart team','The module integrates your store with Authy.com to protect your accounts with Two-Factor Authentication system. You can enable it for each type of accounts: admin, supplier or customer.','http://my.x-cart.com/sites/default/files/addons/XC/TwoFactorAuthentication/iconAlt.png','https://market.x-cart.com/addons/two-factor-authorization.html','','a:0:{}','a:2:{i:0;s:15:\"User experience\";i:1;s:14:\"Administration\";}',1,0,0,0,0,2,'a:3:{i:0;s:12:\"391_Business\";i:1;s:18:\"20598_Multi-vendor\";i:2;s:18:\"536881125_Ultimate\";}',0,0,0),(214,'VKComments','XC','helpdesk@x-cart.com',0,0,0,0,0.0000,0,251,0.00,'USD','5.3',1,0,0,-10800,51200,0,'VKComments','X-Cart team','Enable comments for the users of popular social network Vkontakte.Each comment posted via the widget will be automatically transferred to the comment contributor\'s page.The record includes a link to the product in your store. Posted on the contributor\'s \"wall\",it will also appear in the Newsfeed of his/her Friends and followers.','http://my.x-cart.com/sites/default/files/addons/XC/VKComments/iconAlt.png','https://market.x-cart.com/addons/vk-comments.html','','a:0:{}','a:1:{i:0;s:6:\"Social\";}',1,0,0,0,0,0,'a:0:{}',0,0,0),(215,'AntiSpam','QSL','helpdesk@x-cart.com',0,0,0,0,0.0000,0,288,69.00,'USD','5.3',1,0,0,-10800,145408,0,'AntiSpam','Qualiteam','Uses Honeypot, reCaptcha and other methods to block SPAM bots creating fake user accounts and mass-submitting forms on your website.','http://my.x-cart.com/sites/default/files/addons/QSL/AntiSpam/icon.png','https://market.x-cart.com/addons/antispam.html','','a:0:{}','a:1:{i:0;s:14:\"Administration\";}',1,0,1,0,0,0,'a:0:{}',20592,0,0),(216,'ProductVideos','CSI','support@cflsystems.com',0,0,0,0,0.0000,0,90,65.00,'USD','5.3',1,0,0,1414050470,120832,0,'Product Videos','CFL Systems, Inc.','Add unlimited number of videos to product details pages. Reference videos uploaded to Youtube, Metacafe, Vimeo, DailyMotion or self-hosted.','http://my.x-cart.com/sites/default/files/addons/CSI/ProductVideos/icon.png','https://market.x-cart.com/addons/product-videos-by-cfl-systems.html','','a:0:{}','a:1:{i:0;s:15:\"User experience\";}',1,0,7,0,0,0,'a:0:{}',21108,0,0),(217,'XCDN','CSI','support@cflsystems.com',0,0,0,0,0.0000,0,42,45.00,'USD','5.3',0,0,0,1414659837,40960,0,'XCDN','CFL Systems, Inc.','This module allows you to setup your store to use CDN for images, css and js files.','http://my.x-cart.com/sites/default/files/addons/CSI/XCDN/icon.png','https://market.x-cart.com/addons/xcdn-by-cfl-systems.html','','a:0:{}','a:3:{i:0;s:18:\"Catalog Management\";i:1;s:3:\"SEO\";i:2;s:15:\"User experience\";}',1,0,0,0,0,0,'a:0:{}',21098,0,0),(218,'AntiFraud','QSL','helpdesk@x-cart.com',0,0,0,0,0.0000,0,566,0.00,'USD','5.3',0,0,0,1414935960,184832,0,'AntiFraud Service Connector','Qualiteam','AntiFraud service reduces chargebacks by identifying online fraud using sophisticated checking algorithm. It is best for merchants selling e-goods with immediate electronic delivery (like software, music, content, etc.) and for merchants trading overseas.','http://my.x-cart.com/sites/default/files/addons/QSL/AntiFraud/iconAlt.png','https://market.x-cart.com/addons/antifraud.html','','a:0:{}','a:3:{i:0;s:14:\"Administration\";i:1;s:18:\"Payment processing\";i:2;s:16:\"Fraud prevention\";}',1,0,0,0,0,0,'a:0:{}',0,0,0),(219,'Clothing','QSL','helpdesk@x-cart.com',0,0,0,0,0.0000,0,847,149.00,'USD','5.3',0,3,0,1415781937,1626624,0,'Clothing','Qualiteam','The \"Clothing\" X-Cart Design Template (#42). This template is good for the following themes:  Accessories, Clothing, Jewelry, Watches, Wedding','http://my.x-cart.com/sites/default/files/addons/QSL/Clothing/icon.png','https://market.x-cart.com/xcart-templates/clothing.html','','a:0:{}','a:1:{i:0;s:9:\"Templates\";}',1,0,7,0,1,0,'a:0:{}',20597,0,0),(220,'ShippingEasy','Qualiteam','sarah@shippingeasy.com',0,0,0,0,0.0000,0,558,0.00,'USD','5.3',1,0,2,1415197885,125952,0,'ShippingEasy','Qualiteam','Save time and money with the shipping solution built for eCommerce retailers! ShippingEasy downloads orders in real-time and automates your shipping based on carrier, service, package and more','http://my.x-cart.com/sites/default/files/addons/Qualiteam/ShippingEasy/iconAlt.png','https://market.x-cart.com/addons/shipping-easy-shipping-automation.html','','a:0:{}','a:2:{i:0;s:11:\"Fulfillment\";i:1;s:8:\"Shipping\";}',1,0,0,0,0,0,'a:0:{}',0,0,0),(221,'MultiVendor','XC','helpdesk@x-cart.com',0,0,0,0,0.0000,0,1174,0.00,'USD','5.3',2,2,0,1416862800,1505280,1,'Multi-vendor','X-Cart team','Create an online mall where multiple vendors can sell their own products and manage their orders through a single marketplace.','http://my.x-cart.com/sites/default/files/addons/XC/MultiVendor/icon.png','https://market.x-cart.com/addons/suppliers-multivendors.html','','a:0:{}','a:3:{i:0;s:14:\"Administration\";i:1;s:11:\"Fulfillment\";i:2;s:18:\"Catalog Management\";}',1,0,4,0,0,2,'a:2:{i:0;s:18:\"20598_Multi-vendor\";i:1;s:18:\"536881125_Ultimate\";}',0,0,0),(222,'NextPreviousProduct','XC','helpdesk@x-cart.com',0,0,0,0,0.0000,0,6484,0.00,'USD','5.3',2,2,0,1416862800,92160,1,'Previous and Next product','X-Cart team','Display \"Previous\" and \"Next product\" links on your product sheets, be it a category page, a search results page or products of a particular brand.','http://my.x-cart.com/sites/default/files/addons/XC/NextPreviousProduct/icon.png','https://market.x-cart.com/addons/next-previous-product.html','','a:0:{}','a:2:{i:0;s:15:\"User experience\";i:1;s:21:\"Search and Navigation\";}',1,0,0,0,0,2,'a:3:{i:0;s:12:\"391_Business\";i:1;s:18:\"20598_Multi-vendor\";i:2;s:18:\"536881125_Ultimate\";}',0,0,0),(223,'SimplifyCommerce','XC','helpdesk@x-cart.com',0,0,0,0,0.0000,0,497,0.00,'USD','5.3',1,0,0,1416862800,317440,0,'Simplify Commerce by MasterCard','X-Cart team','Accept all major card brands for payments in your store with Simplify Commerce by MasterCard. Easy set up with a low, flat rate; no monthly fees and no extra fees. Level 1 PCI certified.','http://my.x-cart.com/sites/default/files/addons/XC/SimplifyCommerce/iconAlt.png','https://market.x-cart.com/addons/simplify-commerce-by-mastercard-payment-module.html','','a:0:{}','a:1:{i:0;s:18:\"Payment processing\";}',1,0,0,0,0,0,'a:0:{}',0,0,0),(224,'VirtualMerchant','XC','helpdesk@x-cart.com',0,0,0,0,0.0000,0,250,0.00,'USD','5.3',1,0,0,1416862800,51200,0,'Converge (formerly Virtual Merchant by Elavon)','X-Cart team','A secure server-based system. Accept Visa, JCB, MasterCard, American Express, Discover, Diners and UnionPay in the United States, Canada and Puerto Rico.','http://my.x-cart.com/sites/default/files/addons/XC/VirtualMerchant/iconAlt.png','https://market.x-cart.com/addons/converge-virtual-merchant-payment-module.html','','a:0:{}','a:1:{i:0;s:18:\"Payment processing\";}',1,0,0,0,0,0,'a:0:{}',0,0,0),(225,'AlternativeClothes','QSL','helpdesk@x-cart.com',0,0,0,0,0.0000,0,51,99.00,'USD','5.3',0,1,1,1417035600,1018368,0,'Alternative clothes','Qualiteam','The \"Alternative clothes\" X-Cart Design Template (#43). This template is good for the following themes:  Accessories, Clothing, Jewelry, Watches','http://my.x-cart.com/sites/default/files/addons/QSL/AlternativeClothes/icon.png','https://market.x-cart.com/xcart-templates/alternative-clothes.html','','a:0:{}','a:1:{i:0;s:9:\"Templates\";}',1,0,0,0,1,0,'a:0:{}',20605,0,0),(226,'HouseholdSkin','QSL','qualiteam-modules@x-cart.com',0,0,0,0,0.0000,0,21,99.00,'USD','5.3',0,0,1,1417035600,269312,0,'Household Equipment Skin','Qualiteam','The \"Household Equipment\" X-Cart Design Template (#11). This template is good for the following themes: Flowers, Food & Drink, Gifts, Hobbies & Crafts, Interior & Furniture','http://my.x-cart.com/sites/default/files/addons/QSL/HouseholdSkin/icon.png','https://www.x-cart.com/extensions/xcart-templates/household-equipment.html','','a:0:{}','a:1:{i:0;s:9:\"Templates\";}',1,0,0,0,1,0,'a:0:{}',536881075,0,0),(227,'HidePrices','QSL','helpdesk@x-cart.com',0,0,0,0,0.0000,0,133,35.00,'USD','5.3',2,0,0,1417593089,85504,0,'Hide Prices','Qualiteam','This module hides prices and disables checkout for non-registered customers.','http://my.x-cart.com/sites/default/files/addons/QSL/HidePrices/icon.png','https://market.x-cart.com/addons/hide-prices.html','','a:0:{}','a:1:{i:0;s:18:\"Catalog Management\";}',1,0,3,0,0,0,'a:0:{}',20606,0,0),(228,'MobileAdmin','QSL','helpdesk@x-cart.com',0,0,0,0,0.0000,0,1840,0.00,'USD','5.3',2,0,0,1417986000,178688,0,'X-Cart Mobile Admin','Qualiteam','Manage your X-Cart store easily right from your Android-based smartphone. Download and install FREE X-Cart Mobile Admin application from AppStore or Google play, connect it with your store and get a complete control over the store at your fingertips!','http://my.x-cart.com/sites/default/files/addons/QSL/MobileAdmin/iconAlt.png','https://market.x-cart.com/addons/mobile-admin.html','','a:2:{i:0;s:11:\"QSL\\JsonApi\";i:1;s:19:\"QSL\\QRCodeGenerator\";}','a:3:{i:0;s:14:\"Administration\";i:1;s:18:\"Catalog Management\";i:2;s:15:\"Mobile Commerce\";}',1,0,0,0,0,0,'a:0:{}',0,0,0),(229,'PayPalHere','QSL','helpdesk@x-cart.com',0,0,0,0,0.0000,0,457,0.00,'USD','5.3',0,0,0,1417986000,192000,0,'PayPal Here','Qualiteam','The easiest way to accept any form of payment. Wherever your business goes, your sales can go too. Available on iOS and Android.','http://my.x-cart.com/sites/default/files/addons/QSL/PayPalHere/iconAlt.png','https://market.x-cart.com/addons/PayPal-Here-payment-module.html','','a:0:{}','a:2:{i:0;s:18:\"Payment processing\";i:1;s:15:\"Mobile Commerce\";}',1,0,0,0,0,0,'a:0:{}',0,0,0),(230,'ProductQuestions','QSL','helpdesk@x-cart.com',0,0,0,0,0.0000,0,504,69.00,'USD','5.3',2,0,0,1418072400,274432,0,'Product Questions','Qualiteam','This module allows visitors to ask questions on your products and receive answers from your staff.','http://my.x-cart.com/sites/default/files/addons/QSL/ProductQuestions/icon.png','https://market.x-cart.com/addons/product-questions.html','','a:0:{}','a:1:{i:0;s:15:\"User experience\";}',1,0,3,0,0,0,'a:0:{}',20608,0,0),(231,'MultilevelMenu','QSL','helpdesk@x-cart.com',0,0,0,0,0.0000,0,518,39.00,'USD','5.3',0,4,1,1418158800,92672,0,'Multilevel Primary Menu','Qualiteam','This module allow admin to add advanced multilevel top menu','http://my.x-cart.com/sites/default/files/addons/QSL/MultilevelMenu/icon.png','https://market.x-cart.com/addons/multilevel-primary-menu.html','','a:1:{i:0;s:14:\"CDev\\SimpleCMS\";}','a:3:{i:0;s:13:\"Design tweaks\";i:1;s:21:\"Search and Navigation\";i:2;s:15:\"User experience\";}',1,0,6,0,1,0,'a:0:{}',20609,0,0),(232,'Auction','QSL','helpdesk@x-cart.com',0,0,0,0,0.0000,0,102,499.00,'USD','5.3',0,0,0,1418158800,575488,0,'Auction in X-Cart 5','Qualiteam','Turn your X-Cart store into a classic auction site with contemporary design. Create auction listings based on regular products and have full control over each listing for the entire auction duration.','http://my.x-cart.com/sites/default/files/addons/QSL/Auction/icon.png','https://market.x-cart.com/addons/auction-in-xcart-5.html','','a:0:{}','a:1:{i:0;s:7:\"Auction\";}',1,0,5,0,1,0,'a:0:{}',20610,0,0),(233,'PDFInvoice','QSL','helpdesk@x-cart.com',0,0,0,0,0.0000,0,229,99.00,'USD','5.3',0,2,2,1418158800,70656,0,'PDF Invoice','Qualiteam','Makes PDF invoice','http://my.x-cart.com/sites/default/files/addons/QSL/PDFInvoice/icon.png','https://market.x-cart.com/addons/PDF-Invoice.html','','a:0:{}','a:2:{i:0;s:10:\"Accounting\";i:1;s:15:\"User experience\";}',1,0,4,0,1,0,'a:0:{}',20611,0,0),(234,'Braintree','QSL','helpdesk@x-cart.com',0,0,0,0,0.0000,0,301,0.00,'USD','5.3',2,0,2,1418850000,888832,0,'Braintree payment gateway','Qualiteam','Braintree is a full-stack payments platform that makes it easy to accept payments in your app or website. The service replaces the traditional model of sourcing a payment gateway and merchant account from different providers.','http://my.x-cart.com/sites/default/files/addons/QSL/Braintree/iconAlt.png','https://market.x-cart.com/addons/braintree-for-xcart5.html','','a:0:{}','a:1:{i:0;s:18:\"Payment processing\";}',1,0,2,0,0,0,'a:0:{}',20614,0,0),(235,'CustomerAttachments','XC','helpdesk@x-cart.com',0,0,0,0,0.0000,0,506,0.00,'USD','5.3',1,2,0,1421787600,163840,1,'Customer Files Uploads & Product Attachments','X-Cart team','Allow your customers to attach files to a product before purchasing so that the store administrator could download those files when processing the order','http://my.x-cart.com/sites/default/files/addons/XC/CustomerAttachments/icon.png','https://market.x-cart.com/addons/files-uploads-product-attachments.html','','a:0:{}','a:2:{i:0;s:15:\"User experience\";i:1;s:18:\"Catalog Management\";}',1,0,1,0,0,2,'a:3:{i:0;s:12:\"391_Business\";i:1;s:18:\"20598_Multi-vendor\";i:2;s:18:\"536881125_Ultimate\";}',0,0,0),(236,'Parcels','VIPparcel','support@vipparcel.com',0,0,0,0,0.0000,0,0,10.00,'USD','5.2',2,0,0,1432715505,3221504,0,'VIPparcel','VIPparcel','VIPparcel is a service designed to help businesses like yours save on both international and domestic shipping cost by using USPS.','http://my.x-cart.com/sites/default/files/addons/VIPparcel/Parcels/icon.png','https://market.x-cart.com/addons/vipparcel.html','','a:0:{}','a:0:{}',1,0,0,0,0,0,'a:0:{}',20693,0,0),(237,'VariantsTableView','QSL','helpdesk@x-cart.com',0,0,0,0,0.0000,0,242,35.00,'USD','5.3',2,0,0,1422565200,58880,0,'Variants Table View','Qualiteam','Show all possible product variants as a table on the product page to enable bulk adding to cart of different variants','http://my.x-cart.com/sites/default/files/addons/QSL/VariantsTableView/icon.png','https://market.x-cart.com/addons/variants-table-view.html','','a:1:{i:0;s:18:\"XC\\ProductVariants\";}','a:3:{i:0;s:13:\"Design tweaks\";i:1;s:21:\"Search and Navigation\";i:2;s:15:\"User experience\";}',1,0,0,0,0,0,'a:0:{}',20624,0,0),(238,'GTS','CSI','support@cflsystems.com',0,0,0,0,0.0000,0,158,55.00,'USD','5.3',0,0,0,1423818042,55296,0,'Google Trusted Stores Integration','CFL Systems, Inc.','Integrate your store with Google Trusted Stores.','http://my.x-cart.com/sites/default/files/addons/CSI/GTS/icon.png','https://market.x-cart.com/addons/google-trusted-stores-integration-by-cfl-systems.html','','a:0:{}','a:2:{i:0;s:9:\"Marketing\";i:1;s:15:\"User experience\";}',1,1,4,0,0,0,'a:0:{}',21100,0,0),(239,'MultiCurrency','XC','helpdesk@x-cart.com',0,0,0,0,0.0000,0,2439,0.00,'USD','5.3',2,1,1,1423039914,296960,1,'Multicurrency','X-Cart team','Show product prices in multiple currencies for your customers around the world.','http://my.x-cart.com/sites/default/files/addons/XC/MultiCurrency/icon.png','https://market.x-cart.com/addons/multicurrency-for-xcart5.html','','a:0:{}','a:2:{i:0;s:15:\"User experience\";i:1;s:11:\"Translation\";}',1,0,0,0,0,2,'a:3:{i:0;s:12:\"391_Business\";i:1;s:18:\"20598_Multi-vendor\";i:2;s:18:\"536881125_Ultimate\";}',0,0,0),(240,'VePlatform','VeInteractive','xcart@veinteractive.com',0,0,0,0,0.0000,0,116,0.00,'USD','5.2',2,0,0,-10800,1899520,0,'VePlatform','Ve Interactive LTD','Instantly increase your sales by adding the VePlatform\'s integrated remarketing and\r\n            re-engagement apps that convert customers who abandon your site.','http://my.x-cart.com/sites/default/files/addons/VeInteractive/VePlatform/iconAlt.png','https://market.x-cart.com/addons/VePlatform.html','','a:0:{}','a:1:{i:0;s:9:\"Marketing\";}',1,0,0,0,0,0,'a:0:{}',0,0,0),(241,'Banner','Get4click','info@get4click.com',0,0,0,0,0.0000,0,115,0.00,'USD','5.2',0,0,0,1424206800,16896,0,'Get4click','Get4click LLC','Increase your sales through Get4click. Get4click brings additional customers to your store through our partner network of selected online merchants.','http://my.x-cart.com/sites/default/files/addons/Get4click/Banner/iconAlt.png','https://market.x-cart.com/addons/Get4click.html','','a:0:{}','a:1:{i:0;s:9:\"Marketing\";}',1,0,0,0,0,0,'a:0:{}',0,0,0),(242,'ProductsMapPricing','CSI','support@cflsystems.com',0,0,0,0,0.0000,0,46,45.00,'USD','5.3',0,0,0,1425545788,66048,0,'Products MAP Pricing','CFL Systems, Inc.','Show MAP pricing to customers to satisfy manufacturer requirements while at the same time products can be purchased at a lower price.','http://my.x-cart.com/sites/default/files/addons/CSI/ProductsMapPricing/icon.png','https://market.x-cart.com/addons/products-map-pricing-by-cfl-systems.html','','a:0:{}','a:1:{i:0;s:15:\"User experience\";}',1,0,0,0,0,0,'a:0:{}',21109,0,0),(243,'EBay','QSL','helpdesk@x-cart.com',0,0,0,0,0.0000,0,1315,0.00,'USD','5.3',2,0,0,1422828646,448512,0,'X-Cart eBay Integration','Qualiteam','Connect your store in minutes and manage your eBay listings in seconds. One by one or in bulk, manually or automatically: send and update products, variants, images, descriptions and prices. Import orders back to X-Cart and manage them in the X-Cart admin area.','http://my.x-cart.com/sites/default/files/addons/QSL/EBay/iconAlt.png','https://market.x-cart.com/addons/ebay-integration.html','','a:0:{}','a:3:{i:0;s:14:\"Administration\";i:1;s:11:\"Fulfillment\";i:2;s:9:\"Marketing\";}',1,0,0,0,0,0,'a:0:{}',0,0,0),(244,'Beanstream','XC','helpdesk@x-cart.com',0,0,0,0,0.0000,0,158,0.00,'USD','5.3',1,0,0,1425243600,51200,0,'Beanstream / Digital River (Hosted Payment Form)','X-Cart team','When your customers enter their card number on the payment page, they are seamlessly transferred from your website domain and are temporarily \"hosted\" on Beanstream\'s PCI level one compliant servers. For the merchants in Canada, the UK and the USA.','http://my.x-cart.com/sites/default/files/addons/XC/Beanstream/iconAlt.png','https://market.x-cart.com/addons/beanstream.html','','a:0:{}','a:1:{i:0;s:18:\"Payment processing\";}',1,0,0,0,0,0,'a:0:{}',0,0,0),(245,'NetbanxHostedPayment','XC','helpdesk@x-cart.com',0,0,0,0,0.0000,0,114,0.00,'USD','5.3',1,0,0,1425243600,61440,0,'Netbanx (Optimal Payments)','X-Cart team','Available in the US, Canada, UK, Europe and many other countries.Process all major credit and debit cards including Visa, MasterCard, AMEX, Discover, JCB and Carta Si. PCI compliant, with the support of 3d secure and advanced fraud-screening tools.','http://my.x-cart.com/sites/default/files/addons/XC/NetbanxHostedPayment/iconAlt.png','https://market.x-cart.com/addons/netbanx-payment-module.html','','a:0:{}','a:1:{i:0;s:18:\"Payment processing\";}',1,0,0,0,0,0,'a:0:{}',0,0,0),(246,'ExtendedSimpleCMS','QSL','helpdesk@x-cart.com',0,0,0,0,0.0000,0,246,0.00,'USD','5.3',0,0,0,1426576102,10240,0,'Extended Simple CMS [DEPRECATED]','Qualiteam','This module allows you to create awesome multilevel primary and footer menus.','http://my.x-cart.com/sites/default/files/addons/QSL/ExtendedSimpleCMS/icon.png','https://market.x-cart.com/addons/extended-simple-cms.html','','a:0:{}','a:3:{i:0;s:21:\"Search and Navigation\";i:1;s:13:\"Design tweaks\";i:2;s:15:\"User experience\";}',1,0,4,0,1,0,'a:0:{}',0,0,0),(247,'MyWishlist','QSL','helpdesk@x-cart.com',0,0,0,0,0.0000,0,865,99.00,'USD','5.3',0,10,2,1425544139,182272,0,'My Wishlist','Qualiteam','My Wishlist allows your customer to collect the favorited products into one wishlist in which the customer can buy them, track them in the catalog and send the list to friends as desired shopping list','http://my.x-cart.com/sites/default/files/addons/QSL/MyWishlist/icon.png','https://market.x-cart.com/addons/my-wishlist.html','','a:0:{}','a:1:{i:0;s:9:\"Marketing\";}',1,0,0,0,1,0,'a:0:{}',20650,0,0),(248,'Api','ShipStation','Integrations@ShipStation.com',0,0,0,0,0.0000,0,356,0.00,'USD','5.3',0,0,0,1426595200,32256,0,'ShipStation','ShipStation','Wherever you sell, however you ship, ShipStation helps you create shipping labels easily and efficiently.','http://my.x-cart.com/sites/default/files/addons/ShipStation/Api/iconAlt.png','https://market.x-cart.com/addons/ShipStation-app-for-xcart.html','','a:0:{}','a:1:{i:0;s:8:\"Shipping\";}',1,0,0,0,0,0,'a:0:{}',0,0,0),(249,'SeventyOnePounds','AutomatedShippingRefunds71LBS','support@71lbs.com',0,0,0,0,0.0000,0,147,0.00,'USD','5.3',0,0,0,1426540577,21504,0,'71Lbs Automated Shipping Refunds','71 LBS','71Lbs audits FedEx & UPS shipping accounts and automatically claims refunds for any\n                late deliveries - even by 60 seconds. It is a \"Set it & Forget it\" system.','http://my.x-cart.com/sites/default/files/addons/AutomatedShippingRefunds71LBS/SeventyOnePounds/iconAlt.png','https://market.x-cart.com/addons/71Lbs.html','','a:0:{}','a:1:{i:0;s:8:\"Shipping\";}',1,0,0,0,0,0,'a:0:{}',0,0,0),(250,'Arabic','XcartLanguagePacks','support@xcart-language-packs.com',0,0,0,0,0.0000,0,37,159.99,'USD','5.3',1,0,0,1427925357,578048,0,'Translation: Arabic','Xcart Language Packs','Translates your shop interface to Arabic language. Includes the translation of both the Storefront and Administrator zone.','http://my.x-cart.com/sites/default/files/addons/XcartLanguagePacks/Arabic/icon.png','https://market.x-cart.com/addons/translation-arabic.html','','a:0:{}','a:1:{i:0;s:11:\"Translation\";}',1,0,0,0,0,0,'a:0:{}',20656,0,0),(251,'Urdu','XcartLanguagePacks','support@xcart-language-packs.com',0,0,0,0,0.0000,0,1,159.99,'USD','5.3',1,0,0,1427926166,608768,0,'Translation: Urdu','Xcart Language Packs','Translate your X-Cart store interface to Urdu with this module. Both the Customer Storefront and the Administrator Area are covered.','http://my.x-cart.com/sites/default/files/addons/XcartLanguagePacks/Urdu/icon.png','https://market.x-cart.com/addons/translation-urdu.html','','a:0:{}','a:1:{i:0;s:11:\"Translation\";}',1,0,0,0,0,0,'a:0:{}',20683,0,0),(252,'Turkish','XcartLanguagePacks','support@xcart-language-packs.com',0,0,0,0,0.0000,0,14,159.99,'USD','5.3',1,0,0,1427926142,516096,0,'Translation: Turkish','Xcart Language Packs','Use this language pack to translate your X-Cart online store (both Admin Area and Storefront) to Turkish.','http://my.x-cart.com/sites/default/files/addons/XcartLanguagePacks/Turkish/icon.png','https://market.x-cart.com/addons/translation-turkish.html','','a:0:{}','a:1:{i:0;s:11:\"Translation\";}',1,0,0,0,0,0,'a:0:{}',20682,0,0),(253,'Thai','XcartLanguagePacks','support@xcart-language-packs.com',0,0,0,0,0.0000,0,2,159.99,'USD','5.3',1,0,0,1427926124,711680,0,'Translation: Thai','Xcart Language Packs','Translate your X-Cart shop Customer and Administrator Zones interface into the Thai language with the help of this module.','http://my.x-cart.com/sites/default/files/addons/XcartLanguagePacks/Thai/icon.png','https://market.x-cart.com/addons/translation-thai.html','','a:0:{}','a:1:{i:0;s:11:\"Translation\";}',1,0,0,0,0,0,'a:0:{}',20681,0,0),(254,'Swedish','XcartLanguagePacks','support@xcart-language-packs.com',0,0,0,0,0.0000,0,3,159.99,'USD','5.3',1,0,0,1427926099,510464,0,'Translation: Swedish','Xcart Language Packs','This language pack translates your shop interface to Swedish. Both the customer area and the admin interface are translated.','http://my.x-cart.com/sites/default/files/addons/XcartLanguagePacks/Swedish/icon.png','https://market.x-cart.com/addons/translation-swedish.html','','a:0:{}','a:1:{i:0;s:11:\"Translation\";}',1,0,0,0,0,0,'a:0:{}',20680,0,0),(255,'Romanian','XcartLanguagePacks','support@xcart-language-packs.com',0,0,0,0,0.0000,0,5,159.99,'USD','5.3',1,0,0,1427926043,532992,0,'Translation: Romanian','Xcart Language Packs','This language pack translates your store to Romanian. Includes both the Customer and Administrator area translation.','http://my.x-cart.com/sites/default/files/addons/XcartLanguagePacks/Romanian/icon.png','https://market.x-cart.com/addons/translation-romanian.html','','a:0:{}','a:1:{i:0;s:11:\"Translation\";}',1,0,0,0,0,0,'a:0:{}',20679,0,0),(256,'Portuguese','XcartLanguagePacks','support@xcart-language-packs.com',0,0,0,0,0.0000,0,2,159.99,'USD','5.3',1,0,0,1427926018,524800,0,'Translation: Portuguese','Xcart Language Packs','The module translates your shop interface to the Portuguese language. It includes the translation of both the Customer front-end and Administrator back-end.','http://my.x-cart.com/sites/default/files/addons/XcartLanguagePacks/Portuguese/icon.png','https://market.x-cart.com/addons/translation-portuguese.html','','a:0:{}','a:1:{i:0;s:11:\"Translation\";}',1,0,0,0,0,0,'a:0:{}',20678,0,0),(257,'Polish','XcartLanguagePacks','support@xcart-language-packs.com',0,0,0,0,0.0000,0,2,159.99,'USD','5.3',1,0,0,1427925995,521728,0,'Translation: Polish','Xcart Language Packs','Translate your shop interface to Polish with this module, which contains the translation for both the Front-end and Administrator area.','http://my.x-cart.com/sites/default/files/addons/XcartLanguagePacks/Polish/icon.png','https://market.x-cart.com/addons/translation-polish.html','','a:0:{}','a:1:{i:0;s:11:\"Translation\";}',1,0,0,0,0,0,'a:0:{}',20677,0,0),(258,'Persian','XcartLanguagePacks','support@xcart-language-packs.com',0,0,0,0,0.0000,0,1,159.99,'USD','5.3',1,0,0,1427925977,593408,0,'Translation: Persian','Xcart Language Packs','Use this language pack to translate your X-Cart based store to Persian. Translation of both interfaces, the Customer Storefront and the Administrator Backend, are included in the module.','http://my.x-cart.com/sites/default/files/addons/XcartLanguagePacks/Persian/icon.png','https://market.x-cart.com/addons/translation-persian.html','','a:0:{}','a:1:{i:0;s:11:\"Translation\";}',1,0,0,0,0,0,'a:0:{}',20676,0,0),(259,'Norwegian','XcartLanguagePacks','support@xcart-language-packs.com',0,0,0,0,0.0000,0,4,159.99,'USD','5.3',1,0,0,1427925947,507392,0,'Translation: Norwegian','Xcart Language Packs','The module translates your shop interface to the Norwegian language. It includes the translation of both the Customer Storefront and the Administrator Zone.','http://my.x-cart.com/sites/default/files/addons/XcartLanguagePacks/Norwegian/icon.png','https://market.x-cart.com/addons/translation-norwegian.html','','a:0:{}','a:1:{i:0;s:11:\"Translation\";}',1,0,0,0,0,0,'a:0:{}',20675,0,0),(260,'Malay','XcartLanguagePacks','support@xcart-language-packs.com',0,0,0,0,0.0000,0,2,159.99,'USD','5.3',1,0,0,1427925923,514560,0,'Translation: Malay','Xcart Language Packs','The module translates your shop interface to Malay. It includes text entities for both the Customer Storefront and the Administrator Backend.','http://my.x-cart.com/sites/default/files/addons/XcartLanguagePacks/Malay/icon.png','https://market.x-cart.com/addons/translation-malay.html','','a:0:{}','a:1:{i:0;s:11:\"Translation\";}',1,0,0,0,0,0,'a:0:{}',20674,0,0),(261,'Korean','XcartLanguagePacks','support@xcart-language-packs.com',0,0,0,0,0.0000,0,4,159.99,'USD','5.3',1,0,0,1427925901,530944,0,'Translation: Korean','Xcart Language Packs','Your X-Cart shop interface will be translated to Korean by this module. Both the customer area and the admin zone are modified.','http://my.x-cart.com/sites/default/files/addons/XcartLanguagePacks/Korean/icon.png','https://market.x-cart.com/addons/translation-korean.html','','a:0:{}','a:1:{i:0;s:11:\"Translation\";}',1,0,0,0,0,0,'a:0:{}',20673,0,0),(262,'Japanese','XcartLanguagePacks','support@xcart-language-packs.com',0,0,0,0,0.0000,0,24,159.99,'USD','5.3',1,0,0,1427925877,561152,0,'Translation: Japanese','Xcart Language Packs','This language pack will translate your X-Cart store interface to Japanese. Both the Customer Storefront and the Administrator Backend are converted.','http://my.x-cart.com/sites/default/files/addons/XcartLanguagePacks/Japanese/icon.png','https://market.x-cart.com/addons/translation-japanese.html','','a:0:{}','a:1:{i:0;s:11:\"Translation\";}',1,0,0,0,0,0,'a:0:{}',20672,0,0),(263,'Italian','XcartLanguagePacks','support@xcart-language-packs.com',0,0,0,0,0.0000,0,21,159.99,'USD','5.3',1,0,0,1427925848,528384,0,'Translation: Italian','Xcart Language Packs','Use this module to translate your online store (both Admin interface and Storefront) to the Italian language.','http://my.x-cart.com/sites/default/files/addons/XcartLanguagePacks/Italian/icon.png','https://market.x-cart.com/addons/translation-italian.html','','a:0:{}','a:1:{i:0;s:11:\"Translation\";}',1,0,0,0,0,0,'a:0:{}',20671,0,0),(264,'Indonesian','XcartLanguagePacks','support@xcart-language-packs.com',0,0,0,0,0.0000,0,2,159.99,'USD','5.3',1,0,0,1427925824,510976,0,'Translation: Indonesian','Xcart Language Packs','This language module translates your X-Cart shop interface to Indonesian. The package includes translation of both the Storefront and the Administrator Area.','http://my.x-cart.com/sites/default/files/addons/XcartLanguagePacks/Indonesian/icon.png','https://market.x-cart.com/addons/translation-indonesian.html','','a:0:{}','a:1:{i:0;s:11:\"Translation\";}',1,0,0,0,0,0,'a:0:{}',20670,0,0),(265,'Icelandic','XcartLanguagePacks','support@xcart-language-packs.com',0,0,0,0,0.0000,0,1,159.99,'USD','5.3',1,0,0,1427925798,517120,0,'Translation: Icelandic','Xcart Language Packs','Translate your shop interface to Icelandic with this module, which contains the translation for both the Front-end and the Administrator area.','http://my.x-cart.com/sites/default/files/addons/XcartLanguagePacks/Icelandic/icon.png','https://market.x-cart.com/addons/translation-icelandic.html','','a:0:{}','a:1:{i:0;s:11:\"Translation\";}',1,0,0,0,0,0,'a:0:{}',20669,0,0),(266,'Hungarian','XcartLanguagePacks','support@xcart-language-packs.com',0,0,0,0,0.0000,0,1,159.99,'USD','5.3',1,0,0,1427925766,522240,0,'Translation: Hungarian','Xcart Language Packs','Translate your X-Cart Customer and Administrator Interface to Hungarian with this pack.','http://my.x-cart.com/sites/default/files/addons/XcartLanguagePacks/Hungarian/icon.png','https://market.x-cart.com/addons/translation-hungarian.html','','a:0:{}','a:1:{i:0;s:11:\"Translation\";}',1,0,0,0,0,0,'a:0:{}',20668,0,0),(267,'Hindi','XcartLanguagePacks','support@xcart-language-packs.com',0,0,0,0,0.0000,0,1,159.99,'USD','5.3',1,0,0,1427925722,716800,0,'Translation: Hindi','Xcart Language Packs','This language pack translates your X-Cart online store to Hindi. Both the customer area and the admin interface are translated.','http://my.x-cart.com/sites/default/files/addons/XcartLanguagePacks/Hindi/icon.png','https://market.x-cart.com/addons/translation-hindi.html','','a:0:{}','a:1:{i:0;s:11:\"Translation\";}',1,0,0,0,0,0,'a:0:{}',20667,0,0),(268,'Hebrew','XcartLanguagePacks','support@xcart-language-packs.com',0,0,0,0,0.0000,0,4,159.99,'USD','5.3',1,0,0,1427925693,553472,0,'Translation: Hebrew','Xcart Language Packs','Translates your X-Cart based store to Hebrew. It includes the translation of both the Customer and Administrator interfaces.','http://my.x-cart.com/sites/default/files/addons/XcartLanguagePacks/Hebrew/icon.png','https://market.x-cart.com/addons/translation-hebrew.html','','a:0:{}','a:1:{i:0;s:11:\"Translation\";}',1,0,0,0,0,0,'a:0:{}',20666,0,0),(269,'Greek','XcartLanguagePacks','support@xcart-language-packs.com',0,0,0,0,0.0000,0,6,159.99,'USD','5.3',1,0,0,1427922000,668672,0,'Translation: Greek','Xcart Language Packs','Translates your shop interface to the Greek language. The pack translates both the Customer front-end and Administrator area.','http://my.x-cart.com/sites/default/files/addons/XcartLanguagePacks/Greek/icon.png','https://market.x-cart.com/addons/translation-greek.html','','a:0:{}','a:1:{i:0;s:11:\"Translation\";}',1,0,0,0,0,0,'a:0:{}',20665,0,0),(270,'German','XcartLanguagePacks','support@xcart-language-packs.com',0,0,0,0,0.0000,0,11,159.99,'USD','5.3',1,0,0,1427922000,530432,0,'Translation: German','Xcart Language Packs','Translates your shop interface to German. Includes the translation of both the Storefront and Administrator back-end.','http://my.x-cart.com/sites/default/files/addons/XcartLanguagePacks/German/icon.png','https://market.x-cart.com/addons/translation-german.html','','a:0:{}','a:1:{i:0;s:11:\"Translation\";}',1,0,0,0,0,0,'a:0:{}',20664,0,0),(271,'French','XcartLanguagePacks','support@xcart-language-packs.com',0,0,0,0,0.0000,0,22,159.99,'USD','5.3',1,0,0,1427922000,537600,0,'Translation: French','Xcart Language Packs','The module translates your shop interface to French. It includes the translation for both the Customer front-end and Administrator back-end.','http://my.x-cart.com/sites/default/files/addons/XcartLanguagePacks/French/icon.png','https://market.x-cart.com/addons/translation-french.html','','a:0:{}','a:1:{i:0;s:11:\"Translation\";}',1,0,0,0,0,0,'a:0:{}',20663,0,0),(272,'Finnish','XcartLanguagePacks','support@xcart-language-packs.com',0,0,0,0,0.0000,0,6,159.99,'USD','5.3',1,0,0,1427925626,506880,0,'Translation: Finnish','Xcart Language Packs','Translates your X-Cart store interface to Finnish. Both the Customer front-end and Administrator back-end are covered.','http://my.x-cart.com/sites/default/files/addons/XcartLanguagePacks/Finnish/icon.png','https://market.x-cart.com/addons/translation-finnish.html','','a:0:{}','a:1:{i:0;s:11:\"Translation\";}',1,0,0,0,0,0,'a:0:{}',20662,0,0),(273,'Danish','XcartLanguagePacks','support@xcart-language-packs.com',0,0,0,0,0.0000,0,11,159.99,'USD','5.3',1,0,0,1427925523,509440,0,'Translation: Danish','Xcart Language Packs','The module translates your X-Cart store interface to Danish. The package includes both the Customer and Administrator areas translation.','http://my.x-cart.com/sites/default/files/addons/XcartLanguagePacks/Danish/icon.png','https://market.x-cart.com/addons/translation-danish.html','','a:0:{}','a:1:{i:0;s:11:\"Translation\";}',1,0,0,0,0,0,'a:0:{}',20660,0,0),(274,'Czech','XcartLanguagePacks','support@xcart-language-packs.com',0,0,0,0,0.0000,0,1,159.99,'USD','5.3',1,0,0,1427925493,519680,0,'Translation: Czech','Xcart Language Packs','Translates your shop interface to Czech. Includes translation for both the Customer front-end and the Administrator back-end','http://my.x-cart.com/sites/default/files/addons/XcartLanguagePacks/Czech/icon.png','https://market.x-cart.com/addons/translation-czech.html','','a:0:{}','a:1:{i:0;s:11:\"Translation\";}',1,0,0,0,0,0,'a:0:{}',20659,0,0),(275,'Bulgarian','XcartLanguagePacks','support@xcart-language-packs.com',0,0,0,0,0.0000,0,2,159.99,'USD','5.3',1,0,0,1427925392,633344,0,'Translation: Bulgarian','Xcart Language Packs','Translate your X-Cart interface to the Bulgarian language. The package includes the translation for both the Storefront and the Administrator zone.','http://my.x-cart.com/sites/default/files/addons/XcartLanguagePacks/Bulgarian/icon.png','https://market.x-cart.com/addons/translation-bulgarian.html','','a:0:{}','a:1:{i:0;s:11:\"Translation\";}',1,0,0,0,0,0,'a:0:{}',20658,0,0),(276,'Bengali','XcartLanguagePacks','support@xcart-language-packs.com',0,0,0,0,0.0000,0,0,159.99,'USD','5.3',1,0,0,1427922000,718336,0,'Translation: Bengali','Xcart Language Packs','Translate your X-Cart shop interface to Bengali with this module. It contains the translation for both the Storefront and the Administrator Zone','http://my.x-cart.com/sites/default/files/addons/XcartLanguagePacks/Bengali/icon.png','https://market.x-cart.com/addons/translation-bengali.html','','a:0:{}','a:1:{i:0;s:11:\"Translation\";}',1,0,0,0,0,0,'a:0:{}',20657,0,0),(277,'Spanish','XcartLanguagePacks','support@xcart-language-packs.com',0,0,0,0,0.0000,0,44,159.99,'USD','5.3',1,0,0,1427926074,532992,0,'Translation: Spanish','Xcart Language Packs','Translate your X-Cart based online store to Spanish. The package includes the translation for both the Customer front-end and Administrator back-end.','http://my.x-cart.com/sites/default/files/addons/XcartLanguagePacks/Spanish/icon.png','https://market.x-cart.com/addons/translation-spanish.html','','a:0:{}','a:1:{i:0;s:11:\"Translation\";}',1,0,0,0,0,0,'a:0:{}',20651,0,0),(278,'Dutch','XcartLanguagePacks','support@xcart-language-packs.com',0,0,0,0,0.0000,0,0,159.99,'USD','5.3',1,0,0,1427839175,518656,0,'Translation: Dutch','Xcart Language Packs','This module translates your shop interface (Admin and Customer area) to Dutch.','http://my.x-cart.com/sites/default/files/addons/XcartLanguagePacks/Dutch/icon.png','https://market.x-cart.com/addons/translation-dutch.html','','a:0:{}','a:1:{i:0;s:11:\"Translation\";}',1,1,11,0,0,0,'a:0:{}',20661,0,0),(279,'Sitemap','XC','helpdesk@x-cart.com',0,0,0,0,0.0000,0,2619,0.00,'USD','5.3',1,1,0,1427144400,71680,1,'Site Map','X-Cart team','Enable a sitemap on your site for easier customers\' navigation.The sitemap can include categories and static pages.','http://my.x-cart.com/sites/default/files/addons/XC/Sitemap/icon.png','https://market.x-cart.com/addons/site_map.html','','a:0:{}','a:2:{i:0;s:15:\"User experience\";i:1;s:21:\"Search and Navigation\";}',1,0,0,0,0,2,'a:3:{i:0;s:12:\"391_Business\";i:1;s:18:\"20598_Multi-vendor\";i:2;s:18:\"536881125_Ultimate\";}',0,0,0),(280,'Curtains_n_Blinds','QSL','helpdesk@x-cart.com',0,0,0,0,0.0000,0,116,99.00,'USD','5.3',0,2,1,1427749200,1071616,0,'Curtains &amp; Blinds','Qualiteam','The \"Curtains & Blinds\" X-Cart Design Template (#44). This template is good for the following themes: Interior & Furniture, Accessories, Books, Clothing, Fashion','http://my.x-cart.com/sites/default/files/addons/QSL/Curtains_n_Blinds/icon.png','https://market.x-cart.com/xcart-templates/curtains-n-blinds.html','','a:0:{}','a:1:{i:0;s:9:\"Templates\";}',1,0,0,0,1,0,'a:0:{}',20655,0,0),(281,'Bulk_Order','Ship200','support@ship200.com',0,0,0,0,0.0000,0,39,0.00,'USD','5.2',2,0,0,1442782800,31744,0,'Ship200 Bulk Order','Ship200','This addon will integrate all shipping carriers: UPS, Fedex, USPS (Stamps.com and Endicia.com) into your backend/admin. It will connect your store to Ship200, and add the ability to download orders to Ship200 for creating shipping labels in bulk.','http://my.x-cart.com/sites/default/files/addons/Ship200/Bulk_Order/iconAlt.png','https://market.x-cart.com/addons/Ship200_Bulk_Order.html','','a:0:{}','a:1:{i:0;s:8:\"Shipping\";}',1,0,0,0,0,0,'a:0:{}',0,0,0),(282,'Onebyone','Ship200','support@ship200.com',0,0,0,0,0.0000,0,57,0.00,'USD','5.2',2,0,0,1442866735,37888,0,'Ship200 OneByOne','Ship200','This addon will integrate all shipping carriers: UPS, Fedex, USPS (Stamps.com and Endicia.com) into your backed/admin. It will add \"Create Shipping Label\" and \"Make Return Label\" to order detail page.','http://my.x-cart.com/sites/default/files/addons/Ship200/Onebyone/iconAlt.png','https://market.x-cart.com/addons/Ship200_OneByOne.html','','a:0:{}','a:1:{i:0;s:8:\"Shipping\";}',1,0,0,0,0,0,'a:0:{}',0,0,0),(283,'Testimonial','PerceptionSystemPvtLtd','xcart@perceptionsystem.com',0,0,0,0,0.0000,0,83,29.99,'USD','5.3',2,0,0,1429563600,713728,0,'Video and Content Testimonial','Perception System Pvt. Ltd.','Testimonial Module is a reliable and full-featured module that enables your clients to share their views about your products/services. This module supports text as well as video testimonials through which you can convince your visitors to become your customers.','http://my.x-cart.com/sites/default/files/addons/PerceptionSystemPvtLtd/Testimonial/icon.png','https://market.x-cart.com/addons/testimonial-module-by-perception-system.html','','a:0:{}','a:2:{i:0;s:9:\"Marketing\";i:1;s:15:\"User experience\";}',1,0,0,0,0,0,'a:0:{}',20686,0,0),(284,'LinkedinGroupFeed','Webkulsoftware','prakash.sahu@webkul.com',0,0,0,0,0.0000,0,0,29.00,'USD','5.2',0,0,0,1430082000,123392,0,'Linkedin Group Feed','Webkul Software Pvt. Ltd.','This is the best Linkedin group feed Plugin in Xcart. This brilliant module show your Linkedin group post in awesome manner. Xcart Linkedin Group Feed loads all your Linkedin group feed automatically by provide some required information.','http://my.x-cart.com/sites/default/files/addons/Webkulsoftware/LinkedinGroupFeed/iconAlt.png','https://market.x-cart.com/addons/Linkedin-Group-Feed-by-webkulsoftware.html','','a:0:{}','a:2:{i:0;s:9:\"Marketing\";i:1;s:15:\"User experience\";}',1,0,0,0,0,0,'a:0:{}',20687,0,0),(285,'AuctionInc','XC','helpdesk@x-cart.com',0,0,0,0,0.0000,0,4620,0.00,'USD','5.3',1,3,0,1430082000,327680,0,'AuctionInc ShippingCalc','X-Cart team','Provide your customers with accurate \"real-time\" comparative domestic or international shipping rates from\nyour choice of services from Fedex, UPS, USPS and DHL. No carrier accounts required. Full support for your\nitem dimensions and dimensional rates. Shipping origins from any country supported. A host of advanced\nfeatures include: shipping promotions, bundled handling fees, drop-shipping from multiple origins, and a\npackaging engine that accurately predicts appropriate packaging for multiple items and quantities. Free\nmonth-long trial, then subscription to AuctionInc required.','http://my.x-cart.com/sites/default/files/addons/XC/AuctionInc/icon.png','https://market.x-cart.com/addons/shipping-calc-by-auction-inc.html','','a:0:{}','a:3:{i:0;s:14:\"Administration\";i:1;s:11:\"Fulfillment\";i:2;s:8:\"Shipping\";}',1,0,5,0,0,0,'a:0:{}',0,0,0),(286,'HiddenProducts','CSI','support@cflsystems.com',0,0,0,0,0.0000,0,77,40.00,'USD','5.3',0,0,0,1430344006,58368,0,'Hidden Products','CFL Systems, Inc.','This module adds \'Hidden but available for sale\' functionality for products.','http://my.x-cart.com/sites/default/files/addons/CSI/HiddenProducts/icon.png','https://market.x-cart.com/addons/hidden-products-by-cfl-systems.html','','a:0:{}','a:3:{i:0;s:18:\"Catalog Management\";i:1;s:9:\"Marketing\";i:2;s:15:\"User experience\";}',1,0,0,0,0,0,'a:0:{}',21103,0,0),(287,'MinimumOrderFee','CSI','support@cflsystems.com',0,0,0,0,0.0000,0,17,45.00,'USD','5.3',0,1,0,1431035360,62976,0,'Minimum Order Fee','CFL Systems, Inc.','The Minimum Order Fee module allows admin to set minimum purchase on orders and charge a fee if this limit is not reached. The fee can be set as percentage of the order subtotal or fixed amount and can be restricted to certain memberships only.','http://my.x-cart.com/sites/default/files/addons/CSI/MinimumOrderFee/iconAlt.png','https://market.x-cart.com/addons/minimum-order-fee-by-cfl-systems.html','','a:0:{}','a:1:{i:0;s:15:\"User experience\";}',1,0,0,0,0,0,'a:0:{}',21105,0,0),(288,'Dresscode','QSL','helpdesk@x-cart.com',0,0,0,0,0.0000,0,29,99.00,'USD','5.3',0,1,2,1434229200,601600,0,'DressCode with Xmas','Qualiteam','The \"DressCode with Xmas\" X-Cart Design Template (#27). This template is good for the following themes: Accessories, Clothing, Jewelry, Watches, Wedding','http://my.x-cart.com/sites/default/files/addons/QSL/Dresscode/icon.png','https://market.x-cart.com/xcart-templates/dresscode.html','','a:0:{}','a:1:{i:0;s:9:\"Templates\";}',1,0,0,0,1,0,'a:0:{}',453,0,0),(289,'OrderPrefixSuffix','CSI','support@cflsystems.com',0,0,0,0,0.0000,0,25,45.00,'USD','5.3',0,0,0,1431985877,37888,0,'Order Prefix/Suffix','CFL Systems, Inc.','Add Prefix and/or Suffix to store\'s orders numbers.','http://my.x-cart.com/sites/default/files/addons/CSI/OrderPrefixSuffix/icon.png','https://market.x-cart.com/addons/order-prefix-suffix-by-cfl-systems.html','','a:0:{}','a:3:{i:0;s:10:\"Accounting\";i:1;s:11:\"Fulfillment\";i:2;s:15:\"User experience\";}',1,0,0,0,0,0,'a:0:{}',21106,0,0),(290,'Chinese','XcartLanguagePacks','support@xcart-language-packs.com',0,0,0,0,0.0000,0,19,159.99,'USD','5.3',1,0,0,1432245466,477184,0,'Translation: Chinese','Xcart Language Packs','Translates your shop interface to Chinese Traditional. Includes translation for both the Customer front-end and Administrator back-end.\nWarning! Installing this module will overwrite any existing label translations for this language.\n','http://my.x-cart.com/sites/default/files/addons/XcartLanguagePacks/Chinese/icon.png','https://market.x-cart.com/addons/translation-chinese-alternative.html','','a:0:{}','a:1:{i:0;s:11:\"Translation\";}',1,1,12,0,0,0,'a:0:{}',20691,0,0),(291,'FreshModernFlatTheme','PerceptionSystemPvtLtd','xcart@perceptionsystem.com',0,0,0,0,0.0000,0,6,49.00,'USD','5.2',1,0,5,1432501200,4828160,0,'Fresh Modern Flat Theme','Perception System Pvt. Ltd.','Fresh Modern Flat is a unique and colorful theme that enables to make your store better among other eCommerce stores available on the web.','http://my.x-cart.com/sites/default/files/addons/PerceptionSystemPvtLtd/FreshModernFlatTheme/icon.png','https://market.x-cart.com/addons/Fresh-Modern-Flat-Theme.html','','a:0:{}','a:1:{i:0;s:9:\"Templates\";}',1,0,0,0,0,0,'a:0:{}',20692,0,0),(292,'Coinzone','Coinzone','redcarpet@coinzone.com',0,0,0,0,0.0000,0,0,0.00,'USD','5.1',10,0,0,1432674000,29696,0,'Coinzone','Coinzone B.V.','Bitcoin Payments powered by Coinzone','http://my.x-cart.com/sites/default/files/addons/Coinzone/Coinzone/iconAlt.png','https://market.x-cart.com/addons/Bitcoin-Payments-by-Coinzone.html','','a:0:{}','a:1:{i:0;s:18:\"Payment processing\";}',1,0,0,0,0,0,'a:0:{}',0,0,0),(293,'EBSIndia','XC','helpdesk@x-cart.com',0,0,0,0,0.0000,0,124,0.00,'USD','5.3',1,1,0,1433106000,92160,0,'EBS India','X-Cart team','Accept Visa, MasterCard, Maestro, AMEX, JCB, Diners. Offer international payments and multi-currency services. Payment processing provider in India with PCI DSS Level 1 since 2010.','http://my.x-cart.com/sites/default/files/addons/XC/EBSIndia/icon.png','https://market.x-cart.com/addons/ebs-india-payment-method.html','','a:0:{}','a:1:{i:0;s:18:\"Payment processing\";}',1,0,0,0,0,0,'a:0:{}',0,0,0),(294,'PoliPayment','XC','helpdesk@x-cart.com',0,0,0,0,0.0000,0,177,0.00,'USD','5.3',1,0,0,1433106000,51200,0,'Poli Payment','X-Cart team','Easy payments. POLi enables your customers to pay via their internet banking. Our software populates the payment details and tells you as soon as the payment is complete.','http://my.x-cart.com/sites/default/files/addons/XC/PoliPayment/iconAlt.png','https://market.x-cart.com/addons/poli-payment-method.html','','a:0:{}','a:1:{i:0;s:18:\"Payment processing\";}',1,0,0,0,0,0,'a:0:{}',0,0,0),(295,'SofortBanking','XC','helpdesk@x-cart.com',0,0,0,0,0.0000,0,128,0.00,'USD','5.3',2,0,0,1433106000,174080,0,'SOFORT Banking','X-Cart team','Enables receiving payments for your online store via SOFORT Banking payment system.','http://my.x-cart.com/sites/default/files/addons/XC/SofortBanking/icon.png','https://market.x-cart.com/addons/sofort-banking.html','','a:0:{}','a:1:{i:0;s:18:\"Payment processing\";}',1,0,0,0,0,0,'a:0:{}',0,0,0),(296,'Booking','QSL','helpdesk@x-cart.com',0,0,0,0,0.0000,0,34,495.00,'USD','5.2',3,0,0,1433970000,265728,0,'Booking','Qualiteam','Allows your customers to book, rent or make reservations.','http://my.x-cart.com/sites/default/files/addons/QSL/Booking/icon.png','https://market.x-cart.com/addons/booking.html','','a:0:{}','a:1:{i:0;s:7:\"Booking\";}',1,0,1,0,0,0,'a:0:{}',20698,0,0),(297,'AvaTax','XC','helpdesk@x-cart.com',0,0,0,0,0.0000,0,386,0.00,'USD','5.3',1,3,0,1433797200,143360,0,'AvaTax Sales Tax Automation','X-Cart team','The fastest, easiest, most accurate and affordable way to calculate sales tax, manage tax exemptions and file returns. Avalara determines the tax rates automatically based on 100,000+ taxability rules in 11,000+ taxing jurisdictions.','http://my.x-cart.com/sites/default/files/addons/XC/AvaTax/icon.png','https://market.x-cart.com/addons/avatax-sales-tax-automation.html','','a:0:{}','a:1:{i:0;s:5:\"Taxes\";}',1,0,0,0,0,0,'a:0:{}',0,0,0),(298,'HiddenCoupons','CSI','support@cflsystems.com',0,0,0,0,0.0000,0,2,40.00,'USD','5.3',0,0,0,1434318293,38912,0,'Hidden Coupons','CFL Systems, Inc.','This module hides the coupon code on checkout, order confirmation and invoice pages.','http://my.x-cart.com/sites/default/files/addons/CSI/HiddenCoupons/icon.png','https://market.x-cart.com/addons/hidden-coupons-by-cfl-systems.html','','a:1:{i:0;s:12:\"CDev\\Coupons\";}','a:2:{i:0;s:9:\"Marketing\";i:1;s:15:\"User experience\";}',1,0,0,0,0,0,'a:0:{}',21102,0,0),(299,'TaxExempt','QSL','helpdesk@x-cart.com',0,0,0,0,0.0000,0,42,99.00,'USD','5.3',2,0,0,1435784400,60416,0,'Tax Exempt','Qualiteam','Enable tax exemption for particular customers or for selected products.','http://my.x-cart.com/sites/default/files/addons/QSL/TaxExempt/icon.png','https://market.x-cart.com/addons/tax-exemption.html','','a:0:{}','a:2:{i:0;s:10:\"Accounting\";i:1;s:5:\"Taxes\";}',1,0,2,0,1,0,'a:0:{}',20701,0,0),(300,'Intimates','QSL','helpdesk@x-cart.com',0,0,0,0,0.0000,0,158,99.00,'USD','5.3',0,1,2,1435784400,1126912,0,'Intimates','Qualiteam','The \"Intimates\" X-Cart Design Template (#45). This template is good for the following themes:  Accessories, Clothing, Jewelry, Watches, Wedding','http://my.x-cart.com/sites/default/files/addons/QSL/Intimates/icon.png','https://market.x-cart.com/xcart-templates/intimates.html','','a:0:{}','a:1:{i:0;s:9:\"Templates\";}',1,0,0,0,1,0,'a:0:{}',20702,0,0),(301,'Genesis','EMerchantPay','shopping_carts@emerchantpay.com',0,0,0,0,0.0000,0,36,0.00,'USD','5.3',2,0,0,-10800,927744,0,'eMerchantPay Payment Gateway','eMerchantPay','Accept payments through eMerchantPay\'s Payment Gateway - Genesis','http://my.x-cart.com/sites/default/files/addons/EMerchantPay/Genesis/iconAlt.png','https://market.x-cart.com/addons/emerchantpay.html','','a:0:{}','a:1:{i:0;s:18:\"Payment processing\";}',1,0,0,0,0,0,'a:0:{}',0,0,0),(302,'AccountNotes','CSI','support@cflsystems.com',0,0,0,0,0.0000,0,19,50.00,'USD','5.3',1,0,0,1437034313,162304,0,'Account Notes','CFL Systems, Inc.','Account Notes module allows admin to add notes to profiles. Add records about phone calls, shopping behavior, restrictions, etc.','http://my.x-cart.com/sites/default/files/addons/CSI/AccountNotes/icon.png','https://market.x-cart.com/addons/account-notes-by-cfl-systems.html','','a:0:{}','a:3:{i:0;s:14:\"Administration\";i:1;s:11:\"Fulfillment\";i:2;s:15:\"User experience\";}',1,0,3,0,0,0,'a:0:{}',21099,0,0),(303,'PopupAnywhere','QSL','helpdesk@x-cart.com',0,0,0,0,0.0000,0,171,99.00,'USD','5.3',2,0,0,1439921783,220672,0,'Pop-up Anywhere','Qualiteam','Create unlimited number of attractive and informative popup messages for your customers regardless of the page they land on when arriving on your site.','http://my.x-cart.com/sites/default/files/addons/QSL/PopupAnywhere/icon.png','https://market.x-cart.com/addons/popup-anywhere.html','','a:0:{}','a:1:{i:0;s:9:\"Marketing\";}',1,0,0,0,1,0,'a:0:{}',20705,0,0),(304,'GbTranslation','XC','helpdesk@x-cart.com',0,0,0,0,0.0000,0,200,0.00,'USD','5.3',2,0,0,0,92160,0,'Translation: British English','X-Cart team','British english translation pack','http://my.x-cart.com/sites/default/files/addons/XC/GbTranslation/icon.png','https://market.x-cart.com/addons/translation-british-english.html','','a:0:{}','a:0:{}',1,0,0,0,0,0,'a:0:{}',0,0,0),(305,'EProcessingNetwork','QSL','helpdesk@x-cart.com',0,0,0,0,0.0000,0,5,39.00,'USD','5.3',0,0,0,1440363600,30208,0,'eProcessing Network - Database Engine','Qualiteam','Accepting credit and debit cards, checks, gift cards via an online secure real-time transaction processing engine. This payment extension uses the Database Engine Template (DBE).','http://my.x-cart.com/sites/default/files/addons/QSL/EProcessingNetwork/icon.png','https://market.x-cart.com/addons/eprocessing-network-database-engine.html','','a:0:{}','a:1:{i:0;s:18:\"Payment processing\";}',1,0,1,0,1,0,'a:0:{}',20706,0,0),(306,'CCBill','QSL','helpdesk@x-cart.com',0,0,0,0,0.0000,0,4,39.00,'USD','5.3',0,0,0,1440429545,32768,0,'CCBill','Qualiteam','Accept payments online via CCBill in your X-Cart store.','http://my.x-cart.com/sites/default/files/addons/QSL/CCBill/icon.png','https://market.x-cart.com/addons/ccbill-payment-module.html','','a:0:{}','a:1:{i:0;s:18:\"Payment processing\";}',1,0,3,0,1,0,'a:0:{}',20707,0,0),(307,'FirstDataPayeezyGatewayHP','QSL','helpdesk@x-cart.com',0,0,0,0,0.0000,0,55,39.00,'USD','5.3',0,0,0,1440363600,86016,0,'First Data Payeezy Gateway','Qualiteam','Accepting payments via First Data Payeezy Gateway - Hosted Payment Pages (formerly FirstData Global Gateway e4).','http://my.x-cart.com/sites/default/files/addons/QSL/FirstDataPayeezyGatewayHP/icon.png','https://market.x-cart.com/addons/payeeze-by-firstdata.html','','a:0:{}','a:1:{i:0;s:18:\"Payment processing\";}',1,0,5,0,1,0,'a:0:{}',20708,0,0),(308,'Dark','QSL','helpdesk@x-cart.com',0,0,0,0,0.0000,0,10,49.00,'USD','5.2',4,0,14,1440593681,522240,0,'Dark','Qualiteam','The \"Dark\" X-Cart Design Template (#46). This template is good for the following themes: Baby, Beauty, Books, Business, Clothing, Cars, Computers, Education, Electronics, Fashion, Hobbies & Crafts, Hotels, Interior & Furniture, Medical, Music, Nature, Nutritional supplements, Wedding, Wine, Winter.','http://my.x-cart.com/sites/default/files/addons/QSL/Dark/icon.png','https://market.x-cart.com/xcart-templates/dark.html','','a:0:{}','a:1:{i:0;s:9:\"Templates\";}',1,0,0,0,1,0,'a:0:{}',20959,0,0),(309,'Light','QSL','helpdesk@x-cart.com',0,0,0,0,0.0000,0,20,49.00,'USD','5.3',0,0,1,1440593918,413184,0,'Light','Qualiteam','The \"Light\" X-Cart Design Template (#47). This template is good for the following themes: Baby, Beauty, Books, Business, Clothing, Computers, Education, Electronics, Fashion, Hobbies & Crafts, Hotels, Interior & Furniture, Medical, Music, Nature, Nutritional supplements, Wedding, Wine, Winter.','http://my.x-cart.com/sites/default/files/addons/QSL/Light/icon.png','https://market.x-cart.com/xcart-templates/light.html','','a:0:{}','a:1:{i:0;s:9:\"Templates\";}',1,0,0,0,1,0,'a:0:{}',20960,0,0),(310,'GraphicStock','QSL','helpdesk@x-cart.com',0,0,0,0,0.0000,0,102,149.00,'USD','5.3',1,2,1,1440593990,957952,0,'Graphic Stock','Qualiteam','The \"Graphic Stock\" X-Cart Design Template (#48). This template is good for the following themes: Graphics, cars, books, accessories, equipment','http://my.x-cart.com/sites/default/files/addons/QSL/GraphicStock/icon.png','https://market.x-cart.com/xcart-templates/graphicstock.html','','a:0:{}','a:1:{i:0;s:9:\"Templates\";}',1,0,0,0,1,0,'a:0:{}',20961,0,0),(311,'CartIcons','QSL','helpdesk@x-cart.com',0,0,0,0,0.0000,0,120,14.95,'USD','5.3',1,0,2,1441573200,113664,0,'Cart Icons','Qualiteam','Decorate cart buttons and icons in your online store.','http://my.x-cart.com/sites/default/files/addons/QSL/CartIcons/icon.png','https://market.x-cart.com/addons/cart-icons.html','','a:0:{}','a:1:{i:0;s:13:\"Design tweaks\";}',1,0,4,0,1,0,'a:0:{}',20962,0,0),(312,'WordPressIntegration','QSL','helpdesk@x-cart.com',0,0,0,0,0.0000,0,296,0.00,'USD','5.3',0,0,0,1439067600,463360,0,'X-Cart 5 to WordPress Integration','Qualiteam','Sell and promote your products by embedding X-Cart products and categories directly in your WordPress blog posts','http://my.x-cart.com/sites/default/files/addons/QSL/WordPressIntegration/icon.png','https://market.x-cart.com/addons/xcart-in-wordpress.html','','a:1:{i:0;s:10:\"XC\\RESTAPI\";}','a:3:{i:0;s:9:\"Marketing\";i:1;s:13:\"Design tweaks\";i:2;s:4:\"Blog\";}',1,0,6,0,1,0,'a:0:{}',0,0,0),(313,'FashionAccessories','QSL','helpdesk@x-cart.com',0,0,0,0,0.0000,0,16,99.00,'USD','5.3',0,0,1,1442350800,872448,0,'Fashion Accessories','Qualiteam','The \"Fashion Accessories\" X-Cart Design Template (#21). This template is good for the following themes: Accessories, Beauty, Clothing, Fashion, Jewelry, Wedding','http://my.x-cart.com/sites/default/files/addons/QSL/FashionAccessories/icon.png','https://market.x-cart.com/xcart-templates/fashion-accessories.html','','a:0:{}','a:1:{i:0;s:9:\"Templates\";}',1,0,0,0,1,0,'a:0:{}',457,0,0),(314,'EGateway','QSL','helpdesk@x-cart.com',0,0,0,0,0.0000,0,1,39.00,'USD','5.3',0,0,0,1443128400,35840,0,'E-Gateway','Qualiteam','Accepting Visa, Amex, Mastercard, Diners Club and JCB in the Australia, US, Canada, Europe, Europe, UK and most other regions.','http://my.x-cart.com/sites/default/files/addons/QSL/EGateway/icon.png','https://market.x-cart.com/addons/e-gateway-payment-module.html','','a:0:{}','a:1:{i:0;s:18:\"Payment processing\";}',1,0,7,0,1,0,'a:0:{}',20964,0,0),(315,'GlobalTransport','QSL','helpdesk@x-cart.com',0,0,0,0,0.0000,0,0,39.00,'USD','5.3',0,0,0,1443128400,62976,0,'Global Transport Secure eCommerce','Qualiteam','Accepting Visa, MasterCard, American Express, Discover, JCB, Diners Club, China Union Pay.','http://my.x-cart.com/sites/default/files/addons/QSL/GlobalTransport/icon.png','https://market.x-cart.com/addons/global-transport-secure-ecommerce-payment-module.html','','a:0:{}','a:1:{i:0;s:18:\"Payment processing\";}',1,0,0,0,1,0,'a:0:{}',20965,0,0),(316,'BackInStock','QSL','helpdesk@x-cart.com',0,0,0,0,0.0000,0,228,69.00,'USD','5.3',0,0,1,1443183084,210944,0,'Back in Stock Notifications','Qualiteam','Drive more sales by making it easy for your customers to sign up for Back in Stock email notifications for the products they wanted to buy, but missed out. Send an automatic message once the product is available again!','http://my.x-cart.com/sites/default/files/addons/QSL/BackInStock/icon.png','https://market.x-cart.com/addons/back-in-stock-notifications.html','','a:0:{}','a:3:{i:0;s:18:\"Catalog Management\";i:1;s:9:\"Marketing\";i:2;s:15:\"User experience\";}',1,0,0,0,1,0,'a:0:{}',20966,0,0),(317,'MembershipProducts','QSL','helpdesk@x-cart.com',0,0,0,0,0.0000,0,11,69.00,'USD','5.3',0,0,1,1444078800,68608,0,'Paid memberships','Qualiteam','Sell premium memberships in your store. The module expands the \"Memberships\" feature of X-Cart, enabling the ability to sell paid memberships as regular products.','http://my.x-cart.com/sites/default/files/addons/QSL/MembershipProducts/icon.png','https://market.x-cart.com/addons/paid-memberships.html','','a:0:{}','a:2:{i:0;s:9:\"Marketing\";i:1;s:10:\"Accounting\";}',1,0,0,0,1,0,'a:0:{}',20967,0,0),(318,'ChronoPay','XC','helpdesk@x-cart.com',0,0,0,0,0.0000,0,1,39.00,'USD','5.3',1,0,0,1444683600,51200,0,'ChronoPay','X-Cart team','Accept payments for any goods and services in the internet by bank cards (VISA, MasterCard, Maestro, American Express, Diners, JCB) and the most popular payment systems (Yandex.Money, Qiwi, Webmoney) all over the world: in America, Russia, Europe and Asia','http://my.x-cart.com/sites/default/files/addons/XC/ChronoPay/icon.png','https://market.x-cart.com/addons/chronopay.html','','a:0:{}','a:1:{i:0;s:18:\"Payment processing\";}',1,0,0,0,1,0,'a:0:{}',20971,0,0),(319,'CustomOrderStatuses','XC','helpdesk@x-cart.com',0,0,0,0,0.0000,0,511,0.00,'USD','5.3',2,0,0,-10800,71680,1,'Custom Order Statuses','X-Cart team','This module allows you to edit the existing order statuses and add new statuses.','http://my.x-cart.com/sites/default/files/addons/XC/CustomOrderStatuses/icon.png','https://market.x-cart.com/addons/custom-order-statuses.html','','a:0:{}','a:2:{i:0;s:14:\"Administration\";i:1;s:11:\"Fulfillment\";}',1,0,0,0,0,2,'a:3:{i:0;s:12:\"391_Business\";i:1;s:18:\"20598_Multi-vendor\";i:2;s:18:\"536881125_Ultimate\";}',0,0,0),(320,'DIBSFlexWin','XC','helpdesk@x-cart.com',0,0,0,0,0.0000,0,0,39.00,'USD','5.3',1,0,0,1444683600,51200,0,'DIBS FlexWin','X-Cart team','FlexWin is the most frequently used payment window for DIBS, and is the most extended payment service provided. Released in 2007, the FlexWin layout is well known to shoppers all around Scandinavia.','http://my.x-cart.com/sites/default/files/addons/XC/DIBSFlexWin/icon.png','https://market.x-cart.com/addons/hosted-dibs-flexwin.html','','a:0:{}','a:1:{i:0;s:18:\"Payment processing\";}',1,0,0,0,1,0,'a:0:{}',20972,0,0),(321,'DatatransUPP','XC','helpdesk@x-cart.com',0,0,0,0,0.0000,0,8,39.00,'USD','5.3',1,1,0,1444683600,51200,0,'Datatrans (Universal payment page)','X-Cart team','The leading Payment Service Provider in Switzerland. It works together with a large number of Swiss acquirers/finance companies. All finance companies and methods of payment are automatically open to Datatrans customers.','http://my.x-cart.com/sites/default/files/addons/XC/DatatransUPP/icon.png','https://market.x-cart.com/addons/datatrans-universal-payment-page.html','','a:0:{}','a:1:{i:0;s:18:\"Payment processing\";}',1,0,0,0,1,0,'a:0:{}',20969,0,0),(322,'DisableDragNDrop','XC','helpdesk@x-cart.com',0,0,0,0,0.0000,0,392,0.00,'USD','5.3',0,0,0,1445202000,20480,0,'Disable drag\'n\'drop add to cart','X-Cart team','Disables the default drag-n-drop adding products to cart to replace it with the \'add to cart\' button on the product list pages (category, search results)','http://my.x-cart.com/sites/default/files/addons/XC/DisableDragNDrop/iconAlt.png','https://market.x-cart.com/addons/disable-drag-n-drop.html','','a:0:{}','a:1:{i:0;s:15:\"User experience\";}',1,0,0,0,0,0,'a:0:{}',0,0,0),(323,'EWAYStoredShared','XC','helpdesk@x-cart.com',0,0,0,0,0.0000,0,103,0.00,'USD','5.3',1,0,0,1444683600,81920,0,'eWAY Responsive Shared Page','X-Cart team','Integration with eWAY using Responsive Shared Page method.  It also comes with the built-in integration with 3D Secure, PayPal, MasterPass and Visa Checkout. Once this payment method is selected on  checkout page, your customer is redirectedto a form hosted by eWay to enter payment information.','http://my.x-cart.com/sites/default/files/addons/XC/EWAYStoredShared/iconAlt.png','https://market.x-cart.com/addons/eway-responsive-shared-page.html','','a:0:{}','a:1:{i:0;s:18:\"Payment processing\";}',1,0,0,0,1,0,'a:0:{}',0,0,0),(324,'Geolocation','XC','helpdesk@x-cart.com',0,0,0,0,0.0000,0,659,0.00,'USD','5.3',1,1,0,1445202000,2426880,1,'Geolocation','X-Cart team','Use free IP geolocation database GeoLite by Maxmind to improve the user experience of non-logged in customers - \"guess\" their country and address for more precise pre-login shipping cost estimation','http://my.x-cart.com/sites/default/files/addons/XC/Geolocation/icon.png','https://market.x-cart.com/addons/geolocation.html','','a:0:{}','a:1:{i:0;s:15:\"User experience\";}',1,0,0,0,0,2,'a:3:{i:0;s:12:\"391_Business\";i:1;s:18:\"20598_Multi-vendor\";i:2;s:18:\"536881125_Ultimate\";}',0,0,0),(325,'PitneyBowes','XC','helpdesk@x-cart.com',0,0,0,0,0.0000,0,1677,0.00,'USD','5.3',2,1,0,1444683600,1832960,0,'Pitney Bowes International','X-Cart team','PB\'s International Shipping service provides: guaranteed fully landed costs (duties, taxes, & tariffs) in the checkout, simple international parcel fulfilment, prohibited goods screening & export compliance, end to end parcel tracking, and insurance.','http://my.x-cart.com/sites/default/files/addons/XC/PitneyBowes/icon.png','','','a:0:{}','a:2:{i:0;s:11:\"Fulfillment\";i:1;s:8:\"Shipping\";}',1,0,0,0,0,0,'a:0:{}',0,0,0),(326,'ProductTags','XC','helpdesk@x-cart.com',0,0,0,0,0.0000,0,910,0.00,'USD','5.3',2,0,0,1445202000,174080,1,'Product Tags','X-Cart team','Assign one or multiple tags to your products and improve the navigation for your customers, who can narrow the search results by tags in the Product Filters or, vice versa, see all products with the same tag.','http://my.x-cart.com/sites/default/files/addons/XC/ProductTags/icon.png','https://market.x-cart.com/addons/product-tags.html','','a:0:{}','a:2:{i:0;s:15:\"User experience\";i:1;s:21:\"Search and Navigation\";}',1,0,0,0,0,2,'a:3:{i:0;s:12:\"391_Business\";i:1;s:18:\"20598_Multi-vendor\";i:2;s:18:\"536881125_Ultimate\";}',0,0,0),(327,'WorldpayHPP','XC','helpdesk@x-cart.com',0,0,0,0,0.0000,0,16,39.00,'USD','5.3',1,0,0,1444683600,51200,0,'Worldpay Pay Page','X-Cart team','The card payment processing is managed by Worldpay, so you and your customers can be confident that payment details are safe and secure. Some elements of the payment page are customizable to fit your brand','http://my.x-cart.com/sites/default/files/addons/XC/WorldpayHPP/icon.png','https://market.x-cart.com/addons/worldpay-hosted-payment-page.html','','a:0:{}','a:1:{i:0;s:18:\"Payment processing\";}',1,0,0,0,0,0,'a:0:{}',20973,0,0),(328,'ImageWatermark','CSI','support@cflsystems.com',0,0,0,0,0.0000,0,47,69.00,'USD','5.3',0,1,0,1444727108,4056064,0,'Image Watermark','CFL Systems, Inc.','This module allows you to watermark products and categories images with text and/or image.','http://my.x-cart.com/sites/default/files/addons/CSI/ImageWatermark/iconAlt.png','https://market.x-cart.com/addons/image-watermark-by-cfl-systems.html','','a:0:{}','a:1:{i:0;s:18:\"Catalog Management\";}',1,0,0,0,0,0,'a:0:{}',21104,0,0),(329,'PaymentMethodFees','QSL','helpdesk@x-cart.com',0,0,0,0,0.0000,0,88,49.00,'USD','5.3',1,0,0,-10800,95232,0,'Payment Method Fees','Qualiteam','This module allows you to configure discounts and extra fees for particular payment methods.','http://my.x-cart.com/sites/default/files/addons/QSL/PaymentMethodFees/icon.png','https://market.x-cart.com/addons/payment-method-fees.html','','a:0:{}','a:1:{i:0;s:18:\"Payment processing\";}',1,0,0,0,1,0,'a:0:{}',20974,0,0),(330,'Paysafecard','QSL','helpdesk@x-cart.com',0,0,0,0,0.0000,0,3,39.00,'USD','5.3',0,0,1,1444856400,49152,0,'Paysafecard','Qualiteam','Europe\'s leading prepaid solution for paying online, it enables your customers to pay online without a credit card. They purchase paysafecard at the nearest sales outlet ( $10, $25, $50, or $100) and pay with it at webshops by entering the 16-digit paysafecard PIN','http://my.x-cart.com/sites/default/files/addons/QSL/Paysafecard/icon.png','https://market.x-cart.com/addons/paysafecard.html','','a:0:{}','a:1:{i:0;s:18:\"Payment processing\";}',1,0,0,0,1,0,'a:0:{}',20975,0,0),(331,'TenPay','QSL','helpdesk@x-cart.com',0,0,0,0,0.0000,0,0,39.00,'USD','5.3',0,0,1,1444856400,73216,0,'TenPay','Qualiteam','The extension integrates your store with a major Chinese payments solution enabling Chinese consumers to pay online and cross-border. Tenpay wallets can be topped up with cash, (e-)bank transfers and stored credit or debit cards.','http://my.x-cart.com/sites/default/files/addons/QSL/TenPay/icon.png','https://market.x-cart.com/addons/tenpay-china.html','','a:0:{}','a:1:{i:0;s:18:\"Payment processing\";}',1,0,0,0,1,0,'a:0:{}',20976,0,0),(332,'Pagseguro','QSL','helpdesk@x-cart.com',0,0,0,0,0.0000,0,0,39.00,'USD','5.3',0,0,1,1444856400,599552,0,'PagSeguro - Padrao','Qualiteam','A Brazilian payment gateway supporting more than 25 payment methods with just one contract: credit and debit cards, bank deposits and more. To make payment, the customers are directed to PagSeguro page, and after that they\'re returned back to your store','http://my.x-cart.com/sites/default/files/addons/QSL/Pagseguro/icon.png','https://market.x-cart.com/addons/pagseguro-padrao.html','','a:0:{}','a:1:{i:0;s:18:\"Payment processing\";}',1,0,0,0,1,0,'a:0:{}',20977,0,0),(333,'HiddenCategories','CSI','support@cflsystems.com',0,0,0,0,0.0000,0,32,50.00,'USD','5.3',0,0,0,1445204641,51712,0,'Hidden Categories','CFL Systems, Inc.','This module adds \'Hidden but available for sale\' functionality for categories.','http://my.x-cart.com/sites/default/files/addons/CSI/HiddenCategories/icon.png','https://market.x-cart.com/addons/hidden-categories-by-cfl-systems.html','','a:0:{}','a:3:{i:0;s:18:\"Catalog Management\";i:1;s:9:\"Marketing\";i:2;s:15:\"User experience\";}',1,0,0,0,0,0,'a:0:{}',21101,0,0),(334,'Giropay','QSL','helpdesk@x-cart.com',0,0,0,0,0.0000,0,0,39.00,'USD','5.3',0,0,1,1445288400,421376,0,'Giropay','Qualiteam','GiroCheckout is a simple, fast and secure solution for the integration of several payment methods - both national and international - in your online store. The highest safety standards and a transparent fee model distinguish GiroCheckout.','http://my.x-cart.com/sites/default/files/addons/QSL/Giropay/icon.png','https://market.x-cart.com/addons/giropay.html','','a:0:{}','a:1:{i:0;s:18:\"Payment processing\";}',1,0,0,0,1,0,'a:0:{}',20979,0,0),(335,'Candles','TemplateMonster','support@x-cart.com',0,0,0,0,0.0000,0,119,139.00,'USD','5.3',2,4,2,1445957024,1994240,0,'Candles','TemplateMonster.com','Warm, cozy and relaxing - all the atmosphere the candles create. Banner carousel, built-in multilevel menu and other tools to attract customers attention. Fully responsive, SEO friendly and crossbrowser compatible.','http://my.x-cart.com/sites/default/files/addons/TemplateMonster/Candles/icon.png','https://market.x-cart.com/xcart-templates/candles.html','','a:0:{}','a:1:{i:0;s:9:\"Templates\";}',1,0,0,0,1,0,'a:0:{}',20980,0,0),(336,'CoffeeShop','TemplateMonster','support@x-cart.com',0,0,0,0,0.0000,0,11,139.00,'USD','5.3',1,1,1,1446043418,1529856,0,'Coffee Shop','TemplateMonster.com','Unique atmosphere of elegance, serenity and comfort. Animated banner, new tabs,  multilevel menu, optimized both for mobile navigation and desktops. Fully responsive, SEO friendly and crossbrowser compatible.','http://my.x-cart.com/sites/default/files/addons/TemplateMonster/CoffeeShop/icon.png','https://market.x-cart.com/xcart-templates/coffee-shop.html','','a:0:{}','a:1:{i:0;s:9:\"Templates\";}',1,0,0,0,1,0,'a:0:{}',20981,0,0),(337,'OrganicCosmetics','TemplateMonster','support@x-cart.com',0,0,0,0,0.0000,0,13,139.00,'USD','5.3',1,2,0,1446039505,1381888,0,'Organic Cosmetics','TemplateMonster.com','Green pastel colors and subtle paper background lay stress on the natural origin of the products you sell. Beautiful banners,  sticky multilevel categories menu, convenient navigation, etc. Fully responsive, SEO friendly and crossbrowser compatible.','http://my.x-cart.com/sites/default/files/addons/TemplateMonster/OrganicCosmetics/icon.png','https://market.x-cart.com/xcart-templates/organic-cosmetics.html','','a:0:{}','a:1:{i:0;s:9:\"Templates\";}',1,0,0,0,1,0,'a:0:{}',20982,0,0),(338,'Localizer','Localizer','support@localizer.co',0,0,0,0,0.0000,0,161,0.00,'USD','5.2',0,0,0,1450774394,18944,0,'Localizer','Localizer','Localize your website in just 3 easy steps with Localizer!','http://my.x-cart.com/sites/default/files/addons/Localizer/Localizer/iconAlt.png','https://market.x-cart.com/addons/localizer-for-xcart.html','','a:0:{}','a:4:{i:0;s:9:\"Marketing\";i:1;s:11:\"Translation\";i:2;s:3:\"SEO\";i:3;s:21:\"Search and Navigation\";}',1,0,0,0,0,0,'a:0:{}',0,0,0),(339,'FastSpring','QSL','helpdesk@x-cart.com',0,0,0,0,0.0000,0,15,39.00,'USD','5.3',0,0,1,1446066000,205824,0,'FastSpring - Popup Storefronts','Qualiteam','Integrate your website with FastSpring, using the \"Popup Storefronts\" method. It creates a pop up (a lightbox area) over the checkout page of your online store, allowing a customer to pay for the order quickly without going to a different web page','http://my.x-cart.com/sites/default/files/addons/QSL/FastSpring/icon.png','https://market.x-cart.com/addons/fastspring.html','','a:0:{}','a:1:{i:0;s:18:\"Payment processing\";}',1,0,0,0,1,0,'a:0:{}',20983,0,0),(340,'OrderStatus','CSI','support@cflsystems.com',0,0,0,0,0.0000,0,106,45.00,'USD','5.3',1,0,0,1446673934,62976,0,'Order Status','CFL Systems, Inc.','Customers can check order status without being logged in or having an account.','http://my.x-cart.com/sites/default/files/addons/CSI/OrderStatus/icon.png','https://market.x-cart.com/addons/order-status-by-cfl-systems.html','','a:0:{}','a:3:{i:0;s:11:\"Fulfillment\";i:1;s:8:\"Shipping\";i:2;s:15:\"User experience\";}',1,0,0,0,0,0,'a:0:{}',21107,0,0),(341,'ProductStickers','QSL','helpdesk@x-cart.com',0,0,0,0,0.0000,0,224,49.00,'USD','5.3',1,1,0,1447275600,97280,0,'Product stickers','Qualiteam','This module will allow you to add custom stickers to your products','http://my.x-cart.com/sites/default/files/addons/QSL/ProductStickers/icon.png','https://market.x-cart.com/addons/product-stickers.html','','a:0:{}','a:2:{i:0;s:13:\"Design tweaks\";i:1;s:9:\"Marketing\";}',1,0,8,0,1,0,'a:0:{}',20985,0,0),(342,'MobilePhones','TemplateMonster','support@x-cart.com',0,0,0,0,0.0000,0,67,139.00,'USD','5.3',1,1,1,1447339407,1763840,0,'MobilePhones','TemplateMonster.com','Stylish minimalistic design in white, black and coral. Sticky multilevel categories menu, banners, info blocks, google map, convenient and clear navigation. Fully responsive, SEO friendly and crossbrowser compatible.','http://my.x-cart.com/sites/default/files/addons/TemplateMonster/MobilePhones/icon.png','https://market.x-cart.com/xcart-templates/mobile-phones.html','','a:0:{}','a:1:{i:0;s:9:\"Templates\";}',1,0,0,0,1,0,'a:0:{}',20987,0,0),(343,'ProductsCarousel','QSL','helpdesk@x-cart.com',0,0,0,0,0.0000,0,126,49.00,'USD','5.3',1,2,0,1447275600,168448,0,'Products carousel','Qualiteam','Enable responsive and user-friendly product carousel for  Bestsellers, Featured Products, New Arrivals, Product Recommendations, Cooming Soon and Products on Sale.','http://my.x-cart.com/sites/default/files/addons/QSL/ProductsCarousel/icon.png','https://market.x-cart.com/addons/products-carousel.html','','a:0:{}','a:3:{i:0;s:13:\"Design tweaks\";i:1;s:21:\"Search and Navigation\";i:2;s:18:\"Catalog Management\";}',1,0,0,0,1,0,'a:0:{}',20986,0,0),(344,'WebmasterSiteVerification','CSI','support@cflsystems.com',0,0,0,0,0.0000,0,22,35.00,'USD','5.3',0,0,0,1447837545,26112,0,'Webmaster Site Verification','CFL Systems, Inc.','Verify your site with 3rd party services including Google, Bing, Pinterest and Yandex.','http://my.x-cart.com/sites/default/files/addons/CSI/WebmasterSiteVerification/icon.png','https://market.x-cart.com/addons/webmaster-site-verification-by-cfl-systems.html','','a:0:{}','a:4:{i:0;s:9:\"Marketing\";i:1;s:3:\"SEO\";i:2;s:6:\"Social\";i:3;s:15:\"User experience\";}',1,0,0,0,0,0,'a:0:{}',21111,0,0),(345,'GroceryStore','TemplateMonster','support@x-cart.com',0,0,0,0,0.0000,0,13,139.00,'USD','5.3',1,1,1,1447966800,3250688,0,'Grocery Store','TemplateMonster.com','Basil green and grey colors arise sensation of naturality and healthy lifestyle. Full width slider, banners, info blocks, animated elements, google map, etc. Fully responsive, SEO friendly and crossbrowser compatible.','http://my.x-cart.com/sites/default/files/addons/TemplateMonster/GroceryStore/icon.png','https://market.x-cart.com/xcart-templates/grocery-store.html','','a:0:{}','a:1:{i:0;s:9:\"Templates\";}',1,0,0,0,1,0,'a:0:{}',20989,0,0),(346,'HolidayDecoration','QSL','helpdesk@x-cart.com',0,0,0,0,0.0000,0,83,39.00,'USD','5.3',1,0,0,1448444332,267264,0,'Holiday Decoration','Qualiteam','The module adds holiday decoration to the store front.','http://my.x-cart.com/sites/default/files/addons/QSL/HolidayDecoration/icon.png','https://market.x-cart.com/addons/holiday-decoration.html','','a:0:{}','a:1:{i:0;s:13:\"Design tweaks\";}',1,1,1,0,0,0,'a:0:{}',20990,0,0),(347,'NaturalCosmetics','TemplateMonster','support@x-cart.com',0,0,0,0,0.0000,0,168,139.00,'USD','5.3',3,1,1,-10800,2685952,0,'Natural Cosmetics','TemplateMonster.com','The template is designed in white, green and black colors to lay emphasis on the idea of naturalness of your products. Animated elements, banners, dropdown categories menu, menu in the footer, etc. Responsive, SEO friendly and crossbrowser compatible.','http://my.x-cart.com/sites/default/files/addons/TemplateMonster/NaturalCosmetics/icon.png','https://market.x-cart.com/xcart-templates/natural-cosmetics.html','','a:0:{}','a:1:{i:0;s:9:\"Templates\";}',1,0,0,0,1,0,'a:0:{}',20993,0,0),(348,'AdvancedSecurity','QSL','helpdesk@x-cart.com',0,0,0,0,0.0000,0,38,199.00,'USD','5.3',2,0,2,1449176400,8296448,0,'Block Users by IP / Country / User agent','Qualiteam','The module protects your store from bots and fraud customers, by limiting or restricting access to it with the help of flexible settings and filters, taking into account IP, address and user behaviour.','http://my.x-cart.com/sites/default/files/addons/QSL/AdvancedSecurity/icon.png','https://market.x-cart.com/addons/block-users-by-IP-country-user-agent.html','','a:0:{}','a:1:{i:0;s:14:\"Administration\";}',1,0,7,0,1,0,'a:0:{}',20994,0,0),(349,'DHL','XC','helpdesk@x-cart.com',0,0,0,0,0.0000,0,407,0.00,'USD','5.3',1,1,0,1449435600,1105920,0,'DHL Shipping','X-Cart team','Get real-time shipping quotes for DHL delivery methods. The integration supports COD (cash on delivery) and insurance.','http://my.x-cart.com/sites/default/files/addons/XC/DHL/icon.png','https://market.x-cart.com/addons/DHL-shipping.html','','a:0:{}','a:1:{i:0;s:8:\"Shipping\";}',1,0,9,0,0,0,'a:0:{}',0,0,0),(350,'SkuVault','SkuVault','support@skuvault.com',0,0,0,0,0.0000,0,32,0.00,'USD','5.2',0,0,0,1480337586,105472,0,'SkuVault','Danny Shaw','Integrates your store with SkuVault.','http://my.x-cart.com/sites/default/files/addons/SkuVault/SkuVault/iconAlt.png','https://market.x-cart.com/addons/SkuVault.html','','a:0:{}','a:2:{i:0;s:11:\"Fulfillment\";i:1;s:14:\"Administration\";}',1,0,0,0,0,0,'a:0:{}',0,0,0),(351,'OutdoorFurniture','TemplateMonster','support@x-cart.com',0,0,0,0,0.0000,0,60,139.00,'USD','5.3',1,1,1,-10800,1472512,0,'Outdoor Furniture','TemplateMonster.com','Very clear and pleasant theme in white, black and spring green will enhance your store\'s visitors experience. Big slider, banners, animated blocks, intuitive navigation, info blocks, etc. Responsive, SEO friendly and crossbrowser compatible.','http://my.x-cart.com/sites/default/files/addons/TemplateMonster/OutdoorFurniture/icon.png','https://market.x-cart.com/xcart-templates/outdoor-furniture.html','','a:0:{}','a:1:{i:0;s:9:\"Templates\";}',1,0,0,0,1,0,'a:0:{}',20995,0,0),(352,'Blog','PerceptionSystemPvtLtd','xcart@perceptionsystem.com',0,0,0,0,0.0000,0,144,29.00,'USD','5.3',2,1,0,1450040400,684544,0,'Easy Blog in x-cart 5','Perception System Pvt. Ltd.','Blog Module for x-cart aimed to share engaging information related to your store products/services to enable business to get advantage like google SEO, Brand recognition, increase website traffic, better conversion, more leads and ultimately, sales.','http://my.x-cart.com/sites/default/files/addons/PerceptionSystemPvtLtd/Blog/icon.png','https://market.x-cart.com/addons/blog-by-perception-system.html','','a:0:{}','a:6:{i:0;s:4:\"Blog\";i:1;s:11:\"Development\";i:2;s:9:\"Marketing\";i:3;s:3:\"SEO\";i:4;s:6:\"Social\";i:5;s:15:\"User experience\";}',1,0,0,0,0,0,'a:0:{}',21080,0,0),(353,'AggregionIntegration','AggregionLtd','vendor+AggregionLtd@x-cart.com',0,0,0,0,0.0000,0,22,0.00,'USD','5.2',1,0,0,1450126800,137216,0,'Aggregion integration','Aggregion Ltd.','Module for integration with Aggregion','http://my.x-cart.com/sites/default/files/addons/AggregionLtd/AggregionIntegration/iconAlt.png','https://market.x-cart.com/addons/Aggregion-Integration.html','','a:0:{}','a:0:{}',1,0,0,0,0,0,'a:0:{}',0,0,0),(354,'Segment','QSL','helpdesk@x-cart.com',0,0,0,0,0.0000,0,116,0.00,'USD','5.3',2,0,2,0,146944,0,'Segment Integration','Qualiteam','Segment is a powerful data aggregator, it tracks e-commerce events and sends this info to such apps as Mixpanel, Google Analytics, Localytics, RJ Metrics, SalesForce, HubSpot, Optimizely, Clicky and other data processing tools.','http://my.x-cart.com/sites/default/files/addons/QSL/Segment/iconAlt.png','https://market.x-cart.com/addons/segment-integration.html','','a:0:{}','a:0:{}',1,0,0,0,0,0,'a:0:{}',0,0,0),(355,'FatouratiPayment','QSL','helpdesk@x-cart.com',0,0,0,0,0.0000,0,0,39.00,'USD','5.2',0,0,0,1451250000,33792,0,'Fatourati Payments','Qualiteam','Enables taking credit card payments for your online store via FATOURATI payment gateway (Maroc Telecommerce).','http://my.x-cart.com/sites/default/files/addons/QSL/FatouratiPayment/icon.png','https://market.x-cart.com/addons/fatourati-payments.html','','a:0:{}','a:1:{i:0;s:18:\"Payment processing\";}',1,0,0,0,1,0,'a:0:{}',20998,0,0),(356,'MTCPayment','QSL','helpdesk@x-cart.com',0,0,0,0,0.0000,0,0,39.00,'USD','5.2',0,0,0,-10800,34816,0,'MTC Payments','Qualiteam','Enables taking credit card payments for your online store via MTCPayment payment gateway (Maroc Telecommerce).','http://my.x-cart.com/sites/default/files/addons/QSL/MTCPayment/icon.png','https://market.x-cart.com/addons/MTC-Payments.html','','a:0:{}','a:1:{i:0;s:18:\"Payment processing\";}',1,0,0,0,0,0,'a:0:{}',20999,0,0),(357,'SecurePay','QSL','helpdesk@x-cart.com',0,0,0,0,0.0000,0,0,39.00,'USD','5.3',0,0,1,1451250000,40448,0,'SecurePay (SecureFrame)','Qualiteam','Secure Pay module integrates your store with SecurePay\'s SecureFrame, a simple and flexible method of accepting payments in your store seamlessly via an iFrame.','http://my.x-cart.com/sites/default/files/addons/QSL/SecurePay/icon.png','https://market.x-cart.com/addons/secure-pay.html','','a:0:{}','a:1:{i:0;s:18:\"Payment processing\";}',1,0,0,0,0,0,'a:0:{}',21000,0,0),(358,'Dwolla','QSL','helpdesk@x-cart.com',0,0,0,0,0.0000,0,2,69.00,'USD','5.3',0,0,1,-10800,960000,0,'Dwolla','Qualiteam','Dwolla network connects with U.S. banks and credit unions to provide safe, fast, account-to-account transfers at low costs. The integration uses Dwolla Direct option.','http://my.x-cart.com/sites/default/files/addons/QSL/Dwolla/icon.png','https://market.x-cart.com/addons/dwolla.html','','a:0:{}','a:1:{i:0;s:18:\"Payment processing\";}',1,0,7,0,0,0,'a:0:{}',21001,0,0),(359,'RealexHostedPayment','QSL','helpdesk@x-cart.com',0,0,0,0,0.0000,0,27,39.00,'USD','5.3',0,0,0,1451336400,32256,0,'Realex Hosted payments','Qualiteam','Integration with Global Iris/Realex payment gateway - Hosted Payment Page API','http://my.x-cart.com/sites/default/files/addons/QSL/RealexHostedPayment/icon.png','https://market.x-cart.com/addons/realex-hosted-payments.html','','a:0:{}','a:1:{i:0;s:18:\"Payment processing\";}',1,0,0,0,0,0,'a:0:{}',21002,0,0),(360,'ShippingPerProduct','BCSE','support@bcsengineering.com',0,0,0,0,0.0000,0,8,99.95,'USD','5.3',1,0,0,1460467095,43520,0,'Shipping Per Product','BCS Engineering','Choose shipping per product.','http://my.x-cart.com/sites/default/files/addons/BCSE/ShippingPerProduct/iconAlt.png','https://market.x-cart.com/addons/shipping-per-product.html','','a:0:{}','a:1:{i:0;s:8:\"Shipping\";}',1,0,0,0,0,0,'a:0:{}',21030,0,0),(361,'TwoCheckoutInline','QSL','helpdesk@x-cart.com',0,0,0,0,0.0000,0,8,39.00,'USD','5.3',0,0,0,1452080511,81920,0,'2Checkout - Inline Checkout','Qualiteam','Integration with 2Checkout payment gateway - Inline Checkout API. User stays on your site during the payment.','http://my.x-cart.com/sites/default/files/addons/QSL/TwoCheckoutInline/icon.png','https://market.x-cart.com/addons/2checkout-Inline-Checkout.html','','a:0:{}','a:1:{i:0;s:18:\"Payment processing\";}',1,0,0,0,1,0,'a:0:{}',21003,0,0),(362,'PagaMasTarde','DigitalOrigin','afatsini@digitalorigin.com',0,0,0,0,0.0000,0,0,0.00,'USD','5.2',10,0,0,1481620751,43520,0,'Paga+Tarde','DigitalOrigin','Paga+Tarde is a payment method that allows online shops to offer customers to buy with monthly installments.','http://my.x-cart.com/sites/default/files/addons/DigitalOrigin/PagaMasTarde/iconAlt.png','https://market.x-cart.com/addons/paga-tarde.html','','a:0:{}','a:0:{}',1,0,0,0,0,0,'a:0:{}',0,0,0),(363,'Redirects','NovaHorizons','xcart@novahorizons.io',0,0,0,0,0.0000,0,145,34.99,'USD','5.3',2,0,0,1471550400,53248,0,'Redirects','Nova Horizons, LLC','This module allows you to easily set up redirects within your store.','http://my.x-cart.com/sites/default/files/addons/NovaHorizons/Redirects/icon.png','https://market.x-cart.com/addons/redirects-by-Nova-Horizons.html','','a:0:{}','a:2:{i:0;s:14:\"Administration\";i:1;s:3:\"SEO\";}',1,0,0,0,1,0,'a:0:{}',21016,0,0),(364,'FinpayPayment','QSL','helpdesk@x-cart.com',0,0,0,0,0.0000,0,0,39.00,'USD','5.3',0,0,0,1452718800,34816,0,'Finpay','Qualiteam','The module integrates your website with indonesian payment gateway: Finpay.','http://my.x-cart.com/sites/default/files/addons/QSL/FinpayPayment/icon.png','https://market.x-cart.com/addons/finpay.html','','a:0:{}','a:1:{i:0;s:18:\"Payment processing\";}',1,0,0,0,1,0,'a:0:{}',21007,0,0),(365,'OrderReports','QSL','helpdesk@x-cart.com',0,0,0,0,0.0000,0,42,249.00,'USD','5.3',1,0,0,1453064400,59392,0,'Order reports','Qualiteam','Get statistics about what are your bestselling products and categories, what countries and states you get the most orders from, what marketing campaign drove the most revenue to you.','http://my.x-cart.com/sites/default/files/addons/QSL/OrderReports/icon.png','https://market.x-cart.com/addons/order-reports.html','','a:0:{}','a:3:{i:0;s:14:\"Administration\";i:1;s:9:\"Marketing\";i:2;s:10:\"Statistics\";}',1,0,6,0,0,0,'a:0:{}',21008,0,0),(366,'NotFinishedOrders','XC','helpdesk@x-cart.com',0,0,0,0,0.0000,0,777,0.00,'USD','5.3',2,0,0,1471465327,102400,1,'Not Finished Orders','X-Cart team','This addon allows you to track not finished orders and contact customers, who have failed to proceed through the payment process.','http://my.x-cart.com/sites/default/files/addons/XC/NotFinishedOrders/icon.png','https://market.x-cart.com/addons/not-finished-orders.html','','a:0:{}','a:1:{i:0;s:11:\"Fulfillment\";}',1,1,10,0,0,2,'a:3:{i:0;s:12:\"391_Business\";i:1;s:18:\"20598_Multi-vendor\";i:2;s:18:\"536881125_Ultimate\";}',0,0,0),(367,'UpdateInventory','XC','helpdesk@x-cart.com',0,0,0,0,0.0000,0,1605,0.00,'USD','5.3',1,1,0,1474574400,61440,1,'Update Inventory','X-Cart team','Allows to update products quantity via CSV simple file.','http://my.x-cart.com/sites/default/files/addons/XC/UpdateInventory/icon.png','https://market.x-cart.com/addons/update-inventory.html','','a:0:{}','a:1:{i:0;s:18:\"Catalog Management\";}',1,1,12,0,0,2,'a:3:{i:0;s:12:\"391_Business\";i:1;s:18:\"20598_Multi-vendor\";i:2;s:18:\"536881125_Ultimate\";}',0,0,0),(368,'SiteStructuredData','CSI','support@cflsystems.com',0,0,0,0,0.0000,0,24,85.00,'USD','5.3',0,0,0,-10800,200704,0,'Site Structured Data','CFL Systems, Inc.','Site Structured Data module is an X-Cart 5 add-on which allows webmasters to easily add Structured Data Markup to the website - Logo, Company Info, Breadcrumbs, Rich Snippets, etc.','http://my.x-cart.com/sites/default/files/addons/CSI/SiteStructuredData/icon.png','https://market.x-cart.com/addons/site-structured-data-by-cfl-systems.html','','a:0:{}','a:4:{i:0;s:9:\"Marketing\";i:1;s:3:\"SEO\";i:2;s:6:\"Social\";i:3;s:15:\"User experience\";}',1,0,0,0,0,0,'a:0:{}',21096,0,0),(369,'AdvancedQuantity','QSL','helpdesk@x-cart.com',0,0,0,0,0.0000,0,93,79.00,'USD','5.3',4,0,2,1453755600,233472,0,'Fractional and Fixed quantities','Qualiteam','Sell products with quantity represented in fractional numbers, products available in packages containing fixed quantity of items, and set allowed quantities to be added to cart at a time.','http://my.x-cart.com/sites/default/files/addons/QSL/AdvancedQuantity/icon.png','https://market.x-cart.com/addons/fractional-and-fixed-quantities.html','','a:0:{}','a:2:{i:0;s:10:\"Accounting\";i:1;s:18:\"Catalog Management\";}',1,0,5,0,0,0,'a:0:{}',21010,0,0),(370,'ShoppingDaySkin','QSL','helpdesk@x-cart.com',0,0,0,0,0.0000,0,46,99.00,'USD','5.3',0,0,1,1453842000,946176,0,'Shopping Day','Qualiteam','The \"Shopping Day\" X-Cart Design Template (#23). This template is good for the following themes: Accessories, Books, Clothing, Food &amp; Drink, Supermarket.','http://my.x-cart.com/sites/default/files/addons/QSL/ShoppingDaySkin/icon.png','https://market.x-cart.com/xcart-templates/shopping-day.html','','a:0:{}','a:1:{i:0;s:9:\"Templates\";}',1,0,0,0,1,0,'a:0:{}',456,0,0),(371,'ExridPayment','QSL','helpdesk@x-cart.com',0,0,0,0,0.0000,0,0,39.00,'USD','5.3',0,0,0,1453928400,37376,0,'Exrid','Qualiteam','Enables taking credit card payments for your online store via EXRID payment gateway (Iran).','http://my.x-cart.com/sites/default/files/addons/QSL/ExridPayment/icon.png','https://market.x-cart.com/addons/exrid.html','','a:0:{}','a:1:{i:0;s:18:\"Payment processing\";}',1,0,0,0,1,0,'a:0:{}',21011,0,0),(372,'QuickPayLinkPayment','QSL','helpdesk@x-cart.com',0,0,0,0,0.0000,0,0,39.00,'USD','5.3',0,0,0,1453928400,70656,0,'QuickPay Link','Qualiteam','Integration with QuickPay Link payment gateway.','http://my.x-cart.com/sites/default/files/addons/QSL/QuickPayLinkPayment/icon.png','https://market.x-cart.com/addons/quickpay-link.html','','a:0:{}','a:1:{i:0;s:18:\"Payment processing\";}',1,0,0,0,1,0,'a:0:{}',21012,0,0),(373,'PayWayPayment','QSL','helpdesk@x-cart.com',0,0,0,0,0.0000,0,9,39.00,'USD','5.3',0,0,0,1453928400,47104,0,'PayWay Net','Qualiteam','Integration with PayWay Net payment gateway. PayWay Net is a secure, flexible online payment system. You can offer your customers credit card payments and PayPal payments.','http://my.x-cart.com/sites/default/files/addons/QSL/PayWayPayment/icon.png','https://market.x-cart.com/addons/payway-net.html','','a:0:{}','a:1:{i:0;s:18:\"Payment processing\";}',1,0,0,0,1,0,'a:0:{}',21013,0,0),(374,'AlipayPayment','QSL','helpdesk@x-cart.com',0,0,0,0,0.0000,0,1,39.00,'USD','5.3',0,0,0,1454014683,35840,0,'Alipay','Qualiteam','Enables taking credit card payments for your online store via Alipay payment gateway (Alibaba Corporation).','http://my.x-cart.com/sites/default/files/addons/QSL/AlipayPayment/icon.png','https://market.x-cart.com/addons/alipay.html','','a:0:{}','a:1:{i:0;s:18:\"Payment processing\";}',1,0,0,0,1,0,'a:0:{}',21014,0,0),(375,'SpecialOffersBase','QSL','helpdesk@x-cart.com',0,0,0,0,0.0000,0,873,0.00,'USD','5.3',2,0,0,1454446800,218112,0,'Special Offers (base)','Qualiteam','This is the base module that allows other modules to add different types of special offers.','http://my.x-cart.com/sites/default/files/addons/QSL/SpecialOffersBase/iconAlt.png','https://market.x-cart.com/addons/special-offers-base.html','','a:0:{}','a:0:{}',1,0,0,0,0,0,'a:0:{}',0,0,0),(376,'SpecialOffersBuyXGetY','QSL','helpdesk@x-cart.com',0,0,0,0,0.0000,0,89,99.00,'USD','5.3',0,0,0,1454446800,76288,0,'Special Offers: Buy X Get Y','Qualiteam','This module adds variations of the \"Buy X Get Y\" special offer type. Requires the base Special Offers module.','http://my.x-cart.com/sites/default/files/addons/QSL/SpecialOffersBuyXGetY/icon.png','https://market.x-cart.com/addons/buy-x-get-y.html','','a:1:{i:0;s:21:\"QSL\\SpecialOffersBase\";}','a:1:{i:0;s:9:\"Marketing\";}',1,0,0,0,1,0,'a:0:{}',21015,0,0),(377,'FashionHouse','QSL','helpdesk@x-cart.com',0,0,0,0,0.0000,0,188,149.00,'USD','5.3',1,7,1,1454965200,1051648,0,'Fashion House','Qualiteam','The \"Fashion House\" X-Cart Design Template (#49). Stylish and clear template in light pastel pallet and straight cornered modern flat design, presented in three color schemes: pink, blue and teal. Full-width slider, banners, product carousels, etc. Fully responsive, SEO friendly and cross-browser compatible.','http://my.x-cart.com/sites/default/files/addons/QSL/FashionHouse/icon.png','https://market.x-cart.com/xcart-templates/fashion-house.html','','a:0:{}','a:1:{i:0;s:9:\"Templates\";}',1,0,0,0,1,0,'a:0:{}',20997,0,0),(378,'ToolsStore','QSL','helpdesk@x-cart.com',0,0,0,0,0.0000,0,35,99.00,'USD','5.3',2,0,0,1455570000,372736,0,'Tools Store','Qualiteam','The \"Tools Store\" X-Cart Design Template (#50). This template is good for the following themes:  Tools, Industry','http://my.x-cart.com/sites/default/files/addons/QSL/ToolsStore/icon.png','https://market.x-cart.com/xcart-templates/tools-store.html','','a:0:{}','a:1:{i:0;s:9:\"Templates\";}',1,0,0,0,1,0,'a:0:{}',21017,0,0),(379,'PostAffiliatePro','QualityUnit','support@ladesk.com',0,0,0,0,0.0000,0,34,0.00,'USD','5.3',1,0,0,1475784000,59904,0,'Post Affiliate Pro integration','QualityUnit','Track clicks and sales to your Post Affiliate Pro or Porst Affiliate Network easily! When configured, the module will automatically track all the needed data to your Post Affiliate Pro or Porst Affiliate Network. You can track total cost, order ID , product ID and lifetime commissions.','http://my.x-cart.com/sites/default/files/addons/QualityUnit/PostAffiliatePro/iconAlt.png','https://market.x-cart.com/addons/post-affiliate-pro-integration.html','','a:0:{}','a:1:{i:0;s:9:\"Marketing\";}',1,0,0,0,1,0,'a:0:{}',0,0,0),(380,'V12Payment','QSL','helpdesk@x-cart.com',0,0,0,0,0.0000,0,1,39.00,'USD','5.3',0,0,0,1457643600,60416,0,'V12 Retail Finance - Take 5','Qualiteam','Integration with V12 Retail Finance payment gateway (\"Take 5\" payment method)','http://my.x-cart.com/sites/default/files/addons/QSL/V12Payment/icon.png','https://market.x-cart.com/addons/V12-retail-finance-take-5.html','','a:0:{}','a:1:{i:0;s:18:\"Payment processing\";}',1,0,0,0,1,0,'a:0:{}',21022,0,0),(381,'TwitterUserTimeline','Tienda','xcartpartner@firemouth.net',0,0,0,0,0.0000,0,5,10.00,'USD','5.3',0,0,0,1460408400,17920,0,'Twitter User Timeline','Tienda','Show your Tweets in the left hand menu','http://my.x-cart.com/sites/default/files/addons/Tienda/TwitterUserTimeline/icon.png','https://market.x-cart.com/addons/twitter-user-timeline.html','','a:0:{}','a:1:{i:0;s:6:\"Social\";}',1,0,0,0,0,0,'a:0:{}',21027,0,0),(382,'PayProCloud','QSL','helpdesk@x-cart.com',0,0,0,0,0.0000,0,21,39.00,'USD','5.3',3,0,1,1459112400,156672,0,'PayPro Cloud','Qualiteam','The module integrates your store with secure PayPro Global online payment processing method - PayPro Cloud.','http://my.x-cart.com/sites/default/files/addons/QSL/PayProCloud/icon.png','https://market.x-cart.com/addons/paypro-cloud.html','','a:0:{}','a:1:{i:0;s:18:\"Payment processing\";}',1,0,0,0,1,0,'a:0:{}',21023,0,0),(383,'SpecialOffersSpendXGetY','QSL','helpdesk@x-cart.com',0,0,0,0,0.0000,0,31,99.00,'USD','5.3',0,0,0,1459198800,77312,0,'Special Offers: Spend X Get Y','Qualiteam','This module adds variations of the \"Spend X Get Y\" special offer type. Requires the base Special Offers module.','http://my.x-cart.com/sites/default/files/addons/QSL/SpecialOffersSpendXGetY/icon.png','https://market.x-cart.com/addons/spend-x-get-y.html','','a:1:{i:0;s:21:\"QSL\\SpecialOffersBase\";}','a:1:{i:0;s:9:\"Marketing\";}',1,0,0,0,1,0,'a:0:{}',21024,0,0),(384,'NewRelic','QSL','helpdesk@x-cart.com',0,0,0,0,0.0000,0,27,0.00,'USD','5.2',0,0,0,1459922806,23552,0,'New Relic','Qualiteam','This module provides an integration with New Relic. New Relic is an analytics tool suite that provides a deep visibility into how your applications are performing in development and production.','http://my.x-cart.com/sites/default/files/addons/QSL/NewRelic/iconAlt.png','https://market.x-cart.com/addons/new-relic.html','','a:0:{}','a:2:{i:0;s:14:\"Administration\";i:1;s:10:\"Statistics\";}',1,0,0,0,0,0,'a:0:{}',0,0,0),(385,'LiveAgent','QualityUnit','support@ladesk.com',0,0,0,0,0.0000,0,103,0.00,'USD','5.3',1,0,0,1475784000,47616,0,'LiveAgent helpdesk setup','QualityUnit','Easily connect your LiveAgent account with your store and choose which chat button will be used for it. If you do not have an account yet, you can create one really quickly','http://my.x-cart.com/sites/default/files/addons/QualityUnit/LiveAgent/iconAlt.png','https://market.x-cart.com/addons/liveagent.html','','a:0:{}','a:1:{i:0;s:6:\"Social\";}',1,0,0,0,1,0,'a:0:{}',0,0,0),(386,'RegisterOnCheckout','QSL','helpdesk@x-cart.com',0,0,0,0,0.0000,0,76,25.00,'USD','5.3',0,0,0,1460322000,38912,0,'Register on Checkout','Qualiteam','Disable checkout from not authorised customers and allows them to register on checkout','http://my.x-cart.com/sites/default/files/addons/QSL/RegisterOnCheckout/icon.png','https://market.x-cart.com/addons/register-on-checkout.html','','a:0:{}','a:1:{i:0;s:15:\"User experience\";}',1,0,0,0,0,0,'a:0:{}',21026,0,0),(387,'UltimateSkin','QSL','helpdesk@x-cart.com',0,0,0,0,0.0000,0,62,149.00,'USD','5.3',0,3,2,-10800,1293312,0,'Ultimate skin','Qualiteam','The \"Ultimate skin\" X-Cart Design Template (#51). This template is good for the following themes:  Accessories, Clothing, Jewelry, Watches, Wedding','http://my.x-cart.com/sites/default/files/addons/QSL/UltimateSkin/icon.png','https://market.x-cart.com/xcart-templates/ultimate-skin.html','','a:0:{}','a:1:{i:0;s:9:\"Templates\";}',1,0,0,0,1,0,'a:0:{}',21025,0,0),(388,'InternationalShipping','Swipezoom','vendor+Swipezoom@x-cart.com',0,0,0,0,0.0000,0,0,49.00,'USD','5.2',2,0,0,1461618000,501248,0,'SwipeZoom Global Payments and Shipping','Swipezoom','Start to welcome international customers, accept their payment and ship to their doorstep...within minutes!','http://my.x-cart.com/sites/default/files/addons/Swipezoom/InternationalShipping/icon.png','https://market.x-cart.com/addons/swipezoom-global-payments-and-shipping.html','','a:0:{}','a:2:{i:0;s:18:\"Payment processing\";i:1;s:8:\"Shipping\";}',1,0,0,0,0,0,'a:0:{}',21029,0,0),(389,'ArambaIntegration','Vendosoft','aokhrimenko@smsdelivery.ru',0,0,0,0,0.0000,0,1,15.00,'USD','5.2',0,0,0,1461099600,71168,0,'Aramba','Vendosoft LLC','Create and send professional newsletters! The module integrates your store with Aramba, a popular service for mailing and bulk SMS messaging.','http://my.x-cart.com/sites/default/files/addons/Vendosoft/ArambaIntegration/icon.png','https://market.x-cart.com/addons/Aramba.html','','a:0:{}','a:1:{i:0;s:9:\"Marketing\";}',1,0,0,0,0,0,'a:0:{}',21028,0,0),(390,'Shopify','MagneticOne','marketing@magneticone.com',0,0,0,0,0.0000,0,7,0.00,'USD','5.3',0,2,0,-10800,121856,0,'Migrate Data from Shopify to X-Cart','MagneticOne','Allows you to use the Cart2Cart service right out of your store admin panel and install Connection Bridge to transfer your products, orders, customers information and other data from your Shopify store to X-Cart.','http://my.x-cart.com/sites/default/files/addons/MagneticOne/Shopify/iconAlt.png','https://market.x-cart.com/addons/migrate-data-from-shopify-to-x-cart.html','','a:0:{}','a:0:{}',1,0,0,0,0,0,'a:0:{}',0,0,0),(391,'Interspire','MagneticOne','marketing@magneticone.com',0,0,0,0,0.0000,0,3,0.00,'USD','5.3',0,2,0,-10800,124416,0,'Migrate Data from Interspire to X-Cart','MagneticOne','Allows you to use the Cart2Cart service right out of your store admin panel and install Connection Bridge to transfer your products, orders, customers information and other data from your Interspire store to X-Cart.','http://my.x-cart.com/sites/default/files/addons/MagneticOne/Interspire/iconAlt.png','https://market.x-cart.com/addons/migrate-data-from-interspire-to-x-cart.html','','a:0:{}','a:0:{}',1,0,0,0,0,0,'a:0:{}',0,0,0),(392,'Bigcommerce','MagneticOne','marketing@magneticone.com',0,0,0,0,0.0000,0,5,0.00,'USD','5.3',0,2,0,-10800,122368,0,'Migrate Data from Bigcommerce to X-Cart','MagneticOne','Allows you to use the Cart2Cart service right out of your store admin panel to transfer your products, orders, customers information and other data from your Bigcommerce store to X-Cart.','http://my.x-cart.com/sites/default/files/addons/MagneticOne/Bigcommerce/iconAlt.png','https://market.x-cart.com/addons/migrate-data-from-Bigcommerce-to-X-Cart.html','','a:0:{}','a:0:{}',1,0,0,0,0,0,'a:0:{}',0,0,0),(393,'Zencart','MagneticOne','marketing@magneticone.com',0,0,0,0,0.0000,0,4,0.00,'USD','5.3',0,2,0,-10800,259072,0,'Migrate Data from Zen Cart to X-Cart','MagneticOne','Allows you to use the Cart2Cart service right out of your store admin panel and install Connection Bridge to transfer your products, orders, customers information and other data from your Zen Cart store to X-Cart.','http://my.x-cart.com/sites/default/files/addons/MagneticOne/Zencart/iconAlt.png','https://market.x-cart.com/addons/migrate-data-from-zencart-to-x-cart.html','','a:0:{}','a:0:{}',1,0,0,0,0,0,'a:0:{}',0,0,0),(394,'Oscommerce','MagneticOne','marketing@magneticone.com',0,0,0,0,0.0000,0,4,0.00,'USD','5.3',0,2,0,-10800,124416,0,'Migrate Data from osCommerce to X-Cart','MagneticOne','Allows you to use the Cart2Cart service right out of your store admin panel and install Connection Bridge to transfer your products, orders, customers information and other data from your osCommerce store to X-Cart.','http://my.x-cart.com/sites/default/files/addons/MagneticOne/Oscommerce/iconAlt.png','https://market.x-cart.com/addons/migrate-data-from-oscommerce-to-x-cart.html','','a:0:{}','a:0:{}',1,0,0,0,0,0,'a:0:{}',0,0,0),(395,'Woocommerce','MagneticOne','marketing@magneticone.com',0,0,0,0,0.0000,0,10,0.00,'USD','5.3',0,2,0,-10800,124416,0,'Migrate Data from WooCommerce to X-Cart','MagneticOne','Allows you to use the Cart2Cart service right out of your store admin panel to transfer your products, orders, customers information and other data from your WooCommerce store to X-Cart.','http://my.x-cart.com/sites/default/files/addons/MagneticOne/Woocommerce/iconAlt.png','https://market.x-cart.com/addons/migrate-data-from-WooCommerce-to-X-Cart.html','','a:0:{}','a:0:{}',1,0,0,0,0,0,'a:0:{}',0,0,0),(396,'Prestashop','MagneticOne','marketing@magneticone.com',0,0,0,0,0.0000,0,13,0.00,'USD','5.3',0,2,0,-10800,124416,0,'Migrate Data from PrestaShop to X-Cart','MagneticOne','Allows you to use the Cart2Cart service right out of your store admin panel and install Connection Bridge to transfer your products, orders, customers information and other data from your PrestaShop store to X-Cart.','http://my.x-cart.com/sites/default/files/addons/MagneticOne/Prestashop/iconAlt.png','https://market.x-cart.com/addons/migrate-data-from-prestashop-to-x-cart.html','','a:0:{}','a:0:{}',1,0,0,0,0,0,'a:0:{}',0,0,0),(397,'Magento','MagneticOne','marketing@magneticone.com',0,0,0,0,0.0000,0,6,0.00,'USD','5.3',0,2,0,-10800,123904,0,'Migrate Data from Magento to X-Cart','MagneticOne','Allows you to use the Cart2Cart service right out of your store admin panel and install Connection Bridge to transfer your products, orders, customers information and other data from your Magento store to X-Cart.','http://my.x-cart.com/sites/default/files/addons/MagneticOne/Magento/iconAlt.png','https://market.x-cart.com/addons/migrate-data-from-magento-to-x-cart.html','','a:0:{}','a:0:{}',1,0,0,0,0,0,'a:0:{}',0,0,0),(398,'Pilibaba','XC','helpdesk@x-cart.com',0,0,0,0,0.0000,0,809,0.00,'USD','5.3',2,1,0,1461531201,245760,0,'Pilibaba Chinese Checkout','X-Cart team','Start accepting CNY payment and take orders from 1.3 Billion shoppers in China. Support all Chinese debit/credit cards and give merchants the flexibility to convert CNY payment into either USD,EUR or 12 supported currencies.','http://my.x-cart.com/sites/default/files/addons/XC/Pilibaba/icon.png','https://market.x-cart.com/addons/pilibaba.html','','a:0:{}','a:2:{i:0;s:18:\"Payment processing\";i:1;s:8:\"Shipping\";}',1,0,0,0,0,0,'a:0:{}',0,0,0),(399,'VendorMessages','XC','helpdesk@x-cart.com',0,0,0,0,0.0000,0,357,0.00,'USD','5.3',2,0,0,1461531600,409600,1,'Order messages (Beta)','X-Cart team','The module enhances communication system in your store providing an opportunity for customers, administrator and vendors to start conversation or dispute about an order right on the Order details page.','http://my.x-cart.com/sites/default/files/addons/XC/VendorMessages/icon.png','https://market.x-cart.com/addons/order-messages.html','','a:0:{}','a:2:{i:0;s:15:\"User experience\";i:1;s:14:\"Administration\";}',1,1,11,0,0,2,'a:3:{i:0;s:12:\"391_Business\";i:1;s:18:\"20598_Multi-vendor\";i:2;s:18:\"536881125_Ultimate\";}',0,0,0),(400,'Netsuite','Webgility','sales@webgility.com',0,0,0,0,0.0000,0,10,0.00,'USD','5.3',1,0,0,1474574400,296960,0,'Unify for NetSuite','Webgility','Unify for NetSuite - Manage your e-commerce business from one place.  Unify easily integrates X-Cart with NetSuite.','http://my.x-cart.com/sites/default/files/addons/Webgility/Netsuite/iconAlt.png','https://market.x-cart.com/addons/unify-for-netsuite.html','','a:0:{}','a:0:{}',1,0,0,0,0,0,'a:0:{}',0,0,0),(401,'AmazonFeeds','QSL','helpdesk@x-cart.com',0,0,0,0,0.0000,0,39,255.00,'USD','5.3',4,0,2,1461790800,2750976,0,'Amazon Feeds','Qualiteam','The module allows to upload products from your X-Cart store to Amazon one-by-one or in bulk, exporting product details, inventory, pricing and images.','http://my.x-cart.com/sites/default/files/addons/QSL/AmazonFeeds/icon.png','https://market.x-cart.com/addons/amazon-feeds.html','','a:0:{}','a:2:{i:0;s:14:\"Administration\";i:1;s:18:\"Catalog Management\";}',1,0,0,0,1,0,'a:0:{}',21033,0,0),(402,'EPL','QSL','helpdesk@x-cart.com',0,0,0,0,0.0000,0,19,355.00,'USD','5.3',2,0,2,1461877200,140288,0,'Lookup product details by UPC and name','Qualiteam','Get ready product data from external product libraries providing high quality product specifications, descriptions and images from official sources.','http://my.x-cart.com/sites/default/files/addons/QSL/EPL/icon.png','https://market.x-cart.com/addons/lookup-product-details-by-UPC-and-name.html','','a:0:{}','a:1:{i:0;s:18:\"Catalog Management\";}',1,0,0,0,1,0,'a:0:{}',21032,0,0),(403,'ZhTranslation','XC','helpdesk@x-cart.com',0,0,0,0,0.0000,0,74,0.00,'USD','5.3',2,0,0,0,573440,0,'Translation: Chinese','X-Cart team','Chinese translation pack','http://my.x-cart.com/sites/default/files/addons/XC/ZhTranslation/icon.png','https://market.x-cart.com/addons/translation-chinese.html','','a:0:{}','a:0:{}',1,0,0,0,0,0,'a:0:{}',0,0,0),(404,'Testimonials','CSI','support@cflsystems.com',0,0,0,0,0.0000,0,96,50.00,'USD','5.3',0,2,0,1462262780,298496,0,'Testimonials','CFL Systems, Inc.','This easy to use and powerful module allows your customers to leave testimonials about your store, products and/or services.','http://my.x-cart.com/sites/default/files/addons/CSI/Testimonials/icon.png','https://market.x-cart.com/addons/testimonials-by-cfl-systems.html','','a:0:{}','a:1:{i:0;s:15:\"User experience\";}',1,0,0,0,0,0,'a:0:{}',21110,0,0),(405,'RaboOmniKassaPayment','QSL','helpdesk@x-cart.com',0,0,0,0,0.0000,0,3,39.00,'USD','5.3',0,0,0,1465246800,59392,0,'Rabo OmniKassa','Qualiteam','Integration with Rabo OmniKassa payment gateway. Rabo OmniKassa is a secure, flexible online payment system. You can offer your customers various ways to pay for their orders.','http://my.x-cart.com/sites/default/files/addons/QSL/RaboOmniKassaPayment/icon.png','https://market.x-cart.com/addons/rabo-omnikassa.html','','a:0:{}','a:1:{i:0;s:18:\"Payment processing\";}',1,0,0,0,0,0,'a:0:{}',21035,0,0),(406,'Backup','QSL','helpdesk@x-cart.com',0,0,0,0,0.0000,0,417,49.00,'USD','5.3',4,0,2,1463554063,340992,0,'Backup Master','Qualiteam','Allows you to create full backups of your X-Cart 5 store.','http://my.x-cart.com/sites/default/files/addons/QSL/Backup/icon.png','https://market.x-cart.com/addons/backup-master.html','','a:0:{}','a:2:{i:0;s:14:\"Administration\";i:1;s:11:\"Development\";}',1,1,8,0,1,0,'a:0:{}',21036,0,0),(407,'BackgroundVideo','PerceptionSystemPvtLtd','xcart@perceptionsystem.com',0,0,0,0,0.0000,0,26,19.00,'USD','5.3',1,0,0,1464183079,1500160,0,'Background Video Banner','Perception System Pvt. Ltd.','New design trend to display Video at home page banner. Upload video or add You-tube Video as background with amazing Parallax effect. Best way to create trendy eCommerce Store.','http://my.x-cart.com/sites/default/files/addons/PerceptionSystemPvtLtd/BackgroundVideo/icon.png','https://market.x-cart.com/addons/background-video-banner-by-perception-system.html','','a:0:{}','a:4:{i:0;s:6:\"Design\";i:1;s:13:\"Design tweaks\";i:2;s:9:\"Marketing\";i:3;s:15:\"User experience\";}',1,0,0,0,0,0,'a:0:{}',21044,0,0),(408,'BulkEditing','XC','helpdesk@x-cart.com',0,0,0,0,0.0000,0,626,0.00,'USD','5.3',2,0,0,1464728400,225280,1,'Bulk Editing','X-Cart team','The module allows to edit products in bulk. Choose products for editing and select the parameter that needs to be updated for them.','http://my.x-cart.com/sites/default/files/addons/XC/BulkEditing/icon.png','https://market.x-cart.com/addons/bulk-editing.html','','a:0:{}','a:2:{i:0;s:14:\"Administration\";i:1;s:18:\"Catalog Management\";}',1,1,9,0,0,2,'a:3:{i:0;s:12:\"391_Business\";i:1;s:18:\"20598_Multi-vendor\";i:2;s:18:\"536881125_Ultimate\";}',0,0,0),(409,'CrispWhiteSkin','XC','helpdesk@x-cart.com',0,0,0,0,0.0000,0,1546,0.00,'USD','5.3',2,1,2,1464859695,1792000,0,'Crisp White skin','X-Cart team','Light and clean skin developed in minimalist style and combining flat and material design will make your store look clean and modern.','http://my.x-cart.com/sites/default/files/addons/XC/CrispWhiteSkin/icon.png','https://market.x-cart.com/xcart-templates/crisp-white-skin.html','','a:0:{}','a:1:{i:0;s:9:\"Templates\";}',1,0,0,0,0,0,'a:0:{}',0,0,0),(410,'FastLaneCheckout','XC','helpdesk@x-cart.com',0,0,0,0,0.0000,0,1100,0.00,'USD','5.3',2,1,2,1464814800,368640,0,'Fast Lane Checkout','X-Cart team','Modern multi-step checkout asks for a separate piece of information at a separate step. As a result, it looks looks clean for customers and seems secure and easy to fill in.','http://my.x-cart.com/sites/default/files/addons/XC/FastLaneCheckout/icon.png','https://market.x-cart.com/addons/fast-lane-checkout.html','','a:0:{}','a:2:{i:0;s:15:\"User experience\";i:1;s:18:\"Payment processing\";}',1,0,0,0,0,0,'a:0:{}',0,0,0),(411,'NewsletterSubscriptions','XC','helpdesk@x-cart.com',0,0,0,0,0.0000,0,888,0.00,'USD','5.3',1,3,0,1464814800,102400,0,'Newsletter subscriptions','X-Cart team','The module adds a sign up form into your site footer inviting your customers to subscribe for your company newsletters. The list of subscribers is stored in the admin back-end and can also be forwarded to Mailchimp.','http://my.x-cart.com/sites/default/files/addons/XC/NewsletterSubscriptions/icon.png','https://market.x-cart.com/addons/newsletter-subscriptions.html','','a:0:{}','a:2:{i:0;s:9:\"Marketing\";i:1;s:15:\"User experience\";}',1,0,0,0,0,0,'a:0:{}',0,0,0),(412,'TreeLikeCategoriesMenu','QSL','helpdesk@x-cart.com',0,0,0,0,0.0000,0,47,19.95,'USD','5.3',2,0,0,1465246800,32768,0,'Tree-like Categories Menu','Qualiteam','The module changes the default flyout categories menu in the Customer area by introducing a tree-like menu style. Requires Flyout Categories Menu module to be enabled','http://my.x-cart.com/sites/default/files/addons/QSL/TreeLikeCategoriesMenu/icon.png','https://market.x-cart.com/addons/tree-like-categories-menu.html','','a:1:{i:0;s:24:\"QSL\\FlyoutCategoriesMenu\";}','a:1:{i:0;s:13:\"Design tweaks\";}',1,0,0,0,1,0,'a:0:{}',21040,0,0),(413,'Returns','QSL','helpdesk@x-cart.com',0,0,0,0,0.0000,0,50,149.00,'USD','5.3',1,0,0,1465542101,326144,0,'Order returns','Qualiteam','Enable your customers to issue returns for their orders. Return requests are put into a queue, so they can be conveniently processed.','http://my.x-cart.com/sites/default/files/addons/QSL/Returns/icon.png','https://market.x-cart.com/addons/order-returns.html','','a:0:{}','a:2:{i:0;s:14:\"Administration\";i:1;s:11:\"Fulfillment\";}',1,1,7,0,0,0,'a:0:{}',21041,0,0),(414,'ColorSwatches','QSL','helpdesk@x-cart.com',0,0,0,0,0.0000,0,56,125.00,'USD','5.3',1,0,1,1466021870,166400,0,'Color swatches','Qualiteam','The module displays product options, such as color, fabric or design as clickable color swatches or small images on the product page.','http://my.x-cart.com/sites/default/files/addons/QSL/ColorSwatches/iconAlt.png','https://market.x-cart.com/addons/color-swatches.html','','a:0:{}','a:2:{i:0;s:18:\"Catalog Management\";i:1;s:13:\"Design tweaks\";}',1,1,6,0,1,0,'a:0:{}',21042,0,0),(415,'PriceCountdown','QSL','helpdesk@x-cart.com',0,0,0,0,0.0000,0,50,85.00,'USD','5.3',4,0,2,1466370000,162304,0,'Price countdown','Qualiteam','The module adds countdown widget to the product page, category page or cart page showing the number of days and hours/minutes/seconds left to the end of the offer.','http://my.x-cart.com/sites/default/files/addons/QSL/PriceCountdown/icon.png','https://market.x-cart.com/addons/price-countdown.html','','a:0:{}','a:1:{i:0;s:9:\"Marketing\";}',1,0,0,0,0,0,'a:0:{}',21043,0,0),(416,'XLSExportImport','QSL','helpdesk@x-cart.com',0,0,0,0,0.0000,0,46,85.00,'USD','5.3',1,0,2,1466021956,4841472,0,'Excel export / import','Qualiteam','The module adds an opportunity to export and import data in .xls (Excel 5), .xlsx (Excel 2007), .ods (OpenDocument) formats.','http://my.x-cart.com/sites/default/files/addons/QSL/XLSExportImport/icon.png','https://market.x-cart.com/addons/excel-export-import.html','','a:0:{}','a:1:{i:0;s:18:\"Catalog Management\";}',1,0,0,0,1,0,'a:0:{}',21045,0,0),(417,'Wufoo','QSL','helpdesk@x-cart.com',0,0,0,0,0.0000,0,8,39.00,'USD','5.3',1,0,1,1466024400,75776,0,'Wufoo','Qualiteam','Design forms in Wufoo and add them to your store static pages to collect various data from your customers.','http://my.x-cart.com/sites/default/files/addons/QSL/Wufoo/icon.png','https://market.x-cart.com/addons/wufoo.html','','a:1:{i:0;s:14:\"CDev\\SimpleCMS\";}','a:1:{i:0;s:18:\"Payment processing\";}',1,0,0,0,1,0,'a:0:{}',21046,0,0),(418,'MonkeyData','MonkeyData','partners@monkeydata.com',0,0,0,0,0.0000,0,48,0.00,'USD','5.3',0,0,0,1471208400,304128,0,'MonkeyData','MonkeyData','MonkeyData is the best analytics solution for your online store. Get the statistics of all your sales channels in one place! Metrics from X-Cart, Adwords, Amazon, eBay, Facebook and more in clear dashboards. ','http://my.x-cart.com/sites/default/files/addons/MonkeyData/MonkeyData/icon.png','','','a:0:{}','a:0:{}',1,0,0,0,1,0,'a:0:{}',0,0,0),(419,'Muut','QSL','helpdesk@x-cart.com',0,0,0,0,0.0000,0,0,39.00,'USD','5.3',1,0,1,1469566800,44544,0,'Muut','Qualiteam','Add comment and forum widgets to your site product and static pages, build your community and gain more returning customers.','http://my.x-cart.com/sites/default/files/addons/QSL/Muut/icon.png','https://market.x-cart.com/addons/muut.html','','a:1:{i:0;s:14:\"CDev\\SimpleCMS\";}','a:2:{i:0;s:15:\"User experience\";i:1;s:6:\"Social\";}',1,0,0,0,1,0,'a:0:{}',21053,0,0),(420,'Pnyxe','QSL','helpdesk@x-cart.com',0,0,0,0,0.0000,0,0,39.00,'USD','5.3',1,0,1,1469566800,47616,0,'Pnyxe','Qualiteam','Increase user engagement with Pnyxe which allows you to add forum widgets to static pages and comment widgets to product pages.','http://my.x-cart.com/sites/default/files/addons/QSL/Pnyxe/icon.png','https://market.x-cart.com/addons/pnyxe.html','','a:1:{i:0;s:14:\"CDev\\SimpleCMS\";}','a:2:{i:0;s:15:\"User experience\";i:1;s:6:\"Social\";}',1,0,0,0,1,0,'a:0:{}',21052,0,0),(421,'OneCategory','QSL','helpdesk@x-cart.com',0,0,0,0,0.0000,0,5,45.00,'USD','5.3',0,0,1,1469652645,24576,0,'One category','Qualiteam','The module disables categories functionality in the storefront, and all products from the store catalog are displayed on the homepage.','http://my.x-cart.com/sites/default/files/addons/QSL/OneCategory/icon.png','https://market.x-cart.com/addons/one-category.html','','a:0:{}','a:1:{i:0;s:18:\"Catalog Management\";}',1,0,0,0,0,0,'a:0:{}',21050,0,0),(422,'OneProduct','QSL','helpdesk@x-cart.com',0,0,0,0,0.0000,0,2,45.00,'USD','5.3',0,0,1,1469653200,47104,0,'One product','Qualiteam','This module changes the store to fit businesses selling one product only. It disables categories block, search block, breadcrumbs, and turns homepage into the product page.','http://my.x-cart.com/sites/default/files/addons/QSL/OneProduct/icon.png','https://market.x-cart.com/addons/one-product.html','','a:0:{}','a:1:{i:0;s:18:\"Catalog Management\";}',1,0,0,0,0,0,'a:0:{}',21051,0,0),(423,'MigrationWizard','XC','helpdesk@x-cart.com',0,0,0,0,0.0000,0,287,0.00,'USD','5.3',5,1,2,1469566800,787456,0,'Migration wizard (Beta)','X-Cart team','The module guarantees trouble-free migration from X-Cart 4 to X-Cart 5. It transfers data and settings, and as a result, you get a working store on a new platform within a few minutes.','http://my.x-cart.com/sites/default/files/addons/XC/MigrationWizard/icon.png','https://market.x-cart.com/addons/migration-wizard.html','','a:0:{}','a:2:{i:0;s:14:\"Administration\";i:1;s:18:\"Catalog Management\";}',1,1,4,0,0,0,'a:0:{}',0,0,0),(424,'Highlight','Webgility','sales@webgility.com',0,0,0,0,0.0000,0,25,0.00,'USD','5.3',1,0,0,1471809600,294400,0,'Highlight','Webgility','Highlight - Consolidate your multi-channel data and get a holistic view of your e-commerce business. See what matters to your business.','http://my.x-cart.com/sites/default/files/addons/Webgility/Highlight/iconAlt.png','https://market.x-cart.com/addons/quickBooks-pos-integration-by-webgility.html','','a:0:{}','a:0:{}',1,0,0,0,0,0,'a:0:{}',0,0,0),(425,'HoverImage','QSL','helpdesk@x-cart.com',0,0,0,0,0.0000,0,15,19.95,'USD','5.3',0,1,1,1471467600,45056,0,'Hover Image','Qualiteam','This module shows next product image on hover in a product list','http://my.x-cart.com/sites/default/files/addons/QSL/HoverImage/icon.png','https://market.x-cart.com/addons/hover-image.html','','a:0:{}','a:2:{i:0;s:13:\"Design tweaks\";i:1;s:15:\"User experience\";}',1,1,5,0,0,0,'a:0:{}',21070,0,0),(426,'CategoryDescription','CSI','support@cflsystems.com',0,0,0,0,0.0000,0,16,35.00,'USD','5.3',1,0,0,1473672439,47616,0,'Category Second Description','CFL Systems, Inc.','Category Second Description module adds an additional description field for categories.','http://my.x-cart.com/sites/default/files/addons/CSI/CategoryDescription/icon.png','https://market.x-cart.com/addons/category-second-description-by-cfl-systems.html','','a:0:{}','a:4:{i:0;s:18:\"Catalog Management\";i:1;s:9:\"Marketing\";i:2;s:3:\"SEO\";i:3;s:15:\"User experience\";}',1,0,3,0,0,0,'a:0:{}',21088,0,0),(427,'StandardRTLSkin','QSL','helpdesk@x-cart.com',0,0,0,0,0.0000,0,29,149.00,'USD','5.3',0,1,0,1473695087,38912,0,'RTL languages support','Qualiteam','The module adds RTL-languages support into the standard X-Cart skin.','http://my.x-cart.com/sites/default/files/addons/QSL/StandardRTLSkin/icon.png','https://market.x-cart.com/addons/standard-rtl-skin.html','','a:0:{}','a:1:{i:0;s:9:\"Templates\";}',1,0,2,0,0,0,'a:0:{}',21089,0,0),(428,'G2APay','G2APay','pay@g2a.com',0,0,0,0,0.0000,0,127,0.00,'USD','5.3',0,0,1,1474578000,53248,0,'G2A Pay','G2A Pay','G2A Pay is a global payment gateway providing a solution to accept 150+ payment methods to grow your sales. Your customers can use the checkout they trust and pay with the payment method they know. Connect to international customers by localizing their buying experience wherever they pay.','http://my.x-cart.com/sites/default/files/addons/G2APay/G2APay/icon.png','https://market.x-cart.com/addons/g2a-pay.html','','a:0:{}','a:1:{i:0;s:18:\"Payment processing\";}',1,1,1,0,0,0,'a:0:{}',0,0,0),(429,'Onehop','ScreenMagic','devinder@screen-magic.com',0,0,0,0,0.0000,0,47,0.00,'USD','5.3',0,0,0,1475179200,2236928,0,'Onehop SMS','Screenmagic','Onehop SMS extension offers features to engage with your customers at the crucial stages of purchase cycle. Users can configure automated SMS-based notifications to their customers during every step of your e-commerce purchase and fulfillment processes. \n\nOnehop SMS gives users the ability to send best quality of SMS via world’s best and leading SMS service providers. User will be able to send SMS globally via multiple gateways with a single API.   \n','http://my.x-cart.com/sites/default/files/addons/ScreenMagic/Onehop/iconAlt.png','https://market.x-cart.com/addons/onehop-sms.html','','a:0:{}','a:5:{i:0;s:11:\"Fulfillment\";i:1;s:9:\"Marketing\";i:2;s:14:\"Administration\";i:3;s:15:\"Mobile Commerce\";i:4;s:6:\"Orders\";}',1,0,0,0,0,0,'a:0:{}',0,0,0),(430,'OkpayPayment','OKPAY','mikhail.yakovenko@okpay.com',0,0,0,0,0.0000,0,8,49.00,'USD','5.3',2,0,0,1476158324,40960,0,'OKPAY Payment Gateway','OKPAY Dev team','OKPAY allows all types of payments \"in the single window\": Credit Cards, SMS payments aka \"Mobile Commerce\", e-currencies (WebMoney, Yandex.Money, WalletOne), Instant payment terminals, Internet-Banking, Cryptocurrencies.','http://my.x-cart.com/sites/default/files/addons/OKPAY/OkpayPayment/icon.png','https://market.x-cart.com/addons/okpay-payment-gateway.html','','a:0:{}','a:1:{i:0;s:18:\"Payment processing\";}',1,0,0,0,0,0,'a:0:{}',21117,0,0),(431,'AuthorizenetAcceptjs','QSL','helpdesk@x-cart.com',0,0,0,0,0.0000,0,73,39.00,'USD','5.3',7,0,0,1476976103,84480,0,'Authorize.Net Accept.js','Qualiteam','The module integrates your store with Authorize.Net Accept.js to accept payments in a PCI-DSS compliant way.','http://my.x-cart.com/sites/default/files/addons/QSL/AuthorizenetAcceptjs/icon.png','https://market.x-cart.com/addons/authorize-net-accept-js.html','','a:0:{}','a:1:{i:0;s:18:\"Payment processing\";}',1,0,0,0,0,0,'a:0:{}',21120,0,0),(432,'PaymentMemberships','QSL','helpdesk@x-cart.com',0,0,0,0,0.0000,0,3,99.00,'USD','5.3',0,0,0,1479148608,48128,0,'Memberships for payment methods','Qualiteam','Limit access to payment methods for your customers according to the membership levels the customers belong to.','http://my.x-cart.com/sites/default/files/addons/QSL/PaymentMemberships/icon.png','https://market.x-cart.com/addons/memberships-for-payment-methods.html','','a:0:{}','a:1:{i:0;s:18:\"Payment processing\";}',1,0,0,0,0,0,'a:0:{}',21121,0,0),(433,'AllForHome','QSL','helpdesk@x-cart.com',0,0,0,0,0.0000,0,12,149.00,'USD','5.3',0,4,0,1480066045,2123776,0,'All for Home','Qualiteam','Minimalist and neutral, this skin is perfect for any design you embark upon. And a wide variety of marketing options will impact your customers satisfaction.','http://my.x-cart.com/sites/default/files/addons/QSL/AllForHome/icon.png','https://market.x-cart.com/xcart-templates/all-for-home.html','','a:0:{}','a:1:{i:0;s:9:\"Templates\";}',1,0,0,0,0,0,'a:0:{}',21130,0,0),(434,'BlueSnap','XC','helpdesk@x-cart.com',0,0,0,0,0.0000,0,1,0.00,'USD','5.3',0,0,0,1480491060,133120,0,'BlueSnap','X-Cart team','The module integrates your X-Cart store with BlueSnap, a payment gateway providing a merchant account all in one solution. ','http://my.x-cart.com/sites/default/files/addons/XC/BlueSnap/iconAlt.png','https://market.x-cart.com/addons/blue-snap.html','','a:0:{}','a:1:{i:0;s:18:\"Payment processing\";}',1,0,0,0,0,0,'a:0:{}',0,0,0),(435,'CanadianTaxes','XC','helpdesk@x-cart.com',0,0,0,0,0.0000,0,12,0.00,'USD','5.3',0,1,2,1480104000,163840,0,'Canadian Taxes','X-Cart team','This module has been developed specially for calculating taxes in Canada (GST,PST,HST,QST). Once the module is enabled, you have all destination zones set up as well as provincial rates accordingly assigned.','http://my.x-cart.com/sites/default/files/addons/XC/CanadianTaxes/icon.png','https://market.x-cart.com/addons/canadian-taxes.html','','a:0:{}','a:1:{i:0;s:5:\"Taxes\";}',1,0,0,0,0,0,'a:0:{}',0,0,0),(436,'FroalaEditor','XC','helpdesk@x-cart.com',0,0,0,0,0.0000,0,129,0.00,'USD','5.3',0,1,2,1480104000,51200,0,'Froala WYSIWYG editor integration','X-Cart team','The new clean lightweight editor offers rich text editing capabilities. It’s fully compatible with X-Cart built-in Inline Editing tool.','http://my.x-cart.com/sites/default/files/addons/XC/FroalaEditor/icon.png','https://market.x-cart.com/addons/froala-wysiwyg-editor-integration.html','','a:0:{}','a:1:{i:0;s:14:\"Administration\";}',1,0,0,0,0,0,'a:0:{}',0,0,0),(437,'OrdersImport','XC','helpdesk@x-cart.com',0,0,0,0,0.0000,0,37,0.00,'USD','5.3',0,0,0,1480104000,71680,0,'Order import','X-Cart team','The module extends default import functionality and adds an opportunity to add new orders or edit existing orders using the import tool.','http://my.x-cart.com/sites/default/files/addons/XC/OrdersImport/icon.png','https://market.x-cart.com/addons/orders-import.html','','a:0:{}','a:1:{i:0;s:6:\"Orders\";}',1,0,0,0,0,0,'a:0:{}',0,0,0),(438,'AlcoholicBeverage','TemplateMonster','support@x-cart.com',0,0,0,0,0.0000,0,1,139.00,'USD','5.3',0,0,1,1480685893,3051008,0,'Alcoholic Beverage','TemplateMonster.com','This dark color scheme is a perfect choice for an alcoholic beverage store. Banner slides and drop-down menus are here to make your website even more appealing.','http://my.x-cart.com/sites/default/files/addons/TemplateMonster/AlcoholicBeverage/icon.png','https://market.x-cart.com/xcart-templates/alcoholic-beverage.html','','a:0:{}','a:1:{i:0;s:9:\"Templates\";}',1,0,0,0,0,0,'a:0:{}',21131,0,0),(439,'SportsClothesEquipment','TemplateMonster','support@x-cart.com',0,0,0,0,0.0000,0,1,139.00,'USD','5.3',1,0,2,1480680041,3473408,0,'Sports Clothes Equipment','TemplateMonster.com','Clean and modern, this theme is perfect for stores selling sports clothing & equipment. A full-width slider, a parallax banner and other animated elements are here to retain your customers’ attention.','http://my.x-cart.com/sites/default/files/addons/TemplateMonster/SportsClothesEquipment/icon.png','https://market.x-cart.com/xcart-templates/sports-clothes-equipment.html','','a:0:{}','a:1:{i:0;s:9:\"Templates\";}',1,0,0,0,0,0,'a:0:{}',21132,0,0),(440,'TrustedVendors','XC','helpdesk@x-cart.com',0,0,0,0,0.0000,0,5,0.00,'USD','5.3',0,0,2,1480531200,143360,1,'Trusted/Non-trusted vendors','X-Cart team','The module allows the admin to mark vendors as trusted and non-trusted.  Products added by the trusted vendors will be visible to your store visitors right away, those of non-trusted vendors will appear on the storefront only after the approval.','http://my.x-cart.com/sites/default/files/addons/XC/TrustedVendors/icon.png','https://market.x-cart.com/addons/trusted-vendors.html','','a:1:{i:0;s:14:\"XC\\MultiVendor\";}','a:2:{i:0;s:14:\"Administration\";i:1;s:18:\"Catalog Management\";}',1,0,0,0,0,2,'a:2:{i:0;s:18:\"20598_Multi-vendor\";i:1;s:18:\"536881125_Ultimate\";}',0,0,0),(441,'Fireworks','TemplateMonster','support@x-cart.com',0,0,0,0,0.0000,0,1,139.00,'USD','5.3',0,0,1,1480686423,1870848,0,'Fireworks','TemplateMonster.com','This flat high-contrast theme is a perfect fit for stores selling fireworks and car accessories. A full-width slider, semi-transparent bars and bright colors showcase your products in the most enticing way.','http://my.x-cart.com/sites/default/files/addons/TemplateMonster/Fireworks/icon.png','https://market.x-cart.com/xcart-templates/fireworks.html','','a:0:{}','a:1:{i:0;s:9:\"Templates\";}',1,0,0,0,0,0,'a:0:{}',21135,0,0),(442,'ScubaDivingEquipment','TemplateMonster','support@x-cart.com',0,0,0,0,0.0000,0,1,139.00,'USD','5.3',1,0,2,1480686451,5294080,0,'Scuba Diving Equipment','TemplateMonster.com','Clean and modern, Scuba Diving Equipment theme is the right choice for stores selling scuba diving gear other sporting goods. Animated elements, cloud zoom and full-width slider are here to grab your users’ attention.','http://my.x-cart.com/sites/default/files/addons/TemplateMonster/ScubaDivingEquipment/icon.png','https://market.x-cart.com/xcart-templates/scuba-diving-equipment.html','','a:0:{}','a:1:{i:0;s:9:\"Templates\";}',1,0,0,0,0,0,'a:0:{}',21133,0,0),(443,'ShowRoom','QSL','helpdesk@x-cart.com',0,0,0,0,0.0000,0,0,225.00,'USD','5.3',0,0,0,1480599350,475648,0,'Show Room','Qualiteam','Turn any category into a showroom: add an image demonstrating your products, define products’ areas on the image, add pricing, titles and links to each area. Upon click on the area a customer is redirected to the product or category page.','http://my.x-cart.com/sites/default/files/addons/QSL/ShowRoom/icon.png','https://market.x-cart.com/addons/showroom.html','','a:0:{}','a:1:{i:0;s:9:\"Marketing\";}',1,0,0,0,0,0,'a:0:{}',21134,0,0),(444,'FbMessengerBot','QSL','helpdesk@x-cart.com',0,0,0,0,0.0000,0,16,0.00,'USD','5.3',0,0,0,1481039516,74752,0,'Djinni – e-commerce chatbot','Qualiteam','Set up Facebook Messenger chat-bot that answers questions of your customers and sells them products through chat','http://my.x-cart.com/sites/default/files/addons/QSL/FbMessengerBot/iconAlt.png','https://market.x-cart.com/addons/djinni-e-commerce-chatbot.html','','a:0:{}','a:0:{}',1,0,0,0,0,0,'a:0:{}',0,0,0),(445,'ChristmasDecor','PerceptionSystemPvtLtd','xcart@perceptionsystem.com',0,0,0,0,0.0000,0,0,19.90,'USD','5.3',0,0,0,1480945021,91136,0,'X-Cart Christmas Decoration','Perception System Pvt. Ltd.','Our Christmas Decoration x-cart Module provide facility to introduce festival christmas look for your x-cart store. This Christmas decoration module provide three layers of Snow Flake effects with body and header background images which you can upload it from back-end and also many more different admin manageable configurations available.','http://my.x-cart.com/sites/default/files/addons/PerceptionSystemPvtLtd/ChristmasDecor/iconAlt.png','https://market.x-cart.com/addons/x-cart-christmas-decoration.html','','a:0:{}','a:4:{i:0;s:6:\"Design\";i:1;s:13:\"Design tweaks\";i:2;s:9:\"Templates\";i:3;s:15:\"User experience\";}',1,0,0,0,0,0,'a:0:{}',21137,0,0),(446,'XCartCDN','CSI','support@cflsystems.com',0,0,0,0,0.0000,0,5,45.00,'USD','5.3',0,0,0,1481277752,41984,0,'XCartCDN','CFL Systems, Inc.','This module allows you to setup your store to use CDN for images, css and js files.','http://my.x-cart.com/sites/default/files/addons/CSI/XCartCDN/icon.png','https://market.x-cart.com/addons/xcartcdn-by-cfl-systems.html','','a:0:{}','a:3:{i:0;s:18:\"Catalog Management\";i:1;s:3:\"SEO\";i:2;s:15:\"User experience\";}',1,0,0,0,0,0,'a:0:{}',21138,0,0),(447,'SocialLogin','STaM','support@buyyy.ru',0,0,0,0,0.0000,0,0,39.99,'USD','5.3',0,0,0,1481308063,38400,0,'Login with Vk.com / Ok.ru','STaM LLC','The module allows your customers to sign in with their Odnoklassniki and VKontakte accounts.','http://my.x-cart.com/sites/default/files/addons/STaM/SocialLogin/iconAlt.png','https://market.x-cart.com/addons/login-social-odnoklassniki-vkontakte.html','','a:1:{i:0;s:16:\"CDev\\SocialLogin\";}','a:2:{i:0;s:10:\"Accounting\";i:1;s:6:\"Social\";}',1,0,0,0,0,0,'a:0:{}',21136,0,0),(448,'QRCodeGenerator','QSL','helpdesk@x-cart.com',0,0,0,0,0.0000,0,52,0.00,'USD','5.3',0,0,0,1481614430,150016,0,'QR Code Generator','Qualiteam','Generate and display QR codes.','http://my.x-cart.com/sites/default/files/addons/QSL/QRCodeGenerator/iconAlt.png','https://market.x-cart.com/addons/qr-code-generator.html','','a:0:{}','a:0:{}',1,0,0,0,0,0,'a:0:{}',0,0,0),(449,'JsonApi','QSL','helpdesk@x-cart.com',0,0,0,0,0.0000,0,34,0.00,'USD','5.3',1,0,0,1481614830,303616,0,'JSON API','Qualiteam','Allows external services to access your shop data using popular JSON format.','http://my.x-cart.com/sites/default/files/addons/QSL/JsonApi/iconAlt.png','https://market.x-cart.com/addons/json-api.html','','a:0:{}','a:0:{}',1,0,0,0,0,0,'a:0:{}',0,0,0),(450,'Malabi','Camera51','info@malabi.co',0,0,0,0,0.0000,0,36,0.00,'USD','5.3',0,0,2,1481721166,78336,0,'Malabi Background Remover','Camera51','The automatic image background remover by Malabi will quickly and automatically remove the background from any product photo. Our patented technology does all the work for you.','http://my.x-cart.com/sites/default/files/addons/Camera51/Malabi/iconAlt.png','https://market.x-cart.com/addons/malabi-background-remover.html','','a:0:{}','a:4:{i:0;s:18:\"Catalog Management\";i:1;s:6:\"Design\";i:2;s:8:\"Products\";i:3;s:15:\"User experience\";}',1,0,0,0,1,0,'a:0:{}',0,0,0),(451,'TrendyFashion','TemplateMonster','support@x-cart.com',0,0,0,0,0.0000,0,3,139.00,'USD','5.3',0,0,1,1481883951,2077184,0,'Trendy Fashion','TemplateMonster.com','Stylish and neat, with neutral soft beige accents, this template is a perfect fit for fashion stores.\r\n','http://my.x-cart.com/sites/default/files/addons/TemplateMonster/TrendyFashion/icon.png','https://market.x-cart.com/xcart-templates/trendy-fashion.html','','a:0:{}','a:1:{i:0;s:9:\"Templates\";}',1,0,0,0,0,0,'a:0:{}',21145,0,0),(452,'Backorder','QSL','helpdesk@x-cart.com',0,0,0,0,0.0000,0,2,139.00,'USD','5.3',0,0,0,1482410551,80384,0,'Backorder / Preorder','Qualiteam','Allow customers to purchase products that are not in stock at the moment and ship these goods to them upon arrival.','http://my.x-cart.com/sites/default/files/addons/QSL/Backorder/iconAlt.png','https://market.x-cart.com/addons/backorder-preorder.html','','a:0:{}','a:0:{}',1,0,0,0,0,0,'a:0:{}',21165,0,0),(453,'MakeAnOffer','CSI','support@cflsystems.com',0,0,0,0,0.0000,0,0,65.00,'USD','5.3',0,1,0,1483435162,241664,0,'Make an Offer','CFL Systems, Inc.','Make an Offer module allows customers to submit an offer to purchase listed products and services.','http://my.x-cart.com/sites/default/files/addons/CSI/MakeAnOffer/iconAlt.png','https://market.x-cart.com/addons/make-an-offer-by-cfl-systems.html','','a:0:{}','a:3:{i:0;s:18:\"Catalog Management\";i:1;s:8:\"Products\";i:2;s:15:\"User experience\";}',1,0,0,0,0,0,'a:0:{}',21166,0,0),(454,'PriceMatchRequest','CSI','support@cflsystems.com',0,0,0,0,0.0000,0,0,65.00,'USD','5.3',0,1,0,1483435108,244736,0,'Price Match Request','CFL Systems, Inc.','Price Match Request add-on allows customers to submit a request for price match based on competitor\'s product price.','http://my.x-cart.com/sites/default/files/addons/CSI/PriceMatchRequest/iconAlt.png','https://market.x-cart.com/addons/price-match-request-by-cfl-systems.html','','a:0:{}','a:3:{i:0;s:18:\"Catalog Management\";i:1;s:8:\"Products\";i:2;s:15:\"User experience\";}',1,0,0,0,0,0,'a:0:{}',21167,0,0);
CREATE TABLE `xlite_money_modificators` (
  `id` int(10) unsigned NOT NULL AUTO_INCREMENT,
  `class` varchar(255) COLLATE utf8_unicode_ci NOT NULL,
  `modificator` varchar(64) COLLATE utf8_unicode_ci NOT NULL,
  `validator` varchar(64) COLLATE utf8_unicode_ci NOT NULL,
  `position` int(11) NOT NULL,
  `behavior` varchar(64) COLLATE utf8_unicode_ci NOT NULL,
  `purpose` varchar(64) COLLATE utf8_unicode_ci NOT NULL,
  PRIMARY KEY (`id`)
) ENGINE=InnoDB DEFAULT CHARSET=utf8 COLLATE=utf8_unicode_ci;
INSERT INTO `xlite_money_modificators` VALUES (1,'XLite\\Logic\\AttributeSurcharge','modifyMoney','isApply',10,'','net'),(2,'XLite\\Module\\CDev\\Sale\\Logic\\SalePrice','modifyMoney','isApply',5,'','net'),(3,'XLite\\Module\\CDev\\Sale\\Logic\\PercentOff','modifyMoney','isApply',500,'','net');
CREATE TABLE `xlite_news` (
  `id` int(10) unsigned NOT NULL AUTO_INCREMENT,
  `enabled` tinyint(1) NOT NULL,
  `date` int(11) NOT NULL,
  `metaDescType` varchar(1) COLLATE utf8_unicode_ci NOT NULL,
  PRIMARY KEY (`id`),
  KEY `enabled` (`enabled`)
) ENGINE=InnoDB DEFAULT CHARSET=utf8 COLLATE=utf8_unicode_ci;
CREATE TABLE `xlite_news_message_translations` (
  `label_id` int(11) NOT NULL AUTO_INCREMENT,
  `id` int(10) unsigned DEFAULT NULL,
  `name` varchar(255) COLLATE utf8_unicode_ci NOT NULL,
  `body` longtext COLLATE utf8_unicode_ci NOT NULL,
  `brief_description` longtext COLLATE utf8_unicode_ci NOT NULL,
  `metaTags` varchar(255) COLLATE utf8_unicode_ci NOT NULL,
  `metaDesc` longtext COLLATE utf8_unicode_ci NOT NULL,
  `metaTitle` varchar(255) COLLATE utf8_unicode_ci NOT NULL,
  `code` char(2) COLLATE utf8_unicode_ci NOT NULL,
  PRIMARY KEY (`label_id`),
  KEY `ci` (`code`,`id`),
  KEY `id` (`id`),
  CONSTRAINT `FK_31246BD0BF396750` FOREIGN KEY (`id`) REFERENCES `xlite_news` (`id`) ON DELETE CASCADE
) ENGINE=InnoDB DEFAULT CHARSET=utf8 COLLATE=utf8_unicode_ci;
CREATE TABLE `xlite_newsletter_subscriptions_subscribers` (
  `id` int(10) unsigned NOT NULL AUTO_INCREMENT,
  `profile_id` int(11) DEFAULT NULL,
  `email` varchar(255) COLLATE utf8_unicode_ci NOT NULL,
  PRIMARY KEY (`id`),
  UNIQUE KEY `email` (`email`),
  KEY `IDX_D0911E5FCCFA12B8` (`profile_id`),
  CONSTRAINT `FK_D0911E5FCCFA12B8` FOREIGN KEY (`profile_id`) REFERENCES `xlite_profiles` (`profile_id`) ON DELETE SET NULL
) ENGINE=InnoDB DEFAULT CHARSET=utf8 COLLATE=utf8_unicode_ci;
CREATE TABLE `xlite_notification_translations` (
  `label_id` int(11) NOT NULL AUTO_INCREMENT,
  `id` varchar(255) COLLATE utf8_unicode_ci DEFAULT NULL,
  `name` varchar(128) COLLATE utf8_unicode_ci NOT NULL,
  `description` longtext COLLATE utf8_unicode_ci NOT NULL,
  `customerSubject` varchar(255) COLLATE utf8_unicode_ci NOT NULL,
  `customerText` longtext COLLATE utf8_unicode_ci NOT NULL,
  `adminSubject` varchar(255) COLLATE utf8_unicode_ci NOT NULL,
  `adminText` longtext COLLATE utf8_unicode_ci NOT NULL,
  `code` char(2) COLLATE utf8_unicode_ci NOT NULL,
  PRIMARY KEY (`label_id`),
  KEY `ci` (`code`,`id`),
  KEY `id` (`id`),
  CONSTRAINT `FK_3F6179FEBF396750` FOREIGN KEY (`id`) REFERENCES `xlite_notifications` (`templatesDirectory`) ON DELETE CASCADE
) ENGINE=InnoDB DEFAULT CHARSET=utf8 COLLATE=utf8_unicode_ci;
INSERT INTO `xlite_notification_translations` VALUES (1,'failed_admin_login','Failed admin login','The notification is sent to the email address of the admin user for whose account failed login attempts have been detected several times in a row. A copy of the message is also sent to the store’s super admin user.','','','WARNING! Administrator login failure','Failed administrator login detected.','en'),(2,'low_limit_warning','Low limit warning','This message is used to notify the administrator when the stock level of a product reaches the low stock limit as specified in the product details.','','','Low stock warning','The inventory level of a product in your store has reached the low limit.','en'),(3,'order_advanced_changed','Order changed with advanced order management','This message is sent to notify the customer of any changes made to their order by an administrator using the advanced order management feature.','Your order has been changed','Your order has been changed by customer service. Here are the details of your order:','','','en'),(4,'order_canceled','Order canceled','This notification is sent to both the administrator and customer when an order gets the status Canceled.','Your order has been canceled','Your order has been canceled.','Order has been canceled','Order has been canceled.','en'),(5,'order_changed','Order changed','This notification is sent to both the administrator and customer when the status of an order is updated - in the event that no other type of notification is sent.','Your order has been changed','Your order has been changed. Here are the details of your order:','Order has been changed','Order has been changed.','en'),(6,'order_created','Order created','This notification is sent to both the administrator and customer when a new order is created (Disabled by default).','Order has been created','Thank you for shopping with us! We received your order.<br />You will receive an order confirmation once your order is processed.','Order has been created','Order has been created.','en'),(7,'order_failed','Order declined','This notification is sent to both the administrator and customer when an order gets the status Declined.','Your order has been declined','The status of your order has been changed to \"Declined\". This could be for one of the following reasons:<br />1) The order was declined by the store administrator.<br />2) The payment could not be processed at the time of order placement.<br />For more information, please contact the store administrator.','Order has been declined','Order has been declined.','en'),(8,'order_processed','Order processed','This notification is sent to both the administrator and customer when an order gets the status Paid.','Order confirmation','Your order has been processed. Thank you for your business.<br />We will notify you by email of any further order status updates.','Order has been processed','Order has been processed.','en'),(9,'order_shipped','Order shipped','This notification is sent to both the administrator and customer when an order gets the status Shipped.','Your order has been shipped','Your order has been shipped. Thank you for your business.<br />Please come back soon!','','','en'),(10,'order_tracking_information','Order tracking information','This notification is sent to the customer when an administrator clicks the \"Send tracking information to customer\" button.','Your order tracking information','Here are the tracking details for your order','','','en'),(11,'profile_created','User profile created','This notification is sent to both the administrator and customer when a new customer profile is created.','Welcome!','Thank you for registering with us.','New user registration','A new user profile has been registered:','en'),(12,'profile_deleted','User profile deleted','This notification is sent to the administrator when a customer profile is deleted.','','','User profile has been deleted','The following user profile has been deleted:','en'),(13,'profile_modified','User profile modified','This notification is sent to both the administrator and customer when a user profile is updated.','Your profile has been modified','Your profile has been modified. To view your profile information, log in at our site.','User profile has been modified','The user profile has been modified.','en'),(14,'recover_password_request','Password reset request','This notification is sent to the user when a password reset is requested for their account.','Confirm password reset request','<p>You have received this message because you requested to reset your forgotten password.<br />If you did not submit such a request, it might mean that somebody was trying to gain access to your account.</p><p>To confirm that this request was submitted by you, click on the link below<br/>(If the link does not work, please copy and paste the entire URL into your browser\'s address bar and press Enter).</p>','Confirm password reset request','<p>You have received this message because you requested to reset your forgotten password.<br />If you did not submit such a request, it might mean that somebody was trying to gain access to your account.</p><p>To confirm that this request was submitted by you, click on the link below<br/>(If the link does not work, please copy and paste the entire URL into your browser\'s address bar and press Enter).</p>','en'),(15,'register_anonymous','User account created for guest buyer based on order info','This notification is sent to the customer when a customer profile is created for them by the store administrator based on a previously created order.','User account created','<p>Thank you for shopping with us! We noticed that one or more orders you made at our store were placed using guest checkout. We appreciate your business and look forward to continue serving you in the future. For your convenience, we created an account for you at our store. The account stores all the information about your previous orders with us.</p><p>To log in to your account, please use the following credentials:<br />(The password can be changed in your account profile.)</p>','','','en'),(16,'failed_transaction','Failed transaction','This notification is sent to the administrator if payment transaction was failed','','','Failed transaction','','en'),(17,'modules/CDev/ContactUs/message','Contact us form submitted (Contact us module)','This notification is sent to the administrator when someone submits a request via the \"Contact us\" form.','','','Someone has used the Contact us form','','en'),(18,'modules/CDev/ContactUs/message','Заполнена форма для связи с администрацией магазина (модуль Contact us)','Данное сообщение используется для оповещения администратора в случае поступления в адрес магазина обращения через форму для связи с администрацией.','','','Поступило обращение через форму для связи с администрацией магазина','','ru'),(19,'modules/XC/Reviews/new_review','New product review submitted - (Product Reviews module)','This message is used to notify the administrator when a customer submits a new product review.','','','A new review has been submitted','','en'),(20,'modules/XC/Reviews/new_review','Получен новый отзыв о товаре - (модуль Product Reviews)','Данное сообщение используется для уведомления администратора о том, что клиент оставил отзыв о каком-либо товаре.','','','Получен новый отзыв о товаре','','ru'),(21,'modules/XC/CanadaPost/return_approved','Return request approved (Canada Post module)','This notification is sent to the customer if their request to return a product via Canada Post is approved by the administrator.','Your return request has been approved','Your return request has been approved','','','en'),(22,'modules/XC/CanadaPost/return_approved','Запрос на возврат товара одобрен (модуль Canada Post)','Данное сообщение отправляется покупателю в случае, если его запрос на возврат товара с пересылкой службой Canada Post получает одобрение администратора.','Ваш запрос на возврат товара одобрен','Ваш запрос на возврат товара одобрен','','','ru'),(23,'modules/XC/CanadaPost/return_rejected','Return request rejected (Canada Post module)','This notification is sent to the customer if their request to return a product via Canada Post is rejected by the administrator.','Your return request has been rejected','Your return request has been rejected','','','en'),(24,'modules/XC/CanadaPost/return_rejected','Запрос на возврат товара отклонен (модуль Canada Post)','Данное сообщение отправляется покупателю в случае, если его запрос на возврат товара с пересылкой службой Canada Post отклоняется администратором.','Ваш запрос на возврат товара отклонен','Ваш запрос на возврат товара отклонен','','','ru');
CREATE TABLE `xlite_notifications` (
  `templatesDirectory` varchar(255) COLLATE utf8_unicode_ci NOT NULL,
  `availableForAdmin` tinyint(1) NOT NULL,
  `availableForCustomer` tinyint(1) NOT NULL,
  `enabledForAdmin` tinyint(1) NOT NULL,
  `enabledForCustomer` tinyint(1) NOT NULL,
  `adminHeaderEnabled` tinyint(1) NOT NULL,
  `adminGreetingEnabled` tinyint(1) NOT NULL,
  `adminSignatureEnabled` tinyint(1) NOT NULL,
  `customerHeaderEnabled` tinyint(1) NOT NULL,
  `customerGreetingEnabled` tinyint(1) NOT NULL,
  `customerSignatureEnabled` tinyint(1) NOT NULL,
  PRIMARY KEY (`templatesDirectory`),
  UNIQUE KEY `UNIQ_26039A9958BB5391` (`templatesDirectory`)
) ENGINE=InnoDB DEFAULT CHARSET=utf8 COLLATE=utf8_unicode_ci;
INSERT INTO `xlite_notifications` VALUES ('failed_admin_login',1,0,1,0,1,0,1,1,1,1),('failed_transaction',1,0,1,0,1,0,1,1,1,1),('low_limit_warning',0,0,1,0,1,0,1,1,1,1),('modules/CDev/ContactUs/message',0,0,1,0,1,0,1,1,1,1),('modules/XC/CanadaPost/return_approved',0,1,0,1,1,0,1,1,1,1),('modules/XC/CanadaPost/return_rejected',0,1,0,1,1,0,1,1,1,1),('modules/XC/Reviews/new_review',1,0,1,0,1,0,1,0,0,0),('order_advanced_changed',0,1,0,1,0,0,1,0,1,1),('order_canceled',1,1,1,1,0,0,1,0,1,1),('order_changed',1,1,1,1,0,0,1,0,1,1),('order_created',1,1,1,1,0,0,1,0,1,1),('order_failed',1,1,1,1,0,0,1,0,1,1),('order_processed',1,1,1,1,0,0,1,0,1,1),('order_shipped',0,1,0,1,0,0,1,0,1,1),('order_tracking_information',0,0,0,1,0,0,1,0,1,1),('profile_created',1,1,0,1,1,0,1,1,1,1),('profile_deleted',1,0,0,0,1,0,1,1,1,1),('profile_modified',1,1,0,1,1,0,1,1,1,1),('recover_password_request',0,0,1,1,1,0,1,1,1,1),('register_anonymous',0,1,0,1,1,0,1,1,1,1);
CREATE TABLE `xlite_order_capost_office` (
  `id` int(10) unsigned NOT NULL AUTO_INCREMENT,
  `officeId` char(10) COLLATE utf8_unicode_ci NOT NULL,
  `name` varchar(40) COLLATE utf8_unicode_ci NOT NULL,
  `location` varchar(40) COLLATE utf8_unicode_ci NOT NULL,
  `distance` decimal(12,2) NOT NULL,
  `bilingualDesignation` tinyint(1) NOT NULL,
  `city` varchar(40) COLLATE utf8_unicode_ci NOT NULL,
  `latitude` decimal(15,5) NOT NULL,
  `longitude` decimal(15,5) NOT NULL,
  `postalCode` varchar(20) COLLATE utf8_unicode_ci NOT NULL,
  `province` varchar(64) COLLATE utf8_unicode_ci NOT NULL,
  `officeAddress` varchar(64) COLLATE utf8_unicode_ci NOT NULL,
  `workingHours` longtext COLLATE utf8_unicode_ci NOT NULL COMMENT '(DC2Type:array)',
  `orderId` int(11) DEFAULT NULL,
  PRIMARY KEY (`id`),
  UNIQUE KEY `UNIQ_CE3DE61FFA237437` (`orderId`),
  CONSTRAINT `FK_CE3DE61FFA237437` FOREIGN KEY (`orderId`) REFERENCES `xlite_orders` (`order_id`) ON DELETE CASCADE
) ENGINE=InnoDB DEFAULT CHARSET=utf8 COLLATE=utf8_unicode_ci;
CREATE TABLE `xlite_order_capost_parcel_items` (
  `id` int(11) NOT NULL AUTO_INCREMENT,
  `amount` int(11) NOT NULL,
  `parcelId` int(11) DEFAULT NULL,
  `orderItemId` int(11) DEFAULT NULL,
  PRIMARY KEY (`id`),
  KEY `IDX_18699C805A9ACC87` (`parcelId`),
  KEY `IDX_18699C80BBF22A26` (`orderItemId`),
  CONSTRAINT `FK_18699C80BBF22A26` FOREIGN KEY (`orderItemId`) REFERENCES `xlite_order_items` (`item_id`) ON DELETE CASCADE,
  CONSTRAINT `FK_18699C805A9ACC87` FOREIGN KEY (`parcelId`) REFERENCES `xlite_order_capost_parcels` (`id`) ON DELETE CASCADE
) ENGINE=InnoDB DEFAULT CHARSET=utf8 COLLATE=utf8_unicode_ci;
CREATE TABLE `xlite_order_capost_parcel_manifest_link_storage` (
  `id` int(10) unsigned NOT NULL AUTO_INCREMENT,
  `path` varchar(512) COLLATE utf8_unicode_ci NOT NULL,
  `fileName` varchar(255) COLLATE utf8_unicode_ci NOT NULL,
  `mime` varchar(128) COLLATE utf8_unicode_ci NOT NULL,
  `storageType` varchar(1) COLLATE utf8_unicode_ci NOT NULL,
  `size` int(10) unsigned NOT NULL,
  `date` int(10) unsigned NOT NULL,
  `linkId` int(11) DEFAULT NULL,
  PRIMARY KEY (`id`),
  UNIQUE KEY `UNIQ_73059AC5AEC98E42` (`linkId`),
  CONSTRAINT `FK_73059AC5AEC98E42` FOREIGN KEY (`linkId`) REFERENCES `xlite_order_capost_parcel_manifest_links` (`id`) ON DELETE CASCADE
) ENGINE=InnoDB DEFAULT CHARSET=utf8 COLLATE=utf8_unicode_ci;
CREATE TABLE `xlite_order_capost_parcel_manifest_links` (
  `id` int(11) NOT NULL AUTO_INCREMENT,
  `rel` varchar(255) COLLATE utf8_unicode_ci NOT NULL,
  `href` varchar(255) COLLATE utf8_unicode_ci NOT NULL,
  `idx` int(11) DEFAULT NULL,
  `mediaType` varchar(255) COLLATE utf8_unicode_ci NOT NULL,
  `manifestId` int(11) DEFAULT NULL,
  PRIMARY KEY (`id`),
  KEY `IDX_7FE471EA99AD4367` (`manifestId`),
  CONSTRAINT `FK_7FE471EA99AD4367` FOREIGN KEY (`manifestId`) REFERENCES `xlite_order_capost_parcel_manifests` (`id`) ON DELETE CASCADE
) ENGINE=InnoDB DEFAULT CHARSET=utf8 COLLATE=utf8_unicode_ci;
CREATE TABLE `xlite_order_capost_parcel_manifests` (
  `id` int(11) NOT NULL AUTO_INCREMENT,
  `poNumber` varchar(255) COLLATE utf8_unicode_ci DEFAULT NULL,
  `rel` varchar(255) COLLATE utf8_unicode_ci NOT NULL,
  `href` varchar(255) COLLATE utf8_unicode_ci NOT NULL,
  `idx` int(11) DEFAULT NULL,
  `mediaType` varchar(255) COLLATE utf8_unicode_ci NOT NULL,
  PRIMARY KEY (`id`)
) ENGINE=InnoDB DEFAULT CHARSET=utf8 COLLATE=utf8_unicode_ci;
CREATE TABLE `xlite_order_capost_parcel_shipment` (
  `id` int(11) NOT NULL AUTO_INCREMENT,
  `shipmentId` varchar(32) COLLATE utf8_unicode_ci NOT NULL,
  `shipmentStatus` varchar(14) COLLATE utf8_unicode_ci DEFAULT NULL,
  `trackingPin` varchar(16) COLLATE utf8_unicode_ci DEFAULT NULL,
  `returnTrackingPin` varchar(16) COLLATE utf8_unicode_ci DEFAULT NULL,
  `poNumber` varchar(32) COLLATE utf8_unicode_ci DEFAULT NULL,
  `parcelId` int(11) DEFAULT NULL,
  PRIMARY KEY (`id`),
  UNIQUE KEY `UNIQ_7954C1A5A9ACC87` (`parcelId`),
  CONSTRAINT `FK_7954C1A5A9ACC87` FOREIGN KEY (`parcelId`) REFERENCES `xlite_order_capost_parcels` (`id`) ON DELETE CASCADE
) ENGINE=InnoDB DEFAULT CHARSET=utf8 COLLATE=utf8_unicode_ci;
CREATE TABLE `xlite_order_capost_parcel_shipment_link_storage` (
  `id` int(10) unsigned NOT NULL AUTO_INCREMENT,
  `path` varchar(512) COLLATE utf8_unicode_ci NOT NULL,
  `fileName` varchar(255) COLLATE utf8_unicode_ci NOT NULL,
  `mime` varchar(128) COLLATE utf8_unicode_ci NOT NULL,
  `storageType` varchar(1) COLLATE utf8_unicode_ci NOT NULL,
  `size` int(10) unsigned NOT NULL,
  `date` int(10) unsigned NOT NULL,
  `linkId` int(11) DEFAULT NULL,
  PRIMARY KEY (`id`),
  UNIQUE KEY `UNIQ_82EA5F8AAEC98E42` (`linkId`),
  CONSTRAINT `FK_82EA5F8AAEC98E42` FOREIGN KEY (`linkId`) REFERENCES `xlite_order_capost_parcel_shipment_links` (`id`) ON DELETE CASCADE
) ENGINE=InnoDB DEFAULT CHARSET=utf8 COLLATE=utf8_unicode_ci;
CREATE TABLE `xlite_order_capost_parcel_shipment_links` (
  `id` int(11) NOT NULL AUTO_INCREMENT,
  `rel` varchar(255) COLLATE utf8_unicode_ci NOT NULL,
  `href` varchar(255) COLLATE utf8_unicode_ci NOT NULL,
  `idx` int(11) DEFAULT NULL,
  `mediaType` varchar(255) COLLATE utf8_unicode_ci NOT NULL,
  `shipmentId` int(11) DEFAULT NULL,
  PRIMARY KEY (`id`),
  KEY `IDX_EB25DE223C5EEBE2` (`shipmentId`),
  CONSTRAINT `FK_EB25DE223C5EEBE2` FOREIGN KEY (`shipmentId`) REFERENCES `xlite_order_capost_parcel_shipment` (`id`) ON DELETE CASCADE
) ENGINE=InnoDB DEFAULT CHARSET=utf8 COLLATE=utf8_unicode_ci;
CREATE TABLE `xlite_order_capost_parcel_shipment_tracking` (
  `id` int(11) NOT NULL AUTO_INCREMENT,
  `expiry` int(10) unsigned NOT NULL,
  `pin` varchar(255) COLLATE utf8_unicode_ci DEFAULT NULL,
  `activeExists` tinyint(1) NOT NULL,
  `archiveExists` tinyint(1) NOT NULL,
  `destinationPostalId` varchar(255) COLLATE utf8_unicode_ci DEFAULT NULL,
  `expectedDeliveryDate` int(10) unsigned DEFAULT NULL,
  `changedExpectedDate` int(10) unsigned DEFAULT NULL,
  `changedExpectedDeliveryReason` varchar(255) COLLATE utf8_unicode_ci DEFAULT NULL,
  `mailedByCustomerNumber` varchar(255) COLLATE utf8_unicode_ci DEFAULT NULL,
  `mailedOnBehalfOfCustomerNumber` varchar(255) COLLATE utf8_unicode_ci DEFAULT NULL,
  `originalPin` varchar(255) COLLATE utf8_unicode_ci DEFAULT NULL,
  `serviceName` varchar(255) COLLATE utf8_unicode_ci DEFAULT NULL,
  `serviceName_2` varchar(255) COLLATE utf8_unicode_ci DEFAULT NULL,
  `customerRef_1` varchar(255) COLLATE utf8_unicode_ci DEFAULT NULL,
  `customerRef_2` varchar(255) COLLATE utf8_unicode_ci DEFAULT NULL,
  `returnPin` varchar(255) COLLATE utf8_unicode_ci DEFAULT NULL,
  `signatureImageExists` tinyint(1) NOT NULL,
  `suppressSignature` tinyint(1) NOT NULL,
  `shipmentId` int(11) DEFAULT NULL,
  PRIMARY KEY (`id`),
  UNIQUE KEY `UNIQ_619551123C5EEBE2` (`shipmentId`),
  CONSTRAINT `FK_619551123C5EEBE2` FOREIGN KEY (`shipmentId`) REFERENCES `xlite_order_capost_parcel_shipment` (`id`) ON DELETE CASCADE
) ENGINE=InnoDB DEFAULT CHARSET=utf8 COLLATE=utf8_unicode_ci;
CREATE TABLE `xlite_order_capost_parcel_shipment_tracking_events` (
  `id` int(11) NOT NULL AUTO_INCREMENT,
  `identifier` varchar(255) COLLATE utf8_unicode_ci NOT NULL,
  `date` char(10) COLLATE utf8_unicode_ci NOT NULL,
  `time` char(8) COLLATE utf8_unicode_ci NOT NULL,
  `timeZone` varchar(255) COLLATE utf8_unicode_ci NOT NULL,
  `description` varchar(255) COLLATE utf8_unicode_ci NOT NULL,
  `signatoryName` varchar(255) COLLATE utf8_unicode_ci NOT NULL,
  `site` varchar(255) COLLATE utf8_unicode_ci NOT NULL,
  `province` varchar(255) COLLATE utf8_unicode_ci NOT NULL,
  `retailLocationId` varchar(255) COLLATE utf8_unicode_ci NOT NULL,
  `retailName` varchar(255) COLLATE utf8_unicode_ci NOT NULL,
  `trackingId` int(11) DEFAULT NULL,
  PRIMARY KEY (`id`),
  KEY `IDX_75BDE7A6F76B6A7` (`trackingId`),
  CONSTRAINT `FK_75BDE7A6F76B6A7` FOREIGN KEY (`trackingId`) REFERENCES `xlite_order_capost_parcel_shipment_tracking` (`id`) ON DELETE CASCADE
) ENGINE=InnoDB DEFAULT CHARSET=utf8 COLLATE=utf8_unicode_ci;
CREATE TABLE `xlite_order_capost_parcel_shipment_tracking_files` (
  `id` int(10) unsigned NOT NULL AUTO_INCREMENT,
  `docType` char(1) COLLATE utf8_unicode_ci NOT NULL,
  `path` varchar(512) COLLATE utf8_unicode_ci NOT NULL,
  `fileName` varchar(255) COLLATE utf8_unicode_ci NOT NULL,
  `mime` varchar(128) COLLATE utf8_unicode_ci NOT NULL,
  `storageType` varchar(1) COLLATE utf8_unicode_ci NOT NULL,
  `size` int(10) unsigned NOT NULL,
  `date` int(10) unsigned NOT NULL,
  `trackingId` int(11) DEFAULT NULL,
  PRIMARY KEY (`id`),
  KEY `IDX_4EB59AF6F76B6A7` (`trackingId`),
  CONSTRAINT `FK_4EB59AF6F76B6A7` FOREIGN KEY (`trackingId`) REFERENCES `xlite_order_capost_parcel_shipment_tracking` (`id`) ON DELETE CASCADE
) ENGINE=InnoDB DEFAULT CHARSET=utf8 COLLATE=utf8_unicode_ci;
CREATE TABLE `xlite_order_capost_parcel_shipment_tracking_options` (
  `id` int(11) NOT NULL AUTO_INCREMENT,
  `name` varchar(255) COLLATE utf8_unicode_ci NOT NULL,
  `description` varchar(255) COLLATE utf8_unicode_ci NOT NULL,
  `trackingId` int(11) DEFAULT NULL,
  PRIMARY KEY (`id`),
  KEY `IDX_F6B816A26F76B6A7` (`trackingId`),
  CONSTRAINT `FK_F6B816A26F76B6A7` FOREIGN KEY (`trackingId`) REFERENCES `xlite_order_capost_parcel_shipment_tracking` (`id`) ON DELETE CASCADE
) ENGINE=InnoDB DEFAULT CHARSET=utf8 COLLATE=utf8_unicode_ci;
CREATE TABLE `xlite_order_capost_parcel_shipments_manifests` (
  `manifest_id` int(11) NOT NULL,
  `shipment_id` int(11) NOT NULL,
  PRIMARY KEY (`manifest_id`,`shipment_id`),
  KEY `IDX_8D3D4D8FE697B2FB` (`manifest_id`),
  KEY `IDX_8D3D4D8F7BE036FC` (`shipment_id`),
  CONSTRAINT `FK_8D3D4D8F7BE036FC` FOREIGN KEY (`shipment_id`) REFERENCES `xlite_order_capost_parcel_shipment` (`id`) ON DELETE CASCADE,
  CONSTRAINT `FK_8D3D4D8FE697B2FB` FOREIGN KEY (`manifest_id`) REFERENCES `xlite_order_capost_parcel_manifests` (`id`) ON DELETE CASCADE
) ENGINE=InnoDB DEFAULT CHARSET=utf8 COLLATE=utf8_unicode_ci;
CREATE TABLE `xlite_order_capost_parcels` (
  `id` int(11) NOT NULL AUTO_INCREMENT,
  `order_id` int(11) DEFAULT NULL,
  `number` int(11) NOT NULL,
  `status` char(2) COLLATE utf8_unicode_ci NOT NULL,
  `quoteType` char(2) COLLATE utf8_unicode_ci NOT NULL,
  `boxWeight` decimal(14,4) NOT NULL,
  `boxWidth` decimal(14,4) NOT NULL,
  `boxLength` decimal(14,4) NOT NULL,
  `boxHeight` decimal(14,4) NOT NULL,
  `isDocument` tinyint(1) NOT NULL,
  `isUnpackaged` tinyint(1) NOT NULL,
  `isMailingTube` tinyint(1) NOT NULL,
  `isOversized` tinyint(1) NOT NULL,
  `notifyOnShipment` tinyint(1) NOT NULL,
  `notifyOnException` tinyint(1) NOT NULL,
  `notifyOnDelivery` tinyint(1) NOT NULL,
  `optSignature` tinyint(1) NOT NULL,
  `optCoverage` decimal(14,4) NOT NULL,
  `optAgeProof` varchar(4) COLLATE utf8_unicode_ci NOT NULL,
  `optWayToDeliver` varchar(3) COLLATE utf8_unicode_ci NOT NULL,
  `optNonDelivery` varchar(4) COLLATE utf8_unicode_ci NOT NULL,
  PRIMARY KEY (`id`),
  KEY `IDX_35C9355A8D9F6D38` (`order_id`),
  KEY `status` (`status`),
  KEY `number` (`number`),
  CONSTRAINT `FK_35C9355A8D9F6D38` FOREIGN KEY (`order_id`) REFERENCES `xlite_orders` (`order_id`) ON DELETE CASCADE
) ENGINE=InnoDB DEFAULT CHARSET=utf8 COLLATE=utf8_unicode_ci;
CREATE TABLE `xlite_order_coupons` (
  `id` int(10) unsigned NOT NULL AUTO_INCREMENT,
  `order_id` int(11) DEFAULT NULL,
  `coupon_id` int(10) unsigned DEFAULT NULL,
  `code` char(16) COLLATE utf8_unicode_ci NOT NULL,
  `value` decimal(14,4) NOT NULL,
  PRIMARY KEY (`id`),
  KEY `IDX_451D92198D9F6D38` (`order_id`),
  KEY `IDX_451D921966C5951B` (`coupon_id`),
  CONSTRAINT `FK_451D921966C5951B` FOREIGN KEY (`coupon_id`) REFERENCES `xlite_coupons` (`id`) ON DELETE SET NULL,
  CONSTRAINT `FK_451D92198D9F6D38` FOREIGN KEY (`order_id`) REFERENCES `xlite_orders` (`order_id`) ON DELETE CASCADE
) ENGINE=InnoDB DEFAULT CHARSET=utf8 COLLATE=utf8_unicode_ci;
CREATE TABLE `xlite_order_details` (
  `detail_id` int(11) NOT NULL AUTO_INCREMENT,
  `order_id` int(11) DEFAULT NULL,
  `name` varchar(255) COLLATE utf8_unicode_ci NOT NULL,
  `label` varchar(255) COLLATE utf8_unicode_ci DEFAULT NULL,
  `value` longtext COLLATE utf8_unicode_ci NOT NULL,
  PRIMARY KEY (`detail_id`),
  KEY `IDX_C25F888B8D9F6D38` (`order_id`),
  KEY `oname` (`order_id`,`name`),
  CONSTRAINT `FK_C25F888B8D9F6D38` FOREIGN KEY (`order_id`) REFERENCES `xlite_orders` (`order_id`) ON DELETE CASCADE
) ENGINE=InnoDB DEFAULT CHARSET=utf8 COLLATE=utf8_unicode_ci;
CREATE TABLE `xlite_order_history_event_data` (
  `id` int(11) NOT NULL AUTO_INCREMENT,
  `event_id` int(11) DEFAULT NULL,
  `name` varchar(128) COLLATE utf8_unicode_ci NOT NULL,
  `value` longtext COLLATE utf8_unicode_ci NOT NULL,
  PRIMARY KEY (`id`),
  KEY `IDX_BAE0BB2471F7E88B` (`event_id`),
  KEY `en` (`event_id`,`name`),
  CONSTRAINT `FK_BAE0BB2471F7E88B` FOREIGN KEY (`event_id`) REFERENCES `xlite_order_history_events` (`event_id`) ON DELETE CASCADE
) ENGINE=InnoDB DEFAULT CHARSET=utf8 COLLATE=utf8_unicode_ci;

COMMIT;